-- Table structure for table `glpi_computers_items`
--

CREATE TABLE `glpi_computers_items` (
  `id` int unsigned NOT NULL AUTO_INCREMENT,
  `items_id` int unsigned NOT NULL DEFAULT '0',
  `computers_id` int unsigned NOT NULL DEFAULT '0',
  `itemtype` varchar(100) CHARACTER SET utf8mb4 COLLATE utf8mb4_unicode_ci NOT NULL,
  `is_deleted` tinyint(1) NOT NULL DEFAULT '0',
  `is_dynamic` tinyint(1) NOT NULL DEFAULT '0',
  PRIMARY KEY (`id`),
  KEY `computers_id` (`computers_id`),
  KEY `item` (`itemtype`,`items_id`),
  KEY `is_deleted` (`is_deleted`),
  KEY `is_dynamic` (`is_dynamic`)
) ENGINE=InnoDB AUTO_INCREMENT=234 DEFAULT CHARSET=utf8mb4 COLLATE=utf8mb4_unicode_ci;

--
-- Dumping data for table `glpi_computers_items`
--

INSERT INTO `glpi_computers_items` VALUES (2,2,277,'Monitor',0,1),(3,3,270,'Monitor',1,1),(4,4,268,'Monitor',0,1),(5,5,266,'Monitor',0,1),(6,6,263,'Monitor',0,1),(7,7,261,'Monitor',0,1),(9,9,143,'Monitor',1,1),(10,10,45,'Monitor',1,1),(12,11,79,'Monitor',1,1),(13,12,76,'Monitor',0,1),(15,14,58,'Monitor',0,1),(16,15,5,'Monitor',0,1),(17,16,26,'Monitor',0,1),(18,17,78,'Monitor',0,1),(19,18,80,'Monitor',1,1),(20,19,85,'Monitor',1,1),(21,20,137,'Monitor',0,1),(23,13,172,'Monitor',0,1),(24,22,195,'Monitor',1,1),(25,8,110,'Monitor',0,1),(26,23,82,'Monitor',0,1),(27,21,192,'Monitor',1,1),(28,24,131,'Monitor',0,1),(29,25,99,'Monitor',1,1),(32,28,80,'Monitor',0,1),(33,29,80,'Monitor',0,1),(34,30,80,'Monitor',0,1),(35,31,80,'Monitor',0,1),(36,32,80,'Monitor',0,1),(37,33,80,'Monitor',0,1),(38,34,80,'Monitor',0,1),(53,51,80,'Monitor',0,1),(56,58,318,'Monitor',0,0),(62,71,428,'Monitor',0,0),(90,93,9,'Monitor',0,0),(92,94,80,'Monitor',0,1),(93,95,387,'Monitor',0,0),(95,97,452,'Monitor',0,0),(100,42,528,'Monitor',1,1),(101,107,541,'Monitor',1,1),(102,108,538,'Monitor',0,0),(103,109,533,'Monitor',0,0),(104,110,156,'Monitor',0,0),(107,112,593,'Monitor',0,1),(108,113,594,'Monitor',0,1),(110,114,616,'Monitor',0,1),(111,115,80,'Monitor',0,1),(112,116,650,'Monitor',0,1),(113,118,660,'Monitor',0,1),(114,119,660,'Monitor',0,0),(115,125,666,'Monitor',1,1),(120,131,271,'Monitor',0,0),(121,137,699,'Monitor',1,1),(122,138,80,'Monitor',0,1),(123,134,333,'Monitor',0,0),(126,140,529,'Monitor',0,0),(127,141,454,'Monitor',0,0),(128,139,729,'Monitor',0,1),(129,96,713,'Monitor',0,0),(131,80,574,'Peripheral',0,0),(133,82,561,'Peripheral',0,0),(134,83,566,'Peripheral',0,0),(135,84,529,'Peripheral',0,0),(136,85,629,'Peripheral',0,0),(137,86,525,'Peripheral',0,0),(140,89,531,'Peripheral',0,0),(142,90,698,'Peripheral',0,0),(143,91,700,'Peripheral',0,0),(144,92,492,'Peripheral',0,0),(145,93,491,'Peripheral',0,0),(146,94,517,'Peripheral',0,0),(147,95,461,'Peripheral',0,0),(148,96,675,'Peripheral',0,0),(149,97,454,'Peripheral',0,0),(150,98,519,'Peripheral',0,0),(151,99,667,'Peripheral',0,0),(152,100,401,'Peripheral',0,0),(153,101,403,'Peripheral',0,0),(154,102,428,'Peripheral',0,0),(155,103,363,'Peripheral',0,0),(156,104,357,'Peripheral',0,0),(157,105,406,'Peripheral',0,0),(158,106,521,'Peripheral',0,0),(159,107,303,'Peripheral',0,0),(160,108,339,'Peripheral',0,0),(161,109,187,'Peripheral',0,0),(162,110,154,'Peripheral',0,0),(163,111,140,'Peripheral',0,0),(164,112,418,'Peripheral',0,0),(166,114,323,'Peripheral',0,0),(167,116,387,'Peripheral',0,0),(168,117,680,'Peripheral',0,0),(169,118,397,'Peripheral',0,0),(170,119,534,'Peripheral',0,0),(171,120,581,'Peripheral',0,0),(172,121,392,'Peripheral',0,0),(173,122,327,'Peripheral',0,0),(174,123,721,'Peripheral',0,0),(175,124,582,'Peripheral',0,0),(176,125,405,'Peripheral',0,0),(178,128,447,'Peripheral',0,0),(179,129,463,'Peripheral',0,0),(180,130,456,'Peripheral',0,0),(182,132,151,'Peripheral',0,0),(183,133,402,'Peripheral',0,0),(184,134,438,'Peripheral',0,0),(185,135,539,'Peripheral',0,0),(186,136,560,'Peripheral',0,0),(187,137,714,'Peripheral',0,0),(188,138,668,'Peripheral',0,0),(189,139,368,'Peripheral',0,0),(190,140,300,'Peripheral',0,0),(191,141,299,'Peripheral',0,0),(192,142,450,'Peripheral',0,0),(193,143,393,'Peripheral',0,0),(194,144,459,'Peripheral',0,0),(195,145,347,'Peripheral',0,0),(196,146,703,'Peripheral',0,0),(197,147,329,'Peripheral',0,0),(198,149,427,'Peripheral',0,0),(199,88,321,'Peripheral',0,0),(201,79,408,'Peripheral',0,0),(202,126,458,'Peripheral',0,0),(204,150,499,'Peripheral',0,0),(206,151,708,'Peripheral',0,0),(207,153,151,'Peripheral',0,0),(208,154,327,'Peripheral',0,0),(209,155,151,'Peripheral',0,0),(210,156,151,'Peripheral',0,0),(212,143,762,'Monitor',0,1),(213,111,763,'Monitor',0,1),(214,157,151,'Peripheral',0,0),(215,158,151,'Peripheral',0,0),(216,159,151,'Peripheral',0,0),(217,160,151,'Peripheral',0,0),(218,161,151,'Peripheral',0,0),(219,162,151,'Peripheral',0,0),(220,163,151,'Peripheral',0,0),(221,164,151,'Peripheral',0,0),(222,155,776,'Monitor',0,1),(223,156,780,'Monitor',0,1),(224,157,787,'Monitor',0,1),(225,142,792,'Monitor',0,1),(228,176,803,'Monitor',0,1),(229,98,513,'Phone',0,0),(230,43,528,'Monitor',0,0),(231,54,432,'Monitor',0,0),(232,177,743,'Monitor',0,1),(233,27,457,'Monitor',0,0);

--
-- Table structure for table `glpi_computertypes`
--

CREATE TABLE `glpi_computertypes` (
  `id` int unsigned NOT NULL AUTO_INCREMENT,
  `name` varchar(255) CHARACTER SET utf8mb4 COLLATE utf8mb4_unicode_ci DEFAULT NULL,
  `comment` mediumtext CHARACTER SET utf8mb4 COLLATE utf8mb4_unicode_ci,
  `date_mod` timestamp NULL DEFAULT NULL,
  `date_creation` timestamp NULL DEFAULT NULL,
  PRIMARY KEY (`id`),
  KEY `name` (`name`),
  KEY `date_mod` (`date_mod`),
  KEY `date_creation` (`date_creation`)
) ENGINE=InnoDB AUTO_INCREMENT=15 DEFAULT CHARSET=utf8mb4 COLLATE=utf8mb4_unicode_ci;

--
-- Dumping data for table `glpi_computertypes`
--

INSERT INTO `glpi_computertypes` VALUES (1,'Low Profile Desktop','','2020-03-11 03:43:05','2020-03-11 03:43:05'),(2,'Notebook','','2020-03-11 03:43:15','2020-03-11 03:43:15'),(3,'All in One','','2020-03-11 03:43:36','2020-03-11 03:43:36'),(4,'Tower','','2020-03-11 03:44:01','2020-03-11 03:44:01'),(5,'Desktop','','2020-03-11 03:44:30','2020-03-11 03:44:30'),(6,'Mobile','','2020-03-13 22:09:33','2020-03-13 22:09:33'),(7,'LapTop','','2020-03-20 22:02:37','2020-03-20 22:02:37'),(8,'Main Server Chassis','','2020-07-16 03:43:24','2020-07-16 03:43:24'),(9,'Docking Station','','2021-01-07 14:20:49','2021-01-07 14:20:49'),(10,'iMac','','2022-02-22 20:18:45','2022-02-22 20:18:45'),(11,'Other','','2022-06-16 16:04:14','2022-06-16 16:04:14'),(12,'103C_5336AN HP ProBook','','2022-07-25 19:34:38','2022-07-25 19:34:38'),(13,'ThinkPad E14','','2022-12-23 20:09:26','2022-12-23 20:09:26'),(14,'Latitude','','2023-08-10 13:45:16','2023-08-10 13:45:16');

--
-- Table structure for table `glpi_computervirtualmachines`
--

CREATE TABLE `glpi_computervirtualmachines` (
  `id` int unsigned NOT NULL AUTO_INCREMENT,
  `entities_id` int unsigned NOT NULL DEFAULT '0',
  `computers_id` int unsigned NOT NULL DEFAULT '0',
  `name` varchar(255) CHARACTER SET utf8mb4 COLLATE utf8mb4_unicode_ci NOT NULL DEFAULT '',
  `virtualmachinestates_id` int unsigned NOT NULL DEFAULT '0',
  `virtualmachinesystems_id` int unsigned NOT NULL DEFAULT '0',
  `virtualmachinetypes_id` int unsigned NOT NULL DEFAULT '0',
  `uuid` varchar(255) CHARACTER SET utf8mb4 COLLATE utf8mb4_unicode_ci NOT NULL DEFAULT '',
  `vcpu` int NOT NULL DEFAULT '0',
  `ram` int unsigned DEFAULT NULL,
  `is_deleted` tinyint(1) NOT NULL DEFAULT '0',
  `is_dynamic` tinyint(1) NOT NULL DEFAULT '0',
  `comment` mediumtext CHARACTER SET utf8mb4 COLLATE utf8mb4_unicode_ci,
  `date_mod` timestamp NULL DEFAULT NULL,
  `date_creation` timestamp NULL DEFAULT NULL,
  PRIMARY KEY (`id`),
  KEY `computers_id` (`computers_id`),
  KEY `entities_id` (`entities_id`),
  KEY `name` (`name`),
  KEY `virtualmachinestates_id` (`virtualmachinestates_id`),
  KEY `virtualmachinesystems_id` (`virtualmachinesystems_id`),
  KEY `vcpu` (`vcpu`),
  KEY `ram` (`ram`),
  KEY `is_deleted` (`is_deleted`),
  KEY `is_dynamic` (`is_dynamic`),
  KEY `uuid` (`uuid`),
  KEY `date_mod` (`date_mod`),
  KEY `date_creation` (`date_creation`),
  KEY `virtualmachinetypes_id` (`virtualmachinetypes_id`)
) ENGINE=InnoDB DEFAULT CHARSET=utf8mb4 COLLATE=utf8mb4_unicode_ci;

--
-- Dumping data for table `glpi_computervirtualmachines`
--


--
-- Table structure for table `glpi_configs`
--

CREATE TABLE `glpi_configs` (
  `id` int unsigned NOT NULL AUTO_INCREMENT,
  `context` varchar(150) CHARACTER SET utf8mb4 COLLATE utf8mb4_unicode_ci DEFAULT NULL,
  `name` varchar(150) CHARACTER SET utf8mb4 COLLATE utf8mb4_unicode_ci DEFAULT NULL,
  `value` mediumtext CHARACTER SET utf8mb4 COLLATE utf8mb4_unicode_ci,
  PRIMARY KEY (`id`),
  UNIQUE KEY `unicity` (`context`,`name`),
  KEY `name` (`name`)
) ENGINE=InnoDB AUTO_INCREMENT=404 DEFAULT CHARSET=utf8mb4 COLLATE=utf8mb4_unicode_ci;

--
-- Dumping data for table `glpi_configs`
--

INSERT INTO `glpi_configs` VALUES (1,'core','version','10.0.10'),(2,'core','show_jobs_at_login','1'),(3,'core','cut','400'),(4,'core','list_limit','30'),(5,'core','list_limit_max','100'),(6,'core','url_maxlength','30'),(7,'core','event_loglevel','5'),(8,'core','notifications_mailing','1'),(9,'core','admin_email','jeremy.pedraza@arintia.com'),(10,'core','admin_email_name','Gestion de TI Arintia Group'),(11,'core','admin_reply','gestion.ti@arintiaenergy.com'),(12,'core','admin_reply_name','Gestion de TI Arintia Group'),(13,'core','mailing_signature','Gestion de TI Arintia Group'),(14,'core','use_anonymous_helpdesk','1'),(15,'core','use_anonymous_followups','1'),(16,'core','language','es_419'),(17,'core','priority_1','#fff2f2'),(18,'core','priority_2','#2ad327'),(19,'core','priority_3','#ece636'),(20,'core','priority_4','#ed0c0c'),(21,'core','priority_5','#eb2442'),(22,'core','priority_6','#848386'),(23,'core','date_tax','2005-12-31'),(24,'core','cas_host',''),(25,'core','cas_port','443'),(26,'core','cas_uri',''),(27,'core','cas_logout',''),(28,'core','existing_auth_server_field_clean_domain','0'),(29,'core','planning_begin','08:00'),(30,'core','planning_end','17:30'),(31,'core','utf8_conv','1'),(32,'core','use_public_faq','1'),(33,'core','url_base','http://helpdesk.arintia.com.co/INTI'),(34,'core','show_link_in_mail','0'),(35,'core','text_login',''),(36,'core','founded_new_version',''),(37,'core','dropdown_max','100'),(38,'core','ajax_wildcard','*'),(42,'core','ajax_limit_count','10'),(44,'core','is_users_auto_add','1'),(45,'core','date_format','1'),(46,'core','number_format','4'),(47,'core','csv_delimiter',';'),(48,'core','is_ids_visible','0'),(50,'core','smtp_mode','2'),(51,'core','smtp_host','smtp.gmail.com'),(52,'core','smtp_port','465'),(53,'core','smtp_username','gestion.ti@arintiaenergy.com'),(54,'core','proxy_name',''),(55,'core','proxy_port','8080'),(56,'core','proxy_user',''),(57,'core','add_followup_on_update_ticket','1'),(58,'core','keep_tickets_on_delete','1'),(59,'core','time_step','5'),(60,'core','decimal_number','2'),(61,'core','helpdesk_doc_url',''),(62,'core','central_doc_url',''),(63,'core','documentcategories_id_forticket','1'),(64,'core','monitors_management_restrict','0'),(65,'core','phones_management_restrict','2'),(66,'core','peripherals_management_restrict','2'),(67,'core','printers_management_restrict','2'),(68,'core','use_log_in_files','1'),(69,'core','time_offset','-18000'),(70,'core','is_contact_autoupdate','1'),(71,'core','is_user_autoupdate','1'),(72,'core','is_group_autoupdate','1'),(73,'core','is_location_autoupdate','1'),(74,'core','state_autoupdate_mode','0'),(75,'core','is_contact_autoclean','0'),(76,'core','is_user_autoclean','0'),(77,'core','is_group_autoclean','0'),(78,'core','is_location_autoclean','0'),(79,'core','state_autoclean_mode','0'),(80,'core','use_flat_dropdowntree','0'),(81,'core','use_autoname_by_entity','1'),(84,'core','softwarecategories_id_ondelete','1'),(85,'core','x509_email_field',''),(86,'core','x509_cn_restrict',''),(87,'core','x509_o_restrict',''),(88,'core','x509_ou_restrict',''),(89,'core','default_mailcollector_filesize_max','5242880'),(90,'core','followup_private','0'),(91,'core','task_private','1'),(92,'core','default_software_helpdesk_visible','1'),(93,'core','names_format','1'),(95,'core','default_requesttypes_id','2'),(96,'core','use_noright_users_add','1'),(97,'core','cron_limit','10'),(98,'core','priority_matrix','{\"1\":{\"1\":\"1\",\"2\":\"1\",\"3\":\"2\",\"4\":\"2\",\"5\":\"2\"},\"2\":{\"1\":\"1\",\"2\":\"2\",\"3\":\"2\",\"4\":\"3\",\"5\":\"3\"},\"3\":{\"1\":\"2\",\"2\":\"2\",\"3\":\"3\",\"4\":\"4\",\"5\":\"4\"},\"4\":{\"1\":\"2\",\"2\":\"3\",\"3\":\"4\",\"4\":\"4\",\"5\":\"5\"},\"5\":{\"1\":\"2\",\"2\":\"3\",\"3\":\"4\",\"4\":\"5\",\"5\":\"5\"}}'),(99,'core','urgency_mask','28'),(100,'core','impact_mask','28'),(101,'core','user_deleted_ldap','4'),(102,'core','auto_create_infocoms','0'),(103,'core','use_slave_for_search','0'),(104,'core','proxy_passwd','JPOkLXDbC3THdWX3ke1Su1jQ5e/sOzFqneaetyhPimgrXjKtS0D5DyzFNhzQ4Mx46orfoc/tq52EmLIBKZmC3BVePgeO5sFwTYmwl2G5Tfzv6suwUx3H0PsHmhID8nylzha7nJCc04J6MHfK4Hu8TGjUjHODG7UOsrtEoitWtSKN9lydIxfSstsaXWBZmJr6MN6z0tefUau4/ojblVm4sCjKsWcd73RYlWIhZa3M2kfb6Ie0OMGtH9zLmhlP0s5GOYdvdhfWG2B17WDRq1PasKCfcEF5eBzQNx/gXi1DqnkCNa25QOEjgVe9mM29tZPwEJmbjpnmEjvjVxMIMhba9UVXl2eR27eURWf6fryGd4ohYjWE9g1Mz3L9aaPfLSH+A+A/DsyMaSEfCCGz1uc1nbBXZTbonAgGFnYZ/M+b+VIy2Tx0iwviAEllocOgWNHc68MZg7gRRsoRPo1Jmyj0LuOXtFCWYf3wnmfj6r2BHlpnjLWu/iAH8eooY5igp54NTBiliakUe0Eyl6rOcVUQ3g=='),(105,'core','smtp_passwd','icEZpe/XfNXlo+mrswPpoOdGKeSyG1wCspVIT3cw3nJVHRzf4rFO7Nj3AQktjt1WBx5RnI9OOH9G0IE='),(107,'core','show_count_on_tabs','1'),(108,'core','refresh_views','1'),(109,'core','set_default_tech','1'),(110,'core','allow_search_view','1'),(111,'core','allow_search_all','0'),(112,'core','allow_search_global','1'),(113,'core','display_count_on_home','5'),(114,'core','use_password_security','0'),(115,'core','password_min_length','8'),(116,'core','password_need_number','1'),(117,'core','password_need_letter','1'),(118,'core','password_need_caps','1'),(119,'core','password_need_symbol','1'),(120,'core','use_check_pref','1'),(121,'core','notification_to_myself','1'),(122,'core','duedateok_color','#06ff00'),(123,'core','duedatewarning_color','#ffb800'),(124,'core','duedatecritical_color','#ff0000'),(125,'core','duedatewarning_less','20'),(126,'core','duedatecritical_less','5'),(127,'core','duedatewarning_unit','%'),(128,'core','duedatecritical_unit','%'),(129,'core','realname_ssofield',''),(130,'core','firstname_ssofield',''),(131,'core','email1_ssofield',''),(132,'core','email2_ssofield',''),(133,'core','email3_ssofield',''),(134,'core','email4_ssofield',''),(135,'core','phone_ssofield',''),(136,'core','phone2_ssofield',''),(137,'core','mobile_ssofield',''),(138,'core','comment_ssofield',''),(139,'core','title_ssofield',''),(140,'core','category_ssofield',''),(141,'core','language_ssofield',''),(142,'core','entity_ssofield',''),(143,'core','registration_number_ssofield',''),(144,'core','ssovariables_id','0'),(145,'core','translate_kb','0'),(146,'core','translate_dropdowns','1'),(147,'core','pdffont','dejavusansextralight'),(148,'core','keep_devices_when_purging_item','1'),(149,'core','maintenance_mode','0'),(150,'core','maintenance_text',''),(152,'core','attach_ticket_documents_to_mail','1'),(153,'core','backcreated','1'),(154,'core','task_state','1'),(158,'core','palette','icecream'),(159,'core','lock_use_lock_item','0'),(160,'core','lock_autolock_mode','1'),(161,'core','lock_directunlock_notification','0'),(162,'core','lock_item_list','[]'),(163,'core','lock_lockprofile_id','8'),(164,'core','set_default_requester','1'),(165,'core','highcontrast_css','0'),(166,'core','smtp_check_certificate','1'),(167,'core','enable_api','0'),(168,'core','enable_api_login_credentials','0'),(169,'core','enable_api_login_external_token','1'),(170,'core','url_base_api','http://192.168.1.217/glpi/apirest.php/'),(171,'core','login_remember_time','604800'),(172,'core','login_remember_default','1'),(173,'core','use_notifications','1'),(174,'core','notifications_ajax','1'),(175,'core','notifications_ajax_check_interval','5'),(176,'core','notifications_ajax_sound',NULL),(177,'core','notifications_ajax_icon_url','/pics/glpi.png'),(178,'core','dbversion','10.0.10@05de68add675fb55abaeec10f3a2552085594a16'),(179,'core','smtp_max_retries','5'),(180,'core','smtp_sender','gestion.ti@arintiaenergy.com'),(181,'core','from_email','gestion.ti@arintia.com'),(182,'core','from_email_name','Gestion de TI Arintia Group'),(183,'core','instance_uuid','j0ovTQ0FryDTSZnm6eIMi7nuD9FcfVkqZ124bo2j'),(184,'core','registration_uuid','BALd5MciYiAwHRSuZJsPFgLRIQvxMmRiXj9n3Le1'),(185,'core','smtp_retry_time','5'),(186,'core','purge_addrelation','0'),(187,'core','purge_deleterelation','0'),(188,'core','purge_createitem','0'),(189,'core','purge_deleteitem','0'),(190,'core','purge_restoreitem','0'),(191,'core','purge_updateitem','0'),(192,'core','purge_item_software_install','1'),(193,'core','purge_software_item_install','0'),(194,'core','purge_software_version_install','1'),(195,'core','purge_infocom_creation','0'),(196,'core','purge_profile_user','1'),(197,'core','purge_group_user','0'),(198,'core','purge_adddevice','0'),(199,'core','purge_updatedevice','0'),(200,'core','purge_deletedevice','0'),(201,'core','purge_connectdevice','0'),(202,'core','purge_disconnectdevice','0'),(203,'core','purge_userdeletedfromldap','1'),(204,'core','purge_comments','0'),(205,'core','purge_datemod','0'),(206,'core','purge_all','0'),(207,'core','purge_user_auth_changes','0'),(208,'core','purge_plugins','0'),(209,'core','display_login_source','1'),(210,'core','_matrix','1'),(211,'core','_impact_5','0'),(212,'core','_impact_4','1'),(213,'core','_impact_3','1'),(214,'core','_impact_2','1'),(215,'core','_impact_1','0'),(216,'core','_urgency_5','0'),(217,'core','_matrix_5_5','5'),(218,'core','_matrix_5_4','5'),(219,'core','_matrix_5_3','4'),(220,'core','_matrix_5_2','3'),(221,'core','_matrix_5_1','2'),(222,'core','_urgency_4','1'),(223,'core','_matrix_4_5','5'),(224,'core','_matrix_4_4','4'),(225,'core','_matrix_4_3','4'),(226,'core','_matrix_4_2','3'),(227,'core','_matrix_4_1','2'),(228,'core','_urgency_3','1'),(229,'core','_matrix_3_5','4'),(230,'core','_matrix_3_4','4'),(231,'core','_matrix_3_3','3'),(232,'core','_matrix_3_2','2'),(233,'core','_matrix_3_1','2'),(234,'core','_urgency_2','1'),(235,'core','_matrix_2_5','3'),(236,'core','_matrix_2_4','3'),(237,'core','_matrix_2_3','2'),(238,'core','_matrix_2_2','2'),(239,'core','_matrix_2_1','1'),(240,'core','_urgency_1','0'),(241,'core','_matrix_1_5','2'),(242,'core','_matrix_1_4','2'),(243,'core','_matrix_1_3','2'),(244,'core','_matrix_1_2','1'),(245,'core','_matrix_1_1','1'),(246,'core','update_auth','Guardar'),(247,'core','_date_tax','2005-12-31'),(248,'core','_dbslave_status','0'),(249,'core','timezone','America/Bogota'),(250,'core','devices_in_menu','[\"Item_DeviceSimcard\"]'),(251,'core','impact_assets_list','[]'),(256,'core','ssologout_url',''),(257,'core','password_expiration_delay','-1'),(258,'core','password_expiration_notice','-1'),(259,'core','password_expiration_lock_delay','-1'),(260,'core','translate_reminders','0'),(261,'core','impact_enabled_itemtypes','[\"Appliance\",\"Cluster\",\"Computer\",\"Datacenter\",\"DCRoom\",\"Domain\",\"Enclosure\",\"Monitor\",\"NetworkEquipment\",\"PDU\",\"Peripheral\",\"Phone\",\"Printer\",\"Rack\",\"Software\",\"ITILCategory\",\"User\"]'),(262,'core','admin_email_noreply',''),(263,'core','admin_email_noreply_name',''),(264,'core','glpinetwork_registration_key','DM1U1fvjjHnFIb8rc/QNgmI1K4nXVYKE+39h8LY+BKkjhbTGsibIAXPikxNdnu52D3RGs1RWHx6q/8CeZ/qbhjBKZj74Hds6q0rNksWvumGCIhkSruotkLwsOMAbG9uyNSLIKvX64lokd119GZ3tbVwwBdExFujrDkoCJLgtfEMNJlbGo2CYawHdW1s1Uoifsy+r+14mRB2LVKLBs09Zc/tXTmTVEs9upVJzGXXLzjmmJcIenc2+nzFkYAeClfPetfVNIjCBu9rl1eZcBJ/3hJ4tqZPtEyfFUQD9FxnAZ3CNbG5BDPKI0zT58/4hdhELLwzFDT9YaXRtEKoZEWh2NqnvdOZDDcREIowV5+b+hbU556lB44nwLPEX63R6f9IVzC5DcZI0cUvnPozUczJTZLO+ETDR9lpPU7s1qIQvRpWOXxlk9C01iejVgY522TNrSjN+nyFqqRQOc4bsNdDthJanwXVi9lxkUv+un3mZsCfhe8eZZoxGdYZOjGtsjw9Gx9XwvJnGJLseifXI8CEeoRSjT3vGC9tgJKxr/P2g+OwtlsAUAYPDAxXsSe7/CHQP2tVvsORO0wgQRCYZkQF3X3Mm/CrXxv+AXLNr9GX60uFNQDL77nZfTS/Ywz8wDv3HdlnoQzKFSSYwKIIEt/syXGio/MRTKOJ84MBXSi/8ha51km91b8sQLBz1t6JSr2UhRRlgLLymNzs6MqlQq+jxgzSUEQObp98fLtoUjfgHJxMuIVkIwHxxmSb/Lh4ZfKi6gcrKLOxlWgo='),(329,'core','default_dashboard_central','central'),(330,'core','default_dashboard_assets','assets'),(331,'core','default_dashboard_helpdesk','assistance'),(332,'core','default_dashboard_mini_ticket','mini_tickets'),(333,'core','marketplace_replace_plugins','3'),(334,'core','glpi_network_uuid','mNDIGmwXyL6nBis5JNMx8WyaYbcqCoVsE2Xll3QT'),(335,'core','init_all','0'),(336,'core','_update_devices_in_menu','1'),(337,'core','_blank_smtp_passwd','on'),(338,'core','default_central_tab','0'),(339,'core','page_layout','vertical'),(340,'core','fold_menu','0'),(341,'core','fold_search','0'),(342,'core','savedsearches_pinned','0'),(343,'core','richtext_layout','classic'),(344,'core','user_restored_ldap','0'),(345,'core','timeline_order','natural'),(346,'core','itil_layout','0'),(347,'core','noreply_email',''),(348,'core','noreply_email_name',''),(349,'core','replyto_email','gestion.ti@arintia.com'),(350,'core','replyto_email_name','Gestion de TI Arintia Group'),(351,'core','support_legacy_data','1'),(352,'core','document_max_size','2'),(353,'core','purge_refusedequipment','0'),(354,'core','system_user','1146'),(355,'core','planning_work_days','[0,1,2,3,4,5,6]'),(356,'inventory','enabled_inventory','0'),(357,'inventory','import_software','1'),(358,'inventory','import_volume','1'),(359,'inventory','import_antivirus','1'),(360,'inventory','import_registry','1'),(361,'inventory','import_process','1'),(362,'inventory','import_vm','1'),(363,'inventory','import_monitor_on_partial_sn','0'),(364,'inventory','import_unmanaged','1'),(365,'inventory','component_processor','1'),(366,'inventory','component_memory','1'),(367,'inventory','component_harddrive','1'),(368,'inventory','component_networkcard','1'),(369,'inventory','component_graphiccard','1'),(370,'inventory','component_soundcard','1'),(371,'inventory','component_drive','1'),(372,'inventory','component_networkdrive','1'),(373,'inventory','component_networkcardvirtual','1'),(374,'inventory','component_control','1'),(375,'inventory','component_battery','1'),(376,'inventory','component_simcard','1'),(377,'inventory','states_id_default','0'),(378,'inventory','entities_id_default','0'),(379,'inventory','location','0'),(380,'inventory','group','0'),(381,'inventory','vm_type','0'),(382,'inventory','vm_components','0'),(383,'inventory','vm_as_computer','0'),(384,'inventory','component_removablemedia','1'),(385,'inventory','component_powersupply','1'),(386,'inventory','inventory_frequency','24'),(387,'inventory','import_monitor','1'),(388,'inventory','import_printer','1'),(389,'inventory','import_peripheral','1'),(390,'inventory','stale_agents_delay','0'),(391,'inventory','stale_agents_action','[0]'),(392,'inventory','stale_agents_status','0'),(393,'core','cas_version','CAS_VERSION_2_0'),(394,'core','timeline_action_btn_layout','0'),(395,'core','timeline_date_format','0'),(396,'core','initialized_rules_collections','[\"RuleImportAssetCollection\",\"RuleMailCollectorCollection\",\"RuleRightCollection\",\"RuleSoftwareCategoryCollection\",\"RuleTicketCollection\",\"RuleAssetCollection\",\"RuleDictionnaryOperatingSystemCollection\",\"RuleDictionnaryOperatingSystemVersionCollection\",\"RuleDictionnaryOperatingSystemEditionCollection\"]'),(397,'core','smtp_oauth_provider',''),(398,'core','smtp_oauth_client_id',''),(399,'core','smtp_oauth_client_secret',''),(400,'core','smtp_oauth_options','{}'),(401,'core','smtp_oauth_refresh_token',''),(402,'core','use_flat_dropdowntree_on_search_result','1'),(403,'core','notification_uuid','XB922nFXLIfW6Npb168kXHuxLVK2vDVUskGw8kyA');

--
-- Table structure for table `glpi_consumableitems`
--

CREATE TABLE `glpi_consumableitems` (
  `id` int unsigned NOT NULL AUTO_INCREMENT,
  `entities_id` int unsigned NOT NULL DEFAULT '0',
  `is_recursive` tinyint(1) NOT NULL DEFAULT '0',
  `name` varchar(255) CHARACTER SET utf8mb4 COLLATE utf8mb4_unicode_ci DEFAULT NULL,
  `ref` varchar(255) CHARACTER SET utf8mb4 COLLATE utf8mb4_unicode_ci DEFAULT NULL,
  `locations_id` int unsigned NOT NULL DEFAULT '0',
  `consumableitemtypes_id` int unsigned NOT NULL DEFAULT '0',
  `manufacturers_id` int unsigned NOT NULL DEFAULT '0',
  `users_id_tech` int unsigned NOT NULL DEFAULT '0',
  `groups_id_tech` int unsigned NOT NULL DEFAULT '0',
  `is_deleted` tinyint(1) NOT NULL DEFAULT '0',
  `comment` mediumtext CHARACTER SET utf8mb4 COLLATE utf8mb4_unicode_ci,
  `alarm_threshold` int NOT NULL DEFAULT '10',
  `stock_target` int NOT NULL DEFAULT '0',
  `date_mod` timestamp NULL DEFAULT NULL,
  `date_creation` timestamp NULL DEFAULT NULL,
  `otherserial` varchar(255) CHARACTER SET utf8mb4 COLLATE utf8mb4_unicode_ci DEFAULT NULL,
  `pictures` text CHARACTER SET utf8mb4 COLLATE utf8mb4_unicode_ci,
  PRIMARY KEY (`id`),
  KEY `name` (`name`),
  KEY `entities_id` (`entities_id`),
  KEY `manufacturers_id` (`manufacturers_id`),
  KEY `locations_id` (`locations_id`),
  KEY `users_id_tech` (`users_id_tech`),
  KEY `consumableitemtypes_id` (`consumableitemtypes_id`),
  KEY `is_deleted` (`is_deleted`),
  KEY `alarm_threshold` (`alarm_threshold`),
  KEY `groups_id_tech` (`groups_id_tech`),
  KEY `date_mod` (`date_mod`),
  KEY `date_creation` (`date_creation`),
  KEY `otherserial` (`otherserial`),
  KEY `is_recursive` (`is_recursive`)
) ENGINE=InnoDB DEFAULT CHARSET=utf8mb4 COLLATE=utf8mb4_unicode_ci;

--
-- Dumping data for table `glpi_consumableitems`
--


--
-- Table structure for table `glpi_consumableitemtypes`
--

CREATE TABLE `glpi_consumableitemtypes` (
  `id` int unsigned NOT NULL AUTO_INCREMENT,
  `name` varchar(255) CHARACTER SET utf8mb4 COLLATE utf8mb4_unicode_ci DEFAULT NULL,
  `comment` mediumtext CHARACTER SET utf8mb4 COLLATE utf8mb4_unicode_ci,
  `date_mod` timestamp NULL DEFAULT NULL,
  `date_creation` timestamp NULL DEFAULT NULL,
  PRIMARY KEY (`id`),
  KEY `name` (`name`),
  KEY `date_mod` (`date_mod`),
  KEY `date_creation` (`date_creation`)
) ENGINE=InnoDB DEFAULT CHARSET=utf8mb4 COLLATE=utf8mb4_unicode_ci;

--
-- Dumping data for table `glpi_consumableitemtypes`
--


--
-- Table structure for table `glpi_consumables`
--

CREATE TABLE `glpi_consumables` (
  `id` int unsigned NOT NULL AUTO_INCREMENT,
  `entities_id` int unsigned NOT NULL DEFAULT '0',
  `consumableitems_id` int unsigned NOT NULL DEFAULT '0',
  `date_in` date DEFAULT NULL,
  `date_out` date DEFAULT NULL,
  `itemtype` varchar(100) CHARACTER SET utf8mb4 COLLATE utf8mb4_unicode_ci DEFAULT NULL,
  `items_id` int unsigned NOT NULL DEFAULT '0',
  `date_mod` timestamp NULL DEFAULT NULL,
  `date_creation` timestamp NULL DEFAULT NULL,
  PRIMARY KEY (`id`),
  KEY `date_in` (`date_in`),
  KEY `date_out` (`date_out`),
  KEY `consumableitems_id` (`consumableitems_id`),
  KEY `entities_id` (`entities_id`),
  KEY `item` (`itemtype`,`items_id`),
  KEY `date_mod` (`date_mod`),
  KEY `date_creation` (`date_creation`)
) ENGINE=InnoDB DEFAULT CHARSET=utf8mb4 COLLATE=utf8mb4_unicode_ci;

--
-- Dumping data for table `glpi_consumables`
--


--
-- Table structure for table `glpi_contacts`
--

CREATE TABLE `glpi_contacts` (
  `id` int unsigned NOT NULL AUTO_INCREMENT,
  `entities_id` int unsigned NOT NULL DEFAULT '0',
  `is_recursive` tinyint(1) NOT NULL DEFAULT '0',
  `name` varchar(255) CHARACTER SET utf8mb4 COLLATE utf8mb4_unicode_ci DEFAULT NULL,
  `firstname` varchar(255) CHARACTER SET utf8mb4 COLLATE utf8mb4_unicode_ci DEFAULT NULL,
  `registration_number` varchar(255) CHARACTER SET utf8mb4 COLLATE utf8mb4_unicode_ci DEFAULT NULL,
  `phone` varchar(255) CHARACTER SET utf8mb4 COLLATE utf8mb4_unicode_ci DEFAULT NULL,
  `phone2` varchar(255) CHARACTER SET utf8mb4 COLLATE utf8mb4_unicode_ci DEFAULT NULL,
  `mobile` varchar(255) CHARACTER SET utf8mb4 COLLATE utf8mb4_unicode_ci DEFAULT NULL,
  `fax` varchar(255) CHARACTER SET utf8mb4 COLLATE utf8mb4_unicode_ci DEFAULT NULL,
  `email` varchar(255) CHARACTER SET utf8mb4 COLLATE utf8mb4_unicode_ci DEFAULT NULL,
  `contacttypes_id` int unsigned NOT NULL DEFAULT '0',
  `comment` mediumtext CHARACTER SET utf8mb4 COLLATE utf8mb4_unicode_ci,
  `is_deleted` tinyint(1) NOT NULL DEFAULT '0',
  `usertitles_id` int unsigned NOT NULL DEFAULT '0',
  `address` mediumtext CHARACTER SET utf8mb4 COLLATE utf8mb4_unicode_ci,
  `postcode` varchar(255) CHARACTER SET utf8mb4 COLLATE utf8mb4_unicode_ci DEFAULT NULL,
  `town` varchar(255) CHARACTER SET utf8mb4 COLLATE utf8mb4_unicode_ci DEFAULT NULL,
  `state` varchar(255) CHARACTER SET utf8mb4 COLLATE utf8mb4_unicode_ci DEFAULT NULL,
  `country` varchar(255) CHARACTER SET utf8mb4 COLLATE utf8mb4_unicode_ci DEFAULT NULL,
  `date_mod` timestamp NULL DEFAULT NULL,
  `date_creation` timestamp NULL DEFAULT NULL,
  `pictures` text CHARACTER SET utf8mb4 COLLATE utf8mb4_unicode_ci,
  PRIMARY KEY (`id`),
  KEY `name` (`name`),
  KEY `entities_id` (`entities_id`),
  KEY `contacttypes_id` (`contacttypes_id`),
  KEY `is_deleted` (`is_deleted`),
  KEY `usertitles_id` (`usertitles_id`),
  KEY `date_mod` (`date_mod`),
  KEY `date_creation` (`date_creation`),
  KEY `is_recursive` (`is_recursive`)
) ENGINE=InnoDB AUTO_INCREMENT=14 DEFAULT CHARSET=utf8mb4 COLLATE=utf8mb4_unicode_ci;

--
-- Dumping data for table `glpi_contacts`
--

INSERT INTO `glpi_contacts` VALUES (1,0,0,'Prueba','Contacto',NULL,'','','','','',0,'Contacto de prueba para asociar a proveedor modifica RS',1,0,'','','','','','2020-06-25 15:13:50','2020-06-19 20:29:55',NULL),(2,0,1,'Bastos ','Edna Rocio',NULL,'6113790','','3105779002','','comercialrpc@rentapc.com.co',0,'Contacto Proveedor Renta PC\r\n',0,0,'','','Bogota','','Colombia','2020-06-25 15:17:01','2020-06-25 15:16:24',NULL),(3,0,0,'Castañeda M','María Bernarda',NULL,'','','3167431245 ','','&lt;cartera@winstallsecurityltda.com',0,'Dpto. Facturación y Cartera   Winstall',0,0,'','','','','Colombia','2020-06-25 15:45:37','2020-06-25 15:45:37',NULL),(4,0,0,'Bautista','Nohora',NULL,'','','3203891847','','diseloinsas@gmail.com',0,'',0,0,'','','Bogota','','Colombia','2020-07-31 14:55:03','2020-07-09 21:13:22',NULL),(5,0,0,'post venta Ochoa','Kelly',NULL,'','','','N/A','Kelly Ochoa &lt;dnochogo@mail.tigo.com.co&gt;',0,'Asesora de post venta',0,0,'','11001','Bogota','Bogota','Colombia','2023-02-03 19:08:33','2020-09-01 17:04:17',NULL),(6,0,0,'Soporte','Correo Electronico',NULL,'018000513287','','','','SoporteDataCenter@tigo.com.co',0,'',0,0,'','11001','Bogota','Bogota','Colombia','2020-09-01 17:50:33','2020-09-01 17:07:26',NULL),(7,0,1,'Soporte Tigo Une','',NULL,'','','','','soportecnicoempresarial@tigo.com.co',0,'soporte.corporativo@tigo.com.co : servicios móviles \r\nsoportecnicoempresarial@tigo.com.co : servicios fijos \r\nsoportedatacenter@tigo.com.co : servicios data center \r\nservicios móviles líder soporte nivel 2 : 300 2686671\r\nlíder soporte nivel 3 : 3002851937\r\n',0,0,'','11001','Bogota','Bogota','Colombia','2023-02-03 19:06:42','2020-09-01 17:24:36',NULL),(8,0,0,'Nino Leon','Edwin Eliecer',NULL,'','','314 227 5194','','lgualtero@heinsohn.com.co',0,'\r\n',0,0,'','11011','Bogota','Bogota','','2021-08-26 14:11:03','2021-08-05 20:59:53',NULL),(9,0,0,'Romero Gonzalez','Ana Liliana',NULL,'3002671445','','3182403875','','anromero@heinsohn.com.co',0,'',0,0,'1','110111','Bogota','Bogota','Colombia','2021-08-05 23:42:43','2021-08-05 23:42:43',NULL),(10,0,1,'Ariza Rodriguez','Edgar',NULL,'3143611094','','','','eariza1219@gmail.com',0,'',0,0,'','110111','Bogota','Bogota','Colombia','2021-08-06 00:00:46','2021-08-05 23:57:43',NULL),(11,0,0,'Lopez Cifuentes','Edwin',NULL,'+57 310 2529225','','+57 310 2529225','','edwin.lopezc.ext@claro.com.co&gt;',0,'',0,117,'','','Bogotá','Cundinamarca','Colombia','2022-09-08 18:27:40','2022-09-08 18:27:40',NULL),(12,0,0,'Restrepo Merchan','Ana',NULL,'','','3003520360','','ana.restrepo@tigo.com.co',0,'',0,0,'','','','','','2023-02-03 19:10:24','2023-02-03 19:10:24',NULL),(13,0,0,'Palacio','Alejandro',NULL,'3146810167','','','','a.palacio@adateceu.com',0,'',0,187,'000000','000000','Cali','Valle del Cauca','Colombia','2023-09-27 22:39:50','2023-09-27 22:39:50',NULL);

--
-- Table structure for table `glpi_contacts_suppliers`
--

CREATE TABLE `glpi_contacts_suppliers` (
  `id` int unsigned NOT NULL AUTO_INCREMENT,
  `suppliers_id` int unsigned NOT NULL DEFAULT '0',
  `contacts_id` int unsigned NOT NULL DEFAULT '0',
  PRIMARY KEY (`id`),
  UNIQUE KEY `unicity` (`suppliers_id`,`contacts_id`),
  KEY `contacts_id` (`contacts_id`)
) ENGINE=InnoDB AUTO_INCREMENT=12 DEFAULT CHARSET=utf8mb4 COLLATE=utf8mb4_unicode_ci;

--
-- Dumping data for table `glpi_contacts_suppliers`
--

INSERT INTO `glpi_contacts_suppliers` VALUES (9,1,10),(2,2,2),(4,3,4),(3,7,3),(10,10,11),(5,11,5),(6,11,6),(7,19,8),(8,19,9),(11,32,13);

--
-- Table structure for table `glpi_contacttypes`
--

CREATE TABLE `glpi_contacttypes` (
  `id` int unsigned NOT NULL AUTO_INCREMENT,
  `name` varchar(255) CHARACTER SET utf8mb4 COLLATE utf8mb4_unicode_ci DEFAULT NULL,
  `comment` mediumtext CHARACTER SET utf8mb4 COLLATE utf8mb4_unicode_ci,
  `date_mod` timestamp NULL DEFAULT NULL,
  `date_creation` timestamp NULL DEFAULT NULL,
  PRIMARY KEY (`id`),
  KEY `name` (`name`),
  KEY `date_mod` (`date_mod`),
  KEY `date_creation` (`date_creation`)
) ENGINE=InnoDB DEFAULT CHARSET=utf8mb4 COLLATE=utf8mb4_unicode_ci;

--
-- Dumping data for table `glpi_contacttypes`
--


--
-- Table structure for table `glpi_contractcosts`
--

CREATE TABLE `glpi_contractcosts` (
  `id` int unsigned NOT NULL AUTO_INCREMENT,
  `contracts_id` int unsigned NOT NULL DEFAULT '0',
  `name` varchar(255) CHARACTER SET utf8mb4 COLLATE utf8mb4_unicode_ci DEFAULT NULL,
  `comment` mediumtext CHARACTER SET utf8mb4 COLLATE utf8mb4_unicode_ci,
  `begin_date` date DEFAULT NULL,
  `end_date` date DEFAULT NULL,
  `cost` decimal(20,4) NOT NULL DEFAULT '0.0000',
  `budgets_id` int unsigned NOT NULL DEFAULT '0',
  `entities_id` int unsigned NOT NULL DEFAULT '0',
  `is_recursive` tinyint(1) NOT NULL DEFAULT '0',
  PRIMARY KEY (`id`),
  KEY `name` (`name`),
  KEY `contracts_id` (`contracts_id`),
  KEY `begin_date` (`begin_date`),
  KEY `end_date` (`end_date`),
  KEY `entities_id` (`entities_id`),
  KEY `is_recursive` (`is_recursive`),
  KEY `budgets_id` (`budgets_id`)
) ENGINE=InnoDB AUTO_INCREMENT=64 DEFAULT CHARSET=utf8mb4 COLLATE=utf8mb4_unicode_ci;

--
-- Dumping data for table `glpi_contractcosts`
--

INSERT INTO `glpi_contractcosts` VALUES (5,3,'Enero','FAC # 17165905','2022-01-01','2022-01-31',2456837.0000,2,1,1),(6,3,'Febrero','','2022-02-01','2022-02-28',2456837.0000,2,1,1),(7,3,'Marzo','FAC # 371133710-12','2022-03-01','2022-03-31',2456837.0000,2,1,1),(8,3,'Abril','','2022-04-01','2022-04-30',2456837.0000,2,1,1),(9,3,'Mayo','','2022-05-01','2022-05-31',2456837.0000,2,1,1),(11,9,'Enero','',NULL,NULL,2457259.0000,2,1,1),(12,9,'Febrero','',NULL,NULL,1760438.0000,2,1,1),(13,9,'Marzo','',NULL,NULL,2148667.0000,2,1,1),(14,9,'Abril','',NULL,NULL,2148667.0000,2,1,1),(16,9,'Mayo','',NULL,NULL,2148667.0000,2,1,1),(17,9,'Junio','',NULL,NULL,2148667.0000,2,1,1),(18,9,'Julio','',NULL,'2022-09-30',2115030.0000,2,1,1),(19,9,'Agosto','',NULL,NULL,1028034.0000,2,1,1),(20,11,'Enero','','2022-01-18','2022-02-17',1540000.0000,4,1,1),(21,11,'Febrero','','2022-02-02','2022-03-06',1540000.0000,4,1,1),(22,12,'Enero','',NULL,NULL,307339.0000,2,1,1),(23,12,'Febrero','',NULL,NULL,307339.0000,2,1,1),(24,12,'Marzo','',NULL,NULL,307339.0000,2,1,1),(25,12,'Abril','',NULL,NULL,307339.0000,2,1,1),(26,12,'Mayo','',NULL,NULL,307339.0000,2,1,1),(27,12,'junio','',NULL,NULL,307339.0000,2,1,1),(28,12,'Julio','',NULL,NULL,307339.0000,2,1,1),(29,11,'Marzo','','2022-03-07','2022-04-06',1540000.0000,4,1,1),(30,11,'Julio','','2022-07-12','2022-08-11',1540000.0000,4,1,1),(31,11,'Mayo','','2022-05-16','2022-06-16',1540000.0000,4,1,1),(33,13,'Febrero','',NULL,NULL,142790.0000,2,1,1),(34,13,'Marzo','',NULL,NULL,332201.0000,2,1,1),(35,13,'Abril','',NULL,NULL,332201.0000,2,1,1),(36,13,'Mayo','',NULL,NULL,332201.0000,2,1,1),(37,13,'junio','',NULL,NULL,332201.0000,2,1,1),(38,13,'Julio','',NULL,NULL,307339.0000,2,1,1),(39,8,'Dominio Amsa y Hosting','','2022-04-28','2023-04-27',733698.0000,1,1,1),(40,15,'Enero','','2022-01-01','2022-01-30',7220999.0000,0,1,0),(41,11,'Junio','','2022-06-08','2022-07-08',1540000.0000,4,1,1),(42,11,'Abril','','2022-04-05','2022-05-05',1540000.0000,4,1,1),(43,11,'Agosto','','2022-08-02','2022-09-01',1540000.0000,4,1,1),(44,16,'Enero 2022','','2022-01-25','2022-02-24',23133761.0000,0,1,1),(45,16,'Febrero 2022','','2022-02-24','2022-03-23',25910577.0000,0,1,1),(46,16,'Marzo 2022','','2022-03-24','2022-04-23',26628835.0000,0,1,1),(47,16,'Abril 2022','','2022-04-25','2022-05-24',29488114.0000,0,1,1),(48,16,'Mayo 2022','','2022-05-24','2022-06-23',32541620.0000,0,1,1),(49,16,'Junio 2022','','2022-06-24','2022-07-23',32414212.0000,0,1,1),(50,16,'Julio 2022','','2022-07-25','2022-08-24',30193845.0000,0,1,1),(51,16,'Agosto 2022','','2022-08-25','2022-09-24',22732609.0000,0,1,1),(52,17,'Dominio prontowash y Hosting','','2022-04-28','2023-04-27',0.0000,1,2,1),(53,18,'Dominio Amsa y Hosting','','2022-04-28','2023-04-27',733698.0000,1,1,1),(54,3,'Agosto','','2022-07-01','2022-07-31',2588969.0000,2,1,1),(55,3,'septiembre','','2022-08-01','2022-08-31',1754098.0000,2,1,1),(56,18,'arintia.com','','2022-08-04','2022-08-04',42700.0000,1,1,1),(57,16,'Septiembre 2022','','2022-09-26','2022-09-26',22357720.0000,0,1,1),(58,11,'Octubre','NOTA: SE FACTURA CUCHILLA LIMPIEZA KYOSERA  POR MAL USO DEL EQUIPO DE\r\nIMPRESIÓN ITAGUI.\r\nPOR ELLO EL VALOR AGREGADO.','2022-10-03','2022-11-02',1613000.0000,4,1,1),(59,11,'Septiembre','','2022-09-05','2022-10-05',1540000.0000,4,1,1),(60,4,'Octubre','Servicio IFO Mcp Bucaramanga','2022-09-01','2022-09-30',314460.0000,2,1,0),(61,16,'Octubre 2022','','2022-10-24','2022-10-24',22431896.0000,0,1,1),(62,16,'Noviembre 2022','','2022-11-25','2022-11-25',23315550.0000,0,1,1),(63,11,'Noviembre','','2022-11-02','2022-11-02',1540000.0000,4,1,1);

--
-- Table structure for table `glpi_contracts`
--

CREATE TABLE `glpi_contracts` (
  `id` int unsigned NOT NULL AUTO_INCREMENT,
  `entities_id` int unsigned NOT NULL DEFAULT '0',
  `is_recursive` tinyint(1) NOT NULL DEFAULT '0',
  `name` varchar(255) CHARACTER SET utf8mb4 COLLATE utf8mb4_unicode_ci DEFAULT NULL,
  `num` varchar(255) CHARACTER SET utf8mb4 COLLATE utf8mb4_unicode_ci DEFAULT NULL,
  `contracttypes_id` int unsigned NOT NULL DEFAULT '0',
  `locations_id` int unsigned NOT NULL DEFAULT '0',
  `begin_date` date DEFAULT NULL,
  `duration` int NOT NULL DEFAULT '0',
  `notice` int NOT NULL DEFAULT '0',
  `periodicity` int NOT NULL DEFAULT '0',
  `billing` int NOT NULL DEFAULT '0',
  `comment` mediumtext CHARACTER SET utf8mb4 COLLATE utf8mb4_unicode_ci,
  `accounting_number` varchar(255) CHARACTER SET utf8mb4 COLLATE utf8mb4_unicode_ci DEFAULT NULL,
  `is_deleted` tinyint(1) NOT NULL DEFAULT '0',
  `week_begin_hour` time NOT NULL DEFAULT '00:00:00',
  `week_end_hour` time NOT NULL DEFAULT '00:00:00',
  `saturday_begin_hour` time NOT NULL DEFAULT '00:00:00',
  `saturday_end_hour` time NOT NULL DEFAULT '00:00:00',
  `use_saturday` tinyint(1) NOT NULL DEFAULT '0',
  `sunday_begin_hour` time NOT NULL DEFAULT '00:00:00',
  `sunday_end_hour` time NOT NULL DEFAULT '00:00:00',
  `use_sunday` tinyint NOT NULL DEFAULT '0',
  `max_links_allowed` int NOT NULL DEFAULT '0',
  `alert` int NOT NULL DEFAULT '0',
  `renewal` int NOT NULL DEFAULT '0',
  `template_name` varchar(255) CHARACTER SET utf8mb4 COLLATE utf8mb4_unicode_ci DEFAULT NULL,
  `is_template` tinyint(1) NOT NULL DEFAULT '0',
  `states_id` int unsigned NOT NULL DEFAULT '0',
  `date_mod` timestamp NULL DEFAULT NULL,
  `date_creation` timestamp NULL DEFAULT NULL,
  PRIMARY KEY (`id`),
  KEY `begin_date` (`begin_date`),
  KEY `name` (`name`),
  KEY `contracttypes_id` (`contracttypes_id`),
  KEY `entities_id` (`entities_id`),
  KEY `is_deleted` (`is_deleted`),
  KEY `use_saturday` (`use_saturday`),
  KEY `alert` (`alert`),
  KEY `date_mod` (`date_mod`),
  KEY `date_creation` (`date_creation`),
  KEY `states_id` (`states_id`),
  KEY `use_sunday` (`use_sunday`),
  KEY `is_recursive` (`is_recursive`),
  KEY `is_template` (`is_template`),
  KEY `locations_id` (`locations_id`)
) ENGINE=InnoDB AUTO_INCREMENT=19 DEFAULT CHARSET=utf8mb4 COLLATE=utf8mb4_unicode_ci;

--
-- Dumping data for table `glpi_contracts`
--

INSERT INTO `glpi_contracts` VALUES (2,1,0,'ART-001','456511260945',1,0,'2022-02-01',12,2,12,12,'CONTF: Contrato Telefonía Fija','',0,'00:00:00','00:00:00','00:00:00','00:00:00',0,'00:00:00','00:00:00',0,1,0,1,NULL,0,1,'2022-08-24 22:58:07','2021-01-12 19:35:31'),(3,1,1,'ART-003','17165905',4,0,'2020-04-20',36,2,12,1,'','IFO_Sedes_DC',0,'07:00:00','18:00:00','00:00:00','00:00:00',0,'00:00:00','00:00:00',0,10,0,2,NULL,0,1,'2022-09-01 21:14:23','2021-02-15 19:20:42'),(4,1,0,'ART-002','',4,0,'2021-12-16',12,2,12,1,'Faw Bogota','',0,'07:30:00','17:30:00','00:00:00','00:00:00',0,'00:00:00','00:00:00',0,1,0,1,NULL,0,1,'2022-09-22 20:11:42','2022-05-11 22:20:40'),(5,1,1,'ART-005','0001',0,0,'2020-09-05',24,1,12,1,'','',0,'00:00:00','00:00:00','00:00:00','00:00:00',0,'00:00:00','00:00:00',0,0,0,1,NULL,0,1,'2022-10-19 15:05:36','2022-05-16 23:45:28'),(6,0,0,'ELC-001','456511331241',1,0,'2022-08-17',12,0,12,12,'Contrato de telefonia a Electroconstrucciones SAS\r\nCentral Virtual - Primer Mes Bonificado 1\r\nCentral Virtual - Fijo/Móvil Colombia - 3 a 14 extensiones  - 7\r\nDiadema 7\r\n','',0,'00:00:00','00:00:00','00:00:00','00:00:00',0,'00:00:00','00:00:00',0,7,0,0,NULL,0,1,'2023-05-04 22:20:56','2022-08-22 23:44:54'),(7,1,0,'ART-004','16794719',3,0,'2022-05-28',36,2,36,1,'','',0,'06:00:00','20:00:00','06:00:00','12:30:00',1,'00:00:00','00:00:00',0,1,0,1,NULL,0,1,'2022-08-31 17:15:23','2022-08-31 17:15:23'),(8,1,1,'ART-00','',6,0,'2020-04-28',12,0,12,12,'Contrato Hosting y Dominios','',0,'00:00:00','00:00:00','00:00:00','00:00:00',0,'00:00:00','00:00:00',0,13,0,1,NULL,0,1,'2022-09-23 22:55:59','2022-09-01 21:39:22'),(9,1,1,'ART-007','AMINE00',4,0,'2022-04-28',12,2,12,12,'Contrato IFO Claro sedes','',0,'00:00:00','00:00:00','00:00:00','00:00:00',0,'00:00:00','00:00:00',0,10,0,1,NULL,0,1,'2022-09-23 22:48:03','2022-09-07 13:32:12'),(10,1,1,'ART-008','',7,0,'2022-07-09',12,2,12,12,'CONTF: Licenciamiento Antivirus','',0,'00:00:00','00:00:00','00:00:00','00:00:00',0,'00:00:00','00:00:00',0,1,0,1,NULL,0,1,'2022-09-07 14:02:31','2022-09-07 14:01:52'),(11,1,1,'ART-009','2021-23',8,0,'2023-05-11',36,0,36,1,'Cargo Básico (28.000)x7','',0,'08:00:00','05:00:00','00:00:00','00:00:00',0,'00:00:00','00:00:00',0,7,0,0,NULL,0,1,'2022-09-07 15:55:00','2022-09-07 15:55:00'),(12,1,1,'ART-010','18300539',4,0,'2021-07-27',12,2,12,12,'Internet FOBA Mcp Medellín','',0,'00:00:00','00:00:00','00:00:00','00:00:00',0,'00:00:00','00:00:00',0,10,0,1,NULL,0,1,'2022-09-22 16:39:43','2022-09-07 18:46:39'),(13,1,1,'ART-011','18707957',4,0,'2021-12-16',12,2,12,12,'Internet FOBA Mcp Bucaramanga','',0,'00:00:00','00:00:00','00:00:00','00:00:00',0,'00:00:00','00:00:00',0,10,0,1,NULL,0,1,'2022-09-22 16:47:09','2022-09-07 19:46:27'),(14,1,1,'ART-012','AMINE05',4,0,'2022-01-01',1,2,24,12,'Zipaquirá','',0,'00:00:00','00:00:00','00:00:00','00:00:00',0,'00:00:00','00:00:00',0,1,0,2,NULL,0,1,'2022-09-07 20:49:05','2022-09-07 20:45:56'),(15,1,0,'ART-013','GN2021-0001',3,0,'2021-01-29',36,2,36,1,'Infraestructura SAP / DMS','',0,'00:00:00','00:00:00','00:00:00','00:00:00',0,'00:00:00','00:00:00',0,1,0,1,NULL,0,1,'2022-09-08 16:22:44','2022-09-08 12:56:53'),(16,1,1,'ART-014','1',5,0,'2020-12-01',24,2,24,1,'','458150000',0,'08:00:00','05:30:00','00:00:00','00:00:00',0,'00:00:00','00:00:00',0,0,0,0,NULL,0,1,'2022-09-09 21:42:15','2022-09-09 21:42:15'),(17,2,1,'ART-015','',6,0,'2020-04-28',12,0,12,12,'Contrato Hosting y Dominios Ecology','',0,'00:00:00','00:00:00','00:00:00','00:00:00',0,'00:00:00','00:00:00',0,13,0,1,NULL,0,1,'2022-09-23 21:56:55','2022-09-15 21:59:43'),(18,1,1,'ART-006','',6,0,'2020-04-28',12,0,12,12,'Contrato Hosting y Dominios','',0,'00:00:00','00:00:00','00:00:00','00:00:00',0,'00:00:00','00:00:00',0,13,0,1,NULL,0,1,'2022-09-15 21:59:43','2022-09-15 21:59:43');

--
-- Table structure for table `glpi_contracts_items`
--

CREATE TABLE `glpi_contracts_items` (
  `id` int unsigned NOT NULL AUTO_INCREMENT,
  `contracts_id` int unsigned NOT NULL DEFAULT '0',
  `items_id` int unsigned NOT NULL DEFAULT '0',
  `itemtype` varchar(100) CHARACTER SET utf8mb4 COLLATE utf8mb4_unicode_ci NOT NULL,
  PRIMARY KEY (`id`),
  UNIQUE KEY `unicity` (`contracts_id`,`itemtype`,`items_id`),
  KEY `item` (`itemtype`,`items_id`)
) ENGINE=InnoDB AUTO_INCREMENT=56 DEFAULT CHARSET=utf8mb4 COLLATE=utf8mb4_unicode_ci;

--
-- Dumping data for table `glpi_contracts_items`
--

INSERT INTO `glpi_contracts_items` VALUES (9,3,2,'NetworkEquipment'),(12,3,10,'NetworkEquipment'),(11,3,29,'NetworkEquipment'),(10,3,87,'NetworkEquipment'),(55,4,52,'NetworkEquipment'),(18,9,16,'NetworkEquipment'),(20,9,21,'NetworkEquipment'),(19,9,31,'NetworkEquipment'),(21,9,32,'NetworkEquipment'),(24,9,42,'NetworkEquipment'),(22,9,43,'NetworkEquipment'),(23,9,44,'NetworkEquipment'),(26,9,45,'NetworkEquipment'),(27,9,47,'NetworkEquipment'),(25,9,85,'NetworkEquipment'),(54,12,51,'NetworkEquipment'),(38,17,16,'Domain'),(39,17,17,'Domain'),(40,17,19,'Domain'),(41,17,21,'Domain'),(42,17,22,'Domain'),(43,17,49,'Domain'),(44,17,50,'Domain'),(45,17,51,'Domain'),(46,18,16,'Domain'),(47,18,17,'Domain'),(48,18,19,'Domain'),(49,18,21,'Domain'),(50,18,22,'Domain'),(51,18,49,'Domain'),(52,18,50,'Domain'),(53,18,51,'Domain');

--
-- Table structure for table `glpi_contracts_suppliers`
--

CREATE TABLE `glpi_contracts_suppliers` (
  `id` int unsigned NOT NULL AUTO_INCREMENT,
  `suppliers_id` int unsigned NOT NULL DEFAULT '0',
  `contracts_id` int unsigned NOT NULL DEFAULT '0',
  PRIMARY KEY (`id`),
  UNIQUE KEY `unicity` (`suppliers_id`,`contracts_id`),
  KEY `contracts_id` (`contracts_id`)
) ENGINE=InnoDB AUTO_INCREMENT=20 DEFAULT CHARSET=utf8mb4 COLLATE=utf8mb4_unicode_ci;

--
-- Dumping data for table `glpi_contracts_suppliers`
--

INSERT INTO `glpi_contracts_suppliers` VALUES (8,2,5),(17,2,16),(11,10,9),(7,11,3),(5,11,4),(4,11,7),(14,11,12),(15,11,13),(1,12,2),(6,12,6),(18,18,17),(19,18,18),(12,27,11),(16,28,15);

--
-- Table structure for table `glpi_contracttypes`
--

CREATE TABLE `glpi_contracttypes` (
  `id` int unsigned NOT NULL AUTO_INCREMENT,
  `name` varchar(255) CHARACTER SET utf8mb4 COLLATE utf8mb4_unicode_ci DEFAULT NULL,
  `comment` mediumtext CHARACTER SET utf8mb4 COLLATE utf8mb4_unicode_ci,
  `date_mod` timestamp NULL DEFAULT NULL,
  `date_creation` timestamp NULL DEFAULT NULL,
  PRIMARY KEY (`id`),
  KEY `name` (`name`),
  KEY `date_mod` (`date_mod`),
  KEY `date_creation` (`date_creation`)
) ENGINE=InnoDB AUTO_INCREMENT=9 DEFAULT CHARSET=utf8mb4 COLLATE=utf8mb4_unicode_ci;

--
-- Dumping data for table `glpi_contracttypes`
--

INSERT INTO `glpi_contracttypes` VALUES (1,'Telefonia_Fija','','2021-01-12 19:33:16','2021-01-12 19:33:16'),(2,'Telefonia_Movil','','2021-01-12 19:33:27','2021-01-12 19:33:27'),(3,'Data_Center','','2021-01-12 19:33:44','2021-01-12 19:33:44'),(4,'Internet_FOBA','Internet FO Banda Ancha','2022-09-01 20:04:34','2021-01-12 19:33:58'),(5,'Equipos de Computo','','2022-05-11 22:18:39','2022-05-11 22:18:39'),(6,'Soluciones Web','','2022-09-01 21:37:06','2022-09-01 21:37:06'),(7,'Antivirus','','2022-09-07 13:46:53','2022-09-07 13:46:53'),(8,'Impresoras','','2022-09-07 15:09:03','2022-09-07 15:09:03');

--
-- Table structure for table `glpi_dashboards_filters`
--

CREATE TABLE `glpi_dashboards_filters` (
  `id` int unsigned NOT NULL AUTO_INCREMENT,
  `dashboards_dashboards_id` int unsigned NOT NULL DEFAULT '0',
  `users_id` int unsigned NOT NULL DEFAULT '0',
  `filter` longtext CHARACTER SET utf8mb4 COLLATE utf8mb4_unicode_ci,
  PRIMARY KEY (`id`),
  KEY `dashboards_dashboards_id` (`dashboards_dashboards_id`),
  KEY `users_id` (`users_id`)
) ENGINE=InnoDB DEFAULT CHARSET=utf8mb4 COLLATE=utf8mb4_unicode_ci ROW_FORMAT=DYNAMIC;

--
-- Dumping data for table `glpi_dashboards_filters`
--


--
-- Table structure for table `glpi_dashboards_items`
--

CREATE TABLE `glpi_dashboards_items` (
  `id` int unsigned NOT NULL AUTO_INCREMENT,
  `dashboards_dashboards_id` int unsigned NOT NULL,
  `gridstack_id` varchar(255) CHARACTER SET utf8mb4 COLLATE utf8mb4_unicode_ci NOT NULL,
  `card_id` varchar(255) CHARACTER SET utf8mb4 COLLATE utf8mb4_unicode_ci NOT NULL,
  `x` int DEFAULT NULL,
  `y` int DEFAULT NULL,
  `width` int DEFAULT NULL,
  `height` int DEFAULT NULL,
  `card_options` mediumtext CHARACTER SET utf8mb4 COLLATE utf8mb4_unicode_ci,
  PRIMARY KEY (`id`),
  KEY `dashboards_dashboards_id` (`dashboards_dashboards_id`)
) ENGINE=InnoDB AUTO_INCREMENT=767 DEFAULT CHARSET=utf8mb4 COLLATE=utf8mb4_unicode_ci;

--
-- Dumping data for table `glpi_dashboards_items`
--

INSERT INTO `glpi_dashboards_items` VALUES (27,2,'bn_count_Computer_34cfbaf9-a471-4852-b48c-0dadea7644de','bn_count_Computer',0,0,4,3,'{\"color\":\"#f3d0d0\",\"widgettype\":\"bigNumber\"}'),(28,2,'bn_count_Software_60091467-2137-49f4-8834-f6602a482079','bn_count_Software',4,0,4,3,'{\"color\":\"#d1f1a8\",\"widgettype\":\"bigNumber\"}'),(29,2,'bn_count_Printer_c9a385d4-76a3-4971-ad0e-1470efeafacc','bn_count_Printer',8,3,4,3,'{\"color\":\"#5da8d6\",\"widgettype\":\"bigNumber\"}'),(30,2,'bn_count_PDU_60053eb6-8dda-4416-9a4b-afd51889bd09','bn_count_PDU',12,3,4,3,'{\"color\":\"#ffb62f\",\"widgettype\":\"bigNumber\"}'),(31,2,'bn_count_Rack_0fdc196f-20d2-4f63-9ddb-b75c165cc664','bn_count_Rack',12,0,4,3,'{\"color\":\"#f7d79a\",\"widgettype\":\"bigNumber\"}'),(32,2,'bn_count_Phone_c31fde2d-510a-4482-b17d-2f65b61eae08','bn_count_Phone',16,3,4,3,'{\"color\":\"#a0cec2\",\"widgettype\":\"bigNumber\"}'),(33,2,'bn_count_Enclosure_c21ce30a-58c3-456a-81ec-3c5f01527a8f','bn_count_Enclosure',16,0,4,3,'{\"color\":\"#d7e8e4\",\"widgettype\":\"bigNumber\"}'),(34,2,'bn_count_NetworkEquipment_76f1e239-777b-4552-b053-ae5c64190347','bn_count_NetworkEquipment',8,0,4,3,'{\"color\":\"#c8dae4\",\"widgettype\":\"bigNumber\"}'),(35,2,'bn_count_SoftwareLicense_576e58fe-a386-480f-b405-1c2315b8ab47','bn_count_SoftwareLicense',4,3,4,3,'{\"color\":\"#9bc06b\",\"widgettype\":\"bigNumber\",\"use_gradient\":\"0\",\"limit\":\"7\"}'),(36,2,'bn_count_Monitor_890e16d3-b121-48c6-9713-d9c239d9a970','bn_count_Monitor',0,3,4,3,'{\"color\":\"#dc6f6f\",\"widgettype\":\"bigNumber\",\"use_gradient\":\"0\",\"limit\":\"7\"}'),(37,2,'count_Computer_Manufacturer_986e92e8-32e8-4a6f-806f-6f5383acbb3f','count_Computer_Manufacturer',4,6,4,4,'{\"color\":\"#f3f5f1\",\"widgettype\":\"hbar\",\"use_gradient\":\"1\",\"limit\":\"5\"}'),(38,2,'count_Computer_State_290c5920-9eab-4db8-8753-46108e60f1d8','count_Computer_State',0,6,4,4,'{\"color\":\"#fbf7f7\",\"widgettype\":\"donut\",\"use_gradient\":\"1\",\"limit\":\"5\"}'),(39,2,'count_Computer_ComputerType_c58f9c7e-22d5-478b-8226-d2a752bcbb09','count_Computer_ComputerType',8,6,4,4,'{\"color\":\"#f5f9fa\",\"widgettype\":\"donut\",\"use_gradient\":\"1\",\"limit\":\"5\"}'),(40,2,'count_NetworkEquipment_Manufacturer_8132b21c-6f7f-4dc1-af54-bea794cb96e9','count_NetworkEquipment_Manufacturer',12,6,4,4,'{\"color\":\"#fcf8ed\",\"widgettype\":\"hbar\",\"use_gradient\":\"0\",\"limit\":\"5\"}'),(41,2,'count_Monitor_Manufacturer_43b0c16b-af82-418e-aac1-f32b39705c0d','count_Monitor_Manufacturer',16,6,4,4,'{\"color\":\"#f9fbfb\",\"widgettype\":\"donut\",\"use_gradient\":\"1\",\"limit\":\"5\"}'),(42,3,'bn_count_Ticket_344e761b-f7e8-4617-8c90-154b266b4d67','bn_count_Ticket',0,0,3,2,'{\"color\":\"#ffdc64\",\"widgettype\":\"bigNumber\",\"use_gradient\":\"0\",\"limit\":\"7\"}'),(43,3,'bn_count_Problem_bdb4002b-a674-4493-820f-af85bed44d2a','bn_count_Problem',0,4,3,2,'{\"color\":\"#f0967b\",\"widgettype\":\"bigNumber\",\"use_gradient\":\"0\",\"limit\":\"7\"}'),(44,3,'bn_count_Change_b9b87513-4f40-41e6-8621-f51f9a30fb19','bn_count_Change',0,6,3,2,'{\"color\":\"#cae3c4\",\"widgettype\":\"bigNumber\",\"use_gradient\":\"0\",\"limit\":\"7\"}'),(45,3,'bn_count_tickets_late_1e9ae481-21b4-4463-a830-dec1b68ec5e7','bn_count_tickets_late',0,2,3,2,'{\"color\":\"#f8911f\",\"widgettype\":\"bigNumber\",\"use_gradient\":\"0\",\"limit\":\"7\"}'),(46,3,'bn_count_tickets_incoming_336a36d9-67fe-4475-880e-447bd766b8fe','bn_count_tickets_incoming',3,6,3,2,'{\"color\":\"#a0e19d\",\"widgettype\":\"bigNumber\",\"use_gradient\":\"0\",\"limit\":\"7\"}'),(47,3,'bn_count_tickets_closed_e004bab5-f2b6-4060-a401-a2a8b9885245','bn_count_tickets_closed',9,8,3,2,'{\"color\":\"#515151\",\"widgettype\":\"bigNumber\",\"use_gradient\":\"0\",\"limit\":\"7\"}'),(48,3,'bn_count_tickets_assigned_7455c855-6df8-4514-a3d9-8b0fce52bd63','bn_count_tickets_assigned',6,6,3,2,'{\"color\":\"#eaf5f7\",\"widgettype\":\"bigNumber\",\"use_gradient\":\"0\",\"limit\":\"7\"}'),(49,3,'bn_count_tickets_solved_5e9759b3-ee7e-4a14-b68f-1ac024ef55ee','bn_count_tickets_solved',9,6,3,2,'{\"color\":\"#d8d8d8\",\"widgettype\":\"bigNumber\",\"use_gradient\":\"0\",\"limit\":\"7\"}'),(50,3,'bn_count_tickets_waiting_102b2c2a-6ac6-4d73-ba47-8b09382fe00e','bn_count_tickets_waiting',3,8,3,2,'{\"color\":\"#ffcb7d\",\"widgettype\":\"bigNumber\",\"use_gradient\":\"0\",\"limit\":\"7\"}'),(51,3,'bn_count_TicketRecurrent_13f79539-61f6-45f7-8dde-045706e652f2','bn_count_TicketRecurrent',0,8,3,2,'{\"color\":\"#fafafa\",\"widgettype\":\"bigNumber\",\"use_gradient\":\"0\",\"limit\":\"7\"}'),(52,3,'bn_count_tickets_planned_267bf627-9d5e-4b6c-b53d-b8623d793ccf','bn_count_tickets_planned',6,8,3,2,'{\"color\":\"#6298d5\",\"widgettype\":\"bigNumber\",\"use_gradient\":\"0\",\"limit\":\"7\"}'),(53,3,'top_ticket_ITILCategory_0cba0c84-6c62-4cd8-8564-18614498d8e4','top_ticket_ITILCategory',12,6,4,4,'{\"color\":\"#f1f5ef\",\"widgettype\":\"donut\",\"use_gradient\":\"1\",\"limit\":\"7\"}'),(54,3,'top_ticket_RequestType_b9e43f34-8e94-4a6e-9023-c5d1e2ce7859','top_ticket_RequestType',16,6,4,4,'{\"color\":\"#f9fafb\",\"widgettype\":\"hbar\",\"use_gradient\":\"1\",\"limit\":\"4\"}'),(55,3,'top_ticket_Entity_a8e65812-519c-488e-9892-9adbe22fbd5c','top_ticket_Entity',20,6,4,4,'{\"color\":\"#f7f1f0\",\"widgettype\":\"donut\",\"use_gradient\":\"1\",\"limit\":\"7\"}'),(56,3,'ticket_evolution_76fd4926-ee5e-48db-b6d6-e2947c190c5e','ticket_evolution',3,0,12,6,'{\"color\":\"#f3f7f8\",\"widgettype\":\"areas\",\"use_gradient\":\"0\",\"limit\":\"12\"}'),(57,3,'ticket_status_5b256a35-b36b-4db5-ba11-ea7c125f126e','ticket_status',15,0,11,6,'{\"color\":\"#f7f3f2\",\"widgettype\":\"stackedbars\",\"use_gradient\":\"0\",\"limit\":\"12\"}'),(58,4,'bn_count_tickets_closed_ccf7246b-645a-40d2-8206-fa33c769e3f5','bn_count_tickets_closed',24,0,4,2,'{\"color\":\"#fafafa\",\"widgettype\":\"bigNumber\",\"use_gradient\":\"0\",\"limit\":\"7\"}'),(59,4,'bn_count_Ticket_d5bf3576-5033-40fb-bbdb-292294a7698e','bn_count_Ticket',0,0,4,2,'{\"color\":\"#ffd957\",\"widgettype\":\"bigNumber\",\"use_gradient\":\"0\",\"limit\":\"7\"}'),(60,4,'bn_count_tickets_incoming_055e813c-b0ce-4687-91ef-559249e8ddd8','bn_count_tickets_incoming',4,0,4,2,'{\"color\":\"#6fd169\",\"widgettype\":\"bigNumber\",\"use_gradient\":\"0\",\"limit\":\"7\"}'),(61,4,'bn_count_tickets_waiting_793c665b-b620-4b3a-a5a8-cf502defc008','bn_count_tickets_waiting',8,0,4,2,'{\"color\":\"#ffcb7d\",\"widgettype\":\"bigNumber\",\"use_gradient\":\"0\",\"limit\":\"7\"}'),(62,4,'bn_count_tickets_assigned_d3d2f697-52b4-435e-9030-a760dd649085','bn_count_tickets_assigned',12,0,4,2,'{\"color\":\"#eaf4f7\",\"widgettype\":\"bigNumber\",\"use_gradient\":\"0\",\"limit\":\"7\"}'),(63,4,'bn_count_tickets_planned_0c7f3569-c23b-4ee3-8e85-279229b23e70','bn_count_tickets_planned',16,0,4,2,'{\"color\":\"#6298d5\",\"widgettype\":\"bigNumber\",\"use_gradient\":\"0\",\"limit\":\"7\"}'),(64,4,'bn_count_tickets_solved_ae2406cf-e8e8-410b-b355-46e3f5705ee8','bn_count_tickets_solved',20,0,4,2,'{\"color\":\"#d7d7d7\",\"widgettype\":\"bigNumber\",\"use_gradient\":\"0\",\"limit\":\"7\"}'),(741,1,'bn_count_Computer_4a315743-151c-40cb-a20b-762250668dac','bn_count_Computer',3,0,3,2,'{\"color\":\"#e69393\",\"widgettype\":\"bigNumber\",\"use_gradient\":\"0\",\"limit\":\"7\"}'),(742,1,'bn_count_Software_0690f524-e826-47a9-b50a-906451196b83','bn_count_Software',0,0,3,2,'{\"color\":\"#aaddac\",\"widgettype\":\"bigNumber\",\"use_gradient\":\"0\",\"limit\":\"7\"}'),(743,1,'bn_count_Rack_c6502e0a-5991-46b4-a771-7f355137306b','bn_count_Rack',6,2,3,2,'{\"color\":\"#0e87a0\",\"widgettype\":\"bigNumber\",\"use_gradient\":\"0\",\"limit\":\"7\"}'),(744,1,'bn_count_SoftwareLicense_e755fd06-283e-4479-ba35-2d548f8f8a90','bn_count_SoftwareLicense',0,2,3,2,'{\"color\":\"#27ab3c\",\"widgettype\":\"bigNumber\",\"use_gradient\":\"0\",\"limit\":\"7\"}'),(745,1,'bn_count_Monitor_7059b94c-583c-4ba7-b100-d40461165318','bn_count_Monitor',3,2,3,2,'{\"color\":\"#b52d30\",\"widgettype\":\"bigNumber\",\"use_gradient\":\"0\",\"limit\":\"7\"}'),(746,1,'bn_count_Ticket_a74c0903-3387-4a07-9111-b0938af8f1e7','bn_count_Ticket',14,7,3,2,'{\"color\":\"#ffdc64\",\"widgettype\":\"bigNumber\",\"use_gradient\":\"0\",\"limit\":\"7\"}'),(747,1,'bn_count_Problem_c1cf5cfb-f626-472e-82a1-49c3e200e746','bn_count_Problem',20,7,3,2,'{\"color\":\"#f08d7b\",\"widgettype\":\"bigNumber\",\"use_gradient\":\"0\",\"limit\":\"7\"}'),(748,1,'count_Computer_Manufacturer_6129c451-42b5-489d-b693-c362adf32d49','count_Computer_Manufacturer',0,4,5,4,'{\"color\":\"#f8faf9\",\"widgettype\":\"donut\",\"use_gradient\":\"1\",\"limit\":\"5\"}'),(749,1,'bn_count_tickets_late_04c47208-d7e5-4aca-9566-d46e68c45c67','bn_count_tickets_late',17,7,3,2,'{\"color\":\"#f8911f\",\"widgettype\":\"bigNumber\",\"use_gradient\":\"0\",\"limit\":\"7\"}'),(750,1,'ticket_status_2e4e968b-d4e6-4e33-9ce9-a1aaff53dfde','ticket_status',14,0,12,7,'{\"color\":\"#fafafa\",\"widgettype\":\"stackedbars\",\"use_gradient\":\"0\",\"limit\":\"12\"}'),(751,1,'bn_count_Printer_517684b0-b064-49dd-943e-fcb6f915e453','bn_count_Printer',9,2,3,2,'{\"color\":\"#365a8f\",\"widgettype\":\"bigNumber\",\"use_gradient\":\"0\",\"limit\":\"7\"}'),(752,1,'bn_count_Phone_f70c489f-02c1-46e5-978b-94a95b5038ee','bn_count_Phone',9,0,3,2,'{\"color\":\"#d5e1ec\",\"widgettype\":\"bigNumber\",\"use_gradient\":\"0\",\"limit\":\"7\"}'),(753,1,'bn_count_Change_ab950dbd-cd25-466d-8dff-7dcaca386564','bn_count_Change',23,7,3,2,'{\"color\":\"#cae3c4\",\"widgettype\":\"bigNumber\",\"use_gradient\":\"0\",\"limit\":\"7\"}'),(754,1,'bn_count_Group_b84a93f2-a26c-49d7-82a4-5446697cc5b0','bn_count_Group',4,8,4,2,'{\"color\":\"#e0e0e0\",\"widgettype\":\"bigNumber\",\"use_gradient\":\"0\",\"limit\":\"7\"}'),(755,1,'bn_count_Profile_770b35e8-68e9-4b4f-9e09-5a11058f069f','bn_count_Profile',4,10,4,2,'{\"color\":\"#e0e0e0\",\"widgettype\":\"bigNumber\",\"use_gradient\":\"0\",\"limit\":\"7\"}'),(756,1,'bn_count_Supplier_36ff9011-e4cf-4d89-b9ab-346b9857d734','bn_count_Supplier',8,8,3,2,'{\"color\":\"#c9c9c9\",\"widgettype\":\"bigNumber\",\"use_gradient\":\"0\",\"limit\":\"7\"}'),(757,1,'bn_count_KnowbaseItem_a3785a56-bed4-4a30-8387-f251f5365b3b','bn_count_KnowbaseItem',8,10,3,2,'{\"color\":\"#c9c9c9\",\"widgettype\":\"bigNumber\",\"use_gradient\":\"0\",\"limit\":\"7\"}'),(758,1,'bn_count_Entity_9b82951a-ba52-45cc-a2d3-1d238ec37adf','bn_count_Entity',0,10,4,2,'{\"color\":\"#f9f9f9\",\"widgettype\":\"bigNumber\",\"use_gradient\":\"0\",\"limit\":\"7\"}'),(759,1,'bn_count_Document_7dc7f4b8-61ff-4147-b994-5541bddd7b66','bn_count_Document',11,8,3,2,'{\"color\":\"#b4b4b4\",\"widgettype\":\"bigNumber\",\"use_gradient\":\"0\",\"limit\":\"7\"}'),(760,1,'bn_count_Project_4d412ee2-8b79-469b-995f-4c0a05ab849d','bn_count_Project',11,10,3,2,'{\"color\":\"#b3b3b3\",\"widgettype\":\"bigNumber\",\"use_gradient\":\"0\",\"limit\":\"7\"}'),(761,1,'bn_count_NetworkEquipment_c537e334-d584-43bc-b6de-b4a939143e89','bn_count_NetworkEquipment',6,0,3,2,'{\"color\":\"#bfe7ea\",\"widgettype\":\"bigNumber\",\"use_gradient\":\"0\",\"limit\":\"7\"}'),(762,1,'bn_count_User_ac0cbe52-3593-43c1-8ecc-0eb115de494d','bn_count_User',0,8,4,2,'{\"color\":\"#fafafa\",\"widgettype\":\"bigNumber\",\"use_gradient\":\"0\",\"limit\":\"7\"}'),(763,1,'count_Monitor_MonitorModel_5a476ff9-116e-4270-858b-c003c20841a9','count_Monitor_MonitorModel',5,4,5,4,'{\"color\":\"#f5fafa\",\"widgettype\":\"donut\",\"use_gradient\":\"1\",\"limit\":\"5\"}'),(764,1,'count_NetworkEquipment_State_81f2ae35-b366-4065-ac26-02ea4e3704a6','count_NetworkEquipment_State',10,4,4,4,'{\"color\":\"#f5f3ef\",\"widgettype\":\"donut\",\"use_gradient\":\"1\",\"limit\":\"5\"}'),(765,1,'top_ticket_ITILCategory_99fee3c2-fec9-4244-88db-d88159cd9fd8','top_ticket_ITILCategory',16,9,10,4,'{\"color\":\"#38e575\",\"widgettype\":\"multipleNumber\",\"use_gradient\":\"1\",\"limit\":\"5\"}'),(766,1,'top_ticket_user_requester_a972412b-3d9d-4750-92df-0d5342f42532','top_ticket_user_requester',0,12,15,5,'{\"color\":\"#f9fafb\",\"widgettype\":\"hbar\",\"use_gradient\":\"1\",\"limit\":\"5\"}');

--
-- Table structure for table `glpi_dashboards_rights`
--

CREATE TABLE `glpi_dashboards_rights` (
  `id` int unsigned NOT NULL AUTO_INCREMENT,
  `dashboards_dashboards_id` int unsigned NOT NULL,
  `itemtype` varchar(100) CHARACTER SET utf8mb4 COLLATE utf8mb4_unicode_ci NOT NULL,
  `items_id` int unsigned NOT NULL,
  PRIMARY KEY (`id`),
  UNIQUE KEY `unicity` (`dashboards_dashboards_id`,`itemtype`,`items_id`),
  KEY `item` (`itemtype`,`items_id`)
) ENGINE=InnoDB DEFAULT CHARSET=utf8mb4 COLLATE=utf8mb4_unicode_ci;

--
-- Dumping data for table `glpi_dashboards_rights`
--


--
-- Table structure for table `glpi_databaseinstancecategories`
--

CREATE TABLE `glpi_databaseinstancecategories` (
  `id` int unsigned NOT NULL AUTO_INCREMENT,
  `name` varchar(255) CHARACTER SET utf8mb4 COLLATE utf8mb4_unicode_ci DEFAULT NULL,
  `comment` text CHARACTER SET utf8mb4 COLLATE utf8mb4_unicode_ci,
  `date_mod` timestamp NULL DEFAULT NULL,
  `date_creation` timestamp NULL DEFAULT NULL,
  PRIMARY KEY (`id`),
  KEY `name` (`name`),
  KEY `date_mod` (`date_mod`),
  KEY `date_creation` (`date_creation`)
) ENGINE=InnoDB DEFAULT CHARSET=utf8mb4 COLLATE=utf8mb4_unicode_ci ROW_FORMAT=DYNAMIC;

--
-- Dumping data for table `glpi_databaseinstancecategories`
--


--
-- Table structure for table `glpi_databaseinstances`
--

CREATE TABLE `glpi_databaseinstances` (
  `id` int unsigned NOT NULL AUTO_INCREMENT,
  `entities_id` int unsigned NOT NULL DEFAULT '0',
  `is_recursive` tinyint NOT NULL DEFAULT '0',
  `name` varchar(255) CHARACTER SET utf8mb4 COLLATE utf8mb4_unicode_ci NOT NULL DEFAULT '',
  `version` varchar(255) CHARACTER SET utf8mb4 COLLATE utf8mb4_unicode_ci NOT NULL DEFAULT '',
  `port` varchar(10) CHARACTER SET utf8mb4 COLLATE utf8mb4_unicode_ci NOT NULL DEFAULT '',
  `path` varchar(255) CHARACTER SET utf8mb4 COLLATE utf8mb4_unicode_ci NOT NULL DEFAULT '',
  `size` int NOT NULL DEFAULT '0',
  `databaseinstancetypes_id` int unsigned NOT NULL DEFAULT '0',
  `databaseinstancecategories_id` int unsigned NOT NULL DEFAULT '0',
  `locations_id` int unsigned NOT NULL DEFAULT '0',
  `manufacturers_id` int unsigned NOT NULL DEFAULT '0',
  `users_id_tech` int unsigned NOT NULL DEFAULT '0',
  `groups_id_tech` int unsigned NOT NULL DEFAULT '0',
  `states_id` int unsigned NOT NULL DEFAULT '0',
  `itemtype` varchar(100) CHARACTER SET utf8mb4 COLLATE utf8mb4_unicode_ci NOT NULL DEFAULT '',
  `items_id` int unsigned NOT NULL DEFAULT '0',
  `is_onbackup` tinyint NOT NULL DEFAULT '0',
  `is_active` tinyint NOT NULL DEFAULT '0',
  `is_deleted` tinyint NOT NULL DEFAULT '0',
  `is_helpdesk_visible` tinyint NOT NULL DEFAULT '1',
  `is_dynamic` tinyint NOT NULL DEFAULT '0',
  `autoupdatesystems_id` int unsigned NOT NULL DEFAULT '0',
  `date_creation` timestamp NULL DEFAULT NULL,
  `date_mod` timestamp NULL DEFAULT NULL,
  `date_lastboot` timestamp NULL DEFAULT NULL,
  `date_lastbackup` timestamp NULL DEFAULT NULL,
  `comment` text CHARACTER SET utf8mb4 COLLATE utf8mb4_unicode_ci,
  PRIMARY KEY (`id`),
  KEY `entities_id` (`entities_id`),
  KEY `is_recursive` (`is_recursive`),
  KEY `name` (`name`),
  KEY `databaseinstancetypes_id` (`databaseinstancetypes_id`),
  KEY `databaseinstancecategories_id` (`databaseinstancecategories_id`),
  KEY `locations_id` (`locations_id`),
  KEY `manufacturers_id` (`manufacturers_id`),
  KEY `users_id_tech` (`users_id_tech`),
  KEY `groups_id_tech` (`groups_id_tech`),
  KEY `states_id` (`states_id`),
  KEY `item` (`itemtype`,`items_id`),
  KEY `is_active` (`is_active`),
  KEY `is_deleted` (`is_deleted`),
  KEY `date_creation` (`date_creation`),
  KEY `date_mod` (`date_mod`),
  KEY `is_helpdesk_visible` (`is_helpdesk_visible`),
  KEY `is_dynamic` (`is_dynamic`),
  KEY `autoupdatesystems_id` (`autoupdatesystems_id`)
) ENGINE=InnoDB DEFAULT CHARSET=utf8mb4 COLLATE=utf8mb4_unicode_ci ROW_FORMAT=DYNAMIC;

--
-- Dumping data for table `glpi_databaseinstances`
--


--
-- Table structure for table `glpi_databaseinstancetypes`
--

CREATE TABLE `glpi_databaseinstancetypes` (
  `id` int unsigned NOT NULL AUTO_INCREMENT,
  `name` varchar(255) CHARACTER SET utf8mb4 COLLATE utf8mb4_unicode_ci DEFAULT NULL,
  `comment` text CHARACTER SET utf8mb4 COLLATE utf8mb4_unicode_ci,
  `date_mod` timestamp NULL DEFAULT NULL,
  `date_creation` timestamp NULL DEFAULT NULL,
  PRIMARY KEY (`id`),
  KEY `name` (`name`),
  KEY `date_mod` (`date_mod`),
  KEY `date_creation` (`date_creation`)
) ENGINE=InnoDB DEFAULT CHARSET=utf8mb4 COLLATE=utf8mb4_unicode_ci ROW_FORMAT=DYNAMIC;

--
-- Dumping data for table `glpi_databaseinstancetypes`
--


--
-- Table structure for table `glpi_databases`
--

CREATE TABLE `glpi_databases` (
  `id` int unsigned NOT NULL AUTO_INCREMENT,
  `entities_id` int unsigned NOT NULL DEFAULT '0',
  `is_recursive` tinyint NOT NULL DEFAULT '0',
  `name` varchar(255) CHARACTER SET utf8mb4 COLLATE utf8mb4_unicode_ci NOT NULL DEFAULT '',
  `size` int NOT NULL DEFAULT '0',
  `databaseinstances_id` int unsigned NOT NULL DEFAULT '0',
  `is_onbackup` tinyint NOT NULL DEFAULT '0',
  `is_active` tinyint NOT NULL DEFAULT '0',
  `is_deleted` tinyint NOT NULL DEFAULT '0',
  `is_dynamic` tinyint NOT NULL DEFAULT '0',
  `date_creation` timestamp NULL DEFAULT NULL,
  `date_mod` timestamp NULL DEFAULT NULL,
  `date_update` timestamp NULL DEFAULT NULL,
  `date_lastbackup` timestamp NULL DEFAULT NULL,
  PRIMARY KEY (`id`),
  KEY `entities_id` (`entities_id`),
  KEY `is_recursive` (`is_recursive`),
  KEY `name` (`name`),
  KEY `is_active` (`is_active`),
  KEY `is_deleted` (`is_deleted`),
  KEY `is_dynamic` (`is_dynamic`),
  KEY `date_creation` (`date_creation`),
  KEY `date_mod` (`date_mod`),
  KEY `databaseinstances_id` (`databaseinstances_id`)
) ENGINE=InnoDB DEFAULT CHARSET=utf8mb4 COLLATE=utf8mb4_unicode_ci ROW_FORMAT=DYNAMIC;

--
-- Dumping data for table `glpi_databases`
--


--
-- Table structure for table `glpi_datacenters`
--

CREATE TABLE `glpi_datacenters` (
  `id` int unsigned NOT NULL AUTO_INCREMENT,
  `name` varchar(255) CHARACTER SET utf8mb4 COLLATE utf8mb4_unicode_ci DEFAULT NULL,
  `entities_id` int unsigned NOT NULL DEFAULT '0',
  `is_recursive` tinyint(1) NOT NULL DEFAULT '0',
  `locations_id` int unsigned NOT NULL DEFAULT '0',
  `is_deleted` tinyint(1) NOT NULL DEFAULT '0',
  `date_mod` timestamp NULL DEFAULT NULL,
  `date_creation` timestamp NULL DEFAULT NULL,
  `pictures` text CHARACTER SET utf8mb4 COLLATE utf8mb4_unicode_ci,
  PRIMARY KEY (`id`),
  KEY `entities_id` (`entities_id`),
  KEY `is_recursive` (`is_recursive`),
  KEY `locations_id` (`locations_id`),
  KEY `is_deleted` (`is_deleted`),
  KEY `date_creation` (`date_creation`),
  KEY `date_mod` (`date_mod`),
  KEY `name` (`name`)
) ENGINE=InnoDB AUTO_INCREMENT=3 DEFAULT CHARSET=utf8mb4 COLLATE=utf8mb4_unicode_ci;

--
-- Dumping data for table `glpi_datacenters`
--

INSERT INTO `glpi_datacenters` VALUES (1,'CDART01-BG',0,0,5,0,'2021-03-24 16:40:08','2021-03-24 16:40:08',NULL),(2,'DC_HostDime',1,0,36,0,'2022-09-01 21:53:44','2022-09-01 21:53:44',NULL);

--
-- Table structure for table `glpi_dcrooms`
--

CREATE TABLE `glpi_dcrooms` (
  `id` int unsigned NOT NULL AUTO_INCREMENT,
  `name` varchar(255) CHARACTER SET utf8mb4 COLLATE utf8mb4_unicode_ci DEFAULT NULL,
  `entities_id` int unsigned NOT NULL DEFAULT '0',
  `is_recursive` tinyint(1) NOT NULL DEFAULT '0',
  `locations_id` int unsigned NOT NULL DEFAULT '0',
  `vis_cols` int DEFAULT NULL,
  `vis_rows` int DEFAULT NULL,
  `blueprint` mediumtext CHARACTER SET utf8mb4 COLLATE utf8mb4_unicode_ci,
  `datacenters_id` int unsigned NOT NULL DEFAULT '0',
  `is_deleted` tinyint(1) NOT NULL DEFAULT '0',
  `date_mod` timestamp NULL DEFAULT NULL,
  `date_creation` timestamp NULL DEFAULT NULL,
  PRIMARY KEY (`id`),
  KEY `entities_id` (`entities_id`),
  KEY `is_recursive` (`is_recursive`),
  KEY `locations_id` (`locations_id`),
  KEY `datacenters_id` (`datacenters_id`),
  KEY `is_deleted` (`is_deleted`),
  KEY `date_creation` (`date_creation`),
  KEY `date_mod` (`date_mod`),
  KEY `name` (`name`)
) ENGINE=InnoDB DEFAULT CHARSET=utf8mb4 COLLATE=utf8mb4_unicode_ci;

--
-- Dumping data for table `glpi_dcrooms`
--


--
-- Table structure for table `glpi_devicebatteries`
--

CREATE TABLE `glpi_devicebatteries` (
  `id` int unsigned NOT NULL AUTO_INCREMENT,
  `designation` varchar(255) CHARACTER SET utf8mb4 COLLATE utf8mb4_unicode_ci DEFAULT NULL,
  `comment` mediumtext CHARACTER SET utf8mb4 COLLATE utf8mb4_unicode_ci,
  `manufacturers_id` int unsigned NOT NULL DEFAULT '0',
  `voltage` int DEFAULT NULL,
  `capacity` int DEFAULT NULL,
  `devicebatterytypes_id` int unsigned NOT NULL DEFAULT '0',
  `entities_id` int unsigned NOT NULL DEFAULT '0',
  `is_recursive` tinyint(1) NOT NULL DEFAULT '0',
  `devicebatterymodels_id` int unsigned DEFAULT NULL,
  `date_mod` timestamp NULL DEFAULT NULL,
  `date_creation` timestamp NULL DEFAULT NULL,
  PRIMARY KEY (`id`),
  KEY `designation` (`designation`),
  KEY `manufacturers_id` (`manufacturers_id`),
  KEY `entities_id` (`entities_id`),
  KEY `is_recursive` (`is_recursive`),
  KEY `date_mod` (`date_mod`),
  KEY `date_creation` (`date_creation`),
  KEY `devicebatterymodels_id` (`devicebatterymodels_id`),
  KEY `devicebatterytypes_id` (`devicebatterytypes_id`)
) ENGINE=InnoDB DEFAULT CHARSET=utf8mb4 COLLATE=utf8mb4_unicode_ci;

--
-- Dumping data for table `glpi_devicebatteries`
--


--
-- Table structure for table `glpi_devicebatterymodels`
--

CREATE TABLE `glpi_devicebatterymodels` (
  `id` int unsigned NOT NULL AUTO_INCREMENT,
  `name` varchar(255) CHARACTER SET utf8mb4 COLLATE utf8mb4_unicode_ci DEFAULT NULL,
  `comment` mediumtext CHARACTER SET utf8mb4 COLLATE utf8mb4_unicode_ci,
  `product_number` varchar(255) CHARACTER SET utf8mb4 COLLATE utf8mb4_unicode_ci DEFAULT NULL,
  PRIMARY KEY (`id`),
  KEY `name` (`name`),
  KEY `product_number` (`product_number`)
) ENGINE=InnoDB DEFAULT CHARSET=utf8mb4 COLLATE=utf8mb4_unicode_ci;

--
-- Dumping data for table `glpi_devicebatterymodels`
--


--
-- Table structure for table `glpi_devicebatterytypes`
--

CREATE TABLE `glpi_devicebatterytypes` (
  `id` int unsigned NOT NULL AUTO_INCREMENT,
  `name` varchar(255) CHARACTER SET utf8mb4 COLLATE utf8mb4_unicode_ci DEFAULT NULL,
  `comment` mediumtext CHARACTER SET utf8mb4 COLLATE utf8mb4_unicode_ci,
  `date_mod` timestamp NULL DEFAULT NULL,
  `date_creation` timestamp NULL DEFAULT NULL,
  PRIMARY KEY (`id`),
  KEY `name` (`name`),
  KEY `date_mod` (`date_mod`),
  KEY `date_creation` (`date_creation`)
) ENGINE=InnoDB DEFAULT CHARSET=utf8mb4 COLLATE=utf8mb4_unicode_ci;

--
-- Dumping data for table `glpi_devicebatterytypes`
--


--
-- Table structure for table `glpi_devicecameramodels`
--

CREATE TABLE `glpi_devicecameramodels` (
  `id` int unsigned NOT NULL AUTO_INCREMENT,
  `name` varchar(255) CHARACTER SET utf8mb4 COLLATE utf8mb4_unicode_ci DEFAULT NULL,
  `comment` text CHARACTER SET utf8mb4 COLLATE utf8mb4_unicode_ci,
  `product_number` varchar(255) CHARACTER SET utf8mb4 COLLATE utf8mb4_unicode_ci DEFAULT NULL,
  PRIMARY KEY (`id`),
  KEY `name` (`name`),
  KEY `product_number` (`product_number`)
) ENGINE=InnoDB DEFAULT CHARSET=utf8mb4 COLLATE=utf8mb4_unicode_ci ROW_FORMAT=DYNAMIC;

--
-- Dumping data for table `glpi_devicecameramodels`
--


--
-- Table structure for table `glpi_devicecameras`
--

CREATE TABLE `glpi_devicecameras` (
  `id` int unsigned NOT NULL AUTO_INCREMENT,
  `designation` varchar(255) CHARACTER SET utf8mb4 COLLATE utf8mb4_unicode_ci DEFAULT NULL,
  `flashunit` tinyint NOT NULL DEFAULT '0',
  `lensfacing` varchar(255) CHARACTER SET utf8mb4 COLLATE utf8mb4_unicode_ci DEFAULT NULL,
  `orientation` varchar(255) CHARACTER SET utf8mb4 COLLATE utf8mb4_unicode_ci DEFAULT NULL,
  `focallength` varchar(255) CHARACTER SET utf8mb4 COLLATE utf8mb4_unicode_ci DEFAULT NULL,
  `sensorsize` varchar(255) CHARACTER SET utf8mb4 COLLATE utf8mb4_unicode_ci DEFAULT NULL,
  `comment` text CHARACTER SET utf8mb4 COLLATE utf8mb4_unicode_ci,
  `manufacturers_id` int unsigned NOT NULL DEFAULT '0',
  `entities_id` int unsigned NOT NULL DEFAULT '0',
  `is_recursive` tinyint NOT NULL DEFAULT '0',
  `devicecameramodels_id` int unsigned DEFAULT NULL,
  `support` varchar(255) CHARACTER SET utf8mb4 COLLATE utf8mb4_unicode_ci DEFAULT NULL,
  `date_mod` timestamp NULL DEFAULT NULL,
  `date_creation` timestamp NULL DEFAULT NULL,
  PRIMARY KEY (`id`),
  KEY `designation` (`designation`),
  KEY `manufacturers_id` (`manufacturers_id`),
  KEY `devicecameramodels_id` (`devicecameramodels_id`),
  KEY `entities_id` (`entities_id`),
  KEY `is_recursive` (`is_recursive`),
  KEY `date_mod` (`date_mod`),
  KEY `date_creation` (`date_creation`)
) ENGINE=InnoDB DEFAULT CHARSET=utf8mb4 COLLATE=utf8mb4_unicode_ci ROW_FORMAT=DYNAMIC;

--
-- Dumping data for table `glpi_devicecameras`
--


--
-- Table structure for table `glpi_devicecasemodels`
--

CREATE TABLE `glpi_devicecasemodels` (
  `id` int unsigned NOT NULL AUTO_INCREMENT,
  `name` varchar(255) CHARACTER SET utf8mb4 COLLATE utf8mb4_unicode_ci DEFAULT NULL,
  `comment` mediumtext CHARACTER SET utf8mb4 COLLATE utf8mb4_unicode_ci,
  `product_number` varchar(255) CHARACTER SET utf8mb4 COLLATE utf8mb4_unicode_ci DEFAULT NULL,
  PRIMARY KEY (`id`),
  KEY `name` (`name`),
  KEY `product_number` (`product_number`)
) ENGINE=InnoDB DEFAULT CHARSET=utf8mb4 COLLATE=utf8mb4_unicode_ci;

--
-- Dumping data for table `glpi_devicecasemodels`
--


--
-- Table structure for table `glpi_devicecases`
--

CREATE TABLE `glpi_devicecases` (
  `id` int unsigned NOT NULL AUTO_INCREMENT,
  `designation` varchar(255) CHARACTER SET utf8mb4 COLLATE utf8mb4_unicode_ci DEFAULT NULL,
  `devicecasetypes_id` int unsigned NOT NULL DEFAULT '0',
  `comment` mediumtext CHARACTER SET utf8mb4 COLLATE utf8mb4_unicode_ci,
  `manufacturers_id` int unsigned NOT NULL DEFAULT '0',
  `entities_id` int unsigned NOT NULL DEFAULT '0',
  `is_recursive` tinyint(1) NOT NULL DEFAULT '0',
  `devicecasemodels_id` int unsigned DEFAULT NULL,
  `date_mod` timestamp NULL DEFAULT NULL,
  `date_creation` timestamp NULL DEFAULT NULL,
  PRIMARY KEY (`id`),
  KEY `designation` (`designation`),
  KEY `manufacturers_id` (`manufacturers_id`),
  KEY `devicecasetypes_id` (`devicecasetypes_id`),
  KEY `entities_id` (`entities_id`),
  KEY `is_recursive` (`is_recursive`),
  KEY `date_mod` (`date_mod`),
  KEY `date_creation` (`date_creation`),
  KEY `devicecasemodels_id` (`devicecasemodels_id`)
) ENGINE=InnoDB DEFAULT CHARSET=utf8mb4 COLLATE=utf8mb4_unicode_ci;

--
-- Dumping data for table `glpi_devicecases`
--


--
-- Table structure for table `glpi_devicecasetypes`
--

CREATE TABLE `glpi_devicecasetypes` (
  `id` int unsigned NOT NULL AUTO_INCREMENT,
  `name` varchar(255) CHARACTER SET utf8mb4 COLLATE utf8mb4_unicode_ci DEFAULT NULL,
  `comment` mediumtext CHARACTER SET utf8mb4 COLLATE utf8mb4_unicode_ci,
  `date_mod` timestamp NULL DEFAULT NULL,
  `date_creation` timestamp NULL DEFAULT NULL,
  PRIMARY KEY (`id`),
  KEY `name` (`name`),
  KEY `date_mod` (`date_mod`),
  KEY `date_creation` (`date_creation`)
) ENGINE=InnoDB DEFAULT CHARSET=utf8mb4 COLLATE=utf8mb4_unicode_ci;

--
-- Dumping data for table `glpi_devicecasetypes`
--


--
-- Table structure for table `glpi_devicecontrolmodels`
--

CREATE TABLE `glpi_devicecontrolmodels` (
  `id` int unsigned NOT NULL AUTO_INCREMENT,
  `name` varchar(255) CHARACTER SET utf8mb4 COLLATE utf8mb4_unicode_ci DEFAULT NULL,
  `comment` mediumtext CHARACTER SET utf8mb4 COLLATE utf8mb4_unicode_ci,
  `product_number` varchar(255) CHARACTER SET utf8mb4 COLLATE utf8mb4_unicode_ci DEFAULT NULL,
  PRIMARY KEY (`id`),
  KEY `name` (`name`),
  KEY `product_number` (`product_number`)
) ENGINE=InnoDB DEFAULT CHARSET=utf8mb4 COLLATE=utf8mb4_unicode_ci;

--
-- Dumping data for table `glpi_devicecontrolmodels`
--


--
-- Table structure for table `glpi_devicecontrols`
--

CREATE TABLE `glpi_devicecontrols` (
  `id` int unsigned NOT NULL AUTO_INCREMENT,
  `designation` varchar(255) CHARACTER SET utf8mb4 COLLATE utf8mb4_unicode_ci DEFAULT NULL,
  `is_raid` tinyint(1) NOT NULL DEFAULT '0',
  `comment` mediumtext CHARACTER SET utf8mb4 COLLATE utf8mb4_unicode_ci,
  `manufacturers_id` int unsigned NOT NULL DEFAULT '0',
  `interfacetypes_id` int unsigned NOT NULL DEFAULT '0',
  `entities_id` int unsigned NOT NULL DEFAULT '0',
  `is_recursive` tinyint(1) NOT NULL DEFAULT '0',
  `devicecontrolmodels_id` int unsigned DEFAULT NULL,
  `date_mod` timestamp NULL DEFAULT NULL,
  `date_creation` timestamp NULL DEFAULT NULL,
  PRIMARY KEY (`id`),
  KEY `designation` (`designation`),
  KEY `manufacturers_id` (`manufacturers_id`),
  KEY `interfacetypes_id` (`interfacetypes_id`),
  KEY `entities_id` (`entities_id`),
  KEY `is_recursive` (`is_recursive`),
  KEY `date_mod` (`date_mod`),
  KEY `date_creation` (`date_creation`),
  KEY `devicecontrolmodels_id` (`devicecontrolmodels_id`)
) ENGINE=InnoDB AUTO_INCREMENT=542 DEFAULT CHARSET=utf8mb4 COLLATE=utf8mb4_unicode_ci;

--
-- Dumping data for table `glpi_devicecontrols`
--

INSERT INTO `glpi_devicecontrols` VALUES (1,'ATA Channel 0',0,'IDE Channel',3,0,1,0,NULL,'2020-03-13 13:30:16','2020-03-11 03:43:05'),(2,'ATA Channel 1',0,'IDE Channel',3,0,1,0,NULL,'2020-03-13 13:30:16','2020-03-11 03:43:05'),(3,'Standard Dual Channel PCI IDE Controller',0,'Standard Dual Channel PCI IDE Controller',3,0,1,0,NULL,'2020-03-13 13:30:16','2020-03-11 03:43:05'),(4,'Microsoft Storage Spaces Controller',0,'Microsoft Storage Spaces Controller',4,0,0,0,NULL,'2020-03-11 03:43:05','2020-03-11 03:43:05'),(5,'Intel(R) 8 Series/C220 Series USB EHCI #2 - 8C2D',0,'Intel(R) 8 Series/C220 Series USB EHCI #2 - 8C2D',5,0,2,0,NULL,'2020-06-09 21:41:40','2020-03-11 03:43:05'),(6,'Intel(R) 8 Series/C220 Series USB EHCI #1 - 8C26',0,'Intel(R) 8 Series/C220 Series USB EHCI #1 - 8C26',5,0,2,0,NULL,'2020-06-09 21:41:40','2020-03-11 03:43:05'),(7,'Controlador de host eXtensible Intel(R) USB 3.0 - 1.0 (Microsoft)',0,'USB xHCI Compliant Host Controller',6,0,0,0,NULL,'2020-03-11 03:43:05','2020-03-11 03:43:05'),(8,'Standard SATA AHCI Controller',0,'Standard SATA AHCI Controller',7,0,0,0,NULL,'2020-03-11 03:43:15','2020-03-11 03:43:15'),(9,'Standard Enhanced PCI to USB Host Controller',0,'Standard Enhanced PCI to USB Host Controller',8,0,1,0,NULL,'2020-03-13 13:24:26','2020-03-11 03:43:15'),(10,'Intel(R) 300 Series Chipset Family SATA AHCI Controller',0,'Intel(R) 300 Series Chipset Family SATA AHCI Controller',10,0,1,0,NULL,'2020-03-13 20:05:59','2020-03-11 03:43:25'),(11,'BayHubTech Integrated SD controller(SDA Compliant Host)',0,'BayHubTech Integrated SD controller(SDA Compliant Host)',11,0,1,0,NULL,'2020-03-13 20:05:59','2020-03-11 03:43:25'),(12,'Controlador de host eXtensible Intel(R) USB 3.1 - 1.10 (Microsoft)',0,'USB xHCI Compliant Host Controller',6,0,1,0,NULL,'2020-03-13 20:05:59','2020-03-11 03:43:25'),(13,'Controlador de host eXtensible AMD USB 3.0 - 1.0 (Microsoft)',0,'USB xHCI Compliant Host Controller',6,0,0,0,NULL,'2021-02-15 23:41:23','2020-03-11 03:43:36'),(14,'Dynamic Smart Array B140i 6 port',0,'Dynamic Smart Array B140i 6 port',13,0,2,0,NULL,'2021-04-13 16:24:07','2020-03-11 03:44:01'),(15,'Dynamic Smart Array B140i',0,'Dynamic Smart Array B140i',13,0,2,0,NULL,'2021-04-13 16:24:07','2020-03-11 03:44:01'),(16,'Dynamic Smart Array B140i 4 port',0,'Dynamic Smart Array B140i 4 port',13,0,2,0,NULL,'2021-04-13 16:24:07','2020-03-11 03:44:01'),(17,'Standard Universal PCI to USB Host Controller',0,'Standard Universal PCI to USB Host Controller',8,0,1,0,NULL,'2020-03-13 13:24:26','2020-03-11 03:44:01'),(18,'Intel(R) USB 3.0 eXtensible Host Controller - 0100 (Microsoft)',0,'USB xHCI Compliant Host Controller',6,0,2,0,NULL,'2021-04-13 16:24:07','2020-03-11 03:44:01'),(19,'ATA Channel 4',0,'Canal IDE',14,0,0,0,NULL,'2020-06-25 15:40:19','2020-03-11 03:44:12'),(20,'ATA Channel 5',0,'Canal IDE',14,0,21,0,NULL,'2023-07-02 19:23:53','2020-03-11 03:44:12'),(21,'Intel(R) 8 Series SATA AHCI Controller - 8C03',0,'Intel(R) 8 Series SATA AHCI Controller - 8C03',5,0,21,0,NULL,'2023-07-02 19:23:53','2020-03-11 03:44:12'),(22,'Bluetooth Hard Copy Cable Replacement Server',0,'Bluetooth Hard Copy Cable Replacement Server',15,0,0,0,NULL,'2020-06-25 15:40:19','2020-03-11 03:44:12'),(23,'Intel Device',0,'Intel Device',5,0,21,0,NULL,'2023-07-02 19:23:53','2020-03-11 03:44:12'),(24,'Intel(R) Desktop/Workstation/Server Express Chipset SATA AHCI Controller',0,'Intel(R) Desktop/Workstation/Server Express Chipset SATA AHCI Controller',5,0,0,0,NULL,'2020-06-25 15:41:55','2020-03-11 03:44:30'),(25,'Intel(R) 6 Series/C200 Series Chipset Family USB Enhanced Host Controller - 1C26',0,'Intel(R) 6 Series/C200 Series Chipset Family USB Enhanced Host Controller - 1C26',5,0,2,0,NULL,'2020-06-09 21:41:40','2020-03-11 03:44:30'),(26,'Intel(R) 6 Series/C200 Series Chipset Family USB Enhanced Host Controller - 1C2D',0,'Intel(R) 6 Series/C200 Series Chipset Family USB Enhanced Host Controller - 1C2D',5,0,2,0,NULL,'2020-06-09 21:41:40','2020-03-11 03:44:30'),(27,'Intel(R) 8 Series USB Enhanced Host Controller #1 - 9C26',0,'Intel(R) 8 Series USB Enhanced Host Controller #1 - 9C26',5,0,1,0,NULL,'2020-03-13 13:26:20','2020-03-11 03:44:46'),(28,'Intel(R) USB 3.0 eXtensible Host Controller - 1.0 (Microsoft)',0,'USB xHCI Compliant Host Controller',6,0,1,0,NULL,'2020-03-13 13:24:26','2020-03-11 03:44:46'),(29,'ATA Channel 0',0,'Canal IDE',14,0,1,0,NULL,'2020-03-19 19:25:35','2020-03-11 03:45:21'),(30,'ATA Channel 1',0,'Canal IDE',14,0,1,0,NULL,'2020-03-19 19:25:35','2020-03-11 03:45:21'),(31,'Controladora estándar PCI IDE de doble canal',0,'Controladora estándar PCI IDE de doble canal',14,0,1,0,NULL,'2020-03-19 19:25:35','2020-03-11 03:45:21'),(32,'Controlador de host de PCI a USB mejorado',0,'Controlador de host de PCI a USB mejorado',18,0,0,0,NULL,'2020-06-26 16:25:53','2020-03-11 03:45:21'),(33,'Intel(R) ICH8R/ICH9R/ICH10R/DO SATA RAID Controller',0,'Intel(R) ICH8R/ICH9R/ICH10R/DO SATA RAID Controller',5,0,0,0,NULL,'2020-06-25 15:38:46','2020-03-11 03:45:55'),(34,'Intel(R) ICH10 Family USB Universal Host Controller - 3A34',0,'Intel(R) ICH10 Family USB Universal Host Controller - 3A34',5,0,0,0,NULL,'2020-06-25 15:38:46','2020-03-11 03:45:55'),(35,'Intel(R) ICH10 Family USB Universal Host Controller - 3A39',0,'Intel(R) ICH10 Family USB Universal Host Controller - 3A39',5,0,0,0,NULL,'2020-06-25 15:38:46','2020-03-11 03:45:55'),(36,'Intel(R) ICH10 Family USB Enhanced Host Controller - 3A3A',0,'Intel(R) ICH10 Family USB Enhanced Host Controller - 3A3A',5,0,0,0,NULL,'2020-06-25 15:38:46','2020-03-11 03:45:55'),(37,'Intel(R) ICH10 Family USB Universal Host Controller - 3A36',0,'Intel(R) ICH10 Family USB Universal Host Controller - 3A36',5,0,0,0,NULL,'2020-06-25 15:38:46','2020-03-11 03:45:55'),(38,'Intel(R) ICH10 Family USB Enhanced Host Controller - 3A3C',0,'Intel(R) ICH10 Family USB Enhanced Host Controller - 3A3C',5,0,0,0,NULL,'2020-06-25 15:38:46','2020-03-11 03:45:55'),(39,'Intel(R) ICH10 Family USB Universal Host Controller - 3A38',0,'Intel(R) ICH10 Family USB Universal Host Controller - 3A38',5,0,0,0,NULL,'2020-06-25 15:38:46','2020-03-11 03:45:55'),(40,'Intel(R) ICH10 Family USB Universal Host Controller - 3A35',0,'Intel(R) ICH10 Family USB Universal Host Controller - 3A35',5,0,0,0,NULL,'2020-06-25 15:38:46','2020-03-11 03:45:55'),(41,'Intel(R) ICH10 Family USB Universal Host Controller - 3A37',0,'Intel(R) ICH10 Family USB Universal Host Controller - 3A37',5,0,0,0,NULL,'2020-06-25 15:38:46','2020-03-11 03:45:55'),(42,'VIA 1394 OHCI Compliant Host Controller',0,'VIA 1394 OHCI Compliant Host Controller',19,0,0,0,NULL,'2020-06-25 15:38:46','2020-03-11 03:45:55'),(43,'Virtual CloneDrive',0,'Virtual CloneDrive',20,0,1,0,NULL,'2020-03-13 13:26:20','2020-03-11 03:46:16'),(44,'Intel(R) 7 Series/C216 Chipset Family USB Enhanced Host Controller - 1E2D',0,'Intel(R) 7 Series/C216 Chipset Family USB Enhanced Host Controller - 1E2D',5,0,0,0,NULL,'2020-06-25 15:40:40','2020-03-11 03:47:10'),(45,'Intel(R) 7 Series/C216 Chipset Family USB Enhanced Host Controller - 1E26',0,'Intel(R) 7 Series/C216 Chipset Family USB Enhanced Host Controller - 1E26',5,0,0,0,NULL,'2020-06-25 15:40:40','2020-03-11 03:47:10'),(46,'Intel(R) 6th Generation Core Processor Family Platform I/O SATA AHCI Controller',0,'Intel(R) 6th Generation Core Processor Family Platform I/O SATA AHCI Controller',10,0,1,0,NULL,'2020-06-30 14:54:14','2020-03-11 03:47:42'),(47,'ATA Channel 0',0,'IDE Channel',3,0,0,0,NULL,'2020-06-25 15:40:25','2020-03-11 03:43:05'),(48,'ATA Channel 1',0,'IDE Channel',3,0,0,0,NULL,'2020-06-25 15:40:25','2020-03-11 03:43:05'),(49,'Standard Dual Channel PCI IDE Controller',0,'Standard Dual Channel PCI IDE Controller',3,0,0,0,NULL,'2020-06-25 15:40:25','2020-03-11 03:43:05'),(50,'Microsoft Storage Spaces Controller',0,'Microsoft Storage Spaces Controller',4,0,2,0,NULL,'2020-03-11 03:43:05','2020-03-11 03:43:05'),(51,'Intel(R) 8 Series/C220 Series USB EHCI #2 - 8C2D',0,'Intel(R) 8 Series/C220 Series USB EHCI #2 - 8C2D',5,0,0,0,NULL,'2020-06-25 15:40:25','2020-03-11 03:43:05'),(52,'Intel(R) 8 Series/C220 Series USB EHCI #1 - 8C26',0,'Intel(R) 8 Series/C220 Series USB EHCI #1 - 8C26',5,0,0,0,NULL,'2020-06-25 15:40:25','2020-03-11 03:43:05'),(53,'Controlador de host eXtensible Intel(R) USB 3.0 - 1.0 (Microsoft)',0,'USB xHCI Compliant Host Controller',6,0,0,0,NULL,'2020-09-29 18:46:25','2020-03-11 03:43:05'),(54,'Standard SATA AHCI Controller',0,'Standard SATA AHCI Controller',7,0,0,0,NULL,'2020-09-29 18:46:25','2020-03-11 03:43:15'),(55,'Intel(R) 100 Series/C230 Chipset Family SATA AHCI Controller',0,'Intel(R) 100 Series/C230 Chipset Family SATA AHCI Controller',10,0,0,0,NULL,'2020-06-25 15:40:51','2020-03-11 21:22:07'),(56,'Controlador de adaptación de la controladora de host Intel(R) USB 3.0',0,'Controlador de adaptación de la controladora de host Intel(R) USB 3.0',24,0,0,0,NULL,'2020-06-25 15:40:51','2020-03-11 21:22:07'),(57,'Standard SATA AHCI Controller',0,'Standard SATA AHCI Controller',7,0,15,0,NULL,'2023-07-03 02:12:50','2020-03-11 03:43:15'),(58,'Microsoft Storage Spaces Controller',0,'Microsoft Storage Spaces Controller',4,0,1,0,NULL,'2020-03-11 03:43:05','2020-03-11 03:43:05'),(59,'Controlador de host eXtensible Intel(R) USB 3.0 - 1.0 (Microsoft)',0,'USB xHCI Compliant Host Controller',6,0,1,0,NULL,'2020-03-11 03:43:05','2020-03-11 03:43:05'),(60,'Controlador de host eXtensible Intel(R) USB 3.1 - 1.10 (Microsoft)',0,'USB xHCI Compliant Host Controller',6,0,0,0,NULL,'2020-06-25 15:40:45','2020-03-11 03:43:25'),(61,'Intel(R) 300 Series Chipset Family SATA AHCI Controller',0,'Intel(R) 300 Series Chipset Family SATA AHCI Controller',10,0,0,0,NULL,'2020-06-25 15:40:45','2020-03-11 03:43:25'),(62,'BayHubTech Integrated SD controller(SDA Compliant Host)',0,'BayHubTech Integrated SD controller(SDA Compliant Host)',11,0,0,0,NULL,'2020-06-25 15:40:45','2020-03-11 03:43:25'),(63,'Intel(R) 8 Series USB Enhanced Host Controller #1 - 9C26',0,'Intel(R) 8 Series USB Enhanced Host Controller #1 - 9C26',5,0,0,0,NULL,'2020-03-20 22:03:49','2020-03-11 03:44:46'),(64,'Intel(R) 5 Series/3400 Series Chipset Family USB Enhanced Host Controller - 3B3C',0,'Intel(R) 5 Series/3400 Series Chipset Family USB Enhanced Host Controller - 3B3C',5,0,1,0,NULL,'2020-03-13 13:26:20','2020-03-13 02:18:26'),(65,'Intel(R) 5 Series/3400 Series Chipset Family USB Enhanced Host Controller - 3B34',0,'Intel(R) 5 Series/3400 Series Chipset Family USB Enhanced Host Controller - 3B34',5,0,1,0,NULL,'2020-03-13 13:26:20','2020-03-13 02:18:26'),(66,'Standard Enhanced PCI to USB Host Controller',0,'Standard Enhanced PCI to USB Host Controller',8,0,0,0,NULL,'2020-06-25 15:38:07','2020-03-11 03:43:15'),(67,'Intel(R) 8 Series USB Enhanced Host Controller #1 - 9C26',0,'Intel(R) 8 Series USB Enhanced Host Controller #1 - 9C26',5,0,0,0,NULL,'2020-05-28 22:49:34','2020-03-11 03:44:46'),(68,'Intel(R) 8 Series/C220 Series USB EHCI #2 - 8C2D',0,'Intel(R) 8 Series/C220 Series USB EHCI #2 - 8C2D',5,0,0,0,NULL,'2020-06-25 15:41:11','2020-03-11 03:43:05'),(69,'Intel(R) 8 Series/C220 Series USB EHCI #1 - 8C26',0,'Intel(R) 8 Series/C220 Series USB EHCI #1 - 8C26',5,0,0,0,NULL,'2020-06-25 15:41:11','2020-03-11 03:43:05'),(70,'Standard Dual Channel PCI IDE Controller',0,'Standard Dual Channel PCI IDE Controller',3,0,0,0,NULL,'2020-06-25 15:40:29','2020-03-11 03:43:05'),(71,'ATA Channel 0',0,'IDE Channel',3,0,0,0,NULL,'2020-06-25 15:40:29','2020-03-11 03:43:05'),(72,'ATA Channel 1',0,'IDE Channel',3,0,0,0,NULL,'2020-06-25 15:40:29','2020-03-11 03:43:05'),(73,'Microsoft Storage Spaces Controller',0,'Microsoft Storage Spaces Controller',4,0,0,0,NULL,'2020-06-25 15:41:06','2020-03-11 03:43:05'),(74,'Intel(R) 300 Series Chipset Family SATA AHCI Controller',0,'Intel(R) 300 Series Chipset Family SATA AHCI Controller',10,0,0,0,NULL,'2021-03-10 20:55:24','2020-03-11 03:43:25'),(75,'BayHubTech Integrated SD controller(SDA Compliant Host)',0,'BayHubTech Integrated SD controller(SDA Compliant Host)',11,0,0,0,NULL,'2021-03-10 20:55:24','2020-03-11 03:43:25'),(76,'Controlador de host eXtensible Intel(R) USB 3.1 - 1.10 (Microsoft)',0,'USB xHCI Compliant Host Controller',6,0,0,0,NULL,'2021-03-10 20:55:24','2020-03-11 03:43:25'),(77,'Standard SATA AHCI Controller',0,'Standard SATA AHCI Controller',7,0,0,0,NULL,'2020-06-25 15:41:06','2020-03-11 03:43:15'),(78,'Controlador de host eXtensible Intel(R) USB 3.0 - 1.0 (Microsoft)',0,'USB xHCI Compliant Host Controller',6,0,0,0,NULL,'2020-06-25 15:41:06','2020-03-11 03:43:05'),(79,'Intel(R) 300 Series Chipset Family SATA AHCI Controller',0,'Intel(R) 300 Series Chipset Family SATA AHCI Controller',10,0,22,0,NULL,'2023-07-02 21:18:01','2020-03-11 03:43:25'),(80,'BayHubTech Integrated SD controller(SDA Compliant Host)',0,'BayHubTech Integrated SD controller(SDA Compliant Host)',11,0,22,0,NULL,'2023-07-02 21:18:01','2020-03-11 03:43:25'),(81,'Controlador de host eXtensible Intel(R) USB 3.1 - 1.10 (Microsoft)',0,'USB xHCI Compliant Host Controller',6,0,22,0,NULL,'2023-07-02 21:18:01','2020-03-11 03:43:25'),(82,'AMD SATA Controller',0,'AMD SATA Controller',34,0,0,0,NULL,'2020-06-25 15:38:14','2020-03-20 22:01:06'),(83,'Standard OpenHCD USB Host Controller',0,'Standard OpenHCD USB Host Controller',8,0,0,0,NULL,'2020-06-25 15:38:14','2020-03-20 22:01:06'),(84,'Controladora de host extensible 3.0 de USB de AMD: 0100 (Microsoft)',0,'USB xHCI Compliant Host Controller',6,0,0,0,NULL,'2020-06-25 15:38:14','2020-03-20 22:01:06'),(85,'Standard Enhanced PCI to USB Host Controller',0,'Standard Enhanced PCI to USB Host Controller',8,0,0,0,NULL,'2020-03-13 13:23:23','2020-03-11 03:43:15'),(86,'Intel Chipset SATA RAID Controller',0,'Intel Chipset SATA RAID Controller',10,0,21,0,NULL,'2023-07-02 19:30:47','2020-03-20 22:02:37'),(87,'Intel(R) 7 Series/C216 Chipset Family USB Enhanced Host Controller - 1E2D',0,'Intel(R) 7 Series/C216 Chipset Family USB Enhanced Host Controller - 1E2D',5,0,0,0,NULL,'2020-05-28 22:49:50','2020-03-11 03:47:10'),(88,'Intel(R) 7 Series/C216 Chipset Family USB Enhanced Host Controller - 1E26',0,'Intel(R) 7 Series/C216 Chipset Family USB Enhanced Host Controller - 1E26',5,0,0,0,NULL,'2020-05-28 22:49:50','2020-03-11 03:47:10'),(89,'Controladora SATA AHCI estándar',0,'Controladora SATA AHCI estándar',36,0,0,0,NULL,'2020-06-25 15:36:54','2020-03-25 21:12:32'),(90,'Controladora de espacios de almacenamiento de Microsoft',0,'Controladora de espacios de almacenamiento de Microsoft',4,0,0,0,NULL,'2020-03-25 21:12:32','2020-03-25 21:12:32'),(91,'Controlador de bucle invertido VHD de Microsoft',0,'Controlador de bucle invertido VHD de Microsoft',4,0,0,0,NULL,'2020-06-25 15:36:54','2020-03-25 21:12:32'),(92,'Controladora de host PCI a USB estándar universal',0,'Controladora de host PCI a USB estándar universal',18,0,0,0,NULL,'2020-06-25 15:36:54','2020-03-25 21:12:32'),(93,'Controladora de host extensible 3.0 de USB de Intel(R): 0100 (Microsoft)',0,'Controladora de host USB genérico compatible con xHCI',37,0,0,0,NULL,'2020-06-25 15:36:54','2020-03-25 21:12:32'),(94,'Controladora ATA de serie AHCI 1.0 estándar',0,'Controladora ATA de serie AHCI 1.0 estándar',38,0,0,0,NULL,'2020-06-26 16:25:53','2020-03-29 04:28:33'),(95,'Intel(R) 8 Series USB Enhanced Host Controller #1 - 9C26',0,'Intel(R) 8 Series USB Enhanced Host Controller #1 - 9C26',5,0,0,0,NULL,'2020-09-29 18:46:25','2020-03-11 03:44:46'),(96,'Controladora de host Intel(R) USB 3.0 eXtensible',0,'Controladora de host Intel(R) USB 3.0 eXtensible',24,0,0,0,NULL,'2020-06-26 16:25:53','2020-04-13 07:17:06'),(97,'Intel(R) 8 Series Chipset Family SATA AHCI Controller',0,'Intel(R) 8 Series Chipset Family SATA AHCI Controller',10,0,0,0,NULL,'2020-04-22 13:48:26','2020-04-22 13:48:26'),(98,'Controlador de host eXtensible Intel(R) USB 3.0 - 1.0 (Microsoft)',0,'Controladora de host USB genérico compatible con xHCI',37,0,1,0,NULL,'2020-04-22 14:04:25','2020-04-22 14:04:25'),(99,'Controladora de host mejorada USB nº 1 Intel(R) Serie 8 - 9C26',0,'Controladora de host mejorada USB nº 1 Intel(R) Serie 8 - 9C26',5,0,1,0,NULL,'2020-04-22 14:04:25','2020-04-22 14:04:25'),(100,'Controladora de espacios de almacenamiento de Microsoft',0,'Controladora de espacios de almacenamiento de Microsoft',4,0,0,0,NULL,'2020-06-25 15:36:54','2020-03-25 21:12:32'),(101,'Intel(R) 8 Series Chipset Family SATA AHCI Controller',0,'Intel(R) 8 Series Chipset Family SATA AHCI Controller',10,0,0,0,NULL,'2021-03-10 20:55:23','2020-04-22 13:48:26'),(102,'Intel(R) 6th Generation Core Processor Family Platform I/O SATA AHCI Controller',0,'Intel(R) 6th Generation Core Processor Family Platform I/O SATA AHCI Controller',10,0,0,0,NULL,'2020-06-25 15:35:35','2020-03-11 03:47:42'),(103,'Intel(R) USB 3.0 eXtensible Host Controller - 1.0 (Microsoft)',0,'USB xHCI Compliant Host Controller',6,0,0,0,NULL,'2021-03-10 20:41:30','2020-03-11 03:44:46'),(104,'Virtual CloneDrive',0,'Virtual CloneDrive',20,0,0,0,NULL,'2020-03-13 13:26:20','2020-03-11 03:46:16'),(105,'Microsoft VHD Loopback Controller',0,'Microsoft VHD Loopback Controller',4,0,0,0,NULL,'2020-06-17 15:38:09','2020-05-14 20:26:52'),(106,'Intel(R) USB 3.0 eXtensible Host Controller - 1.0 (Microsoft)',0,'USB xHCI Compliant Host Controller',6,0,0,0,NULL,'2020-03-13 13:24:26','2020-03-11 03:44:46'),(107,'Intel(R) 7 Series/C216 Chipset Family USB Enhanced Host Controller - 1E2D',0,'Intel(R) 7 Series/C216 Chipset Family USB Enhanced Host Controller - 1E2D',5,0,0,0,NULL,'2020-06-08 01:33:07','2020-03-11 03:47:10'),(108,'Intel(R) 7 Series/C216 Chipset Family USB Enhanced Host Controller - 1E26',0,'Intel(R) 7 Series/C216 Chipset Family USB Enhanced Host Controller - 1E26',5,0,0,0,NULL,'2020-06-08 01:33:07','2020-03-11 03:47:10'),(109,'Virtual CloneDrive',0,'Virtual CloneDrive',20,0,0,0,NULL,'2020-06-25 15:33:09','2020-03-11 03:46:16'),(110,'Standard OpenHCD USB Host Controller',0,'Standard OpenHCD USB Host Controller',8,0,0,0,NULL,'2020-06-25 15:33:09','2020-03-20 22:01:06'),(111,'Standard Enhanced PCI to USB Host Controller',0,'Standard Enhanced PCI to USB Host Controller',8,0,0,0,NULL,'2020-06-25 15:33:09','2020-03-11 03:43:15'),(112,'Intel(R) 7 Series/C216 Chipset Family USB Enhanced Host Controller - 1E2D',0,'Intel(R) 7 Series/C216 Chipset Family USB Enhanced Host Controller - 1E2D',5,0,0,0,NULL,'2020-06-25 15:33:03','2020-03-11 03:47:10'),(113,'Intel(R) 7 Series/C216 Chipset Family USB Enhanced Host Controller - 1E26',0,'Intel(R) 7 Series/C216 Chipset Family USB Enhanced Host Controller - 1E26',5,0,0,0,NULL,'2020-06-25 15:33:03','2020-03-11 03:47:10'),(114,'Controladora de host extensible 3.0 de USB de Intel(R): 0100 (Microsoft)',0,'USB xHCI Compliant Host Controller',6,0,0,0,NULL,'2020-06-25 15:31:05','2020-06-11 21:28:11'),(115,'BayHubTech Integrated MMC/SD controller',0,'BayHubTech Integrated MMC/SD controller',11,0,0,0,NULL,'2020-06-25 15:30:51','2020-06-11 22:44:47'),(116,'Controladora NVM Express estándar',0,'Controladora NVM Express estándar',42,0,0,0,NULL,'2020-09-29 18:31:33','2020-06-16 18:34:15'),(117,'Controladora de host USB OpenHCD estándar',0,'Controladora de host USB OpenHCD estándar',18,0,0,0,NULL,'2020-06-25 15:29:27','2020-06-16 19:37:43'),(118,'ASMedia XHCI 1.0 Controller',0,'ASMedia XHCI 1.0 Controller',43,0,0,0,NULL,'2020-06-25 15:29:27','2020-06-16 19:37:43'),(119,'ATA Channel 3',0,'Canal IDE',14,0,0,0,NULL,'2020-09-29 18:34:49','2020-06-17 15:42:47'),(120,'Standard NVM Express Controller',0,'Standard NVM Express Controller',44,0,1,0,NULL,'2020-08-04 20:35:44','2020-06-24 15:23:39'),(121,'ATA Channel 0',0,'IDE Channel',3,0,0,0,NULL,'2020-03-13 13:30:16','2020-03-11 03:43:05'),(122,'ATA Channel 1',0,'IDE Channel',3,0,0,0,NULL,'2020-03-13 13:30:16','2020-03-11 03:43:05'),(123,'Controladora ATA de serie AHCI 1.0 estándar',0,'Controladora ATA de serie AHCI 1.0 estándar',38,0,0,0,NULL,'2020-03-29 04:28:33','2020-03-29 04:28:33'),(124,'Controlador de host de PCI a USB mejorado',0,'Controlador de host de PCI a USB mejorado',18,0,0,0,NULL,'2020-03-19 19:25:35','2020-03-11 03:45:21'),(125,'Controladora de host Intel(R) USB 3.0 eXtensible',0,'Controladora de host Intel(R) USB 3.0 eXtensible',24,0,0,0,NULL,'2020-05-08 20:51:16','2020-04-13 07:17:06'),(126,'Intel(R) USB 3.1 eXtensible Host Controller - 1.10 (Microsoft)',0,'USB xHCI Compliant Host Controller',6,0,0,0,NULL,'2021-03-10 20:48:45','2020-06-25 13:42:11'),(127,'Intel(R) 6 Series/C200 Series Chipset Family USB Enhanced Host Controller - 1C2D',0,'Intel(R) 6 Series/C200 Series Chipset Family USB Enhanced Host Controller - 1C2D',5,0,0,0,NULL,'2020-06-09 21:41:40','2020-03-11 03:44:30'),(128,'Intel(R) 6 Series/C200 Series Chipset Family USB Enhanced Host Controller - 1C26',0,'Intel(R) 6 Series/C200 Series Chipset Family USB Enhanced Host Controller - 1C26',5,0,0,0,NULL,'2020-06-09 21:41:40','2020-03-11 03:44:30'),(129,'Controlador de host eXtensible AMD USB 3.0 - 1.0 (Microsoft)',0,'USB xHCI Compliant Host Controller',6,0,0,0,NULL,'2020-09-29 18:38:39','2020-03-11 03:43:36'),(130,'ATA Channel 4',0,'Canal IDE',14,0,0,0,NULL,'2020-03-13 13:28:48','2020-03-11 03:44:12'),(131,'Bluetooth Hard Copy Cable Replacement Server',0,'Bluetooth Hard Copy Cable Replacement Server',15,0,0,0,NULL,'2020-03-13 13:28:48','2020-03-11 03:44:12'),(132,'Controladora estándar PCI IDE de doble canal',0,'Controladora estándar PCI IDE de doble canal',14,0,0,0,NULL,'2020-03-19 19:25:35','2020-03-11 03:45:21'),(133,'Intel(R) 8 Series/C220 Series USB EHCI #2 - 8C2D',0,'Intel(R) 8 Series/C220 Series USB EHCI #2 - 8C2D',5,0,0,0,NULL,'2020-06-09 21:41:40','2020-03-11 03:43:05'),(134,'Intel(R) 8 Series/C220 Series USB EHCI #1 - 8C26',0,'Intel(R) 8 Series/C220 Series USB EHCI #1 - 8C26',5,0,0,0,NULL,'2020-06-09 21:41:40','2020-03-11 03:43:05'),(135,'Intel(R) 6th Generation Core Processor Family Platform I/O SATA AHCI Controller',0,'Intel(R) 6th Generation Core Processor Family Platform I/O SATA AHCI Controller',10,0,0,0,NULL,'2020-03-13 13:26:20','2020-03-11 03:47:42'),(136,'BayHubTech Integrated MMC/SD controller',0,'BayHubTech Integrated MMC/SD controller',11,0,0,0,NULL,'2020-06-11 22:44:47','2020-06-11 22:44:47'),(137,'Standard Dual Channel PCI IDE Controller',0,'Standard Dual Channel PCI IDE Controller',3,0,0,0,NULL,'2020-03-11 03:43:05','2020-03-11 03:43:05'),(138,'Controladora de host mejorada USB de la familia Chipset Intel(R) serie 5/serie 3400 - 3B3C',0,'Controladora de host mejorada USB de la familia Chipset Intel(R) serie 5/serie 3400 - 3B3C',5,0,0,0,NULL,'2020-06-25 15:33:44','2020-06-25 15:33:44'),(139,'Controladora de host mejorada USB de la familia Chipset Intel(R) serie 5/serie 3400 - 3B34',0,'Controladora de host mejorada USB de la familia Chipset Intel(R) serie 5/serie 3400 - 3B34',5,0,0,0,NULL,'2020-06-25 15:33:44','2020-06-25 15:33:44'),(140,'ATA Channel 5',0,'Canal IDE',14,0,0,0,NULL,'2020-03-13 13:28:48','2020-03-11 03:44:12'),(141,'Controlador estándar de disquetes',0,'Controlador estándar de disquetes',45,0,0,0,NULL,'2020-06-26 16:23:31','2020-06-25 15:36:06'),(142,'Controladora de almacenamiento ATA serie Intel(R) 82801GB/GR/GH (familia ICH7) - 27C0',0,'Controladora de almacenamiento ATA serie Intel(R) 82801GB/GR/GH (familia ICH7) - 27C0',5,0,0,0,NULL,'2020-06-26 16:23:31','2020-06-25 15:36:06'),(143,'Controlador de host universal USB Intel(R) 82801G (familia ICH7) - 27C8',0,'Controlador de host universal USB Intel(R) 82801G (familia ICH7) - 27C8',5,0,0,0,NULL,'2020-06-26 16:23:31','2020-06-25 15:36:06'),(144,'Controlador de host universal USB Intel(R) 82801G (familia ICH7) - 27C9',0,'Controlador de host universal USB Intel(R) 82801G (familia ICH7) - 27C9',5,0,0,0,NULL,'2020-06-26 16:23:31','2020-06-25 15:36:06'),(145,'Controlador de host universal USB Intel(R) 82801G (familia ICH7) - 27CA',0,'Controlador de host universal USB Intel(R) 82801G (familia ICH7) - 27CA',5,0,0,0,NULL,'2020-06-26 16:23:31','2020-06-25 15:36:06'),(146,'Controlador de host universal USB Intel(R) 82801G (familia ICH7) - 27CB',0,'Controlador de host universal USB Intel(R) 82801G (familia ICH7) - 27CB',5,0,0,0,NULL,'2020-06-26 16:23:31','2020-06-25 15:36:06'),(147,'Controlador de host mejorado USB2 Intel(R) 82801G (familia ICH7) - 27CC',0,'Controlador de host mejorado USB2 Intel(R) 82801G (familia ICH7) - 27CC',5,0,0,0,NULL,'2020-06-26 16:23:31','2020-06-25 15:36:06'),(148,'Renesas Electronics USB 3.0 Host Controller',0,'Renesas Electronics USB 3.0 Host Controller',47,0,0,0,NULL,'2020-09-29 18:45:34','2020-06-25 15:36:14'),(149,'Intel Chipset SATA RAID Controller',0,'Intel Chipset SATA RAID Controller',10,0,0,0,NULL,'2020-03-21 23:46:55','2020-03-20 22:02:37'),(150,'Intel(R) 5 Series/3400 Series Chipset Family USB Enhanced Host Controller - 3B3C',0,'Intel(R) 5 Series/3400 Series Chipset Family USB Enhanced Host Controller - 3B3C',5,0,0,0,NULL,'2020-03-13 13:26:20','2020-03-13 02:18:26'),(151,'Intel(R) 5 Series/3400 Series Chipset Family USB Enhanced Host Controller - 3B34',0,'Intel(R) 5 Series/3400 Series Chipset Family USB Enhanced Host Controller - 3B34',5,0,0,0,NULL,'2020-03-13 13:26:20','2020-03-13 02:18:26'),(152,'Standard Universal PCI to USB Host Controller',0,'Standard Universal PCI to USB Host Controller',8,0,0,0,NULL,'2021-03-10 20:24:57','2020-03-11 03:44:01'),(153,'Standard Universal PCI to USB Host Controller',0,'Standard Universal PCI to USB Host Controller',8,0,0,0,NULL,'2020-03-13 13:24:26','2020-03-11 03:44:01'),(154,'Microsoft VHD Loopback Controller',0,'Microsoft VHD Loopback Controller',4,0,0,0,NULL,'2020-06-26 16:18:59','2020-05-14 20:26:52'),(155,'Standard SATA AHCI Controller',0,'Standard SATA AHCI Controller',7,0,1,0,NULL,'2020-03-11 03:43:15','2020-03-11 03:43:15'),(156,'Intel(R) 8 Series/C220 Series USB EHCI #2 - 8C2D',0,'Intel(R) 8 Series/C220 Series USB EHCI #2 - 8C2D',5,0,0,0,NULL,'2020-09-29 18:44:48','2020-03-11 03:43:05'),(157,'Intel(R) 8 Series/C220 Series USB EHCI #1 - 8C26',0,'Intel(R) 8 Series/C220 Series USB EHCI #1 - 8C26',5,0,0,0,NULL,'2020-09-29 18:44:48','2020-03-11 03:43:05'),(158,'Controlador de host eXtensible Intel(R) USB 3.1 - 1.10 (Microsoft)',0,'Controladora de host USB genérico compatible con xHCI',37,0,0,0,NULL,'2021-03-10 20:22:38','2020-06-26 17:55:43'),(159,'Microsoft VHD Loopback Controller',0,'Microsoft VHD Loopback Controller',4,0,0,0,NULL,'2020-06-30 13:53:01','2020-05-14 20:26:52'),(160,'Controladora de espacios de almacenamiento de Microsoft',0,'Controladora de espacios de almacenamiento de Microsoft',4,0,1,0,NULL,'2020-03-25 21:12:32','2020-03-25 21:12:32'),(161,'Controladora SATA AHCI estándar',0,'Controladora SATA AHCI estándar',36,0,1,0,NULL,'2020-06-25 15:36:54','2020-03-25 21:12:32'),(162,'Controlador de host eXtensible AMD USB 3.0 - 1.0 (Microsoft)',0,'Controladora de host USB genérico compatible con xHCI',37,0,0,0,NULL,'2020-08-11 17:10:32','2020-06-26 19:49:50'),(163,'Microsoft VHD Loopback Controller',0,'Microsoft VHD Loopback Controller',4,0,0,0,NULL,'2020-07-01 13:52:18','2020-05-14 20:26:52'),(164,'Controladora ATA de serie AHCI 1.0 estándar',0,'Controladora ATA de serie AHCI 1.0 estándar',38,0,0,0,NULL,'2020-09-29 18:34:49','2020-03-29 04:28:33'),(165,'Controlador de host de PCI a USB mejorado',0,'Controlador de host de PCI a USB mejorado',18,0,0,0,NULL,'2020-09-29 18:34:49','2020-03-11 03:45:21'),(166,'BayHubTech Integrated MMC/SD controller',0,'BayHubTech Integrated MMC/SD controller',11,0,0,0,NULL,'2020-09-29 18:37:09','2020-06-11 22:44:47'),(167,'Microsoft VHD Loopback Controller',0,'Microsoft VHD Loopback Controller',4,0,0,0,NULL,'2020-07-03 20:06:08','2020-05-14 20:26:52'),(168,'Controladora de host mejorada USB de la familia Chipset Intel(R) Serie 7/C216 - 1E2D',0,'Controladora de host mejorada USB de la familia Chipset Intel(R) Serie 7/C216 - 1E2D',5,0,1,0,NULL,'2020-07-13 13:07:42','2020-07-06 21:18:40'),(169,'Controladora de host mejorada USB de la familia Chipset Intel(R)Intel(R) Serie 7/C216 - 1E26',0,'Controladora de host mejorada USB de la familia Chipset Intel(R)Intel(R) Serie 7/C216 - 1E26',5,0,1,0,NULL,'2020-07-13 13:07:42','2020-07-06 21:18:40'),(170,'USB EHCI nº 1 Intel(R) Serie 8/Serie C220 - 8C26',0,'USB EHCI nº 1 Intel(R) Serie 8/Serie C220 - 8C26',5,0,1,0,NULL,'2020-07-07 21:21:50','2020-07-06 21:18:52'),(171,'USB EHCI nº 2 Intel(R) Serie 8/Serie C220 - 8C2D',0,'USB EHCI nº 2 Intel(R) Serie 8/Serie C220 - 8C2D',5,0,1,0,NULL,'2020-07-07 21:21:50','2020-07-06 21:18:52'),(172,'Microsoft VHD Loopback Controller',0,'Microsoft VHD Loopback Controller',4,0,0,0,NULL,'2020-07-07 21:18:54','2020-05-14 20:26:52'),(173,'Intel Chipset SATA RAID Controller',0,'Intel Chipset SATA RAID Controller',10,0,0,0,NULL,'2020-07-09 14:57:29','2020-03-20 22:02:37'),(174,'Microsoft VHD Loopback Controller',0,'Microsoft VHD Loopback Controller',4,0,0,0,NULL,'2020-07-09 14:57:38','2020-05-14 20:26:52'),(175,'Controladora de host Intel(R) USB 3.0 eXtensible',0,'Controladora de host Intel(R) USB 3.0 eXtensible',24,0,0,0,NULL,'2020-07-13 13:01:55','2020-04-13 07:17:06'),(176,'Standard SATA AHCI Controller',0,'Standard SATA AHCI Controller',4,0,0,0,NULL,'2020-08-26 13:45:22','2020-07-09 23:01:47'),(177,'Intel(R) 7 Series/C216 Chipset Family USB Enhanced Host Controller - 1E2D',0,'Intel(R) 7 Series/C216 Chipset Family USB Enhanced Host Controller - 1E2D',4,0,0,0,NULL,'2020-08-26 13:45:22','2020-07-09 23:01:47'),(178,'Intel(R) 7 Series/C216 Chipset Family USB Enhanced Host Controller - 1E26',0,'Intel(R) 7 Series/C216 Chipset Family USB Enhanced Host Controller - 1E26',4,0,0,0,NULL,'2020-08-26 13:45:22','2020-07-09 23:01:47'),(179,'Intel(R) 9 Series Chipset Family SATA AHCI Controller',0,'Intel(R) 9 Series Chipset Family SATA AHCI Controller',10,0,1,0,NULL,'2020-08-04 20:35:44','2020-07-13 13:01:22'),(180,'Mobile 5th Generation Intel(R) Core(TM) USB EHCI Controller - 9CA6',0,'Mobile 5th Generation Intel(R) Core(TM) USB EHCI Controller - 9CA6',5,0,1,0,NULL,'2020-08-04 20:35:44','2020-07-13 13:01:22'),(181,'Intel(R) Chipset SATA/PCIe RST Premium Controller',0,'Intel(R) Chipset SATA/PCIe RST Premium Controller',10,0,1,0,NULL,'2020-08-04 20:35:44','2020-07-13 13:01:29'),(182,'Microsoft VHD Loopback Controller',0,'Microsoft VHD Loopback Controller',4,0,0,0,NULL,'2020-07-14 18:26:55','2020-05-14 20:26:52'),(183,'Controladora de host Intel(R) USB 3.0 eXtensible',0,'Controladora de host Intel(R) USB 3.0 eXtensible',24,0,1,0,NULL,'2020-06-26 16:25:53','2020-04-13 07:17:06'),(184,'Microsoft VHD Loopback Controller',0,'Microsoft VHD Loopback Controller',4,0,0,0,NULL,'2020-07-16 03:43:57','2020-05-14 20:26:52'),(185,'ATA Channel 0',0,'IDE Channel',3,0,0,0,NULL,'2020-09-29 18:44:48','2020-03-11 03:43:05'),(186,'ATA Channel 1',0,'IDE Channel',3,0,0,0,NULL,'2020-09-29 18:44:48','2020-03-11 03:43:05'),(187,'Standard Dual Channel PCI IDE Controller',0,'Standard Dual Channel PCI IDE Controller',3,0,0,0,NULL,'2020-09-29 18:44:48','2020-03-11 03:43:05'),(188,'Intel(R) ICH9 4 port Serial ATA Storage Controller 1 - 2920',0,'Intel(R) ICH9 4 port Serial ATA Storage Controller 1 - 2920',5,0,0,0,NULL,'2021-03-10 20:54:54','2020-07-16 03:43:24'),(189,'Canal IDE principal',0,'Canal IDE principal',14,0,0,0,NULL,'2021-03-10 20:54:54','2020-07-16 03:43:24'),(190,'Canal IDE secundario',0,'Canal IDE secundario',14,0,0,0,NULL,'2021-03-10 20:54:54','2020-07-16 03:43:24'),(191,'Intel(R) ICH9 2 port Serial ATA Storage Controller 2 - 2926',0,'Intel(R) ICH9 2 port Serial ATA Storage Controller 2 - 2926',5,0,0,0,NULL,'2021-03-10 20:54:54','2020-07-16 03:43:24'),(192,'LSI Adapter, SAS 3000 series, 4-port with 1064E -StorPort',0,'LSI Adapter, SAS 3000 series, 4-port with 1064E -StorPort',51,0,0,0,NULL,'2021-03-10 20:54:54','2020-07-16 03:43:24'),(193,'Intel(R) ICH9 Family USB Universal Host Controller - 2937',0,'Intel(R) ICH9 Family USB Universal Host Controller - 2937',5,0,0,0,NULL,'2021-03-10 20:54:54','2020-07-16 03:43:24'),(194,'Intel(R) ICH9 Family USB Universal Host Controller - 2938',0,'Intel(R) ICH9 Family USB Universal Host Controller - 2938',5,0,0,0,NULL,'2021-03-10 20:54:54','2020-07-16 03:43:24'),(195,'Intel(R) ICH9 Family USB Universal Host Controller - 2939',0,'Intel(R) ICH9 Family USB Universal Host Controller - 2939',5,0,0,0,NULL,'2021-03-10 20:54:54','2020-07-16 03:43:24'),(196,'Intel(R) ICH9 Family USB2 Enhanced Host Controller - 293C',0,'Intel(R) ICH9 Family USB2 Enhanced Host Controller - 293C',5,0,0,0,NULL,'2021-03-10 20:54:54','2020-07-16 03:43:24'),(197,'Intel(R) ICH9 Family USB Universal Host Controller - 2934',0,'Intel(R) ICH9 Family USB Universal Host Controller - 2934',5,0,0,0,NULL,'2021-03-10 20:54:54','2020-07-16 03:43:24'),(198,'Intel(R) ICH9 Family USB Universal Host Controller - 2935',0,'Intel(R) ICH9 Family USB Universal Host Controller - 2935',5,0,0,0,NULL,'2021-03-10 20:54:54','2020-07-16 03:43:24'),(199,'Intel(R) ICH9 Family USB Universal Host Controller - 2936',0,'Intel(R) ICH9 Family USB Universal Host Controller - 2936',5,0,0,0,NULL,'2021-03-10 20:54:54','2020-07-16 03:43:24'),(200,'Intel(R) ICH9 Family USB2 Enhanced Host Controller - 293A',0,'Intel(R) ICH9 Family USB2 Enhanced Host Controller - 293A',5,0,0,0,NULL,'2021-03-10 20:54:54','2020-07-16 03:43:24'),(201,'Microsoft VHD Loopback Controller',0,'Microsoft VHD Loopback Controller',4,0,0,0,NULL,'2020-07-28 15:42:46','2020-05-14 20:26:52'),(202,'Intel(R) 7 Series/C216 Chipset Family USB Enhanced Host Controller - 1E2D',0,'Intel(R) 7 Series/C216 Chipset Family USB Enhanced Host Controller - 1E2D',5,0,0,0,NULL,'2020-09-29 18:35:25','2020-03-11 03:47:10'),(203,'Intel(R) 7 Series/C216 Chipset Family USB Enhanced Host Controller - 1E26',0,'Intel(R) 7 Series/C216 Chipset Family USB Enhanced Host Controller - 1E26',5,0,0,0,NULL,'2020-09-29 18:35:25','2020-03-11 03:47:10'),(204,'Intel(R) 8 Series/C220 Series USB EHCI #2 - 8C2D',0,'Intel(R) 8 Series/C220 Series USB EHCI #2 - 8C2D',5,0,0,0,NULL,'2021-03-10 20:55:21','2020-03-11 03:43:05'),(205,'Intel(R) 8 Series/C220 Series USB EHCI #1 - 8C26',0,'Intel(R) 8 Series/C220 Series USB EHCI #1 - 8C26',5,0,0,0,NULL,'2021-03-10 20:55:21','2020-03-11 03:43:05'),(206,'Microsoft VHD Loopback Controller',0,'Microsoft VHD Loopback Controller',4,0,0,0,NULL,'2020-08-06 19:37:24','2020-05-14 20:26:52'),(207,'Intel(R) USB 3.0 eXtensible Host Controller - 0100 (Microsoft)',0,'USB xHCI Compliant Host Controller',6,0,0,0,NULL,'2020-09-29 18:32:51','2020-03-11 03:44:01'),(208,'ATA Channel 4',0,'Canal IDE',14,0,0,0,NULL,'2020-09-29 18:34:49','2020-03-11 03:44:12'),(209,'Bluetooth Hard Copy Cable Replacement Server',0,'Bluetooth Hard Copy Cable Replacement Server',15,0,0,0,NULL,'2020-09-29 18:34:49','2020-03-11 03:44:12'),(210,'Intel(R) 6 Series/C200 Series Chipset Family USB Enhanced Host Controller - 1C26',0,'Intel(R) 6 Series/C200 Series Chipset Family USB Enhanced Host Controller - 1C26',5,0,0,0,NULL,'2020-09-29 18:34:28','2020-03-11 03:44:30'),(211,'Intel(R) 6 Series/C200 Series Chipset Family USB Enhanced Host Controller - 1C2D',0,'Intel(R) 6 Series/C200 Series Chipset Family USB Enhanced Host Controller - 1C2D',5,0,0,0,NULL,'2020-09-29 18:34:28','2020-03-11 03:44:30'),(212,'Standard NVM Express Controller',0,'Standard NVM Express Controller',44,0,0,0,NULL,'2020-08-04 20:35:44','2020-06-24 15:23:39'),(213,'Standard SATA AHCI Controller',0,'Standard SATA AHCI Controller',7,0,0,0,NULL,'2020-09-25 23:52:53','2020-03-11 03:43:15'),(214,'Microsoft Storage Spaces Controller',0,'Microsoft Storage Spaces Controller',4,0,0,0,NULL,'2020-09-25 23:52:53','2020-03-11 03:43:05'),(215,'Controlador de host eXtensible Intel(R) USB 3.0 - 1.0 (Microsoft)',0,'USB xHCI Compliant Host Controller',6,0,0,0,NULL,'2020-09-25 23:52:53','2020-03-11 03:43:05'),(216,'Microsoft VHD Loopback Controller',0,'Microsoft VHD Loopback Controller',4,0,0,0,NULL,'2020-08-20 16:40:02','2020-05-14 20:26:52'),(217,'DVDFab Virtual Drive',0,'DVDFab Virtual Drive',53,0,0,0,NULL,'2021-02-15 23:41:23','2020-08-26 13:44:23'),(218,'AMD USB 3.0 eXtensible Host Controller - 0096 (Microsoft)',0,'USB xHCI Compliant Host Controller',6,0,0,0,NULL,'2021-02-15 23:41:23','2020-08-26 13:44:23'),(219,'Controladora de host extensible 3.0 de USB de AMD: 0100 (Microsoft)',0,'Controladora de host USB genérico compatible con xHCI',37,0,0,0,NULL,'2020-08-27 14:45:49','2020-08-27 14:45:49'),(220,'Microsoft VHD Loopback Controller',0,'Microsoft VHD Loopback Controller',4,0,0,0,NULL,'2020-09-16 18:25:32','2020-05-14 20:26:52'),(221,'Controladora SATA AHCI estándar',0,'Controladora SATA AHCI estándar',36,0,21,0,NULL,'2023-07-02 19:24:05','2020-03-25 21:12:32'),(222,'Controladora de espacios de almacenamiento de Microsoft',0,'Controladora de espacios de almacenamiento de Microsoft',4,0,21,0,NULL,'2023-07-02 19:24:05','2020-03-25 21:12:32'),(223,'Intel(R) 7 Series/C216 Chipset Family SATA AHCI Controller',0,'Intel(R) 7 Series/C216 Chipset Family SATA AHCI Controller',5,0,0,0,NULL,'2021-03-10 20:54:45','2020-09-03 16:51:11'),(224,'Controlador de host de PCI a USB mejorado',0,'Controlador de host de PCI a USB mejorado',18,0,0,0,NULL,'2021-03-10 20:54:45','2020-03-11 03:45:21'),(225,'Controladora de host Intel(R) USB 3.0 eXtensible',0,'Controladora de host Intel(R) USB 3.0 eXtensible',24,0,0,0,NULL,'2021-03-10 20:54:45','2020-04-13 07:17:06'),(226,'Intel(R) 7 Series/C216 Chipset Family USB Enhanced Host Controller - 1E2D',0,'Intel(R) 7 Series/C216 Chipset Family USB Enhanced Host Controller - 1E2D',5,0,0,0,NULL,'2020-09-29 18:29:19','2020-03-11 03:47:10'),(227,'Intel(R) 7 Series/C216 Chipset Family USB Enhanced Host Controller - 1E26',0,'Intel(R) 7 Series/C216 Chipset Family USB Enhanced Host Controller - 1E26',5,0,0,0,NULL,'2020-09-29 18:29:19','2020-03-11 03:47:10'),(228,'Intel(R) Chipset SATA/PCIe RST Premium Controller',0,'Intel(R) Chipset SATA/PCIe RST Premium Controller',10,0,0,0,NULL,'2020-08-04 20:35:44','2020-07-13 13:01:29'),(229,'Intel(R) USB 3.1 eXtensible Host Controller - 1.10 (Microsoft)',0,'USB xHCI Compliant Host Controller',6,0,0,0,NULL,'2020-09-02 21:09:41','2020-06-25 13:42:11'),(230,'Controladora NVM Express estándar',0,'Controladora NVM Express estándar',42,0,0,0,NULL,'2020-08-19 20:48:26','2020-06-16 18:34:15'),(231,'Standard SATA AHCI Controller',0,'Standard SATA AHCI Controller',7,0,0,0,NULL,'2021-02-15 23:41:23','2020-03-11 03:43:15'),(232,'Microsoft Storage Spaces Controller',0,'Microsoft Storage Spaces Controller',4,0,0,0,NULL,'2021-02-15 23:41:23','2020-03-11 03:43:05'),(233,'Controlador de host eXtensible AMD USB 3.0 - 1.0 (Microsoft)',0,'USB xHCI Compliant Host Controller',6,0,0,0,NULL,'2021-02-15 23:41:23','2020-03-11 03:43:36'),(234,'Standard Enhanced PCI to USB Host Controller',0,'Standard Enhanced PCI to USB Host Controller',8,0,0,0,NULL,'2021-02-15 23:41:23','2020-03-11 03:43:15'),(235,'Standard SATA AHCI Controller',0,'Standard SATA AHCI Controller',7,0,2,0,NULL,'2020-03-11 03:43:15','2020-03-11 03:43:15'),(236,'Controlador de host eXtensible Intel(R) USB 3.0 - 1.0 (Microsoft)',0,'USB xHCI Compliant Host Controller',6,0,2,0,NULL,'2020-03-11 03:43:05','2020-03-11 03:43:05'),(237,'BayHubTech Integrated MMC/SD controller',0,'BayHubTech Integrated MMC/SD controller',11,0,1,0,NULL,'2020-06-25 15:30:51','2020-06-11 22:44:47'),(238,'Intel(R) 7 Series/C216 Chipset Family USB Enhanced Host Controller - 1E2D',0,'Intel(R) 7 Series/C216 Chipset Family USB Enhanced Host Controller - 1E2D',5,0,0,0,NULL,'2021-03-10 20:51:16','2020-03-11 03:47:10'),(239,'Intel(R) 7 Series/C216 Chipset Family USB Enhanced Host Controller - 1E26',0,'Intel(R) 7 Series/C216 Chipset Family USB Enhanced Host Controller - 1E26',5,0,0,0,NULL,'2021-03-10 20:51:16','2020-03-11 03:47:10'),(240,'Controladora ATA de serie AHCI 1.0 estándar',0,'Controladora ATA de serie AHCI 1.0 estándar',38,0,0,0,NULL,'2021-03-10 20:50:10','2020-03-29 04:28:33'),(241,'Controlador de host de PCI a USB mejorado',0,'Controlador de host de PCI a USB mejorado',18,0,0,0,NULL,'2021-03-10 20:50:10','2020-03-11 03:45:21'),(242,'Intel(R) 7 Series/C216 Chipset Family USB Enhanced Host Controller - 1E2D',0,'Intel(R) 7 Series/C216 Chipset Family USB Enhanced Host Controller - 1E2D',5,0,0,0,NULL,'2021-03-10 20:44:32','2020-03-11 03:47:10'),(243,'Intel(R) 7 Series/C216 Chipset Family USB Enhanced Host Controller - 1E26',0,'Intel(R) 7 Series/C216 Chipset Family USB Enhanced Host Controller - 1E26',5,0,0,0,NULL,'2021-03-10 20:44:32','2020-03-11 03:47:10'),(244,'Microsoft VHD Loopback Controller',0,'Microsoft VHD Loopback Controller',4,0,0,0,NULL,'2021-03-10 20:24:57','2020-05-14 20:26:52'),(245,'Controladora de host extensible 3.0 de USB de Intel(R): 0100 (Microsoft)',0,'Controladora de host USB genérico compatible con xHCI',37,0,0,0,NULL,'2021-03-10 20:44:32','2020-03-25 21:12:32'),(246,'Intel(R) NVMe Controller',0,'Intel(R) NVMe Controller',10,0,0,0,NULL,'2021-03-10 20:23:57','2020-10-08 20:33:10'),(247,'ATA Channel 0',0,'IDE Channel',3,0,0,0,NULL,'2021-02-15 23:41:23','2020-03-11 03:43:05'),(248,'ATA Channel 1',0,'IDE Channel',3,0,0,0,NULL,'2021-02-15 23:41:23','2020-03-11 03:43:05'),(249,'Standard Dual Channel PCI IDE Controller',0,'Standard Dual Channel PCI IDE Controller',3,0,0,0,NULL,'2021-02-15 23:41:23','2020-03-11 03:43:05'),(250,'Standard OpenHCD USB Host Controller',0,'Standard OpenHCD USB Host Controller',8,0,0,0,NULL,'2021-02-15 23:41:23','2020-03-20 22:01:06'),(251,'Intel(R) 6th Generation Core Processor Family Platform I/O SATA AHCI Controller',0,'Intel(R) 6th Generation Core Processor Family Platform I/O SATA AHCI Controller',10,0,0,0,NULL,'2021-03-10 20:41:30','2020-03-11 03:47:42'),(252,'BayHubTech Integrated MMC/SD controller',0,'BayHubTech Integrated MMC/SD controller',11,0,15,0,NULL,'2023-07-03 02:13:14','2020-06-11 22:44:47'),(253,'Controladora de espacios de almacenamiento de Microsoft',0,'Controladora de espacios de almacenamiento de Microsoft',4,0,0,0,NULL,'2021-03-10 20:21:55','2020-03-25 21:12:32'),(254,'Dispositivo de almacenamiento SCSI conectado por USB (UAS)',0,'Dispositivo de almacenamiento SCSI conectado por USB (UAS)',59,0,1,0,NULL,'2020-11-20 16:40:16','2020-11-20 16:28:03'),(255,'Dell PERC H200 Adapter',0,'Dell PERC H200 Adapter',35,0,0,0,NULL,'2021-02-15 23:40:29','2020-12-02 14:00:16'),(256,'ATA Channel 2',0,'Canal IDE',14,0,0,0,NULL,'2021-02-15 23:40:29','2020-12-02 15:57:31'),(257,'Controladora serie ATA NVIDIA nForce',0,'Controladora serie ATA NVIDIA nForce',64,0,0,0,NULL,'2021-02-15 23:40:29','2020-12-03 13:19:32'),(258,'Standard SATA AHCI Controller',0,'Standard SATA AHCI Controller',7,0,0,0,NULL,'2021-02-15 23:40:29','2020-03-11 03:43:15'),(259,'Microsoft Storage Spaces Controller',0,'Microsoft Storage Spaces Controller',4,0,0,0,NULL,'2021-02-15 23:40:29','2020-03-11 03:43:05'),(260,'Intel(R) 6 Series/C200 Series Chipset Family USB Enhanced Host Controller - 1C2D',0,'Intel(R) 6 Series/C200 Series Chipset Family USB Enhanced Host Controller - 1C2D',5,0,0,0,NULL,'2021-02-15 23:40:29','2020-03-11 03:44:30'),(261,'Intel(R) 6 Series/C200 Series Chipset Family USB Enhanced Host Controller - 1C26',0,'Intel(R) 6 Series/C200 Series Chipset Family USB Enhanced Host Controller - 1C26',5,0,0,0,NULL,'2021-02-15 23:40:29','2020-03-11 03:44:30'),(262,'Controladora NVM Express estándar',0,'Controladora NVM Express estándar',42,0,1,0,NULL,'2020-09-29 18:31:33','2020-06-16 18:34:15'),(263,'Controladora SATA AHCI estándar',0,'Controladora SATA AHCI estándar',36,0,1,0,NULL,'2022-05-10 23:09:32','2020-03-25 21:12:32'),(264,'Controlador de adaptación de la controladora de host Intel(R) USB 3.0',0,'Controlador de adaptación de la controladora de host Intel(R) USB 3.0',24,0,0,0,NULL,'2021-03-10 20:17:25','2020-03-11 21:22:07'),(265,'Intel(R) 400 Series Chipset Family SATA AHCI Controller',0,'Intel(R) 400 Series Chipset Family SATA AHCI Controller',10,0,1,0,NULL,'2021-01-28 16:20:39','2021-01-28 16:18:35'),(266,'Intel(R) 400 Series Chipset Family SATA AHCI Controller',0,'Intel(R) 400 Series Chipset Family SATA AHCI Controller',10,0,0,0,NULL,'2021-03-10 20:14:42','2021-01-28 16:18:35'),(267,'Controladora NVM Express estándar',0,'Controladora NVM Express estándar',42,0,0,0,NULL,'2021-03-10 20:14:42','2020-06-16 18:34:15'),(268,'Dispositivo de almacenamiento SCSI conectado por USB (UAS)',0,'Dispositivo de almacenamiento SCSI conectado por USB (UAS)',59,0,0,0,NULL,'2021-03-10 20:14:15','2020-11-20 16:28:03'),(269,'Intel(R) 400 Series Chipset Family SATA AHCI Controller',0,'Intel(R) 400 Series Chipset Family SATA AHCI Controller',10,0,0,0,NULL,'2021-01-28 16:20:39','2021-01-28 16:18:35'),(270,'DAEMON Tools Lite Virtual SCSI Bus',0,'DAEMON Tools Lite Virtual SCSI Bus',71,0,15,0,NULL,'2023-07-03 02:13:14','2021-03-10 20:22:20'),(271,'DAEMON Tools Lite Virtual USB Bus',0,'DAEMON Tools Lite Virtual USB Bus',71,0,15,0,NULL,'2023-07-03 02:13:14','2021-03-10 20:22:20'),(272,'Intel(R) 8 Series/C220 Chipset Family SATA AHCI Controller',0,'Intel(R) 8 Series/C220 Chipset Family SATA AHCI Controller',10,0,1,0,NULL,'2021-03-10 20:29:26','2021-03-10 20:29:26'),(273,'Intel(R) 9 Series Chipset Family SATA AHCI Controller',0,'Intel(R) 9 Series Chipset Family SATA AHCI Controller',10,0,0,0,NULL,'2020-08-04 20:35:44','2020-07-13 13:01:22'),(274,'Mobile 5th Generation Intel(R) Core(TM) USB EHCI Controller - 9CA6',0,'Mobile 5th Generation Intel(R) Core(TM) USB EHCI Controller - 9CA6',5,0,0,0,NULL,'2020-08-04 20:35:44','2020-07-13 13:01:22'),(275,'Standard Universal PCI to USB Host Controller',0,'Standard Universal PCI to USB Host Controller',8,0,2,0,NULL,'2021-03-10 20:24:57','2020-03-11 03:44:01'),(276,'Standard Enhanced PCI to USB Host Controller',0,'Standard Enhanced PCI to USB Host Controller',8,0,2,0,NULL,'2020-06-25 15:38:07','2020-03-11 03:43:15'),(277,'AMD SATA Controller',0,'AMD SATA Controller',34,0,1,0,NULL,'2020-06-25 15:38:14','2020-03-20 22:01:06'),(278,'Standard OpenHCD USB Host Controller',0,'Standard OpenHCD USB Host Controller',8,0,1,0,NULL,'2020-06-25 15:38:14','2020-03-20 22:01:06'),(279,'BayHubTech Integrated SD controller(SDA Compliant Host)',0,'BayHubTech Integrated SD controller(SDA Compliant Host)',11,0,2,0,NULL,'2020-03-13 20:05:59','2020-03-11 03:43:25'),(280,'Controlador de host eXtensible Intel(R) USB 3.1 - 1.10 (Microsoft)',0,'USB xHCI Compliant Host Controller',6,0,2,0,NULL,'2020-03-13 20:05:59','2020-03-11 03:43:25'),(281,'Standard NVM Express Controller',0,'Standard NVM Express Controller',44,0,2,0,NULL,'2020-08-04 20:35:44','2020-06-24 15:23:39'),(282,'Intel(R) USB 3.1 eXtensible Host Controller - 1.10 (Microsoft)',0,'USB xHCI Compliant Host Controller',6,0,1,0,NULL,'2021-03-10 20:48:45','2020-06-25 13:42:11'),(283,'Intel RST VMD Managed Controller 09AB',0,'Intel RST VMD Managed Controller 09AB',10,0,1,0,NULL,'2021-04-30 19:53:08','2021-04-30 19:50:08'),(284,'Intel RST VMD Controller 9A0B',0,'Intel RST VMD Controller 9A0B',10,0,1,0,NULL,'2021-04-30 19:53:08','2021-04-30 19:50:08'),(285,'Intel(R) USB 3.10 eXtensible Host Controller - 1.20 (Microsoft)',0,'USB xHCI Compliant Host Controller',6,0,1,0,NULL,'2021-04-30 19:53:08','2021-04-30 19:50:08'),(286,'USB Attached SCSI (UAS) Mass Storage Device',0,'USB Attached SCSI (UAS) Mass Storage Device',78,0,15,0,NULL,'2023-01-19 20:30:08','2021-05-03 20:57:32'),(287,'Controlador de host eXtensible Intel(R) USB 3.10 - 1.20 (Microsoft)',0,'USB xHCI Compliant Host Controller',6,0,1,0,NULL,'2021-05-07 16:51:13','2021-05-07 16:47:31'),(288,'Intel RST VMD Controller 9A0B (TGL)',0,'Intel RST VMD Controller 9A0B (TGL)',10,0,15,0,NULL,'2023-07-03 02:13:19','2021-05-16 20:47:57'),(289,'Controlador de host eXtensible Intel(R) USB 3.10 - 1.20 (Microsoft)',0,'Controladora de host USB genérico compatible con xHCI',37,0,0,0,NULL,'2021-05-16 21:07:43','2021-05-16 20:47:57'),(290,'Intel RST VMD Managed Controller 09AB',0,'Intel RST VMD Managed Controller 09AB',10,0,15,0,NULL,'2023-07-03 02:13:19','2021-04-30 19:50:08'),(291,'Intel(R) NVMe Controller',0,'Intel(R) NVMe Controller',10,0,0,0,NULL,'2023-10-09 15:56:29','2020-10-08 20:33:10'),(292,'Intel(R) 100 Series/C230 Chipset Family SATA AHCI Controller',0,'Intel(R) 100 Series/C230 Chipset Family SATA AHCI Controller',10,0,2,0,NULL,'2021-08-12 20:39:20','2020-03-11 21:22:07'),(293,'Intel RST VMD Controller 9A0B',0,'Intel RST VMD Controller 9A0B',10,0,2,0,NULL,'2021-04-30 19:53:08','2021-04-30 19:50:08'),(294,'Intel(R) USB 3.10 eXtensible Host Controller - 1.20 (Microsoft)',0,'USB xHCI Compliant Host Controller',6,0,2,0,NULL,'2021-04-30 19:53:08','2021-04-30 19:50:08'),(295,'Virtual CloneDrive',0,'Virtual CloneDrive',20,0,22,0,NULL,'2023-07-02 21:18:09','2020-03-11 03:46:16'),(296,'Controladora SATA AHCI estándar',0,'Controladora SATA AHCI estándar',36,0,2,0,NULL,'2020-06-25 15:36:54','2020-03-25 21:12:32'),(297,'Controladora de espacios de almacenamiento de Microsoft',0,'Controladora de espacios de almacenamiento de Microsoft',4,0,2,0,NULL,'2020-03-25 21:12:32','2020-03-25 21:12:32'),(298,'Controladora NVM Express estándar',0,'Controladora NVM Express estándar',42,0,2,0,NULL,'2020-09-29 18:31:33','2020-06-16 18:34:15'),(299,'Controlador de host eXtensible Intel(R) USB 3.10 - 1.20 (Microsoft)',0,'USB xHCI Compliant Host Controller',6,0,2,0,NULL,'2021-05-07 16:51:13','2021-05-07 16:47:31'),(300,'Intel(R) 300 Series Chipset Family SATA AHCI Controller',0,'Intel(R) 300 Series Chipset Family SATA AHCI Controller',10,0,2,0,NULL,'2020-03-13 20:05:59','2020-03-11 03:43:25'),(301,'Intel(R) USB 3.0 eXtensible Host Controller - 1.0 (Microsoft)',0,'USB xHCI Compliant Host Controller',6,0,2,0,NULL,'2020-03-13 13:24:26','2020-03-11 03:44:46'),(302,'Intel(R) 6th Generation Core Processor Family Platform I/O SATA AHCI Controller',0,'Intel(R) 6th Generation Core Processor Family Platform I/O SATA AHCI Controller',10,0,2,0,NULL,'2020-06-30 14:54:14','2020-03-11 03:47:42'),(303,'Intel(R) NVMe Controller',0,'Intel(R) NVMe Controller',10,0,2,0,NULL,'2021-03-10 20:23:57','2020-10-08 20:33:10'),(304,'Intel(R) 400 Series Chipset Family SATA AHCI Controller',0,'Intel(R) 400 Series Chipset Family SATA AHCI Controller',10,0,2,0,NULL,'2021-01-28 16:20:39','2021-01-28 16:18:35'),(305,'Intel(R) 8 Series/C220 Series USB EHCI #2 - 8C2D',0,'Intel(R) 8 Series/C220 Series USB EHCI #2 - 8C2D',5,0,22,0,NULL,'2023-07-02 21:25:45','2020-03-11 03:43:05'),(306,'Intel(R) 8 Series/C220 Series USB EHCI #1 - 8C26',0,'Intel(R) 8 Series/C220 Series USB EHCI #1 - 8C26',5,0,22,0,NULL,'2023-07-02 21:25:45','2020-03-11 03:43:05'),(307,'BayHubTech Integrated MMC/SD controller',0,'BayHubTech Integrated MMC/SD controller',11,0,2,0,NULL,'2020-06-25 15:30:51','2020-06-11 22:44:47'),(308,'Intel(R) USB 3.1 eXtensible Host Controller - 1.10 (Microsoft)',0,'USB xHCI Compliant Host Controller',6,0,2,0,NULL,'2021-03-10 20:48:45','2020-06-25 13:42:11'),(309,'Mobile 5th Generation Intel(R) Core(TM) USB EHCI Controller - 9CA6',0,'Mobile 5th Generation Intel(R) Core(TM) USB EHCI Controller - 9CA6',5,0,2,0,NULL,'2020-08-04 20:35:44','2020-07-13 13:01:22'),(310,'Controladora de host extensible 3.0 de USB de AMD: 0096 (Microsoft)',0,'USB xHCI Compliant Host Controller',6,0,15,0,NULL,'2022-04-25 18:49:33','2022-04-25 18:45:00'),(311,'Controlador de host eXtensible AMD USB 3.0 - 0.96 (Microsoft)',0,'USB xHCI Compliant Host Controller',6,0,15,0,NULL,'2022-04-25 18:49:33','2022-04-25 18:45:55'),(312,'Standard SATA AHCI Controller',0,'Standard SATA AHCI Controller',7,0,15,0,NULL,'2020-03-11 03:43:15','2020-03-11 03:43:15'),(313,'Microsoft Storage Spaces Controller',0,'Microsoft Storage Spaces Controller',4,0,15,0,NULL,'2020-03-11 03:43:05','2020-03-11 03:43:05'),(314,'Standard OpenHCD USB Host Controller',0,'Standard OpenHCD USB Host Controller',8,0,15,0,NULL,'2020-06-25 15:38:14','2020-03-20 22:01:06'),(315,'Standard Enhanced PCI to USB Host Controller',0,'Standard Enhanced PCI to USB Host Controller',8,0,15,0,NULL,'2020-03-13 13:24:26','2020-03-11 03:43:15'),(316,'Controladora de host extensible 3.0 de USB de AMD: 0100 (Microsoft)',0,'USB xHCI Compliant Host Controller',6,0,15,0,NULL,'2020-06-25 15:38:14','2020-03-20 22:01:06'),(317,'Intel(R) 300 Series Chipset Family SATA AHCI Controller',0,'Intel(R) 300 Series Chipset Family SATA AHCI Controller',10,0,15,0,NULL,'2020-03-13 20:05:59','2020-03-11 03:43:25'),(318,'BayHubTech Integrated SD controller(SDA Compliant Host)',0,'BayHubTech Integrated SD controller(SDA Compliant Host)',11,0,15,0,NULL,'2020-03-13 20:05:59','2020-03-11 03:43:25'),(319,'Standard NVM Express Controller',0,'Standard NVM Express Controller',44,0,15,0,NULL,'2020-08-04 20:35:44','2020-06-24 15:23:39'),(320,'Controlador de host eXtensible Intel(R) USB 3.1 - 1.10 (Microsoft)',0,'USB xHCI Compliant Host Controller',6,0,15,0,NULL,'2020-03-13 20:05:59','2020-03-11 03:43:25'),(321,'Controlador de host eXtensible Intel(R) USB 3.10 - 1.10 (Microsoft)',0,'USB xHCI Compliant Host Controller',6,0,19,0,NULL,'2023-08-04 14:09:28','2022-05-05 21:05:59'),(322,'Intel(R) USB 3.10 eXtensible Host Controller - 1.10 (Microsoft)',0,'USB xHCI Compliant Host Controller',6,0,19,0,NULL,'2023-08-04 14:09:30','2022-05-05 21:07:12'),(323,'AMD USB 3.10 eXtensible Host Controller - 1.10 (Microsoft)',0,'USB xHCI Compliant Host Controller',6,0,19,0,NULL,'2023-08-04 14:09:32','2022-05-05 21:08:08'),(324,'Intel(R) 6 Series/C200 Series Chipset Family 6 Port SATA AHCI Controller - 1C02',0,'Intel(R) 6 Series/C200 Series Chipset Family 6 Port SATA AHCI Controller - 1C02',5,0,19,0,NULL,'2023-08-04 14:09:33','2022-05-05 21:08:37'),(325,'AMD USB 3.0 eXtensible Host Controller - 0.96 (Microsoft)',0,'USB xHCI Compliant Host Controller',6,0,19,0,NULL,'2023-08-04 14:09:36','2022-05-05 21:09:55'),(326,'AMD USB 3.0 eXtensible Host Controller - 1.0 (Microsoft)',0,'USB xHCI Compliant Host Controller',6,0,0,0,NULL,'2023-05-04 22:20:56','2022-05-05 21:10:17'),(327,'Intel(R) 300 Series Chipset Family SATA AHCI Controller',0,'Intel(R) 300 Series Chipset Family SATA AHCI Controller',10,0,0,0,NULL,'2023-05-04 22:20:56','2020-03-11 03:43:25'),(328,'Microsoft Storage Spaces Controller',0,'Microsoft Storage Spaces Controller',4,0,0,0,NULL,'2023-05-04 22:20:56','2020-03-11 03:43:05'),(329,'Controlador de host eXtensible Intel(R) USB 3.1 - 1.10 (Microsoft)',0,'USB xHCI Compliant Host Controller',6,0,0,0,NULL,'2023-05-04 22:20:56','2020-03-11 03:43:25'),(330,'Intel(R) Chipset SATA/PCIe RST Premium Controller',0,'Intel(R) Chipset SATA/PCIe RST Premium Controller',10,0,19,0,NULL,'2023-08-04 14:09:13','2020-07-13 13:01:29'),(331,'Intel(R) USB 3.0 eXtensible Host Controller - 1.0 (Microsoft)',0,'USB xHCI Compliant Host Controller',6,0,19,0,NULL,'2023-08-04 14:09:13','2020-03-11 03:44:46'),(332,'Standard NVM Express Controller',0,'Standard NVM Express Controller',44,0,19,0,NULL,'2023-08-04 14:09:23','2020-06-24 15:23:39'),(333,'Intel(R) USB 3.1 eXtensible Host Controller - 1.10 (Microsoft)',0,'USB xHCI Compliant Host Controller',6,0,19,0,NULL,'2023-08-04 14:09:23','2020-06-25 13:42:11'),(334,'Standard SATA AHCI Controller',0,'Standard SATA AHCI Controller',7,0,0,0,NULL,'2023-05-04 22:20:56','2020-03-11 03:43:15'),(335,'Intel(R) 7 Series/C216 Chipset Family USB Enhanced Host Controller - 1E2D',0,'Intel(R) 7 Series/C216 Chipset Family USB Enhanced Host Controller - 1E2D',5,0,19,0,NULL,'2023-08-04 14:09:25','2020-03-11 03:47:10'),(336,'Intel(R) 7 Series/C216 Chipset Family USB Enhanced Host Controller - 1E26',0,'Intel(R) 7 Series/C216 Chipset Family USB Enhanced Host Controller - 1E26',5,0,19,0,NULL,'2023-08-04 14:09:25','2020-03-11 03:47:10'),(337,'Controladora de host extensible 3.0 de USB de Intel(R): 0100 (Microsoft)',0,'USB xHCI Compliant Host Controller',6,0,19,0,NULL,'2023-08-04 14:09:25','2020-06-11 21:28:11'),(338,'Controlador de host eXtensible Intel(R) USB 3.0 - 1.0 (Microsoft)',0,'USB xHCI Compliant Host Controller',6,0,19,0,NULL,'2023-08-04 14:09:26','2020-03-11 03:43:05'),(339,'Intel(R) 6th Generation Core Processor Family Platform I/O SATA AHCI Controller',0,'Intel(R) 6th Generation Core Processor Family Platform I/O SATA AHCI Controller',10,0,19,0,NULL,'2023-08-04 14:09:29','2020-03-11 03:47:42'),(340,'Intel(R) 8 Series/C220 Series USB EHCI #2 - 8C2D',0,'Intel(R) 8 Series/C220 Series USB EHCI #2 - 8C2D',5,0,19,0,NULL,'2023-08-04 14:09:31','2020-03-11 03:43:05'),(341,'Intel(R) 8 Series/C220 Series USB EHCI #1 - 8C26',0,'Intel(R) 8 Series/C220 Series USB EHCI #1 - 8C26',5,0,19,0,NULL,'2023-08-04 14:09:31','2020-03-11 03:43:05'),(342,'Intel(R) 6 Series/C200 Series Chipset Family USB Enhanced Host Controller - 1C26',0,'Intel(R) 6 Series/C200 Series Chipset Family USB Enhanced Host Controller - 1C26',5,0,19,0,NULL,'2023-08-04 14:09:33','2020-03-11 03:44:30'),(343,'Intel(R) 6 Series/C200 Series Chipset Family USB Enhanced Host Controller - 1C2D',0,'Intel(R) 6 Series/C200 Series Chipset Family USB Enhanced Host Controller - 1C2D',5,0,19,0,NULL,'2023-08-04 14:09:33','2020-03-11 03:44:30'),(344,'Standard Enhanced PCI to USB Host Controller',0,'Standard Enhanced PCI to USB Host Controller',8,0,0,0,NULL,'2023-05-04 22:20:56','2020-03-11 03:43:15'),(345,'Controlador de host eXtensible AMD USB 3.0 - 0.96 (Microsoft)',0,'USB xHCI Compliant Host Controller',6,0,19,0,NULL,'2023-08-04 14:09:34','2022-04-25 18:45:55'),(346,'Standard OpenHCD USB Host Controller',0,'Standard OpenHCD USB Host Controller',8,0,19,0,NULL,'2023-08-04 14:09:34','2020-03-20 22:01:06'),(347,'Intel(R) 8 Series USB Enhanced Host Controller #1 - 9C26',0,'Intel(R) 8 Series USB Enhanced Host Controller #1 - 9C26',5,0,19,0,NULL,'2023-08-04 14:09:38','2020-03-11 03:44:46'),(348,'Intel RST VMD Managed Controller 09AB',0,'Intel RST VMD Managed Controller 09AB',10,0,19,0,NULL,'2023-08-04 14:09:39','2021-04-30 19:50:08'),(349,'Intel RST VMD Controller 9A0B',0,'Intel RST VMD Controller 9A0B',10,0,19,0,NULL,'2023-08-04 14:09:39','2021-04-30 19:50:08'),(350,'Controlador de host eXtensible Intel(R) USB 3.10 - 1.20 (Microsoft)',0,'USB xHCI Compliant Host Controller',6,0,19,0,NULL,'2023-08-04 14:09:39','2021-05-07 16:47:31'),(351,'ATA Channel 0',0,'Canal IDE',14,0,19,0,NULL,'2023-08-04 14:09:41','2020-03-11 03:45:21'),(352,'ATA Channel 1',0,'Canal IDE',14,0,19,0,NULL,'2023-08-04 14:09:41','2020-03-11 03:45:21'),(353,'Controladora estándar PCI IDE de doble canal',0,'Controladora estándar PCI IDE de doble canal',14,0,19,0,NULL,'2023-08-04 14:09:41','2020-03-11 03:45:21'),(354,'Controlador de host de PCI a USB mejorado',0,'Controlador de host de PCI a USB mejorado',18,0,19,0,NULL,'2023-08-04 14:09:41','2020-03-11 03:45:21'),(355,'Controladora de host USB OpenHCD estándar',0,'Controladora de host USB OpenHCD estándar',18,0,19,0,NULL,'2023-08-04 14:09:41','2020-06-16 19:37:43'),(356,'Controladora SATA AHCI estándar',0,'Controladora SATA AHCI estándar',36,0,19,0,NULL,'2023-08-04 14:09:42','2020-03-25 21:12:32'),(357,'Controladora de espacios de almacenamiento de Microsoft',0,'Controladora de espacios de almacenamiento de Microsoft',4,0,19,0,NULL,'2023-08-04 14:09:42','2020-03-25 21:12:32'),(358,'Controlador de host eXtensible AMD USB 3.0 - 1.0 (Microsoft)',0,'Controladora de host USB genérico compatible con xHCI',37,0,19,0,NULL,'2023-08-04 14:09:42','2020-06-26 19:49:50'),(359,'Intel(R) 6th Generation Core Processor Family Platform I/O SATA AHCI Controller',0,'Intel(R) 6th Generation Core Processor Family Platform I/O SATA AHCI Controller',10,0,19,0,NULL,'2023-08-04 14:09:43','2020-03-11 03:47:42'),(360,'Controlador de host eXtensible Intel(R) USB 3.0 - 1.0 (Microsoft)',0,'Controladora de host USB genérico compatible con xHCI',37,0,19,0,NULL,'2023-08-04 14:09:43','2020-04-22 14:04:25'),(361,'Controladora SATA AHCI estándar',0,'Controladora SATA AHCI estándar',36,0,15,0,NULL,'2020-06-25 15:36:54','2020-03-25 21:12:32'),(362,'Controladora de espacios de almacenamiento de Microsoft',0,'Controladora de espacios de almacenamiento de Microsoft',4,0,15,0,NULL,'2020-03-25 21:12:32','2020-03-25 21:12:32'),(363,'Controladora NVM Express estándar',0,'Controladora NVM Express estándar',42,0,15,0,NULL,'2020-09-29 18:31:33','2020-06-16 18:34:15'),(364,'Intel(R) USB 3.10 eXtensible Host Controller - 1.20 (Microsoft)',0,'USB xHCI Compliant Host Controller',6,0,19,0,NULL,'2023-08-04 14:09:44','2021-04-30 19:50:08'),(365,'BayHubTech Integrated SD controller(SDA Compliant Host)',0,'BayHubTech Integrated SD controller(SDA Compliant Host)',11,0,19,0,NULL,'2023-07-02 19:44:46','2020-03-11 03:43:25'),(366,'Controladora NVM Express estándar',0,'Controladora NVM Express estándar',42,0,19,0,NULL,'2023-07-02 19:41:39','2020-06-16 18:34:15'),(367,'Controlador de host eXtensible AMD USB 3.10 - 1.10 (Microsoft)',0,'USB xHCI Compliant Host Controller',6,0,19,0,NULL,'2023-08-04 14:09:46','2022-06-28 16:18:27'),(368,'DAEMON Tools Lite Virtual SCSI Bus',0,'DAEMON Tools Lite Virtual SCSI Bus',71,0,19,0,NULL,'2023-08-04 14:09:46','2021-03-10 20:22:20'),(369,'DAEMON Tools Lite Virtual USB Bus',0,'DAEMON Tools Lite Virtual USB Bus',71,0,19,0,NULL,'2023-08-04 14:09:46','2021-03-10 20:22:20'),(370,'Intel(R) 8 Series/C220 Chipset Family SATA AHCI Controller',0,'Intel(R) 8 Series/C220 Chipset Family SATA AHCI Controller',10,0,2,0,NULL,'2021-03-10 20:29:26','2021-03-10 20:29:26'),(371,'USB EHCI nº 2 Intel(R) Serie 8/Serie C220 - 8C2D',0,'USB EHCI nº 2 Intel(R) Serie 8/Serie C220 - 8C2D',5,0,2,0,NULL,'2020-07-07 21:21:50','2020-07-06 21:18:52'),(372,'USB EHCI nº 1 Intel(R) Serie 8/Serie C220 - 8C26',0,'USB EHCI nº 1 Intel(R) Serie 8/Serie C220 - 8C26',5,0,2,0,NULL,'2020-07-07 21:21:50','2020-07-06 21:18:52'),(373,'Standard NVM Express Controller',0,'Standard NVM Express Controller',4,0,0,0,NULL,'2022-07-25 19:34:38','2022-07-25 19:34:38'),(374,'Intel(R) NVMe Controller',0,'Intel(R) NVMe Controller',10,0,22,0,NULL,'2023-11-28 16:08:50','2020-10-08 20:33:10'),(375,'Intel(R) 300 Series Chipset Family SATA AHCI Controller',0,'Intel(R) 300 Series Chipset Family SATA AHCI Controller',10,0,17,0,NULL,'2020-06-25 15:40:45','2020-03-11 03:43:25'),(376,'Microsoft Storage Spaces Controller',0,'Microsoft Storage Spaces Controller',4,0,17,0,NULL,'2020-03-11 03:43:05','2020-03-11 03:43:05'),(377,'BayHubTech Integrated SD controller(SDA Compliant Host)',0,'BayHubTech Integrated SD controller(SDA Compliant Host)',11,0,17,0,NULL,'2020-06-25 15:40:45','2020-03-11 03:43:25'),(378,'Controlador de host eXtensible Intel(R) USB 3.1 - 1.10 (Microsoft)',0,'USB xHCI Compliant Host Controller',6,0,17,0,NULL,'2020-06-25 15:40:45','2020-03-11 03:43:25'),(379,'Intel(R) 6th Generation Core Processor Family Platform I/O SATA AHCI Controller',0,'Intel(R) 6th Generation Core Processor Family Platform I/O SATA AHCI Controller',10,0,17,0,NULL,'2020-06-25 15:35:35','2020-03-11 03:47:42'),(380,'BayHubTech Integrated MMC/SD controller',0,'BayHubTech Integrated MMC/SD controller',11,0,17,0,NULL,'2020-06-25 15:30:51','2020-06-11 22:44:47'),(381,'Controladora de espacios de almacenamiento de Microsoft',0,'Controladora de espacios de almacenamiento de Microsoft',4,0,17,0,NULL,'2020-03-25 21:12:32','2020-03-25 21:12:32'),(382,'Controlador de host eXtensible Intel(R) USB 3.0 - 1.0 (Microsoft)',0,'USB xHCI Compliant Host Controller',6,0,17,0,NULL,'2020-03-11 03:43:05','2020-03-11 03:43:05'),(383,'Standard SATA AHCI Controller',0,'Standard SATA AHCI Controller',7,0,17,0,NULL,'2020-03-11 03:43:15','2020-03-11 03:43:15'),(384,'Standard NVM Express Controller',0,'Standard NVM Express Controller',44,0,17,0,NULL,'2020-08-04 20:35:44','2020-06-24 15:23:39'),(385,'Controlador de host eXtensible Intel(R) USB 3.10 - 1.20 (Microsoft)',0,'USB xHCI Compliant Host Controller',6,0,17,0,NULL,'2021-05-07 16:51:13','2021-05-07 16:47:31'),(386,'Intel(R) 400 Series Chipset Family SATA AHCI Controller',0,'Intel(R) 400 Series Chipset Family SATA AHCI Controller',10,0,17,0,NULL,'2021-01-28 16:20:39','2021-01-28 16:18:35'),(387,'Intel RST VMD Controller 9A0B',0,'Intel RST VMD Controller 9A0B',10,0,17,0,NULL,'2021-04-30 19:53:08','2021-04-30 19:50:08'),(388,'Intel(R) USB 3.1 eXtensible Host Controller - 1.10 (Microsoft)',0,'USB xHCI Compliant Host Controller',6,0,17,0,NULL,'2021-03-10 20:48:45','2020-06-25 13:42:11'),(389,'Intel(R) USB 3.10 eXtensible Host Controller - 1.20 (Microsoft)',0,'USB xHCI Compliant Host Controller',6,0,17,0,NULL,'2021-04-30 19:53:08','2021-04-30 19:50:08'),(390,'Mobile 5th Generation Intel(R) Core(TM) USB EHCI Controller - 9CA6',0,'Mobile 5th Generation Intel(R) Core(TM) USB EHCI Controller - 9CA6',5,0,19,0,NULL,'2023-07-02 19:41:47','2020-07-13 13:01:22'),(391,'Intel(R) USB 3.20 eXtensible Host Controller - 1.20 (Microsoft)',0,'USB xHCI Compliant Host Controller',6,0,1,0,NULL,'2022-11-10 22:49:27','2022-11-09 17:47:37'),(392,'Intel(R) 8 Series Chipset Family SATA AHCI Controller',0,'Intel(R) 8 Series Chipset Family SATA AHCI Controller',10,0,19,0,NULL,'2023-07-02 19:45:00','2020-04-22 13:48:26'),(393,'Intel(R) USB 3.1 eXtensible Host Controller - 1.10 (Microsoft)',0,'USB xHCI Compliant Host Controller',6,0,15,0,NULL,'2021-03-10 20:48:45','2020-06-25 13:42:11'),(394,'Controlador de host eXtensible Intel(R) USB 3.20 - 1.20 (Microsoft)',0,'USB xHCI Compliant Host Controller',6,0,21,0,NULL,'2023-09-04 17:02:18','2022-12-30 20:27:04'),(395,'Intel(R) 300 Series Chipset Family SATA AHCI Controller',0,'Intel(R) 300 Series Chipset Family SATA AHCI Controller',10,0,17,0,NULL,'2022-12-30 20:46:10','2020-03-11 03:43:25'),(396,'Microsoft Storage Spaces Controller',0,'Microsoft Storage Spaces Controller',4,0,17,0,NULL,'2022-12-30 20:46:10','2020-03-11 03:43:05'),(397,'BayHubTech Integrated SD controller(SDA Compliant Host)',0,'BayHubTech Integrated SD controller(SDA Compliant Host)',11,0,17,0,NULL,'2022-12-30 20:46:10','2020-03-11 03:43:25'),(398,'Standard NVM Express Controller',0,'Standard NVM Express Controller',44,0,17,0,NULL,'2022-12-30 20:46:10','2020-06-24 15:23:39'),(399,'Intel(R) USB 3.1 eXtensible Host Controller - 1.10 (Microsoft)',0,'USB xHCI Compliant Host Controller',6,0,17,0,NULL,'2022-12-30 20:46:10','2020-06-25 13:42:11'),(400,'Intel(R) 400 Series Chipset Family SATA AHCI Controller',0,'Intel(R) 400 Series Chipset Family SATA AHCI Controller',10,0,15,0,NULL,'2021-01-28 16:20:39','2021-01-28 16:18:35'),(401,'Intel(R) 6th Generation Core Processor Family Platform I/O SATA AHCI Controller',0,'Intel(R) 6th Generation Core Processor Family Platform I/O SATA AHCI Controller',10,0,15,0,NULL,'2020-06-25 15:35:35','2020-03-11 03:47:42'),(402,'Controlador de host eXtensible Intel(R) USB 3.0 - 1.0 (Microsoft)',0,'USB xHCI Compliant Host Controller',6,0,15,0,NULL,'2020-03-11 03:43:05','2020-03-11 03:43:05'),(403,'BayHubTech Integrated MMC/SD controller',0,'BayHubTech Integrated MMC/SD controller',11,0,15,0,NULL,'2020-06-25 15:30:51','2020-06-11 22:44:47'),(404,'Controlador de host eXtensible Intel(R) USB 3.10 - 1.20 (Microsoft)',0,'USB xHCI Compliant Host Controller',6,0,15,0,NULL,'2021-05-07 16:51:13','2021-05-07 16:47:31'),(405,'Intel(R) USB 3.10 eXtensible Host Controller - 1.20 (Microsoft)',0,'USB xHCI Compliant Host Controller',6,0,15,0,NULL,'2021-04-30 19:53:08','2021-04-30 19:50:08'),(406,'Intel RST VMD Controller 9A0B',0,'Intel RST VMD Controller 9A0B',10,0,15,0,NULL,'2021-04-30 19:53:08','2021-04-30 19:50:08'),(407,'Standard SATA AHCI Controller',0,'Standard SATA AHCI Controller',7,0,17,0,NULL,'2023-01-20 21:03:03','2020-03-11 03:43:15'),(408,'Microsoft Storage Spaces Controller',0,'Microsoft Storage Spaces Controller',4,0,17,0,NULL,'2023-01-20 21:03:03','2020-03-11 03:43:05'),(409,'Standard NVM Express Controller',0,'Standard NVM Express Controller',44,0,17,0,NULL,'2023-01-20 21:03:03','2020-06-24 15:23:39'),(410,'Controlador de host eXtensible Intel(R) USB 3.10 - 1.20 (Microsoft)',0,'USB xHCI Compliant Host Controller',6,0,17,0,NULL,'2023-01-20 21:03:03','2021-05-07 16:47:31'),(411,'Intel(R) USB 3.0 eXtensible Host Controller - 1.0 (Microsoft)',0,'USB xHCI Compliant Host Controller',6,0,17,0,NULL,'2020-03-13 13:24:26','2020-03-11 03:44:46'),(412,'Intel(R) Chipset SATA/PCIe RST Premium Controller',0,'Intel(R) Chipset SATA/PCIe RST Premium Controller',10,0,15,0,NULL,'2020-08-04 20:35:44','2020-07-13 13:01:29'),(413,'Intel(R) NVMe Controller',0,'Intel(R) NVMe Controller',10,0,17,0,NULL,'2021-03-10 20:23:57','2020-10-08 20:33:10'),(414,'Controladora SATA AHCI estándar',0,'Controladora SATA AHCI estándar',36,0,22,0,NULL,'2020-06-25 15:36:54','2020-03-25 21:12:32'),(415,'Controladora de espacios de almacenamiento de Microsoft',0,'Controladora de espacios de almacenamiento de Microsoft',4,0,22,0,NULL,'2020-03-25 21:12:32','2020-03-25 21:12:32'),(416,'BayHubTech Integrated SD controller(SDA Compliant Host)',0,'BayHubTech Integrated SD controller(SDA Compliant Host)',11,0,22,0,NULL,'2020-06-25 15:40:45','2020-03-11 03:43:25'),(417,'Controlador de host eXtensible Intel(R) USB 3.1 - 1.10 (Microsoft)',0,'USB xHCI Compliant Host Controller',6,0,22,0,NULL,'2020-06-25 15:40:45','2020-03-11 03:43:25'),(418,'Standard SATA AHCI Controller',0,'Standard SATA AHCI Controller',7,0,22,0,NULL,'2020-03-11 03:43:15','2020-03-11 03:43:15'),(419,'Microsoft Storage Spaces Controller',0,'Microsoft Storage Spaces Controller',4,0,22,0,NULL,'2020-03-11 03:43:05','2020-03-11 03:43:05'),(420,'Intel(R) 300 Series Chipset Family SATA AHCI Controller',0,'Intel(R) 300 Series Chipset Family SATA AHCI Controller',10,0,19,0,NULL,'2023-06-23 21:38:30','2020-03-11 03:43:25'),(421,'Standard NVM Express Controller',0,'Standard NVM Express Controller',44,0,19,0,NULL,'2023-06-23 21:38:30','2020-06-24 15:23:39'),(422,'Intel(R) USB 3.1 eXtensible Host Controller - 1.10 (Microsoft)',0,'USB xHCI Compliant Host Controller',6,0,19,0,NULL,'2023-06-23 21:38:30','2020-06-25 13:42:11'),(423,'Controladora NVM Express estándar',0,'Controladora NVM Express estándar',42,0,22,0,NULL,'2023-07-02 21:25:52','2020-06-16 18:34:15'),(424,'Intel(R) 300 Series Chipset Family SATA AHCI Controller',0,'Intel(R) 300 Series Chipset Family SATA AHCI Controller',10,0,19,0,NULL,'2023-05-04 22:20:56','2020-03-11 03:43:25'),(425,'Controladora de espacios de almacenamiento de Microsoft',0,'Controladora de espacios de almacenamiento de Microsoft',4,0,19,0,NULL,'2023-05-04 22:20:56','2020-03-25 21:12:32'),(426,'BayHubTech Integrated SD controller(SDA Compliant Host)',0,'BayHubTech Integrated SD controller(SDA Compliant Host)',11,0,19,0,NULL,'2023-05-04 22:20:56','2020-03-11 03:43:25'),(427,'Controlador de host eXtensible Intel(R) USB 3.1 - 1.10 (Microsoft)',0,'USB xHCI Compliant Host Controller',6,0,19,0,NULL,'2023-05-04 22:20:56','2020-03-11 03:43:25'),(428,'Standard SATA AHCI Controller',0,'Standard SATA AHCI Controller',7,0,21,0,NULL,'2020-03-11 03:43:15','2020-03-11 03:43:15'),(429,'Microsoft Storage Spaces Controller',0,'Microsoft Storage Spaces Controller',4,0,21,0,NULL,'2020-03-11 03:43:05','2020-03-11 03:43:05'),(430,'BayHubTech Integrated SD controller(SDA Compliant Host)',0,'BayHubTech Integrated SD controller(SDA Compliant Host)',11,0,21,0,NULL,'2020-03-13 20:05:59','2020-03-11 03:43:25'),(431,'Standard NVM Express Controller',0,'Standard NVM Express Controller',44,0,21,0,NULL,'2020-08-04 20:35:44','2020-06-24 15:23:39'),(432,'Controlador de host eXtensible Intel(R) USB 3.1 - 1.10 (Microsoft)',0,'USB xHCI Compliant Host Controller',6,0,21,0,NULL,'2020-03-13 20:05:59','2020-03-11 03:43:25'),(433,'Intel(R) 6th Generation Core Processor Family Platform I/O SATA AHCI Controller',0,'Intel(R) 6th Generation Core Processor Family Platform I/O SATA AHCI Controller',10,0,20,0,NULL,'2020-06-30 14:54:14','2020-03-11 03:47:42'),(434,'Microsoft Storage Spaces Controller',0,'Microsoft Storage Spaces Controller',4,0,20,0,NULL,'2020-03-11 03:43:05','2020-03-11 03:43:05'),(435,'Controlador de host eXtensible Intel(R) USB 3.0 - 1.0 (Microsoft)',0,'USB xHCI Compliant Host Controller',6,0,20,0,NULL,'2020-03-11 03:43:05','2020-03-11 03:43:05'),(436,'Controladora SATA AHCI estándar',0,'Controladora SATA AHCI estándar',36,0,21,0,NULL,'2020-06-25 15:36:54','2020-03-25 21:12:32'),(437,'Controladora de espacios de almacenamiento de Microsoft',0,'Controladora de espacios de almacenamiento de Microsoft',4,0,21,0,NULL,'2020-03-25 21:12:32','2020-03-25 21:12:32'),(438,'Controlador de host eXtensible Intel(R) USB 3.0 - 1.0 (Microsoft)',0,'USB xHCI Compliant Host Controller',6,0,21,0,NULL,'2020-03-11 03:43:05','2020-03-11 03:43:05'),(439,'Microsoft Storage Spaces Controller',0,'Microsoft Storage Spaces Controller',4,0,19,0,NULL,'2020-03-11 03:43:05','2020-03-11 03:43:05'),(440,'Controladora NVM Express estándar',0,'Controladora NVM Express estándar',42,0,21,0,NULL,'2020-09-29 18:31:33','2020-06-16 18:34:15'),(441,'Intel(R) 300 Series Chipset Family SATA AHCI Controller',0,'Intel(R) 300 Series Chipset Family SATA AHCI Controller',10,0,21,0,NULL,'2020-06-25 15:40:45','2020-03-11 03:43:25'),(442,'Intel(R) 300 Series Chipset Family SATA AHCI Controller',0,'Intel(R) 300 Series Chipset Family SATA AHCI Controller',10,0,22,0,NULL,'2020-03-13 20:05:59','2020-03-11 03:43:25'),(443,'Intel(R) 6th Generation Core Processor Family Platform I/O SATA AHCI Controller',0,'Intel(R) 6th Generation Core Processor Family Platform I/O SATA AHCI Controller',10,0,22,0,NULL,'2020-06-25 15:35:35','2020-03-11 03:47:42'),(444,'Controlador de host eXtensible Intel(R) USB 3.0 - 1.0 (Microsoft)',0,'USB xHCI Compliant Host Controller',6,0,22,0,NULL,'2020-03-11 03:43:05','2020-03-11 03:43:05'),(445,'Intel(R) 300 Series Chipset Family SATA AHCI Controller',0,'Intel(R) 300 Series Chipset Family SATA AHCI Controller',10,0,20,0,NULL,'2020-06-25 15:40:45','2020-03-11 03:43:25'),(446,'BayHubTech Integrated SD controller(SDA Compliant Host)',0,'BayHubTech Integrated SD controller(SDA Compliant Host)',11,0,20,0,NULL,'2020-06-25 15:40:45','2020-03-11 03:43:25'),(447,'Controlador de host eXtensible Intel(R) USB 3.1 - 1.10 (Microsoft)',0,'USB xHCI Compliant Host Controller',6,0,20,0,NULL,'2020-06-25 15:40:45','2020-03-11 03:43:25'),(448,'Standard SATA AHCI Controller',0,'Standard SATA AHCI Controller',7,0,20,0,NULL,'2020-03-11 03:43:15','2020-03-11 03:43:15'),(449,'Standard NVM Express Controller',0,'Standard NVM Express Controller',44,0,22,0,NULL,'2020-08-04 20:35:44','2020-06-24 15:23:39'),(492,'Intel(R) 400 Series Chipset Family SATA AHCI Controller',0,'Intel(R) 400 Series Chipset Family SATA AHCI Controller',10,0,21,0,NULL,'2021-01-28 16:20:39','2021-01-28 16:18:35'),(493,'Intel(R) USB 3.1 eXtensible Host Controller - 1.10 (Microsoft)',0,'USB xHCI Compliant Host Controller',6,0,21,0,NULL,'2021-03-10 20:48:45','2020-06-25 13:42:11'),(494,'Intel(R) Chipset SATA/PCIe RST Premium Controller',0,'Intel(R) Chipset SATA/PCIe RST Premium Controller',10,0,21,0,NULL,'2020-08-04 20:35:44','2020-07-13 13:01:29'),(495,'ATA Channel 4',0,'Canal IDE',14,0,21,0,NULL,'2020-06-25 15:40:19','2020-03-11 03:44:12'),(496,'Bluetooth Hard Copy Cable Replacement Server',0,'Bluetooth Hard Copy Cable Replacement Server',15,0,21,0,NULL,'2020-06-25 15:40:19','2020-03-11 03:44:12'),(497,'Intel(R) 8 Series/C220 Series USB EHCI #1 - 8C26',0,'Intel(R) 8 Series/C220 Series USB EHCI #1 - 8C26',5,0,21,0,NULL,'2020-06-25 15:40:25','2020-03-11 03:43:05'),(498,'Intel(R) 8 Series/C220 Series USB EHCI #2 - 8C2D',0,'Intel(R) 8 Series/C220 Series USB EHCI #2 - 8C2D',5,0,21,0,NULL,'2020-06-25 15:40:25','2020-03-11 03:43:05'),(499,'Intel(R) 6th Generation Core Processor Family Platform I/O SATA AHCI Controller',0,'Intel(R) 6th Generation Core Processor Family Platform I/O SATA AHCI Controller',10,0,21,0,NULL,'2020-06-25 15:35:35','2020-03-11 03:47:42'),(500,'BayHubTech Integrated MMC/SD controller',0,'BayHubTech Integrated MMC/SD controller',11,0,21,0,NULL,'2020-06-25 15:30:51','2020-06-11 22:44:47'),(501,'Controlador de host eXtensible Intel(R) USB 3.10 - 1.20 (Microsoft)',0,'USB xHCI Compliant Host Controller',6,0,21,0,NULL,'2021-05-07 16:51:13','2021-05-07 16:47:31'),(502,'Intel(R) USB 3.10 eXtensible Host Controller - 1.20 (Microsoft)',0,'USB xHCI Compliant Host Controller',6,0,21,0,NULL,'2021-04-30 19:53:08','2021-04-30 19:50:08'),(503,'Intel RST VMD Controller 9A0B',0,'Intel RST VMD Controller 9A0B',10,0,21,0,NULL,'2021-04-30 19:53:08','2021-04-30 19:50:08'),(504,'Standard SATA AHCI Controller',0,'Standard SATA AHCI Controller',7,0,19,0,NULL,'2023-05-04 22:20:56','2020-03-11 03:43:15'),(505,'Intel(R) USB 3.0 eXtensible Host Controller - 1.0 (Microsoft)',0,'USB xHCI Compliant Host Controller',6,0,19,0,NULL,'2023-05-04 22:20:56','2020-03-11 03:44:46'),(506,'Controlador de host eXtensible Intel(R) USB 3.0 - 1.0 (Microsoft)',0,'USB xHCI Compliant Host Controller',6,0,19,0,NULL,'2023-05-04 22:20:56','2020-03-11 03:43:05'),(507,'Intel(R) 8 Series/C220 Series USB EHCI #1 - 8C26',0,'Intel(R) 8 Series/C220 Series USB EHCI #1 - 8C26',5,0,19,0,NULL,'2023-05-04 22:20:56','2020-03-11 03:43:05'),(508,'Intel(R) 8 Series/C220 Series USB EHCI #2 - 8C2D',0,'Intel(R) 8 Series/C220 Series USB EHCI #2 - 8C2D',5,0,19,0,NULL,'2023-05-04 22:20:56','2020-03-11 03:43:05'),(509,'Intel(R) 6th Generation Core Processor Family Platform I/O SATA AHCI Controller',0,'Intel(R) 6th Generation Core Processor Family Platform I/O SATA AHCI Controller',10,0,19,0,NULL,'2023-05-04 22:20:56','2020-03-11 03:47:42'),(510,'Controladora SATA AHCI estándar',0,'Controladora SATA AHCI estándar',36,0,19,0,NULL,'2023-05-04 22:20:56','2020-03-25 21:12:32'),(511,'Controlador de host eXtensible Intel(R) USB 3.10 - 1.20 (Microsoft)',0,'USB xHCI Compliant Host Controller',6,0,19,0,NULL,'2023-05-04 22:20:56','2021-05-07 16:47:31'),(512,'Intel(R) 8 Series USB Enhanced Host Controller #1 - 9C26',0,'Intel(R) 8 Series USB Enhanced Host Controller #1 - 9C26',5,0,19,0,NULL,'2023-05-04 22:20:56','2020-03-11 03:44:46'),(513,'Intel(R) 400 Series Chipset Family SATA AHCI Controller',0,'Intel(R) 400 Series Chipset Family SATA AHCI Controller',10,0,22,0,NULL,'2021-01-28 16:20:39','2021-01-28 16:18:35'),(514,'Intel(R) 8 Series USB Enhanced Host Controller #1 - 9C26',0,'Intel(R) 8 Series USB Enhanced Host Controller #1 - 9C26',5,0,22,0,NULL,'2020-03-20 22:03:49','2020-03-11 03:44:46'),(515,'Virtual CloneDrive',0,'Virtual CloneDrive',20,0,22,0,NULL,'2020-03-13 13:26:20','2020-03-11 03:46:16'),(516,'Intel(R) Chipset SATA/PCIe RST Premium Controller',0,'Intel(R) Chipset SATA/PCIe RST Premium Controller',10,0,22,0,NULL,'2020-08-04 20:35:44','2020-07-13 13:01:29'),(517,'Intel(R) USB 3.1 eXtensible Host Controller - 1.10 (Microsoft)',0,'USB xHCI Compliant Host Controller',6,0,22,0,NULL,'2020-09-02 21:09:41','2020-06-25 13:42:11'),(518,'BayHubTech Integrated MMC/SD controller',0,'BayHubTech Integrated MMC/SD controller',11,0,22,0,NULL,'2020-06-25 15:30:51','2020-06-11 22:44:47'),(519,'Intel(R) NVMe Controller',0,'Intel(R) NVMe Controller',10,0,22,0,NULL,'2021-03-10 20:23:57','2020-10-08 20:33:10'),(520,'Intel(R) USB 3.10 eXtensible Host Controller - 1.20 (Microsoft)',0,'USB xHCI Compliant Host Controller',6,0,22,0,NULL,'2021-04-30 19:53:08','2021-04-30 19:50:08'),(521,'Controlador de host eXtensible Intel(R) USB 3.10 - 1.20 (Microsoft)',0,'USB xHCI Compliant Host Controller',6,0,22,0,NULL,'2021-05-07 16:51:13','2021-05-07 16:47:31'),(522,'Dispositivo de almacenamiento SCSI conectado por USB (UAS)',0,'Dispositivo de almacenamiento SCSI conectado por USB (UAS)',59,0,22,0,NULL,'2021-03-10 20:14:15','2020-11-20 16:28:03'),(523,'Intel(R) USB 3.0 eXtensible Host Controller - 1.0 (Microsoft)',0,'USB xHCI Compliant Host Controller',6,0,22,0,NULL,'2020-03-13 13:24:26','2020-03-11 03:44:46'),(524,'Controlador de host eXtensible Intel(R) USB 3.20 - 1.20 (Microsoft)',0,'USB xHCI Compliant Host Controller',6,0,21,0,NULL,'2023-10-17 15:26:16','2022-12-30 20:27:04'),(525,'Intel RST VMD Managed Controller 09AB',0,'Intel RST VMD Managed Controller 09AB',10,0,22,0,NULL,'2021-04-30 19:53:08','2021-04-30 19:50:08'),(526,'Intel RST VMD Controller 9A0B',0,'Intel RST VMD Controller 9A0B',10,0,22,0,NULL,'2021-04-30 19:53:08','2021-04-30 19:50:08'),(527,'Standard NVM Express Controller',0,'Standard NVM Express Controller',44,0,20,0,NULL,'2020-08-04 20:35:44','2020-06-24 15:23:39'),(528,'Intel(R) USB 3.10 eXtensible Host Controller - 1.20 (Microsoft)',0,'USB xHCI Compliant Host Controller',6,0,20,0,NULL,'2021-04-30 19:53:08','2021-04-30 19:50:08'),(529,'Intel(R) 400 Series Chipset Family SATA AHCI Controller',0,'Intel(R) 400 Series Chipset Family SATA AHCI Controller',10,0,20,0,NULL,'2021-01-28 16:20:39','2021-01-28 16:18:35'),(530,'Intel(R) USB 3.1 eXtensible Host Controller - 1.10 (Microsoft)',0,'USB xHCI Compliant Host Controller',6,0,20,0,NULL,'2021-03-10 20:48:45','2020-06-25 13:42:11'),(531,'Microsoft VHD Loopback Controller',0,'Microsoft VHD Loopback Controller',4,0,20,0,NULL,'2020-06-17 15:38:09','2020-05-14 20:26:52'),(532,'ATA Channel 0',0,'IDE Channel',3,0,15,0,NULL,'2020-06-25 15:40:25','2020-03-11 03:43:05'),(533,'ATA Channel 1',0,'IDE Channel',3,0,15,0,NULL,'2020-06-25 15:40:25','2020-03-11 03:43:05'),(534,'Standard Dual Channel PCI IDE Controller',0,'Standard Dual Channel PCI IDE Controller',3,0,15,0,NULL,'2020-06-25 15:40:25','2020-03-11 03:43:05'),(535,'Intel(R) 8 Series/C220 Series USB EHCI #2 - 8C2D',0,'Intel(R) 8 Series/C220 Series USB EHCI #2 - 8C2D',5,0,15,0,NULL,'2020-06-25 15:40:25','2020-03-11 03:43:05'),(536,'Intel(R) 8 Series/C220 Series USB EHCI #1 - 8C26',0,'Intel(R) 8 Series/C220 Series USB EHCI #1 - 8C26',5,0,15,0,NULL,'2020-06-25 15:40:25','2020-03-11 03:43:05'),(537,'Intel(R) 8 Series Chipset Family SATA AHCI Controller',0,'Intel(R) 8 Series Chipset Family SATA AHCI Controller',10,0,15,0,NULL,'2020-04-22 13:48:26','2020-04-22 13:48:26'),(538,'Intel(R) 8 Series USB Enhanced Host Controller #1 - 9C26',0,'Intel(R) 8 Series USB Enhanced Host Controller #1 - 9C26',5,0,15,0,NULL,'2020-03-20 22:03:49','2020-03-11 03:44:46'),(539,'Standard Enhanced PCI to USB Host Controller',0,'Standard Enhanced PCI to USB Host Controller',8,0,19,0,NULL,'2023-05-04 22:20:56','2020-03-11 03:43:15'),(540,'AMD USB 3.0 eXtensible Host Controller - 1.0 (Microsoft)',0,'USB xHCI Compliant Host Controller',6,0,19,0,NULL,'2023-05-04 22:20:56','2022-05-05 21:10:17'),(541,'Intel(R) USB 3.10 eXtensible Host Controller - 1.20 (Microsoft)',0,'USB xHCI Compliant Host Controller',6,0,0,0,NULL,'2021-04-30 19:53:08','2021-04-30 19:50:08');

--
-- Table structure for table `glpi_devicedrivemodels`
--

CREATE TABLE `glpi_devicedrivemodels` (
  `id` int unsigned NOT NULL AUTO_INCREMENT,
  `name` varchar(255) CHARACTER SET utf8mb4 COLLATE utf8mb4_unicode_ci DEFAULT NULL,
  `comment` mediumtext CHARACTER SET utf8mb4 COLLATE utf8mb4_unicode_ci,
  `product_number` varchar(255) CHARACTER SET utf8mb4 COLLATE utf8mb4_unicode_ci DEFAULT NULL,
  PRIMARY KEY (`id`),
  KEY `name` (`name`),
  KEY `product_number` (`product_number`)
) ENGINE=InnoDB DEFAULT CHARSET=utf8mb4 COLLATE=utf8mb4_unicode_ci;

--
-- Dumping data for table `glpi_devicedrivemodels`
--


--
-- Table structure for table `glpi_devicedrives`
--

CREATE TABLE `glpi_devicedrives` (
  `id` int unsigned NOT NULL AUTO_INCREMENT,
  `designation` varchar(255) CHARACTER SET utf8mb4 COLLATE utf8mb4_unicode_ci DEFAULT NULL,
  `is_writer` tinyint(1) NOT NULL DEFAULT '1',
  `speed` varchar(255) CHARACTER SET utf8mb4 COLLATE utf8mb4_unicode_ci DEFAULT NULL,
  `comment` mediumtext CHARACTER SET utf8mb4 COLLATE utf8mb4_unicode_ci,
  `manufacturers_id` int unsigned NOT NULL DEFAULT '0',
  `interfacetypes_id` int unsigned NOT NULL DEFAULT '0',
  `entities_id` int unsigned NOT NULL DEFAULT '0',
  `is_recursive` tinyint(1) NOT NULL DEFAULT '0',
  `devicedrivemodels_id` int unsigned DEFAULT NULL,
  `date_mod` timestamp NULL DEFAULT NULL,
  `date_creation` timestamp NULL DEFAULT NULL,
  PRIMARY KEY (`id`),
  KEY `designation` (`designation`),
  KEY `manufacturers_id` (`manufacturers_id`),
  KEY `interfacetypes_id` (`interfacetypes_id`),
  KEY `entities_id` (`entities_id`),
  KEY `is_recursive` (`is_recursive`),
  KEY `date_mod` (`date_mod`),
  KEY `date_creation` (`date_creation`),
  KEY `devicedrivemodels_id` (`devicedrivemodels_id`)
) ENGINE=InnoDB AUTO_INCREMENT=234 DEFAULT CHARSET=utf8mb4 COLLATE=utf8mb4_unicode_ci;

--
-- Dumping data for table `glpi_devicedrives`
--

INSERT INTO `glpi_devicedrives` VALUES (1,'hp DVD A DS8ACSH ATA Device',1,NULL,NULL,0,0,0,0,NULL,'2020-06-25 15:40:25','2020-03-11 03:43:05'),(2,'hp DVDRW SU208GB',1,NULL,NULL,0,0,0,0,NULL,'2020-06-25 15:34:36','2020-03-11 03:43:15'),(3,'hp DVD RAM UJ8E0',1,NULL,NULL,0,0,0,0,NULL,'2020-09-29 18:36:07','2020-03-11 03:43:36'),(4,'Generic Flash Disk USB Device',1,NULL,NULL,0,0,0,0,NULL,'2020-06-25 15:40:29','2020-03-11 03:43:47'),(5,'hp DVDRAM GTB0N ATA Device',1,NULL,NULL,0,0,0,0,NULL,'2020-06-25 15:40:29','2020-03-11 03:43:47'),(6,'hp DVDRAM GTB0N',1,NULL,NULL,0,0,0,0,NULL,'2020-09-29 18:42:15','2020-03-11 03:43:55'),(7,'hp DVDRW GUD0N SCSI CdRom Device',1,NULL,NULL,0,0,2,0,NULL,'2021-04-13 16:24:07','2020-03-11 03:44:01'),(8,'hp DVDRAM GU90N ATA Device',1,NULL,NULL,0,0,21,0,NULL,'2023-07-02 19:23:53','2020-03-11 03:44:12'),(9,'Generic- Compact Flash USB Device',1,NULL,NULL,0,0,2,0,NULL,'2020-03-18 15:08:10','2020-03-11 03:44:30'),(10,'Kingston DataTraveler 3.0 USB Device',1,NULL,NULL,0,0,0,0,NULL,'2020-06-17 22:19:15','2020-03-11 03:44:30'),(11,'Multiple Flash Reader USB Device',1,NULL,NULL,0,0,0,0,NULL,'2020-06-25 15:41:55','2020-03-11 03:44:30'),(12,'Slimtype DVD A DA8A6SH',1,NULL,NULL,0,0,0,0,NULL,'2020-06-25 15:34:27','2020-03-11 03:44:46'),(13,'Generic USB CF Reader',1,NULL,NULL,0,0,0,0,NULL,'2020-06-25 15:39:57','2020-03-11 03:45:21'),(14,'Generic USB MS Reader',1,NULL,NULL,0,0,0,0,NULL,'2020-06-25 15:39:57','2020-03-11 03:45:21'),(15,'Generic USB SD Reader',1,NULL,NULL,0,0,0,0,NULL,'2020-06-25 15:39:57','2020-03-11 03:45:21'),(16,'Generic USB SM Reader',1,NULL,NULL,0,0,0,0,NULL,'2020-06-25 15:39:57','2020-03-11 03:45:21'),(17,'HL-DT-ST DVDRAM GH22NS50 ATA Device',1,NULL,NULL,0,0,1,0,NULL,'2020-03-19 19:25:35','2020-03-11 03:45:21'),(18,'Generic- MS/MS-Pro/HG USB Device',1,NULL,NULL,0,0,0,0,NULL,'2020-06-25 15:38:46','2020-03-11 03:45:55'),(19,'Generic- SM/xD-Picture USB Device',1,NULL,NULL,0,0,0,0,NULL,'2021-02-15 23:41:23','2020-03-11 03:45:55'),(20,'Generic- SD/MMC/MS/MSPRO USB Device',1,NULL,NULL,0,0,0,0,NULL,'2020-06-25 15:38:46','2020-03-11 03:45:55'),(21,'Generic- SD/MMC USB Device',1,NULL,NULL,0,0,0,0,NULL,'2021-02-15 23:41:23','2020-03-11 03:45:55'),(22,'HL-DT-ST DVDRAM GH40F',1,NULL,NULL,0,0,0,0,NULL,'2020-06-25 15:38:46','2020-03-11 03:45:55'),(23,'ELBY CLONEDRIVE SCSI CdRom Device',1,NULL,NULL,0,0,1,0,NULL,'2020-03-13 13:26:20','2020-03-11 03:46:16'),(24,'hp DVDRAM GU90N',1,NULL,NULL,0,0,0,0,NULL,'2020-06-25 15:35:07','2020-03-11 03:46:43'),(25,'hp DVDRAM GTA0N ATA Device',1,NULL,NULL,0,0,15,0,NULL,'2023-07-03 02:12:52','2020-03-11 03:47:01'),(26,'hp DVD-RAM GHA3N',1,NULL,NULL,0,0,0,0,NULL,'2020-06-25 15:40:40','2020-03-11 03:47:10'),(27,'hp DVDRAM GTB0N',1,NULL,NULL,0,0,0,0,NULL,'2020-06-25 15:39:46','2020-03-11 03:43:55'),(28,'AS Mass Storage USB Device',1,NULL,NULL,0,0,0,0,NULL,'2020-03-20 22:00:26','2020-03-11 21:21:29'),(29,'hp DVDRW SU208FB',1,NULL,NULL,0,0,22,0,NULL,'2023-07-02 21:18:04','2020-03-11 21:21:49'),(30,'HL-DT-ST DVDRAM GH24NSC0',1,NULL,NULL,0,0,0,0,NULL,'2020-06-25 15:40:51','2020-03-11 21:22:07'),(31,'EPSON Storage USB Device',1,NULL,NULL,0,0,2,0,NULL,'2020-09-29 19:40:02','2020-03-11 21:22:22'),(32,'hp CDDVDW SH-216BB',1,NULL,NULL,0,0,0,0,NULL,'2021-03-10 20:51:16','2020-03-11 21:22:22'),(33,'hp CDDVDW SN-208FB',1,NULL,NULL,0,0,0,0,NULL,'2020-06-25 15:41:11','2020-03-11 21:22:36'),(34,'USB DISK 2.0 USB Device',1,NULL,NULL,0,0,0,0,NULL,'2020-09-29 18:44:48','2020-03-11 21:23:41'),(35,'hp CDDVDW SN-208FB ATA Device',1,NULL,NULL,0,0,0,0,NULL,'2020-09-29 18:44:48','2020-03-11 21:23:41'),(36,'SDMMC          ',1,NULL,NULL,0,0,0,0,NULL,'2020-06-25 15:39:00','2020-03-11 21:24:06'),(37,'MSMS-Pro       ',1,NULL,NULL,0,0,0,0,NULL,'2020-06-25 15:39:00','2020-03-11 21:24:06'),(38,'TOSHIBADT01ACA0',1,NULL,NULL,0,0,0,0,NULL,'2020-06-25 15:39:00','2020-03-11 21:24:06'),(39,'CompactFlash   ',1,NULL,NULL,0,0,0,0,NULL,'2020-06-25 15:39:00','2020-03-11 21:24:06'),(40,'SMxD-Picture   ',1,NULL,NULL,0,0,0,0,NULL,'2020-06-25 15:39:00','2020-03-11 21:24:06'),(41,'Generic- MS/MS-Pro USB Device',1,NULL,NULL,0,0,0,0,NULL,'2021-02-15 23:41:23','2020-03-13 02:18:12'),(42,'ATAPI iHAS122 F',1,NULL,NULL,0,0,0,0,NULL,'2020-06-25 15:41:06','2020-03-13 02:18:12'),(43,'Generic USB SD Reader USB Device',1,NULL,NULL,0,0,1,0,NULL,'2020-03-13 13:26:20','2020-03-13 02:18:26'),(44,'Generic USB SM Reader USB Device',1,NULL,NULL,0,0,1,0,NULL,'2020-03-13 13:26:20','2020-03-13 02:18:26'),(45,'Generic USB MS Reader USB Device',1,NULL,NULL,0,0,1,0,NULL,'2020-03-13 13:26:20','2020-03-13 02:18:26'),(46,'Generic USB CF Reader USB Device',1,NULL,NULL,0,0,1,0,NULL,'2020-03-13 13:26:20','2020-03-13 02:18:26'),(47,'HL-DT-ST DVDRAM GH22NS50 ATA Device',1,NULL,NULL,0,0,0,0,NULL,'2020-06-25 15:38:56','2020-03-11 03:45:21'),(48,'hp DVDRAM GTB0N',1,NULL,NULL,0,0,0,0,NULL,'2020-06-25 15:40:36','2020-03-11 03:43:55'),(49,'Generic- SM/xD-Picture USB Device',1,NULL,NULL,0,0,0,0,NULL,'2020-06-25 15:38:46','2020-03-11 03:45:55'),(50,'Generic- SD/MMC USB Device',1,NULL,NULL,0,0,0,0,NULL,'2020-06-25 15:38:46','2020-03-11 03:45:55'),(51,'Generic- Compact Flash USB Device',1,NULL,NULL,0,0,0,0,NULL,'2020-06-25 15:41:06','2020-03-11 03:44:30'),(52,'Kingston DataTraveler 3.0 USB Device',1,NULL,NULL,0,0,0,0,NULL,'2020-03-20 22:00:53','2020-03-11 03:44:30'),(53,'Unknown',1,NULL,NULL,0,0,0,0,NULL,'2020-06-25 15:38:45','2020-03-13 22:09:33'),(54,'PLDS DVD-RW DA8AESH',1,NULL,NULL,0,0,0,0,NULL,'2020-06-25 15:38:14','2020-03-20 22:01:06'),(55,'hp DVDRAM GT80N',1,NULL,NULL,0,0,0,0,NULL,'2020-09-29 18:35:25','2020-03-20 22:01:41'),(56,'HPE DVDRW DU8AESH',1,NULL,NULL,0,0,0,0,NULL,'2020-06-25 15:36:54','2020-03-25 21:12:32'),(57,'USB Flash Disk USB Device',1,NULL,NULL,0,0,0,0,NULL,'2020-06-25 15:29:48','2020-03-25 21:12:42'),(58,'HL-DT-ST DVDRAM GH22NS40 ATA Device',1,NULL,NULL,0,0,0,0,NULL,'2020-06-25 15:36:01','2020-03-29 04:28:33'),(59,'hp DVDRAM GUB0N',1,NULL,NULL,0,0,0,0,NULL,'2020-06-25 15:35:56','2020-03-29 04:28:47'),(60,'HL-DT-ST DVDRAM GH24NSB0 ATA Device',1,NULL,NULL,0,0,0,0,NULL,'2020-06-25 15:35:53','2020-03-29 04:29:24'),(61,'ATAPI iHAS122 F ATA Device',1,NULL,NULL,0,0,1,0,NULL,'2020-10-07 16:02:28','2020-04-13 07:17:06'),(62,'hp DVDRW DA8AESH',1,NULL,NULL,0,0,0,0,NULL,'2021-03-10 20:41:30','2020-04-17 12:20:04'),(63,'hp DVDRW DU8A6SH ATA Device',1,NULL,NULL,0,0,0,0,NULL,'2020-06-25 15:35:30','2020-04-17 12:20:53'),(64,'hp HLDS DVDRW GUD1N',1,NULL,NULL,0,0,22,0,NULL,'2023-07-02 21:18:06','2020-04-20 15:38:41'),(65,'ADATA USB Flash Drive USB Device',1,NULL,NULL,0,0,1,0,NULL,'2020-04-22 14:04:25','2020-04-22 14:04:25'),(66,'Generic- Compact Flash USB Device',1,NULL,NULL,0,0,0,0,NULL,'2020-06-24 15:24:09','2020-03-11 03:44:30'),(67,'Generic- MS/MS-Pro USB Device',1,NULL,NULL,0,0,0,0,NULL,'2020-06-24 15:24:09','2020-03-13 02:18:12'),(68,'Generic- SD/MMC USB Device',1,NULL,NULL,0,0,0,0,NULL,'2020-06-24 15:24:09','2020-03-11 03:45:55'),(69,'Generic- SM/xD-Picture USB Device',1,NULL,NULL,0,0,0,0,NULL,'2020-06-24 15:24:09','2020-03-11 03:45:55'),(70,'ELBY CLONEDRIVE SCSI CdRom Device',1,NULL,NULL,0,0,0,0,NULL,'2020-03-13 13:26:20','2020-03-11 03:46:16'),(71,'Generic Flash Disk USB Device',1,NULL,NULL,0,0,0,0,NULL,'2020-03-13 13:28:48','2020-03-11 03:43:47'),(72,'Kingston DataTraveler 3.0 USB Device',1,NULL,NULL,0,0,0,0,NULL,'2020-06-04 20:32:41','2020-03-11 03:44:30'),(73,'EPSON Stylus Storage USB Device',1,NULL,NULL,0,0,22,0,NULL,'2023-07-02 21:18:01','2020-06-04 20:32:51'),(74,'Kingston DataTraveler 3.0 USB Device',1,NULL,NULL,0,0,0,0,NULL,'2020-06-25 15:41:55','2020-03-11 03:44:30'),(75,'ATAPI iHAS124 E ATA Device',1,NULL,NULL,0,0,0,0,NULL,'2020-06-25 15:33:09','2020-06-08 01:32:58'),(76,'Generic- SD/MMC USB Device',1,NULL,NULL,0,0,0,0,NULL,'2020-06-25 15:33:09','2020-03-11 03:45:55'),(77,'Generic- MS/MS-Pro USB Device',1,NULL,NULL,0,0,0,0,NULL,'2020-06-25 15:33:09','2020-03-13 02:18:12'),(78,'Generic- SM/xD-Picture USB Device',1,NULL,NULL,0,0,0,0,NULL,'2020-06-25 15:33:09','2020-03-11 03:45:55'),(79,'ELBY CLONEDRIVE SCSI CdRom Device',1,NULL,NULL,0,0,0,0,NULL,'2020-06-25 15:33:09','2020-03-11 03:46:16'),(80,'MATSHITA DVD-RAM UJ8D1',1,NULL,NULL,0,0,0,0,NULL,'2020-06-25 15:32:13','2020-06-11 20:18:04'),(81,'Generic- xD-Picture USB Device',1,NULL,NULL,0,0,0,0,NULL,'2020-06-25 15:31:05','2020-06-11 21:28:11'),(82,'Generic- Multi-Card USB Device',1,NULL,NULL,0,0,1,0,NULL,'2020-10-07 16:02:28','2020-06-12 14:49:22'),(83,'hp CDDVDW TS-L633R ATA Device',1,NULL,NULL,0,0,0,0,NULL,'2021-03-10 20:50:10','2020-06-12 14:49:22'),(84,'TSSTcorp CDDVDW SH-S223C ATA Device',1,NULL,NULL,0,0,0,0,NULL,'2020-06-25 15:29:27','2020-06-16 19:37:43'),(85,'TSSTcorp CDDVDW SU-228HB',1,NULL,NULL,0,0,0,0,NULL,'2020-09-29 18:38:39','2020-06-17 22:18:48'),(86,'hp CDDVDW TS-L633R',1,NULL,NULL,0,0,0,0,NULL,'2020-06-25 15:29:05','2020-06-17 22:25:45'),(87,'MATSHITA BD-CMB UJ160',1,NULL,NULL,0,0,0,0,NULL,'2021-03-10 20:55:21','2020-06-18 20:21:59'),(88,'hp CDDVDW SN-208FB',1,NULL,NULL,0,0,0,0,NULL,'2020-03-13 13:26:20','2020-03-11 21:22:36'),(89,'ATAPI iHAS122 F',1,NULL,NULL,0,0,0,0,NULL,'2020-03-18 14:17:30','2020-03-13 02:18:12'),(90,'HL-DT-ST DVDRAM GUC0N',1,NULL,NULL,0,0,0,0,NULL,'2020-09-29 18:45:48','2020-06-25 15:33:47'),(91,'Kingston DT 101 G2 USB Device',1,NULL,NULL,0,0,0,0,NULL,'2021-03-10 20:55:05','2020-06-25 15:34:27'),(92,'Unidad de disquete',1,NULL,NULL,0,0,0,0,NULL,'2020-06-26 16:23:31','2020-06-25 15:36:06'),(93,'SMI Reader USB Device',1,NULL,NULL,0,0,0,0,NULL,'2020-06-26 16:23:31','2020-06-25 15:36:06'),(94,'HL-DT-ST DVDRAM GH24NS90 ATA Device',1,NULL,NULL,0,0,0,0,NULL,'2020-09-29 18:45:34','2020-06-25 15:36:14'),(95,'Generic USB SD Reader USB Device',1,NULL,NULL,0,0,0,0,NULL,'2020-03-13 13:26:20','2020-03-13 02:18:26'),(96,'Generic USB SM Reader USB Device',1,NULL,NULL,0,0,0,0,NULL,'2020-03-13 13:26:20','2020-03-13 02:18:26'),(97,'Generic USB MS Reader USB Device',1,NULL,NULL,0,0,0,0,NULL,'2020-03-13 13:26:20','2020-03-13 02:18:26'),(98,'Generic USB CF Reader USB Device',1,NULL,NULL,0,0,0,0,NULL,'2020-03-13 13:26:20','2020-03-13 02:18:26'),(99,'Generic- Compact Flash USB Device',1,NULL,NULL,0,0,0,0,NULL,'2020-06-26 16:25:53','2020-03-11 03:44:30'),(100,'Generic- MS/MS-Pro USB Device',1,NULL,NULL,0,0,0,0,NULL,'2020-06-26 16:25:53','2020-03-13 02:18:12'),(101,'Generic- SD/MMC USB Device',1,NULL,NULL,0,0,0,0,NULL,'2020-06-26 16:25:53','2020-03-11 03:45:55'),(102,'Generic- SM/xD-Picture USB Device',1,NULL,NULL,0,0,0,0,NULL,'2020-06-26 16:25:53','2020-03-11 03:45:55'),(103,'ATAPI iHAS122 F ATA Device',1,NULL,NULL,0,0,0,0,NULL,'2020-06-26 16:25:53','2020-04-13 07:17:06'),(104,'hp DVDRW DU8A6SH',1,NULL,NULL,0,0,0,0,NULL,'2020-06-26 16:20:54','2020-06-25 20:03:48'),(105,'TSSTcorp CDDVDW SU-208FB',1,NULL,NULL,0,0,0,0,NULL,'2021-02-15 23:41:23','2020-06-26 19:49:50'),(106,'PLDS DVD-RW DH16AESH',1,NULL,NULL,0,0,1,0,NULL,'2020-07-07 21:21:50','2020-07-06 21:18:52'),(107,'Generic- Compact Flash USB Device',1,NULL,NULL,0,0,0,0,NULL,'2020-07-13 13:01:55','2020-03-11 03:44:30'),(108,'Generic- MS/MS-Pro USB Device',1,NULL,NULL,0,0,0,0,NULL,'2020-07-13 13:01:55','2020-03-13 02:18:12'),(109,'Generic- SD/MMC USB Device',1,NULL,NULL,0,0,0,0,NULL,'2020-07-13 13:01:55','2020-03-11 03:45:55'),(110,'Generic- SM/xD-Picture USB Device',1,NULL,NULL,0,0,0,0,NULL,'2020-07-13 13:01:55','2020-03-11 03:45:55'),(111,'ATAPI iHAS122 F ATA Device',1,NULL,NULL,0,0,0,0,NULL,'2020-07-13 13:01:55','2020-04-13 07:17:06'),(112,'TOSHIBA MQ01ABD050',1,NULL,NULL,0,0,0,0,NULL,'2020-08-26 13:45:22','2020-07-09 23:01:47'),(113,'MATSHITADVD-RAM UJ8C0 1.01',1,NULL,NULL,0,0,0,0,NULL,'2020-08-26 13:45:22','2020-07-09 23:01:47'),(114,'Generic- Compact Flash USB Device',1,NULL,NULL,0,0,0,0,NULL,'2020-09-29 18:34:28','2020-03-11 03:44:30'),(115,'Generic- MS/MS-Pro USB Device',1,NULL,NULL,0,0,0,0,NULL,'2020-09-29 18:34:28','2020-03-13 02:18:12'),(116,'Generic- SD/MMC USB Device',1,NULL,NULL,0,0,0,0,NULL,'2020-09-29 18:34:28','2020-03-11 03:45:55'),(117,'Generic- SM/xD-Picture USB Device',1,NULL,NULL,0,0,0,0,NULL,'2020-08-11 17:09:39','2020-03-11 03:45:55'),(118,'ATAPI iHAS122 F ATA Device',1,NULL,NULL,0,0,0,0,NULL,'2020-08-11 17:09:39','2020-04-13 07:17:06'),(119,'HP USB DOCK USB Device',1,NULL,NULL,0,0,0,0,NULL,'2020-08-26 13:45:02','2020-07-23 13:44:15'),(120,'HL-DT-ST DVD-RAM GH22NS30',1,NULL,NULL,0,0,0,0,NULL,'2020-09-29 18:34:28','2020-07-24 16:59:52'),(121,'Kingston DataTraveler 3.0 USB Device',1,NULL,NULL,0,0,20,0,NULL,'2023-07-03 00:45:27','2020-03-11 03:44:30'),(122,'HP USB DOCK USB Device',1,NULL,NULL,0,0,0,0,NULL,'2020-07-23 13:45:51','2020-07-23 13:44:15'),(123,'hp DVDRW DU8A6SH',1,NULL,NULL,0,0,0,0,NULL,'2020-09-29 18:32:51','2020-06-25 20:03:48'),(124,'Generic- xD-Picture USB Device',1,NULL,NULL,0,0,0,0,NULL,'2020-09-29 18:34:28','2020-06-11 21:28:11'),(125,'Linux File-CD Gadget USB Device',1,NULL,NULL,0,0,0,0,NULL,'2020-08-10 14:49:40','2020-08-06 19:36:47'),(126,'HL-DT-ST DVDRAM GH24NS95 ATA Device',1,NULL,NULL,0,0,0,0,NULL,'2021-02-15 23:41:23','2020-08-26 13:44:23'),(127,'DVDFab Virtual Drive SCSI CdRom Device',1,NULL,NULL,0,0,0,0,NULL,'2021-02-15 23:41:23','2020-08-26 13:44:23'),(128,'MATSHITA DVD-RAM UJ8C0',1,NULL,NULL,0,0,0,0,NULL,'2021-03-10 20:44:32','2020-08-26 13:45:22'),(129,'hp DVD-RAM GH82N',1,NULL,NULL,0,0,0,0,NULL,'2021-03-10 20:54:45','2020-09-03 16:51:11'),(130,'Generic Flash Disk USB Device',1,NULL,NULL,0,0,15,0,NULL,'2023-07-03 02:13:09','2020-03-11 03:43:47'),(131,'hp DVD A DH16ACSHR',1,NULL,NULL,0,0,0,0,NULL,'2020-09-29 18:29:19','2020-09-07 14:26:13'),(132,'Kingston DataTraveler 2.0 USB Device',1,NULL,NULL,0,0,2,0,NULL,'2021-12-14 15:02:56','2020-09-10 14:06:29'),(133,'TSSTcorp CDDVDW SU-208GB',1,NULL,NULL,0,0,0,0,NULL,'2021-02-15 23:41:23','2020-09-11 15:45:44'),(134,'Kingston DT 100 G2 USB Device',1,NULL,NULL,0,0,0,0,NULL,'2020-09-29 18:27:51','2020-09-16 18:25:32'),(135,'Kingston DT 100 G2 USB Device',1,NULL,NULL,0,0,0,0,NULL,'2020-09-16 18:27:27','2020-09-16 18:25:32'),(136,'SMI USB DISK USB Device',1,NULL,NULL,0,0,15,0,NULL,'2023-07-03 02:13:12','2020-09-29 18:29:23'),(137,'Garmin Approach S60 Fla USB Device',1,NULL,NULL,0,0,0,0,NULL,'2021-03-10 20:43:50','2020-09-29 18:30:37'),(138,'TOSHIBA TransMemory USB Device',1,NULL,NULL,0,0,0,0,NULL,'2021-03-10 20:26:23','2020-09-29 18:46:01'),(139,'Kingston DT 100 G2 USB Device',1,NULL,NULL,0,0,1,0,NULL,'2020-09-29 18:27:51','2020-09-16 18:25:32'),(140,'Generic Flash Disk USB Device',1,NULL,NULL,0,0,0,0,NULL,'2021-03-10 20:54:35','2020-03-11 03:43:47'),(141,'Generic- Compact Flash USB Device',1,NULL,NULL,0,0,0,0,NULL,'2021-03-10 20:47:12','2020-03-11 03:44:30'),(142,'Generic- MS/MS-Pro USB Device',1,NULL,NULL,0,0,0,0,NULL,'2021-03-10 20:47:12','2020-03-13 02:18:12'),(143,'Generic- SD/MMC USB Device',1,NULL,NULL,0,0,0,0,NULL,'2021-03-10 20:47:12','2020-03-11 03:45:55'),(144,'Generic- SM/xD-Picture USB Device',1,NULL,NULL,0,0,0,0,NULL,'2021-03-10 20:47:12','2020-03-11 03:45:55'),(145,'Microsoft Virtual DVD-ROM',1,NULL,NULL,0,0,0,0,NULL,'2021-03-10 20:24:57','2020-10-08 13:55:10'),(146,'PLDS DVD-RW DH16AESH',1,NULL,NULL,0,0,15,0,NULL,'2023-07-03 02:13:06','2020-07-06 21:18:52'),(147,'HPE DVDRW DU8AESH',1,NULL,NULL,0,0,0,0,NULL,'2021-03-10 20:24:57','2020-03-25 21:12:32'),(148,'Generic- Compact Flash USB Device',1,NULL,NULL,0,0,0,0,NULL,'2021-02-15 23:41:23','2020-03-11 03:44:30'),(149,'Kingston DT 100 G2 USB Device',1,NULL,NULL,0,0,2,0,NULL,'2020-09-29 18:27:51','2020-09-16 18:25:32'),(150,'HL-DT-ST DVD-ROM DH50N',1,NULL,NULL,0,0,0,0,NULL,'2021-02-15 23:40:29','2020-12-02 14:00:16'),(151,'PLDS DVD-RW DH16AFSH',1,NULL,NULL,0,0,0,0,NULL,'2021-02-15 23:40:29','2020-12-02 15:57:23'),(152,'HL-DT-ST DVDRAM GH82N ATA Device',1,NULL,NULL,0,0,0,0,NULL,'2021-02-15 23:40:29','2020-12-02 15:57:31'),(153,'Multi Flash Reader USB Device',1,NULL,NULL,0,0,0,0,NULL,'2021-02-15 23:40:29','2020-12-02 15:57:50'),(154,'TSSTcorp DVD+-RW SH-216BB ATA Device',1,NULL,NULL,0,0,0,0,NULL,'2021-02-15 23:40:29','2020-12-02 15:58:01'),(155,'HL-DT-ST DVDRAM GH22NS50 SCSI CdRom Device',1,NULL,NULL,0,0,0,0,NULL,'2021-02-15 23:40:29','2020-12-03 13:19:32'),(156,'hp PLDS DVDRW DU8AESH',1,NULL,NULL,0,0,21,0,NULL,'2023-07-02 19:24:09','2020-12-03 16:55:38'),(157,'hp DVDRW DU8A6SH',1,NULL,NULL,0,0,1,0,NULL,'2021-03-12 18:43:46','2020-06-25 20:03:48'),(158,'General UDisk USB Device',1,NULL,NULL,0,0,21,0,NULL,'2023-07-02 19:24:10','2021-01-12 22:03:43'),(159,'USB 2.0 (HS) Flash Disk USB Device',1,NULL,NULL,0,0,1,0,NULL,'2022-05-10 23:09:32','2021-03-10 20:17:48'),(160,'SDHC SCSI Disk Device',1,NULL,NULL,0,0,1,0,NULL,'2021-03-10 20:23:57','2021-03-10 20:23:57'),(161,'TOSHIBA MQ02ABF100',1,NULL,NULL,0,0,1,0,NULL,'2021-03-10 20:37:23','2021-03-10 20:37:23'),(162,'SMI USB DISK USB Device',1,NULL,NULL,0,0,22,0,NULL,'2023-07-02 21:18:14','2020-09-29 18:29:23'),(163,'Generic- Multi-Card USB Device',1,NULL,NULL,0,0,0,0,NULL,'2020-10-07 16:02:28','2020-06-12 14:49:22'),(164,'EPSON Storage USB Device',1,NULL,NULL,0,0,0,0,NULL,'2020-09-29 19:40:02','2020-03-11 21:22:22'),(165,'PLDS DVD-RW DA8AESH SATA CdRom Device',1,NULL,NULL,0,0,1,0,NULL,'2021-04-16 22:23:14','2021-04-16 22:22:38'),(166,'Kingston DataTraveler 3.0 USB Device',1,NULL,NULL,0,0,22,0,NULL,'2023-07-02 21:21:04','2020-03-11 03:44:30'),(167,'Generic Flash Disk USB Device',1,NULL,NULL,0,0,20,0,NULL,'2023-07-02 21:57:42','2020-03-11 03:43:47'),(168,'VendorCo ProductCode USB Device',1,NULL,NULL,0,0,2,0,NULL,'2021-08-12 20:39:20','2021-06-18 20:50:47'),(169,'hp HLDS DVDRW GUD1N',1,NULL,NULL,0,0,2,0,NULL,'2021-08-12 20:39:20','2020-04-20 15:38:41'),(170,'ELBY CLONEDRIVE SCSI CdRom Device',1,NULL,NULL,0,0,22,0,NULL,'2023-07-02 21:18:09','2020-03-11 03:46:16'),(171,'Kingston DT 101 II USB Device',1,NULL,NULL,0,0,1,0,NULL,'2021-09-17 15:40:57','2021-09-17 15:39:52'),(172,'Kingston DT 101 II USB Device',1,NULL,NULL,0,0,2,0,NULL,'2021-09-17 15:40:57','2021-09-17 15:39:52'),(173,'hp HLDS DVDRW GUD1N',1,NULL,NULL,0,0,22,0,NULL,'2023-07-02 21:18:28','2020-04-20 15:38:41'),(174,'Kingston DataTraveler 2.0 USB Device',1,NULL,NULL,0,0,20,0,NULL,'2023-07-02 21:58:59','2020-09-10 14:06:29'),(175,'hp DVDRAM GUB0N',1,NULL,NULL,0,0,22,0,NULL,'2023-07-02 21:25:45','2020-03-29 04:28:47'),(176,'hp DVDRW UJ8FBA',1,NULL,NULL,0,0,2,0,NULL,'2022-04-25 18:25:01','2022-04-25 18:23:34'),(177,'USB2.0 Flash Disk USB Device',1,NULL,NULL,0,0,15,0,NULL,'2022-04-25 18:49:33','2022-04-25 18:45:55'),(178,'hp DVDRAM GT80N',1,NULL,NULL,0,0,15,0,NULL,'2020-09-29 18:35:25','2020-03-20 22:01:41'),(179,'hp DVDRAM GTB0N',1,NULL,NULL,0,0,15,0,NULL,'2020-09-29 18:42:15','2020-03-11 03:43:55'),(180,'HL-DT-ST DVDRAM GUE0N',1,NULL,NULL,0,0,0,0,NULL,'2023-05-04 22:20:56','2022-05-05 21:03:45'),(181,'MATSHITA DVD-RAM UJ8A7AS',1,NULL,NULL,0,0,19,0,NULL,'2023-08-04 14:09:25','2022-05-05 21:05:02'),(182,'Realtek USB CD-ROM USB Device',1,NULL,NULL,0,0,19,0,NULL,'2023-08-04 14:09:29','2022-05-05 21:06:27'),(183,'PLDS DVD-RW DU8A5SH',1,NULL,NULL,0,0,19,0,NULL,'2023-08-04 14:09:31','2022-05-05 21:07:39'),(184,'TSSTcorp CDDVDW SN-208BB',1,NULL,NULL,0,0,19,0,NULL,'2023-08-04 14:09:33','2022-05-05 21:08:37'),(185,'hp DV-W28S-W',1,NULL,NULL,0,0,19,0,NULL,'2023-08-04 14:09:35','2022-05-05 21:09:32'),(186,'hp DVD A DS8A8SH',1,NULL,NULL,0,0,19,0,NULL,'2023-08-04 14:09:36','2022-05-05 21:09:55'),(187,'PLDS DVD-RW DA8A5SH',1,NULL,NULL,0,0,19,0,NULL,'2023-08-04 14:09:38','2022-05-06 15:01:39'),(188,'Kingston DataTraveler 2.0 USB Device',1,NULL,NULL,0,0,0,0,NULL,'2023-05-04 22:20:56','2020-09-10 14:06:29'),(189,'hp DVDRAM GT80N',1,NULL,NULL,0,0,19,0,NULL,'2023-08-04 14:09:34','2020-03-20 22:01:41'),(190,'HL-DT-ST DVDRAM GT30N ATA Device',1,NULL,NULL,0,0,19,0,NULL,'2023-08-04 14:09:41','2022-05-18 16:06:42'),(191,'Kingston DataTraveler 2.0 USB Device',1,NULL,NULL,0,0,19,0,NULL,'2023-08-04 14:09:41','2020-09-10 14:06:29'),(192,'hp CDDVDW SN-208FB',1,NULL,NULL,0,0,19,0,NULL,'2023-08-04 14:09:42','2020-03-11 21:22:36'),(193,'Kingston DT 100 G2 USB Device',1,NULL,NULL,0,0,15,0,NULL,'2020-09-29 18:27:51','2020-09-16 18:25:32'),(194,'hp CDDVDW SN-208FB',1,NULL,NULL,0,0,2,0,NULL,'2020-06-25 15:41:11','2020-03-11 21:22:36'),(195,'Kingston DT 100 G2 USB Device',1,NULL,NULL,0,0,17,0,NULL,'2020-09-29 18:27:51','2020-09-16 18:25:32'),(196,'SCSI DISK USB Device',1,NULL,NULL,0,0,19,0,NULL,'2023-07-02 19:44:57','2022-09-26 18:08:16'),(197,'hp DVDRAM GU70N',1,NULL,NULL,0,0,19,0,NULL,'2023-07-02 19:44:57','2022-09-26 18:08:16'),(198,'hp DVD RAM UJ8C2',1,NULL,NULL,0,0,19,0,NULL,'2023-07-02 19:41:47','2022-09-28 17:36:36'),(199,'hp DVDRAM GU90N',1,NULL,NULL,0,0,15,0,NULL,'2023-09-22 17:25:05','2020-03-11 03:46:43'),(200,'NVMe KBG40ZNT256G TOSAELA',1,NULL,NULL,0,0,0,0,NULL,'2023-10-09 16:18:56','2022-12-23 20:09:30'),(201,'SCSI DISK USB Device',1,NULL,NULL,0,0,15,0,NULL,'2023-01-19 20:30:37','2022-09-26 18:08:16'),(202,'Kingston DT 101 II USB Device',1,NULL,NULL,0,0,15,0,NULL,'2021-09-17 15:40:57','2021-09-17 15:39:52'),(203,'hp HLDS DVDRW GUD1N',1,NULL,NULL,0,0,15,0,NULL,'2020-06-25 15:34:54','2020-04-20 15:38:41'),(204,'SMI USB DISK USB Device',1,NULL,NULL,0,0,15,0,NULL,'2020-09-29 18:29:23','2020-09-29 18:29:23'),(205,'hp DVDRW UJ8FBA',1,NULL,NULL,0,0,0,0,NULL,'2023-10-09 15:58:57','2022-04-25 18:23:34'),(206,'Kingston DataTraveler 3.0 USB Device',1,NULL,NULL,0,0,17,0,NULL,'2020-06-17 22:19:15','2020-03-11 03:44:30'),(207,'Kingston DataTraveler 3.0 USB Device',1,NULL,NULL,0,0,20,0,NULL,'2020-06-17 22:19:15','2020-03-11 03:44:30'),(208,'Kingston DataTraveler 2.0 USB Device',1,NULL,NULL,0,0,21,0,NULL,'2021-12-14 15:02:56','2020-09-10 14:06:29'),(209,'Kingston DT 100 G2 USB Device',1,NULL,NULL,0,0,21,0,NULL,'2020-09-29 18:27:51','2020-09-16 18:25:32'),(210,'EPSON Storage USB Device',1,NULL,NULL,0,0,21,0,NULL,'2020-09-29 19:40:02','2020-03-11 21:22:22'),(223,'Generic Flash Disk USB Device',1,NULL,NULL,0,0,21,0,NULL,'2020-06-25 15:40:29','2020-03-11 03:43:47'),(224,'Kingston DataTraveler 3.0 USB Device',1,NULL,NULL,0,0,21,0,NULL,'2020-06-17 22:19:15','2020-03-11 03:44:30'),(225,'Kingston DT 101 II USB Device',1,NULL,NULL,0,0,21,0,NULL,'2021-09-17 15:40:57','2021-09-17 15:39:52'),(226,'Kingston DataTraveler 2.0 USB Device',1,NULL,NULL,0,0,19,0,NULL,'2023-05-04 22:20:56','2020-09-10 14:06:29'),(227,'ELBY CLONEDRIVE SCSI CdRom Device',1,NULL,NULL,0,0,22,0,NULL,'2020-03-13 13:26:20','2020-03-11 03:46:16'),(228,'Kingston DT 100 G2 USB Device',1,NULL,NULL,0,0,22,0,NULL,'2020-09-29 18:27:51','2020-09-16 18:25:32'),(229,'Kingston DT 101 II USB Device',1,NULL,NULL,0,0,22,0,NULL,'2021-09-17 15:40:57','2021-09-17 15:39:52'),(230,'Kingston DataTraveler 2.0 USB Device',1,NULL,NULL,0,0,22,0,NULL,'2021-12-14 15:02:56','2020-09-10 14:06:29'),(231,'KINGSTON SA400S3S3H0',1,NULL,NULL,0,0,0,0,NULL,'2023-08-10 13:45:18','2023-08-10 13:45:18'),(232,'Slimtype DVD A DA8AESH',1,NULL,NULL,0,0,19,0,NULL,'2023-08-29 18:26:03','2023-08-29 18:23:37'),(233,'Kingston DataTraveler 2.0 USB Device',1,NULL,NULL,0,0,1,0,NULL,'2021-12-14 15:02:56','2020-09-10 14:06:29');

--
-- Table structure for table `glpi_devicefirmwaremodels`
--

CREATE TABLE `glpi_devicefirmwaremodels` (
  `id` int unsigned NOT NULL AUTO_INCREMENT,
  `name` varchar(255) CHARACTER SET utf8mb4 COLLATE utf8mb4_unicode_ci DEFAULT NULL,
  `comment` mediumtext CHARACTER SET utf8mb4 COLLATE utf8mb4_unicode_ci,
  `product_number` varchar(255) CHARACTER SET utf8mb4 COLLATE utf8mb4_unicode_ci DEFAULT NULL,
  PRIMARY KEY (`id`),
  KEY `name` (`name`),
  KEY `product_number` (`product_number`)
) ENGINE=InnoDB AUTO_INCREMENT=119 DEFAULT CHARSET=utf8mb4 COLLATE=utf8mb4_unicode_ci;

--
-- Dumping data for table `glpi_devicefirmwaremodels`
--

INSERT INTO `glpi_devicefirmwaremodels` VALUES (1,'HP ProDesk 600 G1 SFF','',NULL),(2,'HP ProBook 440 G2','',NULL),(3,'HP ProBook 440 G6','',NULL),(4,'18-4200la','',NULL),(5,'HP EliteDesk 800 G1 SFF','',NULL),(6,'ProLiant ML110 Gen9','',NULL),(7,'HP ProBook 440 G1','',NULL),(8,'Aspire X3990','',NULL),(9,'HP ProBook 440 G5','',NULL),(10,'Aspire E5-471','',NULL),(11,'HP ProBook 440 G3','',NULL),(12,'MS-7636','',NULL),(13,'Aspire M3800','',NULL),(14,'HP 440 G1','',NULL),(15,'HP ProBook 440 G4','',NULL),(16,'HP Compaq Pro 6300 SFF','',NULL),(17,'HP ProDesk 400 G1 SFF','',NULL),(18,'80T6','',NULL),(19,'System Product Name','',NULL),(20,'HP ProBook 430 G2','',NULL),(21,'HP ProBook 430 G6','',NULL),(22,'H61H2-MV','',NULL),(23,'To be filled by O.E.M.','',NULL),(24,'MS-7817','',NULL),(25,'5033A','',NULL),(26,'80EC','',NULL),(27,'HP 1000 Notebook PC','',NULL),(28,'Latitude E7440','',NULL),(29,'HP ProoBook 440 G3','',NULL),(30,'HP ProDesk 400 G2.5 SFF','',NULL),(31,'HP 240 G6 Notebook PC','',NULL),(32,'HP Notebook','',NULL),(33,'HP ProDesk 400 G5 SFF','',NULL),(34,'20AR000YLM','',NULL),(35,'300E4C/300E5C/300E7C','',NULL),(36,'H110M-H','',NULL),(37,'20KQA00V00','',NULL),(38,'Aspire A315-51','',NULL),(39,'HP G42 Notebook PC','',NULL),(40,'20HEA07600','',NULL),(41,'Aspire S3-391','',NULL),(42,'X555DG','',NULL),(43,'HP Pavilion g4 Notebook PC','',NULL),(44,'N56JRH','',NULL),(45,'80KY','',NULL),(46,'G31M-ES2C','',NULL),(47,'DH67BL__','',NULL),(48,'Satellite C55D-B','',NULL),(49,'10B7003ULS','',NULL),(50,'Satellite C845','',NULL),(51,'HP 240 G4 Notebook PC','',NULL),(52,'IBM System x3200 M2 -[436734U]-','',NULL),(53,'HP ProBook 440 G7','',NULL),(54,'20N9S13000','',NULL),(55,'A68I-350 DELUXE','',NULL),(56,'TravelMate P214-52','',NULL),(57,'HP Compaq Elite 8300 SFF','',NULL),(58,'20H1000400','',NULL),(59,'TravelMate P2410-G2-M','',NULL),(60,'20N9S01W00','',NULL),(61,'PowerEdge T110 II','',NULL),(62,'ThinkServer TS150','',NULL),(63,'Aspire XC100','',NULL),(64,'HP 14 Notebook PC','',NULL),(65,'H81H3-M4','',NULL),(66,'Inspiron 620s','',NULL),(67,'M61PMV','',NULL),(68,'HP ProDesk 400 G4 SFF','',NULL),(69,'HP ProDesk 600 G2 SFF','',NULL),(70,'Inspiron 3459','',NULL),(71,'20T1S2AM00','',NULL),(72,'Redmi Note 8','',NULL),(73,'M2003J15SC','',NULL),(74,'Latitude 7420','',NULL),(75,'Vostro 5481','',NULL),(76,'20RBS7GM00','',NULL),(77,'20RBS35U00','',NULL),(78,'Latitude 5420','',NULL),(79,'20RBS7GN00','',NULL),(80,'HP ProDesk 400 G3 SFF','',NULL),(81,'Vostro 3400','',NULL),(82,'HP ProBook 440 G8 Notebook PC','',NULL),(83,'Vostro 5402','',NULL),(84,'20RBS36U00','',NULL),(85,'Latitude 3410','',NULL),(86,'Latitude 3420','',NULL),(87,'20ET001201','',NULL),(88,'HP 200 G4 22 All-in-One PC','',NULL),(89,'HP 1155 18.5 AiO Business PC','',NULL),(90,'HP 205 G2 AiO Business PC','',NULL),(91,'10UL001JLS','',NULL),(92,'HP Laptop 14-cf2xxx','',NULL),(93,'700Z3C/700Z5C','',NULL),(94,'VivoBook S15 X510UF','',NULL),(95,'VivoBook_ASUSLaptop X509JB_X509JB','',NULL),(96,'X510UNR','',NULL),(97,'Aspire A315-57G','',NULL),(98,'10149','',NULL),(99,'HP All-in-One 22-c1xx','',NULL),(100,'M300A2A','',NULL),(101,'23-b037la','',NULL),(102,'120-1026la','',NULL),(103,'DP505/DM515','',NULL),(104,'20369','',NULL),(105,'VivoBook_ASUSLaptop X513EAN_K513EA','',NULL),(106,'Lenovo C325','',NULL),(107,'23-g020la','',NULL),(108,'Aspire AV15-51','',NULL),(109,'Aspire A314-22G','',NULL),(110,'ProLiant MicroServer Gen10','',NULL),(111,'TUF Gaming FX505DT_FX505DT','',NULL),(112,'20L6SEQQ00','',NULL),(113,'20TBS1P900','',NULL),(114,'HP ProBook 440 14 inch G9 Notebook PC','',NULL),(115,'HP ProDesk 400 G6 Desktop Mini PC','',NULL),(116,'20B6006CLM','',NULL),(117,'20RBS8BX00','',NULL),(118,'X555QG','',NULL);

--
-- Table structure for table `glpi_devicefirmwares`
--

CREATE TABLE `glpi_devicefirmwares` (
  `id` int unsigned NOT NULL AUTO_INCREMENT,
  `designation` varchar(255) CHARACTER SET utf8mb4 COLLATE utf8mb4_unicode_ci DEFAULT NULL,
  `comment` mediumtext CHARACTER SET utf8mb4 COLLATE utf8mb4_unicode_ci,
  `manufacturers_id` int unsigned NOT NULL DEFAULT '0',
  `date` date DEFAULT NULL,
  `version` varchar(255) CHARACTER SET utf8mb4 COLLATE utf8mb4_unicode_ci DEFAULT NULL,
  `devicefirmwaretypes_id` int unsigned NOT NULL DEFAULT '0',
  `entities_id` int unsigned NOT NULL DEFAULT '0',
  `is_recursive` tinyint(1) NOT NULL DEFAULT '0',
  `devicefirmwaremodels_id` int unsigned DEFAULT NULL,
  `date_mod` timestamp NULL DEFAULT NULL,
  `date_creation` timestamp NULL DEFAULT NULL,
  PRIMARY KEY (`id`),
  KEY `designation` (`designation`),
  KEY `manufacturers_id` (`manufacturers_id`),
  KEY `entities_id` (`entities_id`),
  KEY `is_recursive` (`is_recursive`),
  KEY `date_mod` (`date_mod`),
  KEY `date_creation` (`date_creation`),
  KEY `devicefirmwaremodels_id` (`devicefirmwaremodels_id`),
  KEY `devicefirmwaretypes_id` (`devicefirmwaretypes_id`)
) ENGINE=InnoDB AUTO_INCREMENT=619 DEFAULT CHARSET=utf8mb4 COLLATE=utf8mb4_unicode_ci;

--
-- Dumping data for table `glpi_devicefirmwares`
--

INSERT INTO `glpi_devicefirmwares` VALUES (1,'L01 v02.65','07/13/2015 - MXL5511MVF',1,NULL,NULL,4,0,0,1,'2020-06-25 15:40:25','2020-03-11 03:43:05'),(2,'M73 Ver. 01.49','07/30/2018 - Hewlett-Packard',1,NULL,NULL,5,0,0,2,'2020-06-25 15:34:36','2020-03-11 03:43:15'),(3,'R71 Ver. 01.10.00','01/03/2020 - 5CD9326XHC',9,NULL,NULL,5,15,0,3,'2023-07-03 02:12:55','2020-03-11 03:43:25'),(4,'80.08','02/09/2015 - 4CE527015Y',1,NULL,NULL,6,0,0,4,'2020-09-29 18:36:07','2020-03-11 03:43:36'),(5,'L01 v02.57','12/11/2014 - MXL5200WK2',1,NULL,NULL,4,0,0,5,'2020-06-25 15:40:01','2020-03-11 03:43:47'),(6,'P99','05/05/2016 - ',9,NULL,NULL,7,0,0,6,'2020-06-25 15:40:08','2020-03-11 03:44:01'),(7,'L74 Ver. 01.48','04/18/2019 - Hewlett-Packard',1,NULL,NULL,5,21,0,7,'2023-07-02 19:23:53','2020-03-11 03:44:12'),(8,'R71 Ver. 01.09.01','10/16/2019 - 5CD9501VS2',9,NULL,NULL,5,1,0,3,'2020-03-13 20:05:59','2020-03-11 03:44:22'),(9,'P01-A2','04/14/2011 - ',16,NULL,NULL,8,0,0,8,'2020-06-25 15:41:55','2020-03-11 03:44:30'),(10,'Q85 Ver. 01.06.00','01/03/2019 - 5CD8523NV9',9,NULL,NULL,5,2,0,9,'2020-03-13 20:02:49','2020-03-11 03:44:38'),(11,'V1.21','09/24/2014 - ',16,NULL,NULL,5,0,0,10,'2020-06-25 15:34:27','2020-03-11 03:44:46'),(12,'N78 Ver. 01.44','10/31/2019 - ',9,NULL,NULL,5,0,0,11,'2020-06-25 15:40:13','2020-03-11 03:44:56'),(13,'R71 Ver. 01.08.03','07/17/2019 - 5CD941GS3X',9,NULL,NULL,5,1,0,3,'2020-03-21 23:46:55','2020-03-11 03:45:06'),(14,'V17.1','09/02/2010 - To Be Filled By O.E.M.',17,NULL,NULL,8,0,0,12,'2020-06-25 15:39:57','2020-03-11 03:45:21'),(15,'N78 Ver. 01.38','01/21/2019 - 5CD6283122',9,NULL,NULL,5,15,0,11,'2023-07-03 02:12:59','2020-03-11 03:45:38'),(16,'P01-A0','03/19/2009 - ',16,NULL,NULL,8,0,0,13,'2020-06-25 15:38:46','2020-03-11 03:45:55'),(17,'R71 Ver. 01.02.00','01/09/2019 - 5CD909222C',9,NULL,NULL,5,19,0,3,'2023-07-02 19:44:46','2020-03-11 03:46:16'),(18,'L74 Ver. 01.09','04/29/2014 - Hewlett-Packard',1,NULL,NULL,5,0,0,7,'2020-06-25 15:35:07','2020-03-11 03:46:43'),(19,'P85 Ver. 01.25','03/01/2019 - 5CD7050YMH',9,NULL,NULL,5,0,0,15,'2020-09-29 18:46:14','2020-03-11 03:46:52'),(20,'L01 v02.30','04/22/2014 - MXL4221P6Z',1,NULL,NULL,4,15,0,1,'2023-07-03 02:12:52','2020-03-11 03:47:01'),(21,'K01 v02.83','10/29/2012 - MXL32903JZ',1,NULL,NULL,4,0,0,16,'2020-06-25 15:40:40','2020-03-11 03:47:10'),(22,'L02 v02.39','12/11/2014 - MXL52326WQ',1,NULL,NULL,4,0,0,17,'2020-06-25 15:39:46','2020-03-11 03:47:18'),(23,'1GCN17WW','08/08/2016 - NO Asset Tag',21,NULL,NULL,5,0,0,18,'2021-03-10 20:51:06','2020-03-11 03:47:34'),(24,'Q85 Ver. 01.06.00','01/03/2019 - 5CD8523NV9',9,NULL,NULL,5,0,0,9,'2020-06-25 15:41:48','2020-03-11 03:44:38'),(25,'Q85 Ver. 01.02.04','01/30/2018 - 5CD818046W',9,NULL,NULL,5,0,0,9,'2020-06-24 15:25:01','2020-03-11 21:21:24'),(26,'Q85 Ver. 01.01.07','10/17/2017 - ',9,NULL,NULL,5,21,0,9,'2023-07-02 19:23:56','2020-03-11 21:21:34'),(27,'M74 Ver. 01.49','07/30/2018 - ',1,NULL,NULL,5,0,0,2,'2020-06-25 15:31:39','2020-03-11 21:21:49'),(28,'3019','06/01/2017 - Default string',22,NULL,NULL,8,0,0,19,'2020-06-25 15:40:51','2020-03-11 21:22:07'),(29,'Q85 Ver. 01.09.01','10/15/2019 - 5CD8080S2H',9,NULL,NULL,5,15,0,9,'2023-07-03 02:12:55','2020-03-11 21:22:44'),(30,'M74 Ver. 01.53','10/24/2019 - Hewlett-Packard',1,NULL,NULL,5,0,0,20,'2020-09-29 18:46:25','2020-03-11 21:23:13'),(31,'N78 Ver. 01.39','04/16/2019 - ',9,NULL,NULL,5,0,0,11,'2020-09-29 18:35:51','2020-03-11 21:23:34'),(32,'4.6.5','08/22/2014 - To Be Filled By O.E.M.',25,NULL,NULL,0,0,0,22,'2020-06-25 15:39:00','2020-03-11 21:24:06'),(33,'R71 Ver. 01.08.03','07/17/2019 - 5CD941GS3X',9,NULL,NULL,5,0,0,3,'2020-03-29 04:28:52','2020-03-11 03:45:06'),(34,'R71 Ver. 01.10.00','01/03/2020 - 5CD9326XHC',9,NULL,NULL,5,15,0,3,'2023-07-03 02:12:57','2020-03-11 03:43:25'),(35,'Q85 Ver. 01.02.04','01/30/2018 - 5CD818046W',9,NULL,NULL,5,0,0,9,'2020-06-25 15:39:23','2020-03-11 21:21:24'),(36,'F1 JB','04/23/2015 - To Be Filled By O.E.M.',30,NULL,NULL,8,0,0,23,'2020-06-25 15:41:06','2020-03-13 02:18:12'),(37,'P1.80','10/20/2010 - To Be Filled By O.E.M.',31,NULL,NULL,8,1,0,23,'2020-03-13 13:26:20','2020-03-13 02:18:26'),(38,'V6.7','04/21/2015 - To be filled by O.E.M.',17,NULL,NULL,8,0,0,24,'2020-06-25 15:41:00','2020-03-13 02:19:42'),(39,'Q85 Ver. 01.06.00','01/03/2019 - 5CD8523NV9',9,NULL,NULL,5,0,0,9,'2020-06-25 15:41:16','2020-03-11 03:44:38'),(40,'R71 Ver. 01.09.01','10/16/2019 - 5CD9501VS2',9,NULL,NULL,5,0,0,3,'2020-03-20 22:02:17','2020-03-11 03:44:22'),(41,'L01 v02.65','07/13/2015 - MXL5511MVF',1,NULL,NULL,4,0,0,1,'2020-06-25 15:41:11','2020-03-11 03:43:05'),(42,'L01 v02.57','12/11/2014 - MXL5200WK2',1,NULL,NULL,4,0,0,5,'2020-06-25 15:40:36','2020-03-11 03:43:47'),(43,'R71 Ver. 01.10.00','01/03/2020 - 5CD9326XHC',9,NULL,NULL,5,0,0,3,'2021-03-10 20:55:24','2020-03-11 03:43:25'),(44,'R71 Ver. 01.08.03','07/17/2019 - 5CD941GS3X',9,NULL,NULL,5,0,0,3,'2020-03-20 22:01:22','2020-03-11 03:45:06'),(45,'unknown','02/21/19 - O11019-0123456789',33,NULL,NULL,9,0,0,25,'2020-06-25 15:38:45','2020-03-13 22:09:33'),(46,'R71 Ver. 01.09.01','10/16/2019 - 5CD9501VS2',9,NULL,NULL,5,0,0,3,'2020-03-11 03:44:22','2020-03-11 03:44:22'),(47,'A4CN42WW (V 2.11)','07/27/2016 - No Asset Tag',21,NULL,NULL,5,0,0,26,'2020-06-25 15:38:14','2020-03-20 22:01:06'),(48,'F.3C','10/11/2013 - 5CG34448YW',1,NULL,NULL,5,0,0,27,'2020-09-29 18:35:25','2020-03-20 22:01:41'),(49,'R71 Ver. 01.10.00','01/03/2020 - 5CD9326XHC',9,NULL,NULL,5,0,0,3,'2020-03-11 03:43:25','2020-03-11 03:43:25'),(50,'A27','09/10/2018 - ',35,NULL,NULL,10,0,0,28,'2021-03-10 20:54:35','2020-03-20 22:02:37'),(51,'R71 Ver. 01.02.00','01/09/2019 - 5CD909222C',9,NULL,NULL,5,15,0,3,'2023-07-03 02:13:13','2020-03-11 03:46:16'),(52,'Q85 Ver. 01.06.00','01/03/2019 - 5CD8523NV9',9,NULL,NULL,5,0,0,9,'2020-03-11 03:44:38','2020-03-11 03:44:38'),(53,'R71 Ver. 01.08.03','07/17/2019 - 5CD941GS3X',9,NULL,NULL,5,0,0,3,'2020-05-28 22:49:06','2020-03-11 03:45:06'),(54,'R71 Ver. 01.02.00','01/09/2019 - 5CD909222C',9,NULL,NULL,5,0,0,3,'2020-06-25 15:38:39','2020-03-11 03:46:16'),(55,'Q85 Ver. 01.03.00','07/20/2018 - 5CD818045L',9,NULL,NULL,5,0,0,9,'2020-03-24 13:19:50','2020-03-24 13:19:50'),(56,'Q85 Ver. 01.08.01','07/18/2019 - 5CD8233TMK',9,NULL,NULL,5,1,0,9,'2020-07-07 21:20:10','2020-03-24 13:48:46'),(57,'P85 Ver. 01.29','14/07/2019 - 5CD7383W9F',9,NULL,NULL,5,15,0,15,'2023-01-19 20:29:53','2020-03-26 16:26:14'),(58,'P1.70','03/01/2013 - To Be Filled By O.E.M.',31,NULL,NULL,8,0,0,23,'2020-06-25 15:36:01','2020-03-29 04:28:33'),(59,'02.12','07/22/2015 - MXL5392PD7',9,NULL,NULL,8,0,0,30,'2020-06-25 15:35:56','2020-03-29 04:28:47'),(60,'F3','04/17/2013 - To Be Filled By O.E.M.',30,NULL,NULL,8,0,0,23,'2020-06-25 15:35:53','2020-03-29 04:29:24'),(61,'V6.6','07/22/2014 - To be filled by O.E.M.',17,NULL,NULL,8,1,0,24,'2020-10-07 16:02:28','2020-04-13 07:17:06'),(62,'F.44','13/12/2018 - ',9,NULL,NULL,5,0,0,31,'2021-03-10 20:41:30','2020-04-17 12:20:04'),(63,'F.1D','12/02/2015 - 5CG6117RMR',9,NULL,NULL,5,0,0,32,'2020-06-25 15:35:30','2020-04-17 12:20:53'),(64,'Q85 Ver. 01.08.01','07/18/2019 - 5CD8233TMK',9,NULL,NULL,5,0,0,9,'2020-06-26 16:23:17','2020-03-24 13:48:46'),(65,'Q08 Ver. 02.02.03','07/25/2018 - MXL84520Q1',9,NULL,NULL,8,22,0,33,'2023-07-02 21:18:06','2020-04-20 15:38:41'),(66,'GJETA1WW (2.51 )','02/26/2019 - No Asset Information',21,NULL,NULL,5,0,0,34,'2021-03-10 20:55:23','2020-04-22 13:48:26'),(67,'GJETA3WW (2.53 )','08/26/2019 - No Asset Information',21,NULL,NULL,5,1,0,34,'2020-04-22 14:04:25','2020-04-22 14:04:25'),(68,'Q85 Ver. 01.03.00','07/20/2018 - 5CD818045L',9,NULL,NULL,5,0,0,9,'2020-06-30 13:52:45','2020-03-24 13:19:50'),(69,'R71 Ver. 01.11.01','04/27/2020 - 5CD9326YLM',9,NULL,NULL,5,0,0,3,'2020-06-25 15:29:57','2020-05-28 22:50:56'),(70,'F3','04/17/2013 - To Be Filled By O.E.M.',30,NULL,NULL,8,0,0,23,'2020-06-25 15:33:09','2020-03-29 04:29:24'),(71,'P04RAP','10/15/2012 - No Asset Tag',40,NULL,NULL,10,0,0,35,'2020-06-25 15:32:13','2020-06-11 20:18:04'),(72,'K01 v02.83','10/29/2012 - MXL32903JZ',1,NULL,NULL,4,0,0,16,'2020-03-11 21:21:02','2020-03-11 03:47:10'),(73,'F20 ZA','30/12/2016 - Default string',30,NULL,NULL,8,0,0,36,'2020-06-25 15:31:05','2020-06-11 21:28:11'),(74,'R0PET57W (1.34 )','04/06/2019 - No Asset Information',21,NULL,NULL,5,0,0,37,'2020-06-25 15:30:51','2020-06-11 22:44:47'),(75,'V1.05','12/09/2017 - ',16,NULL,NULL,5,1,0,38,'2021-03-10 20:09:31','2020-06-11 23:39:09'),(76,'R0PET51W (1.28 )','21/12/2018 - No Asset Information',21,NULL,NULL,5,0,0,37,'2020-06-25 15:30:28','2020-06-12 02:53:34'),(77,'F.26','11/08/2010 - ',1,NULL,NULL,5,0,0,39,'2021-03-10 20:50:10','2020-06-12 14:49:22'),(78,'R71 Ver. 01.08.03','07/17/2019 - 5CD941GS3X',9,NULL,NULL,5,0,0,3,'2020-06-24 15:25:13','2020-03-11 03:45:06'),(79,'N1QET87W (1.62 )','27/02/2020 - No Asset Information',21,NULL,NULL,5,1,0,40,'2020-08-04 20:35:44','2020-06-16 18:34:15'),(80,'0502','11/18/2016 - Asset-1234567890',22,NULL,NULL,8,0,0,19,'2020-06-25 15:29:27','2020-06-16 19:37:43'),(81,'V1.15','04/20/2012 - Chassis Asset Tag',16,NULL,NULL,5,0,0,41,'2020-09-29 18:34:49','2020-06-17 15:42:47'),(82,'X555DG.604','29/01/2019 - ATN12345678901234567',23,NULL,NULL,5,0,0,42,'2020-09-29 18:38:39','2020-06-17 22:18:48'),(83,'F.04','02/11/2011 - ',1,NULL,NULL,5,0,0,43,'2020-06-25 15:29:05','2020-06-17 22:25:45'),(84,'N56JRH.201','02/11/2014 - No Asset Tag',23,NULL,NULL,5,0,0,44,'2021-03-10 20:55:21','2020-06-18 20:21:59'),(85,'L01 v02.65','07/13/2015 - MXL5511MVF',1,NULL,NULL,4,0,0,1,'2020-03-11 21:21:02','2020-03-11 03:43:05'),(86,'Q85 Ver. 01.09.01','10/15/2019 - 5CD8080S2H',9,NULL,NULL,5,0,0,9,'2020-06-02 19:42:41','2020-03-11 21:22:44'),(87,'N78 Ver. 01.47','04/27/2020 - ',9,NULL,NULL,5,0,0,11,'2020-06-26 16:23:47','2020-06-25 15:33:16'),(88,'B0CN93WW','07/23/2015 - NO Asset Tag',21,NULL,NULL,5,0,0,45,'2020-09-29 18:45:48','2020-06-25 15:33:47'),(89,'FJa','05/07/2010 - ',30,NULL,NULL,8,0,0,46,'2020-06-26 16:23:31','2020-06-25 15:36:06'),(90,'BLH6710H.86A.0146.2011.1222.1415','22/12/2011 - ',46,NULL,NULL,8,0,0,47,'2020-09-29 18:45:34','2020-06-25 15:36:14'),(91,'P99','05/05/2016 - ',9,NULL,NULL,7,0,0,6,'2020-03-13 13:24:26','2020-03-11 03:44:01'),(92,'N78 Ver. 01.44','10/31/2019 - ',9,NULL,NULL,5,0,0,11,'2020-03-12 18:13:44','2020-03-11 03:44:56'),(93,'A27','09/10/2018 - ',35,NULL,NULL,10,0,0,28,'2020-03-21 23:46:55','2020-03-20 22:02:37'),(94,'P1.80','10/20/2010 - To Be Filled By O.E.M.',31,NULL,NULL,8,0,0,23,'2020-03-13 13:26:20','2020-03-13 02:18:26'),(95,'1GCN17WW','08/08/2016 - NO Asset Tag',21,NULL,NULL,5,0,0,18,'2020-08-04 20:33:44','2020-03-11 03:47:34'),(96,'L01 v02.65','07/13/2015 - MXL5511MVF',1,NULL,NULL,4,0,0,1,'2020-09-29 18:44:48','2020-03-11 03:43:05'),(97,'Q85 Ver. 01.02.04','01/30/2018 - 5CD818046W',9,NULL,NULL,5,0,0,9,'2020-06-26 16:26:17','2020-03-11 21:21:24'),(98,'Q85 Ver. 01.06.00','01/03/2019 - 5CD8523NV9',9,NULL,NULL,5,0,0,9,'2020-06-26 16:26:35','2020-03-11 03:44:38'),(99,'N78 Ver. 01.44','10/31/2019 - ',9,NULL,NULL,5,0,0,11,'2020-06-26 16:23:11','2020-03-11 03:44:56'),(100,'V6.6','07/22/2014 - To be filled by O.E.M.',17,NULL,NULL,8,0,0,24,'2020-06-26 16:25:53','2020-04-13 07:17:06'),(101,'R71 Ver. 01.08.03','07/17/2019 - 5CD941GS3X',9,NULL,NULL,5,0,0,3,'2020-06-26 16:26:54','2020-03-11 03:45:06'),(102,'R71 Ver. 01.02.00','01/09/2019 - 5CD909222C',9,NULL,NULL,5,0,0,3,'2020-08-11 17:09:51','2020-03-11 03:46:16'),(103,'Q85 Ver. 01.08.01','07/18/2019 - 5CD8233TMK',9,NULL,NULL,5,0,0,9,'2020-03-24 13:48:46','2020-03-24 13:48:46'),(104,'N78 Ver. 01.38','01/21/2019 - 5CD6283122',9,NULL,NULL,5,0,0,11,'2020-09-29 18:38:06','2020-03-11 03:45:38'),(105,'R71 Ver. 01.02.00','01/09/2019 - 5CD909222C',9,NULL,NULL,5,0,0,3,'2020-06-30 13:53:01','2020-03-11 03:46:16'),(106,'Q85 Ver. 01.06.00','01/03/2019 - 5CD8523NV9',9,NULL,NULL,5,21,0,9,'2023-07-02 19:20:44','2020-03-11 03:44:38'),(107,'1.30','06/06/2014 - *',48,NULL,NULL,5,0,0,48,'2021-02-15 23:41:23','2020-06-26 19:49:50'),(108,'R71 Ver. 01.02.00','01/09/2019 - 5CD909222C',9,NULL,NULL,5,0,0,3,'2020-07-01 13:52:18','2020-03-11 03:46:16'),(109,'Q85 Ver. 01.03.00','07/20/2018 - 5CD818045L',9,NULL,NULL,5,0,0,9,'2020-09-29 18:37:18','2020-03-24 13:19:50'),(110,'R0PET63W (1.40 )','03/01/2020 - No Asset Information',21,NULL,NULL,5,21,0,37,'2023-07-02 19:24:01','2020-06-30 14:58:18'),(111,'R71 Ver. 01.02.00','01/09/2019 - 5CD909222C',9,NULL,NULL,5,0,0,3,'2020-07-03 20:06:08','2020-03-11 03:46:16'),(112,'V1.29','07/03/2013 - Chassis Asset Tag',16,NULL,NULL,5,1,0,41,'2020-07-13 13:07:42','2020-07-06 21:18:40'),(113,'FCKT57AUS','07/10/2014 - ',21,NULL,NULL,8,1,0,49,'2020-07-07 21:21:50','2020-07-06 21:18:52'),(114,'R71 Ver. 01.02.01','03/18/2019 - 5CD9193KN5',9,NULL,NULL,5,0,0,3,'2021-03-10 20:53:55','2020-07-06 21:22:30'),(115,'R71 Ver. 01.02.00','01/09/2019 - 5CD909222C',9,NULL,NULL,5,0,0,3,'2020-07-07 21:18:54','2020-03-11 03:46:16'),(116,'A27','09/10/2018 - ',35,NULL,NULL,10,0,0,28,'2020-07-09 14:57:29','2020-03-20 22:02:37'),(117,'R71 Ver. 01.02.00','01/09/2019 - 5CD909222C',9,NULL,NULL,5,0,0,3,'2020-07-09 14:57:38','2020-03-11 03:46:16'),(118,'V6.6','07/22/2014 - To be filled by O.E.M.',17,NULL,NULL,8,0,0,24,'2020-07-13 13:01:55','2020-04-13 07:17:06'),(119,'GJETA2WW (2.52 )','05/23/2019 - No Asset Information',21,NULL,NULL,5,15,0,34,'2023-07-03 02:13:04','2020-07-09 14:57:18'),(120,'6.00','08/22/2012 - No Asset Tag',48,NULL,NULL,5,0,0,50,'2021-03-10 20:44:32','2020-07-09 23:01:47'),(121,'F.1A','10/13/2015 - 5CG5524Q16',1,NULL,NULL,5,1,0,51,'2020-08-04 20:35:44','2020-07-13 13:01:22'),(122,'R71 Ver. 01.02.00','01/09/2019 - 5CD909222C',9,NULL,NULL,5,0,0,3,'2020-07-14 18:26:55','2020-03-11 03:46:16'),(123,'N78 Ver. 01.44','10/31/2019 - ',9,NULL,NULL,5,0,0,11,'2020-09-29 18:35:58','2020-03-11 03:44:56'),(124,'A27','09/10/2018 - ',35,NULL,NULL,10,0,0,28,'2020-07-16 03:43:32','2020-03-20 22:02:37'),(125,'V6.6','07/22/2014 - To be filled by O.E.M.',17,NULL,NULL,8,0,0,24,'2020-08-11 17:09:39','2020-04-13 07:17:06'),(126,'R71 Ver. 01.02.00','01/09/2019 - 5CD909222C',9,NULL,NULL,5,0,0,3,'2020-07-16 03:43:57','2020-03-11 03:46:16'),(127,'IBM BIOS Version 1.41 -[GUE141AUS-1.41]-','02/13/2009 - ',50,NULL,NULL,11,0,0,52,'2021-03-10 20:54:54','2020-07-16 03:43:24'),(128,'R71 Ver. 01.03.00','04/29/2019 - 5CD90921FQ',9,NULL,NULL,5,0,0,3,'2020-09-29 18:35:14','2020-07-16 15:24:21'),(129,'S71 Ver. 01.05.04','05/11/2020 - 5CD0131TQL',9,NULL,NULL,5,22,0,53,'2023-07-02 02:19:43','2020-07-23 13:43:35'),(130,'A27','09/10/2018 - ',35,NULL,NULL,10,0,0,28,'2020-07-28 15:43:22','2020-03-20 22:02:37'),(131,'S71 Ver. 01.03.01','03/02/2020 - 5CD0157FGS',9,NULL,NULL,5,0,0,53,'2021-03-10 20:48:21','2020-08-04 20:30:15'),(132,'Q85 Ver. 01.11.01','04/27/2020 - ',9,NULL,NULL,5,22,0,9,'2023-07-02 01:51:24','2020-08-04 20:33:00'),(133,'A27','09/10/2018 - ',35,NULL,NULL,10,0,0,28,'2020-09-10 14:07:02','2020-03-20 22:02:37'),(134,'F.1D','12/02/2015 - 5CG6117RMR',9,NULL,NULL,5,0,0,32,'2020-09-29 18:32:51','2020-04-17 12:20:53'),(135,'Q85 Ver. 01.09.01','10/15/2019 - 5CD8080S2H',9,NULL,NULL,5,0,0,9,'2020-09-29 18:33:11','2020-03-11 21:22:44'),(136,'P1.70','03/01/2013 - To Be Filled By O.E.M.',31,NULL,NULL,8,0,0,23,'2020-09-29 18:34:28','2020-03-29 04:28:33'),(137,'N1QET87W (1.62 )','27/02/2020 - No Asset Information',21,NULL,NULL,5,0,0,40,'2020-08-04 20:35:44','2020-06-16 18:34:15'),(138,'Q85 Ver. 01.03.00','07/20/2018 - 5CD818045L',9,NULL,NULL,5,0,0,9,'2020-09-25 23:52:53','2020-03-24 13:19:50'),(139,'R71 Ver. 01.11.01','04/27/2020 - 5CD9326YLM',9,NULL,NULL,5,1,0,3,'2020-06-25 15:29:57','2020-05-28 22:50:56'),(140,'S71 Ver. 01.03.02','03/25/2020 - 5CD020CMCF',9,NULL,NULL,5,15,0,53,'2023-01-19 20:30:00','2020-08-19 14:22:27'),(141,'R0YET44W (1.27 )','06/15/2020 - No Asset Information',21,NULL,NULL,5,0,0,54,'2020-09-29 18:31:09','2020-08-22 16:59:58'),(142,'4.6.5','10/08/2012 - None',52,NULL,NULL,8,0,0,55,'2021-02-15 23:41:23','2020-08-26 13:44:23'),(143,'S71 Ver. 01.05.04','05/11/2020 - 5CD0131TQL',9,NULL,NULL,5,0,0,53,'2020-08-04 20:35:44','2020-07-23 13:43:35'),(144,'R71 Ver. 01.08.03','07/17/2019 - 5CD941GS3X',9,NULL,NULL,5,0,0,3,'2020-09-10 14:07:35','2020-03-11 03:45:06'),(145,'R71 Ver. 01.02.00','01/09/2019 - 5CD909222C',9,NULL,NULL,5,0,0,3,'2020-09-29 18:34:57','2020-03-11 03:46:16'),(146,'N78 Ver. 01.47','04/27/2020 - ',9,NULL,NULL,5,0,0,11,'2020-09-25 23:52:45','2020-06-25 15:33:16'),(147,'Q85 Ver. 01.12.00','07/29/2020 - 5CD8523NVB',9,NULL,NULL,5,1,0,9,'2020-09-29 18:37:32','2020-09-02 20:58:58'),(148,'V1.09','02/14/2020 - ',16,NULL,NULL,5,0,0,56,'2021-03-10 20:48:45','2020-09-02 21:08:25'),(149,'K01 v02.05','05/07/2012 - ',1,NULL,NULL,4,0,0,57,'2021-03-10 20:54:45','2020-09-03 16:51:11'),(150,'K01 v02.83','10/29/2012 - MXL32903JZ',1,NULL,NULL,4,0,0,16,'2020-09-29 18:29:19','2020-03-11 03:47:10'),(151,'Q85 Ver. 01.10.00','01/02/2020 - 5CD8100LX2',9,NULL,NULL,5,0,0,9,'2020-09-29 18:28:43','2020-09-08 13:58:28'),(152,'S71 Ver. 01.06.00','08/02/2020 - 5CD020CMCB',9,NULL,NULL,5,1,0,53,'2020-09-11 15:10:24','2020-09-09 17:19:27'),(153,'R71 Ver. 01.12.00','07/30/2020 - 5CD9326XHC',9,NULL,NULL,5,1,0,3,'2020-09-24 16:17:00','2020-09-10 14:06:12'),(154,'1.40','11/28/2014 - *',48,NULL,NULL,5,0,0,48,'2021-02-15 23:41:23','2020-09-11 15:45:44'),(155,'R71 Ver. 01.12.00','07/30/2020 - 5CD9326XHC',9,NULL,NULL,5,0,0,3,'2020-09-29 18:28:09','2020-09-10 14:06:12'),(156,'R0DETA3W (2.03 )','05/06/2020 - No Asset Information',21,NULL,NULL,5,0,0,58,'2020-09-29 18:27:51','2020-09-16 18:25:42'),(157,'K01 v02.83','10/29/2012 - MXL32903JZ',1,NULL,NULL,4,0,0,16,'2020-09-25 23:56:04','2020-03-11 03:47:10'),(158,'N78 Ver. 01.49','07/15/2020 - ',9,NULL,NULL,5,1,0,11,'2020-09-25 15:34:34','2020-09-25 15:26:52'),(159,'R71 Ver. 01.08.03','07/17/2019 - 5CD941GS3X',9,NULL,NULL,5,0,0,3,'2020-09-29 18:28:24','2020-03-11 03:45:06'),(160,'L01 v02.57','12/11/2014 - MXL5200WK2',1,NULL,NULL,4,0,0,5,'2020-09-29 18:42:15','2020-03-11 03:43:47'),(161,'Q85 Ver. 01.11.01','04/27/2020 - ',9,NULL,NULL,5,0,0,9,'2020-09-29 18:30:27','2020-08-04 20:33:00'),(162,'V1.09','02/14/2020 - ',16,NULL,NULL,5,0,0,56,'2020-09-02 21:09:41','2020-09-02 21:08:25'),(163,'R71 Ver. 01.12.00','07/30/2020 - 5CD9326XHC',9,NULL,NULL,5,0,0,3,'2020-09-10 14:06:12','2020-09-10 14:06:12'),(164,'V1.29','07/03/2013 - Chassis Asset Tag',16,NULL,NULL,5,0,0,41,'2020-07-13 13:07:42','2020-07-06 21:18:40'),(165,'S71 Ver. 01.06.00','08/02/2020 - 5CD020CMCB',9,NULL,NULL,5,0,0,53,'2020-09-11 15:10:24','2020-09-09 17:19:27'),(166,'S71 Ver. 01.03.02','03/25/2020 - 5CD020CMCF',9,NULL,NULL,5,21,0,53,'2023-07-02 01:55:22','2020-08-19 14:22:27'),(167,'R0PET63W (1.40 )','03/01/2020 - No Asset Information',21,NULL,NULL,5,0,0,37,'2020-06-30 16:00:32','2020-06-30 14:58:18'),(168,'R71 Ver. 01.12.00','07/30/2020 - 5CD9326XHC',9,NULL,NULL,5,0,0,3,'2021-03-10 20:50:00','2020-09-10 14:06:12'),(169,'R71 Ver. 01.08.03','07/17/2019 - 5CD941GS3X',9,NULL,NULL,5,15,0,3,'2023-01-19 20:29:42','2020-03-11 03:45:06'),(170,'N78 Ver. 01.47','04/27/2020 - ',9,NULL,NULL,5,0,0,11,'2021-03-10 20:48:29','2020-06-25 15:33:16'),(171,'Q85 Ver. 01.02.04','01/30/2018 - 5CD818046W',9,NULL,NULL,5,21,0,9,'2023-07-02 19:23:58','2020-03-11 21:21:24'),(172,'N78 Ver. 01.44','10/31/2019 - ',9,NULL,NULL,5,22,0,11,'2023-07-02 21:18:04','2020-03-11 03:44:56'),(173,'K01 v02.83','10/29/2012 - MXL32903JZ',1,NULL,NULL,4,0,0,16,'2021-03-10 20:51:16','2020-03-11 03:47:10'),(174,'N78 Ver. 01.49','07/15/2020 - ',9,NULL,NULL,5,0,0,11,'2020-09-25 15:34:34','2020-09-25 15:26:52'),(175,'Q85 Ver. 01.03.00','07/20/2018 - 5CD818045L',9,NULL,NULL,5,0,0,9,'2020-10-08 14:18:35','2020-03-24 13:19:50'),(176,'P99','05/05/2016 - ',9,NULL,NULL,7,2,0,6,'2021-04-13 16:24:07','2020-03-11 03:44:01'),(177,'Q85 Ver. 01.03.00','07/20/2018 - 5CD818045L',9,NULL,NULL,5,22,0,9,'2023-07-02 21:18:11','2020-03-24 13:19:50'),(178,'FCKT57AUS','07/10/2014 - ',21,NULL,NULL,8,15,0,49,'2023-07-03 02:13:06','2020-07-06 21:18:52'),(179,'R71 Ver. 01.11.01','04/27/2020 - 5CD9326YLM',9,NULL,NULL,5,17,0,3,'2022-12-21 21:44:41','2020-05-28 22:50:56'),(180,'R0DETA3W (2.03 )','05/06/2020 - No Asset Information',21,NULL,NULL,5,21,0,58,'2023-07-02 19:24:08','2020-09-16 18:25:42'),(181,'V3.02','12/11/2018 - ',16,NULL,NULL,5,1,0,59,'2020-11-03 22:05:12','2020-11-03 21:59:38'),(182,'R0PET67W (1.44 )','19/06/2020 - No Asset Information',21,NULL,NULL,5,15,0,37,'2023-07-03 02:13:14','2020-11-12 17:38:55'),(183,'R0YET45W (1.28 )','08/10/2020 - No Asset Information',21,NULL,NULL,5,0,0,60,'2021-03-10 20:21:42','2020-11-12 19:39:07'),(184,'R0PET63W (1.40 )','03/01/2020 - No Asset Information',21,NULL,NULL,5,0,0,37,'2021-03-10 20:21:55','2020-06-30 14:58:18'),(185,'Q85 Ver. 01.12.00','07/29/2020 - 5CD8523NVB',9,NULL,NULL,5,2,0,9,'2020-09-29 18:37:32','2020-09-02 20:58:58'),(186,'Q85 Ver. 01.14.01','10/19/2020 - 5CD8478ZVT',9,NULL,NULL,5,2,0,9,'2020-11-23 21:18:51','2020-11-23 21:01:40'),(187,'N78 Ver. 01.51','10/19/2020 - ',9,NULL,NULL,5,0,0,11,'2021-03-10 20:21:10','2020-11-24 13:33:12'),(188,'2.7.0','11/15/2013 - Dell Inc.',35,NULL,NULL,11,0,0,61,'2021-02-15 23:40:29','2020-12-02 14:00:16'),(189,'FWKT62A','18/11/2016 - ',21,NULL,NULL,7,0,0,62,'2021-02-15 23:40:29','2020-12-02 15:57:23'),(190,'P11-A3L','09/12/2012 - ',16,NULL,NULL,8,0,0,63,'2021-02-15 23:40:29','2020-12-02 15:57:31'),(191,'F.18','05/21/2014 - Chassis Asset Tag',1,NULL,NULL,5,0,0,64,'2021-02-15 23:40:29','2020-12-02 15:57:39'),(192,'4.6.5','09/17/2014 - To Be Filled By O.E.M.',62,NULL,NULL,8,0,0,65,'2021-02-15 23:40:29','2020-12-02 15:57:50'),(193,'A04','11/21/2011 - Dell Inc.',35,NULL,NULL,8,0,0,66,'2021-02-15 23:40:29','2020-12-02 15:58:01'),(194,'S71 Ver. 01.06.01','10/19/2020 - 5CD0384680',9,NULL,NULL,5,2,0,53,'2020-12-11 14:11:51','2020-12-03 13:19:25'),(195,'P05','02/23/2009 - Unknow',63,NULL,NULL,8,0,0,67,'2021-02-15 23:40:29','2020-12-03 13:19:32'),(196,'P08 Ver. 02.06','09/06/2017 - MXL7251N61',9,NULL,NULL,4,21,0,68,'2023-07-02 19:24:09','2020-12-03 16:55:38'),(197,'N78 Ver. 01.51','10/19/2020 - ',9,NULL,NULL,5,0,0,11,'2021-03-10 20:20:01','2020-11-24 13:33:12'),(198,'R71 Ver. 01.14.01','10/19/2020 - 5CD9326YCF',9,NULL,NULL,5,2,0,3,'2020-12-15 13:31:09','2020-12-15 13:29:18'),(199,'S71 Ver. 01.06.01','10/19/2020 - 5CD0384680',9,NULL,NULL,5,0,0,53,'2021-03-10 20:18:51','2020-12-03 13:19:25'),(200,'N02 Ver. 02.10','04/07/2016 - MXL6243NZ9.',9,NULL,NULL,4,1,0,69,'2021-03-12 18:43:46','2020-12-21 15:42:00'),(201,'R71 Ver. 01.14.01','10/19/2020 - 5CD9326YCF',9,NULL,NULL,5,1,0,3,'2020-12-15 13:31:09','2020-12-15 13:29:18'),(202,'V3.02','12/11/2018 - ',16,NULL,NULL,5,1,0,59,'2022-05-10 23:09:32','2020-11-03 21:59:38'),(203,'Q85 Ver. 01.02.05','03/12/2018 - 5CD818049T',9,NULL,NULL,5,0,0,9,'2021-03-10 20:17:30','2021-01-06 17:41:02'),(204,'01.00.06','02/26/2016 - Dell Inc.',35,NULL,NULL,12,0,0,70,'2021-03-10 20:17:25','2021-01-07 14:20:49'),(205,'S71 Ver. 01.07.02','10/29/2020 - 5CD043GVXS',9,NULL,NULL,5,1,0,53,'2021-01-08 15:24:18','2021-01-08 15:23:40'),(206,'R71 Ver. 01.03.00','04/29/2019 - 5CD90921FQ',9,NULL,NULL,5,15,0,3,'2023-01-19 20:30:02','2020-07-16 15:24:21'),(207,'R0YET42W (1.25 )','01/13/2020 - No Asset Information',21,NULL,NULL,5,22,0,60,'2023-07-02 21:18:15','2021-01-12 21:25:45'),(208,'S71 Ver. 01.07.02','10/29/2020 - 5CD043GVXS',9,NULL,NULL,5,0,0,53,'2021-03-10 20:14:42','2021-01-08 15:23:40'),(209,'Q85 Ver. 01.14.01','10/19/2020 - 5CD8478ZVT',9,NULL,NULL,5,21,0,9,'2023-07-02 19:24:12','2020-11-23 21:01:40'),(210,'S71 Ver. 01.08.02','01/27/2021 - 5CD0157FHB',9,NULL,NULL,5,0,0,53,'2021-03-10 20:14:07','2021-02-09 20:47:08'),(211,'S71 Ver. 01.07.02','10/29/2020 - 5CD043GVXS',9,NULL,NULL,5,0,0,53,'2021-01-08 15:24:18','2021-01-08 15:23:40'),(212,'S71 Ver. 01.08.02','01/27/2021 - 5CD0157FHB',9,NULL,NULL,5,21,0,53,'2023-07-02 19:30:47','2021-02-09 20:47:08'),(213,'R0PET67W (1.44 )','19/06/2020 - No Asset Information',21,NULL,NULL,5,22,0,37,'2023-07-02 21:18:18','2020-11-12 17:38:55'),(214,'R71 Ver. 01.14.01','10/19/2020 - 5CD9326YCF',9,NULL,NULL,5,0,0,3,'2020-12-15 13:31:09','2020-12-15 13:29:18'),(215,'V3.02','12/11/2018 - ',16,NULL,NULL,5,0,0,59,'2020-11-03 22:05:12','2020-11-03 21:59:38'),(216,'S71 Ver. 01.06.01','10/19/2020 - 5CD0384680',9,NULL,NULL,5,22,0,53,'2023-07-02 21:21:01','2020-12-03 13:19:25'),(217,'Q85 Ver. 01.12.00','07/29/2020 - 5CD8523NVB',9,NULL,NULL,5,0,0,9,'2020-09-29 18:37:32','2020-09-02 20:58:58'),(218,'F.1A','10/13/2015 - 5CG5524Q16',1,NULL,NULL,5,0,0,51,'2020-08-04 20:35:44','2020-07-13 13:01:22'),(219,'Q85 Ver. 01.15.00','12/29/2020 - 5CD8180494',9,NULL,NULL,5,22,0,9,'2023-07-02 21:18:20','2021-03-18 22:07:06'),(220,'R71 Ver. 01.15.00','12/28/2020 - 5CD9528TBZ',9,NULL,NULL,5,1,0,3,'2021-03-24 20:02:14','2021-03-24 19:59:08'),(221,'A4CN42WW (V 2.11)','07/27/2016 - No Asset Tag',21,NULL,NULL,5,1,0,26,'2020-06-25 15:38:14','2020-03-20 22:01:06'),(222,'R71 Ver. 01.15.00','12/28/2020 - 5CD9528TBZ',9,NULL,NULL,5,2,0,3,'2021-03-24 20:02:14','2021-03-24 19:59:08'),(223,'N2YET24W (1.13 )','08/31/2020 - No Asset Information',21,NULL,NULL,5,1,0,71,'2022-09-16 18:07:10','2021-04-22 16:16:07'),(224,'unknown','05/31/20 - PKQ1.190616.001-0123456789',77,NULL,NULL,9,0,0,72,'2021-04-25 21:56:25','2021-04-25 21:56:25'),(225,'N2YET26W (1.15 )','12/10/2020 - No Asset Information',21,NULL,NULL,5,1,0,71,'2021-04-26 21:52:09','2021-04-26 16:44:47'),(226,'P85 Ver. 01.38','29/12/2020 - ',9,NULL,NULL,5,2,0,15,'2021-04-27 18:18:03','2021-04-27 18:15:32'),(227,'S71 Ver. 01.08.01','01/05/2021 - 5CD043GVWP',9,NULL,NULL,5,22,0,53,'2023-07-02 21:21:04','2021-04-27 19:41:31'),(228,'R0YET46W (1.29 )','10/09/2020 - No Asset Information',21,NULL,NULL,5,21,0,60,'2023-07-02 19:24:13','2021-04-29 16:14:36'),(229,'P85 Ver. 01.37','19/10/2020 - 5CD737BT65',9,NULL,NULL,5,21,0,15,'2023-07-02 19:35:52','2021-04-29 18:39:13'),(230,'1.2.3','01/13/2021 - Dell Inc.',35,NULL,NULL,5,22,0,74,'2023-07-02 21:25:30','2021-04-30 19:50:08'),(231,'2.2.0','03/24/2019 - Dell Inc.',35,NULL,NULL,5,1,0,75,'2021-05-04 16:09:29','2021-05-04 16:08:41'),(232,'N78 Ver. 01.51','10/19/2020 - ',9,NULL,NULL,5,1,0,11,'2021-03-10 20:21:10','2020-11-24 13:33:12'),(233,'R16ET30W (1.16 )','01/17/2021 - No Asset Information',21,NULL,NULL,5,1,0,76,'2021-05-07 16:51:13','2021-05-07 16:37:14'),(234,'1.4.1','02/22/2021 - Dell Inc.',35,NULL,NULL,5,1,0,74,'2021-05-07 16:51:13','2021-05-07 16:47:31'),(235,'1.1.1','12/01/2020 - Dell Inc.',35,NULL,NULL,5,1,0,78,'2021-05-14 18:10:09','2021-05-14 18:09:19'),(236,'1.1.1','12/01/2020 - Dell Inc.',35,NULL,NULL,5,15,0,78,'2023-07-03 02:13:19','2021-05-14 18:09:19'),(237,'N03 Ver. 02.47','04/28/2020 - MXL70924F8.',9,NULL,NULL,4,2,0,80,'2021-08-12 20:39:20','2021-06-18 20:50:47'),(238,'R71 Ver. 01.12.00','07/30/2020 - 5CD9326XHC',9,NULL,NULL,5,2,0,3,'2020-09-24 16:17:00','2020-09-10 14:06:12'),(239,'R71 Ver. 01.16.00','04/22/2021 - 5CD9326XKR',9,NULL,NULL,5,1,0,3,'2021-06-30 21:38:15','2021-06-30 21:29:51'),(240,'1.6.0','05/28/2021 - Dell Inc.',35,NULL,NULL,5,17,0,81,'2022-08-24 12:42:09','2021-07-06 22:06:45'),(241,'S71 Ver. 01.09.00','04/26/2021 - ',9,NULL,NULL,5,1,0,53,'2021-07-21 14:23:38','2021-07-21 14:22:30'),(242,'T70 Ver. 01.04.01','05/26/2021 - ',9,NULL,NULL,5,1,0,82,'2021-07-26 19:34:45','2021-07-26 19:34:19'),(243,'R0YET47W (1.30 )','04/19/2021 - No Asset Information',21,NULL,NULL,5,1,0,60,'2021-08-04 18:55:20','2021-08-04 18:53:52'),(244,'T70 Ver. 01.04.01','05/26/2021 - ',9,NULL,NULL,5,2,0,82,'2021-07-26 19:34:45','2021-07-26 19:34:19'),(245,'S71 Ver. 01.05.04','05/11/2020 - 5CD0131TQL',9,NULL,NULL,5,22,0,53,'2023-07-02 21:18:09','2020-07-23 13:43:35'),(246,'Q85 Ver. 01.16.00','04/22/2021 - 5CD8523NTP',9,NULL,NULL,5,15,0,9,'2023-07-03 02:13:24','2021-08-13 13:39:32'),(247,'N78 Ver. 01.52','04/27/2021 - ',9,NULL,NULL,5,2,0,11,'2021-08-23 21:37:58','2021-08-23 21:37:35'),(248,'Q85 Ver. 01.16.00','04/22/2021 - 5CD8523NTP',9,NULL,NULL,5,2,0,9,'2021-08-13 13:40:47','2021-08-13 13:39:32'),(249,'R0PET68W (1.45 )','29/04/2021 - No Asset Information',21,NULL,NULL,5,22,0,37,'2023-07-02 21:25:39','2021-09-10 20:00:19'),(250,'R71 Ver. 01.17.00','07/28/2021 - ',9,NULL,NULL,5,1,0,3,'2021-09-17 15:40:57','2021-09-17 15:39:43'),(251,'1.11.2','08/26/2021 - Dell Inc.',35,NULL,NULL,5,1,0,78,'2021-09-24 21:19:12','2021-09-24 20:16:19'),(252,'N78 Ver. 01.52','04/27/2021 - ',9,NULL,NULL,5,21,0,11,'2023-07-02 19:36:05','2021-08-23 21:37:35'),(253,'1.7.1','08/06/2021 - Dell Inc.',35,NULL,NULL,5,1,0,83,'2021-09-27 15:54:36','2021-09-27 15:54:14'),(254,'S71 Ver. 01.10.00','07/27/2021 - 5CD0131TGB',9,NULL,NULL,5,1,0,53,'2021-10-11 15:43:39','2021-10-11 15:43:06'),(255,'R71 Ver. 01.17.00','07/28/2021 - ',9,NULL,NULL,5,2,0,3,'2021-09-17 15:40:57','2021-09-17 15:39:43'),(256,'Q08 Ver. 02.16.00','04/16/2021 - ',9,NULL,NULL,8,22,0,33,'2023-07-02 21:18:28','2021-10-20 19:34:06'),(257,'1.9.3','09/03/2021 - Dell Inc.',35,NULL,NULL,5,2,0,74,'2021-10-25 21:14:45','2021-10-22 17:06:08'),(258,'R16ET32W (1.18 )','06/30/2021 - No Asset Information',21,NULL,NULL,5,21,0,84,'2023-07-02 19:24:17','2021-10-28 17:44:49'),(259,'N1QET92W (1.67 )','24/08/2021 - No Asset Information',21,NULL,NULL,5,21,0,40,'2023-07-02 19:24:17','2021-10-28 17:44:55'),(260,'R0YET47W (1.30 )','04/19/2021 - No Asset Information',21,NULL,NULL,5,2,0,60,'2021-08-04 18:55:20','2021-08-04 18:53:52'),(261,'1.10.1','08/05/2021 - Dell Inc.',35,NULL,NULL,5,17,0,85,'2022-08-24 12:42:13','2021-11-03 20:32:12'),(262,'Q85 Ver. 01.17.00','08/04/2021 - ',9,NULL,NULL,5,2,0,9,'2021-11-04 22:28:15','2021-11-04 22:27:37'),(263,'1.8.0','07/19/2021 - Dell Inc.',35,NULL,NULL,5,1,0,81,'2021-11-08 20:49:01','2021-11-08 20:48:17'),(264,'R71 Ver. 01.08.03','07/17/2019 - 5CD941GS3X',9,NULL,NULL,5,2,0,3,'2020-03-29 04:28:52','2020-03-11 03:45:06'),(265,'1.11.0','09/12/2021 - Dell Inc.',35,NULL,NULL,5,2,0,86,'2021-11-11 20:24:18','2021-11-11 20:23:57'),(266,'1.11.0','09/12/2021 - Dell Inc.',35,NULL,NULL,5,21,0,86,'2023-07-02 19:24:18','2021-11-11 20:23:57'),(267,'1.12.0','10/01/2021 - Dell Inc.',35,NULL,NULL,5,17,0,86,'2022-08-24 12:42:14','2021-11-29 21:49:40'),(268,'N78 Ver. 01.49','07/15/2020 - ',9,NULL,NULL,5,21,0,11,'2023-07-02 19:24:08','2020-09-25 15:26:52'),(269,'Q85 Ver. 01.17.00','08/04/2021 - ',9,NULL,NULL,5,1,0,9,'2021-11-04 22:28:15','2021-11-04 22:27:37'),(270,'P85 Ver. 01.39','20/04/2021 - ',9,NULL,NULL,5,2,0,15,'2021-12-07 17:55:17','2021-12-07 17:36:33'),(271,'S71 Ver. 01.10.00','07/27/2021 - 5CD0131TGB',9,NULL,NULL,5,2,0,53,'2021-10-11 15:43:39','2021-10-11 15:43:06'),(272,'S71 Ver. 01.11.00','11/05/2021 - 5CD0455G0M',9,NULL,NULL,5,1,0,53,'2021-12-22 17:08:24','2021-12-22 17:07:58'),(273,'T70 Ver. 01.06.03','08/26/2021 - ',9,NULL,NULL,5,17,0,82,'2022-08-24 12:42:15','2021-12-30 21:46:05'),(274,'R71 Ver. 01.18.00','11/26/2021 - 5CD9501VM0',9,NULL,NULL,5,1,0,3,'2022-01-06 21:22:17','2022-01-06 21:21:54'),(275,'1.13.3','11/30/2021 - Dell Inc.',35,NULL,NULL,5,21,0,86,'2023-07-02 19:24:19','2022-01-17 16:59:15'),(276,'R71 Ver. 01.18.00','11/26/2021 - 5CD9501VM0',9,NULL,NULL,5,15,0,3,'2023-07-03 02:13:27','2022-01-06 21:21:54'),(277,'S71 Ver. 01.11.00','11/05/2021 - 5CD0455G0M',9,NULL,NULL,5,2,0,53,'2021-12-22 17:08:24','2021-12-22 17:07:58'),(278,'R0YET48W (1.31 )','09/29/2021 - No Asset Information',21,NULL,NULL,5,1,0,60,'2022-01-24 22:07:15','2022-01-24 22:06:52'),(279,'R00ET67W (1.42 )','09/17/2021 - No Asset Information',21,NULL,NULL,5,21,0,87,'2023-07-02 19:24:19','2022-01-27 22:23:59'),(280,'1.14.1','12/15/2021 - Dell Inc.',35,NULL,NULL,5,1,0,86,'2022-02-03 15:07:54','2022-02-03 15:06:41'),(281,'S71 Ver. 01.12.00','01/12/2022 - ',9,NULL,NULL,5,2,0,53,'2022-02-03 15:15:47','2022-02-03 15:07:09'),(282,'R71 Ver. 01.19.00','01/13/2022 - 5CD9168GNC',9,NULL,NULL,5,1,0,21,'2022-02-11 13:59:05','2022-02-11 13:55:46'),(283,'P85 Ver. 01.40','19/11/2021 - ',9,NULL,NULL,5,22,0,15,'2023-07-02 21:25:44','2022-03-08 16:09:30'),(284,'S71 Ver. 01.12.00','01/12/2022 - ',9,NULL,NULL,5,20,0,53,'2023-07-02 21:59:00','2022-02-03 15:07:09'),(285,'Q85 Ver. 01.19.00','01/07/2022 - ',9,NULL,NULL,5,2,0,9,'2022-03-25 19:58:28','2022-03-25 19:57:24'),(286,'R71 Ver. 01.19.20','03/15/2022 - 5CD941GR7Y',9,NULL,NULL,5,2,0,3,'2022-04-05 16:23:23','2022-04-05 16:21:10'),(287,'1.15.1','02/15/2022 - Dell Inc.',35,NULL,NULL,5,1,0,86,'2022-04-05 16:23:07','2022-04-05 16:22:05'),(288,'02.27','27/11/2019 - MXL5382MN7',9,NULL,NULL,8,22,0,30,'2023-07-02 21:25:45','2022-04-05 19:40:01'),(289,'R0YET48W (1.31 )','09/29/2021 - No Asset Information',21,NULL,NULL,5,2,0,60,'2022-01-24 22:07:15','2022-01-24 22:06:52'),(290,'S71 Ver. 01.12.20','03/14/2022 - ',9,NULL,NULL,5,1,0,53,'2022-04-07 16:13:26','2022-04-07 16:01:50'),(291,'F.40','03/02/2022 - 8CC15037JY',9,NULL,NULL,6,1,0,88,'2022-04-08 21:56:00','2022-04-08 21:54:17'),(292,'M73 Ver. 01.47','01/24/2018 - CND5141K49',1,NULL,NULL,5,2,0,2,'2022-04-25 18:25:01','2022-04-25 18:23:34'),(293,'R71 Ver. 01.19.20','03/15/2022 - 5CD941GR7Y',9,NULL,NULL,5,1,0,3,'2022-04-05 16:23:23','2022-04-05 16:21:10'),(294,'80.05','07/02/2013 - 5CM331014Q',1,NULL,NULL,8,15,0,89,'2022-04-25 18:49:33','2022-04-25 18:45:00'),(295,'80.02','03/06/2013 - 5CM319031C',1,NULL,NULL,8,15,0,89,'2022-04-25 18:49:33','2022-04-25 18:45:55'),(296,'80.08','02/09/2015 - 4CE527015Y',1,NULL,NULL,6,15,0,4,'2020-09-29 18:36:07','2020-03-11 03:43:36'),(297,'R0YET49W (1.32 )','03/14/2022 - No Asset Information',21,NULL,NULL,5,17,0,60,'2022-08-24 12:42:24','2022-04-27 17:21:50'),(298,'T88 Ver. 01.08.20','03/13/2022 - ',9,NULL,NULL,5,1,0,82,'2022-04-27 17:23:20','2022-04-27 17:22:17'),(299,'R71 Ver. 01.19.20','03/15/2022 - 5CD941GR7Y',9,NULL,NULL,5,15,0,3,'2022-04-05 16:23:23','2022-04-05 16:21:10'),(300,'1.16.1','03/25/2022 - Dell Inc.',35,NULL,NULL,5,1,0,86,'2022-05-05 18:26:11','2022-05-05 18:11:09'),(301,'M1QKT34A','04/25/2019 - ',21,NULL,NULL,6,0,0,91,'2023-05-04 22:20:56','2022-05-05 21:03:45'),(302,'F.41','26/05/2020 - ',9,NULL,NULL,6,0,0,0,'2023-05-04 22:20:56','2022-05-05 21:04:14'),(303,'F.64','07/23/2021 - Chassis Asset Tag',9,NULL,NULL,5,19,0,92,'2023-08-04 14:09:23','2022-05-05 21:04:35'),(304,'P02AAG','04/26/2012 - Asset Tag',40,NULL,NULL,10,19,0,93,'2023-08-04 14:09:25','2022-05-05 21:05:02'),(305,'X510UF.301','09/03/2018 - No Asset Tag',23,NULL,NULL,5,19,0,94,'2023-08-04 14:09:26','2022-05-05 21:05:34'),(306,'X509JB.309','08/12/2021 - No Asset Tag',23,NULL,NULL,5,19,0,95,'2023-08-04 14:09:28','2022-05-05 21:05:59'),(307,'X510UNR.309','14/05/2019 - No Asset Tag',23,NULL,NULL,5,19,0,96,'2023-08-04 14:09:29','2022-05-05 21:06:27'),(308,'V1.13','10/15/2020 - ',16,NULL,NULL,5,19,0,97,'2023-08-04 14:09:30','2022-05-05 21:07:12'),(309,'IMKT14AUS','12/23/2013 - ',21,NULL,NULL,6,19,0,98,'2023-08-04 14:09:31','2022-05-05 21:07:39'),(310,'F.27','11/19/2020 - ',9,NULL,NULL,6,19,0,99,'2023-08-04 14:09:32','2022-05-05 21:08:08'),(311,'P04KPM.102.121114.CW','11/14/2012 - Base Board Asset Tag',40,NULL,NULL,6,19,0,100,'2023-08-04 14:09:33','2022-05-05 21:08:37'),(312,'8.11','10/23/2012 - 3CR314016F',1,NULL,NULL,8,19,0,101,'2023-08-04 14:09:34','2022-05-05 21:09:03'),(313,'LEO_702','07/26/2011 - MXX14305CS',1,NULL,NULL,8,19,0,102,'2023-08-04 14:09:35','2022-05-05 21:09:32'),(314,'8.08','08/24/2012 - 3CR2361RCP',1,NULL,NULL,8,19,0,101,'2023-08-04 14:09:36','2022-05-05 21:09:55'),(315,'P07ADF.096.140305.SH','03/05/2014 - No Asset Tag',40,NULL,NULL,6,19,0,103,'2023-08-04 14:09:37','2022-05-05 21:10:17'),(316,'9ACN25WW','04/02/2014 - No Asset Tag',21,NULL,NULL,5,19,0,104,'2023-08-04 14:09:38','2022-05-06 15:01:39'),(317,'X513EAN.300','09/10/2021 - No Asset Tag',23,NULL,NULL,5,0,0,105,'2022-05-12 15:39:40','2022-05-12 15:39:40'),(318,'X513EAN.300','09/10/2021 - No Asset Tag',23,NULL,NULL,5,19,0,105,'2023-08-04 14:09:39','2022-05-12 15:39:40'),(319,'S71 Ver. 01.13.00','04/07/2022 - 5CD0131TH6',9,NULL,NULL,5,1,0,53,'2022-05-16 19:53:24','2022-05-16 19:52:28'),(320,'R71 Ver. 01.20.00','03/28/2022 - 5CD9326Y1R',9,NULL,NULL,5,1,0,3,'2022-05-17 15:44:37','2022-05-17 15:43:49'),(321,'E3KT18AUS','10/27/2011 - ',21,NULL,NULL,6,19,0,106,'2023-08-04 14:09:41','2022-05-18 16:06:42'),(322,'80.07','03/17/2014 - 5CM41604DX',1,NULL,NULL,6,19,0,107,'2023-08-04 14:09:42','2022-05-18 16:52:13'),(323,'Q85 Ver. 01.03.00','07/20/2018 - 5CD818045L',9,NULL,NULL,5,19,0,9,'2023-08-04 14:09:43','2020-03-24 13:19:50'),(324,'R71 Ver. 01.20.00','03/28/2022 - 5CD9326Y1R',9,NULL,NULL,5,2,0,3,'2022-05-17 15:44:37','2022-05-17 15:43:49'),(325,'R71 Ver. 01.11.01','04/27/2020 - 5CD9326YLM',9,NULL,NULL,5,15,0,3,'2020-06-25 15:29:57','2020-05-28 22:50:56'),(326,'R71 Ver. 01.20.00','03/28/2022 - 5CD9326Y1R',9,NULL,NULL,5,15,0,3,'2022-05-17 15:44:37','2022-05-17 15:43:49'),(327,'1.17.4','04/25/2022 - Dell Inc.',35,NULL,NULL,5,1,0,86,'2022-05-27 19:08:09','2022-05-27 19:06:42'),(328,'V1.02','09/06/2021 - ',16,NULL,NULL,5,19,0,108,'2023-08-04 14:09:44','2022-06-02 21:11:16'),(329,'V1.10','09/26/2020 - ',16,NULL,NULL,5,19,0,109,'2023-08-04 14:09:45','2022-06-09 20:00:26'),(330,'S71 Ver. 01.13.00','04/07/2022 - 5CD0131TH6',9,NULL,NULL,5,2,0,53,'2022-05-16 19:53:24','2022-05-16 19:52:28'),(331,'5.12','05/06/2017 - Default string',107,NULL,NULL,13,0,0,110,'2023-05-04 22:20:56','2022-06-16 16:04:14'),(332,'R71 Ver. 01.20.00','03/28/2022 - 5CD9326Y1R',9,NULL,NULL,5,19,0,3,'2023-07-02 19:44:48','2022-05-17 15:43:49'),(333,'FX505DT.310','12/24/2019 - No Asset Tag',23,NULL,NULL,5,19,0,111,'2023-08-04 14:09:46','2022-06-28 16:18:27'),(334,'T70 Ver. 01.09.01','05/05/2022 - ',9,NULL,NULL,5,2,0,82,'2022-06-29 19:45:01','2022-06-29 19:41:23'),(335,'L01 v02.33','07/15/2014 - MXL4371KG9',1,NULL,NULL,4,2,0,1,'2022-06-30 19:01:58','2022-06-30 19:00:17'),(336,'1.18.0','05/09/2022 - Dell Inc.',35,NULL,NULL,5,1,0,86,'2022-07-11 23:10:37','2022-07-11 22:37:38'),(337,'1.18.0','05/09/2022 - Dell Inc.',35,NULL,NULL,5,1,0,86,'2022-07-11 22:37:38','2022-07-11 22:37:38'),(338,'1.19.0','06/22/2022 - Dell Inc.',35,NULL,NULL,5,1,0,86,'2022-07-21 14:47:37','2022-07-21 14:35:03'),(339,'Q85 Ver. 01.20.00','03/22/2022 - 5CD8080RV7',9,NULL,NULL,5,19,0,9,'2023-07-02 19:44:51','2022-07-25 17:51:21'),(340,'R71 Ver. 01.19.20','03/15/2022 - ',9,NULL,NULL,14,0,0,3,'2022-07-25 19:34:38','2022-07-25 19:34:38'),(341,'R71 Ver. 01.16.00','04/22/2021 - 5CD9326XKR',9,NULL,NULL,5,22,0,3,'2023-11-28 16:08:50','2021-06-30 21:29:51'),(342,'S71 Ver. 01.13.01','06/23/2022 - ',9,NULL,NULL,5,2,0,53,'2022-08-08 20:38:00','2022-08-08 20:37:03'),(343,'R71 Ver. 01.12.00','07/30/2020 - 5CD9326XHC',9,NULL,NULL,5,21,0,3,'2023-09-01 17:06:06','2020-09-10 14:06:12'),(344,'R0DETA3W (2.03 )','05/06/2020 - No Asset Information',21,NULL,NULL,5,17,0,58,'2020-09-29 18:27:51','2020-09-16 18:25:42'),(345,'R71 Ver. 01.15.00','12/28/2020 - 5CD9528TBZ',9,NULL,NULL,5,17,0,3,'2021-03-24 20:02:14','2021-03-24 19:59:08'),(346,'R71 Ver. 01.16.00','04/22/2021 - 5CD9326XKR',9,NULL,NULL,5,17,0,3,'2021-06-30 21:38:15','2021-06-30 21:29:51'),(347,'R71 Ver. 01.17.00','07/28/2021 - ',9,NULL,NULL,5,17,0,3,'2021-09-17 15:40:57','2021-09-17 15:39:43'),(348,'R0YET47W (1.30 )','04/19/2021 - No Asset Information',21,NULL,NULL,5,17,0,60,'2021-08-04 18:55:20','2021-08-04 18:53:52'),(349,'1.14.1','12/15/2021 - Dell Inc.',35,NULL,NULL,5,17,0,86,'2022-02-03 15:07:54','2022-02-03 15:06:41'),(350,'R71 Ver. 01.19.00','01/13/2022 - 5CD9168GNC',9,NULL,NULL,5,17,0,21,'2022-02-11 13:59:05','2022-02-11 13:55:46'),(351,'1.15.1','02/15/2022 - Dell Inc.',35,NULL,NULL,5,17,0,86,'2022-04-05 16:23:07','2022-04-05 16:22:05'),(352,'1.16.1','03/25/2022 - Dell Inc.',35,NULL,NULL,5,17,0,86,'2022-05-05 18:26:11','2022-05-05 18:11:09'),(353,'1.17.4','04/25/2022 - Dell Inc.',35,NULL,NULL,5,17,0,86,'2022-05-27 19:08:09','2022-05-27 19:06:42'),(354,'R71 Ver. 01.20.00','03/28/2022 - 5CD9326Y1R',9,NULL,NULL,5,17,0,3,'2022-05-17 15:44:37','2022-05-17 15:43:49'),(355,'S71 Ver. 01.13.00','04/07/2022 - 5CD0131TH6',9,NULL,NULL,5,17,0,53,'2022-05-16 19:53:24','2022-05-16 19:52:28'),(356,'1.18.0','05/09/2022 - Dell Inc.',35,NULL,NULL,5,21,0,86,'2023-07-02 19:30:54','2022-07-11 22:37:38'),(357,'R71 Ver. 01.21.01','07/28/2022 - 5CD90922CH',9,NULL,NULL,5,0,0,3,'2023-05-04 22:20:56','2022-08-24 17:32:43'),(358,'N24ET69W (1.44 )','25/05/2022 - No Asset Information',21,NULL,NULL,5,19,0,112,'2023-07-02 19:44:56','2022-08-24 19:09:07'),(359,'L74 Ver. 01.50','02/18/2020 - Hewlett-Packard',1,NULL,NULL,5,19,0,7,'2023-07-02 19:44:57','2022-09-26 18:08:16'),(360,'T88 Ver. 01.09.10','05/19/2022 - ',9,NULL,NULL,5,15,0,82,'2023-01-20 20:25:10','2022-09-26 18:08:44'),(361,'1.21.0','08/12/2022 - Dell Inc.',35,NULL,NULL,5,1,0,86,'2022-09-28 17:38:31','2022-09-28 17:35:42'),(362,'M73 Ver. 01.54','03/03/2020 - Hewlett-Packard',1,NULL,NULL,5,19,0,2,'2023-07-02 19:41:47','2022-09-28 17:36:36'),(363,'R71 Ver. 01.08.03','07/17/2019 - 5CD941GS3X',9,NULL,NULL,5,15,0,3,'2020-03-21 23:46:55','2020-03-11 03:45:06'),(364,'L74 Ver. 01.09','04/29/2014 - Hewlett-Packard',1,NULL,NULL,5,15,0,7,'2023-09-22 17:25:05','2020-03-11 03:46:43'),(365,'1.21.0','08/12/2022 - Dell Inc.',35,NULL,NULL,5,19,0,86,'2023-07-02 19:44:58','2022-09-28 17:35:42'),(366,'1.20.0','09/14/2022 - Dell Inc.',35,NULL,NULL,5,22,0,74,'2023-07-02 21:21:11','2022-11-02 17:02:09'),(367,'R1EET51W(1.51 )','06/01/2022 - No Asset Information',21,NULL,NULL,5,17,0,113,'2023-07-02 19:48:02','2022-11-02 17:03:07'),(368,'S71 Ver. 01.13.01','06/23/2022 - ',9,NULL,NULL,5,17,0,53,'2023-04-27 17:44:28','2022-08-08 20:37:03'),(369,'U85 Ver. 01.04.00','08/24/2022 - ',9,NULL,NULL,5,1,0,114,'2022-11-10 22:49:27','2022-11-09 17:47:37'),(370,'N78 Ver. 01.55','04/11/2022 - ',9,NULL,NULL,5,2,0,11,'2022-11-11 16:44:44','2022-11-09 17:49:29'),(371,'R0YET50W (1.33 )','07/15/2022 - No Asset Information',21,NULL,NULL,5,15,0,54,'2023-01-19 20:30:40','2022-11-11 21:22:12'),(372,'S23 Ver. 02.12.01','08/03/2022 - 8CC1141M8Y',9,NULL,NULL,0,21,0,115,'2023-07-02 19:30:55','2022-11-23 14:30:48'),(373,'GJETA4WW (2.54 )','03/27/2020 - No Asset Information',21,NULL,NULL,5,19,0,116,'2023-07-02 19:45:00','2022-11-23 14:31:29'),(374,'R16ET36W (1.22 )','08/03/2022 - No Asset Information',21,NULL,NULL,5,1,0,117,'2022-11-23 14:55:17','2022-11-23 14:32:28'),(375,'Q85 Ver. 01.20.00','03/22/2022 - 5CD8080RV7',9,NULL,NULL,5,22,0,9,'2023-07-02 21:21:12','2022-07-25 17:51:21'),(376,'R71 Ver. 01.19.20','03/15/2022 - 5CD941GR7Y',9,NULL,NULL,5,17,0,3,'2022-04-05 16:23:23','2022-04-05 16:21:10'),(377,'T88 Ver. 01.09.01','05/05/2022 - ',9,NULL,NULL,5,1,0,82,'2022-12-05 23:39:12','2022-12-05 23:36:32'),(378,'U85 Ver. 01.05.01','11/23/2022 - ',9,NULL,NULL,5,1,0,114,'2022-12-23 20:13:45','2022-12-23 20:05:59'),(379,'1.23.2','10/27/2022 - Dell Inc.',35,NULL,NULL,5,15,0,86,'2023-01-19 20:30:44','2022-12-23 20:06:36'),(380,'Q85 Ver. 01.22.00','09/19/2022 - 5CD8523P0B',9,NULL,NULL,5,1,0,9,'2022-12-23 20:13:47','2022-12-23 20:07:03'),(381,'R16ET33W (1.19 )','09/15/2021 - ',21,NULL,NULL,15,0,0,77,'2023-10-09 16:18:56','2022-12-23 20:09:30'),(382,'R71 Ver. 01.20.00','03/28/2022 - 5CD9326Y1R',9,NULL,NULL,5,17,0,3,'2022-12-30 20:46:10','2022-05-17 15:43:49'),(383,'R16ET36W (1.22 )','08/03/2022 - No Asset Information',21,NULL,NULL,5,15,0,117,'2022-11-23 14:55:17','2022-11-23 14:32:28'),(384,'T88 Ver. 01.09.10','05/19/2022 - ',9,NULL,NULL,5,15,0,82,'2023-01-19 20:30:37','2022-09-26 18:08:44'),(385,'S71 Ver. 01.06.00','08/02/2020 - 5CD020CMCB',9,NULL,NULL,5,15,0,53,'2020-09-11 15:10:24','2020-09-09 17:19:27'),(386,'S71 Ver. 01.06.01','10/19/2020 - 5CD0384680',9,NULL,NULL,5,15,0,53,'2020-12-11 14:11:51','2020-12-03 13:19:25'),(387,'S71 Ver. 01.03.02','03/25/2020 - 5CD020CMCF',9,NULL,NULL,5,15,0,53,'2020-08-19 14:23:00','2020-08-19 14:22:27'),(388,'R71 Ver. 01.14.01','10/19/2020 - 5CD9326YCF',9,NULL,NULL,5,15,0,3,'2020-12-15 13:31:09','2020-12-15 13:29:18'),(389,'S71 Ver. 01.07.02','10/29/2020 - 5CD043GVXS',9,NULL,NULL,5,15,0,53,'2021-03-10 20:14:42','2021-01-08 15:23:40'),(390,'R71 Ver. 01.15.00','12/28/2020 - 5CD9528TBZ',9,NULL,NULL,5,22,0,3,'2023-07-02 21:21:03','2021-03-24 19:59:08'),(391,'R0YET46W (1.29 )','10/09/2020 - No Asset Information',21,NULL,NULL,5,15,0,60,'2021-04-29 16:24:40','2021-04-29 16:14:36'),(392,'R16ET30W (1.16 )','01/17/2021 - No Asset Information',21,NULL,NULL,5,15,0,76,'2021-05-07 16:51:13','2021-05-07 16:37:14'),(393,'R71 Ver. 01.16.00','04/22/2021 - 5CD9326XKR',9,NULL,NULL,5,15,0,3,'2021-06-30 21:38:15','2021-06-30 21:29:51'),(394,'S71 Ver. 01.10.00','07/27/2021 - 5CD0131TGB',9,NULL,NULL,5,15,0,53,'2021-10-11 15:43:39','2021-10-11 15:43:06'),(395,'R71 Ver. 01.17.00','07/28/2021 - ',9,NULL,NULL,5,15,0,3,'2021-09-17 15:40:57','2021-09-17 15:39:43'),(396,'Q08 Ver. 02.16.00','04/16/2021 - ',9,NULL,NULL,8,15,0,33,'2021-10-20 19:34:26','2021-10-20 19:34:06'),(397,'S71 Ver. 01.11.00','11/05/2021 - 5CD0455G0M',9,NULL,NULL,5,15,0,53,'2021-12-22 17:08:24','2021-12-22 17:07:58'),(398,'R71 Ver. 01.18.00','11/26/2021 - 5CD9501VM0',9,NULL,NULL,5,1,0,3,'2023-07-03 00:49:19','2022-01-06 21:21:54'),(399,'1.13.3','11/30/2021 - Dell Inc.',35,NULL,NULL,5,15,0,86,'2022-01-17 17:01:37','2022-01-17 16:59:15'),(400,'1.14.1','12/15/2021 - Dell Inc.',35,NULL,NULL,5,15,0,86,'2022-02-03 15:07:54','2022-02-03 15:06:41'),(401,'1.15.1','02/15/2022 - Dell Inc.',35,NULL,NULL,5,15,0,86,'2022-04-05 16:23:07','2022-04-05 16:22:05'),(402,'R0YET48W (1.31 )','09/29/2021 - No Asset Information',21,NULL,NULL,5,15,0,60,'2022-01-24 22:07:15','2022-01-24 22:06:52'),(403,'1.16.1','03/25/2022 - Dell Inc.',35,NULL,NULL,5,15,0,86,'2022-05-05 18:26:11','2022-05-05 18:11:09'),(404,'1.17.4','04/25/2022 - Dell Inc.',35,NULL,NULL,5,15,0,86,'2022-05-27 19:08:09','2022-05-27 19:06:42'),(405,'1.16.1','03/25/2022 - Dell Inc.',35,NULL,NULL,5,17,0,86,'2023-01-20 21:03:03','2022-05-05 18:11:09'),(406,'R71 Ver. 01.22.00','09/15/2022 - 5CD952132V',9,NULL,NULL,5,0,0,3,'2023-10-09 15:59:21','2023-01-23 17:41:36'),(407,'T88 Ver. 01.11.00','10/17/2022 - ',9,NULL,NULL,5,17,0,82,'2023-03-20 18:43:28','2023-02-02 17:25:21'),(408,'Q85 Ver. 01.21.01','08/02/2022 - 5CD8080S0Z',9,NULL,NULL,5,19,0,9,'2023-07-02 19:45:02','2023-02-02 17:28:40'),(409,'N78 Ver. 01.06','12/18/2015 - 5CD6186JVW',9,NULL,NULL,5,0,0,11,'2023-10-09 15:58:14','2023-02-02 17:30:28'),(410,'1.23.2','10/27/2022 - Dell Inc.',35,NULL,NULL,5,1,0,86,'2023-01-19 20:30:44','2022-12-23 20:06:36'),(411,'Q85 Ver. 01.22.00','09/19/2022 - 5CD8523P0B',9,NULL,NULL,5,0,0,9,'2023-10-09 15:58:37','2022-12-23 20:07:03'),(412,'R71 Ver. 01.22.00','09/15/2022 - 5CD952132V',9,NULL,NULL,5,0,0,3,'2023-10-09 15:57:51','2023-01-23 17:41:36'),(413,'R71 Ver. 01.16.00','04/22/2021 - 5CD9326XKR',9,NULL,NULL,5,17,0,3,'2023-02-08 14:04:31','2021-06-30 21:29:51'),(414,'R71 Ver. 01.23.00','12/08/2022 - 5CD90921NK',9,NULL,NULL,5,15,0,3,'2023-02-16 23:14:40','2023-02-16 22:56:14'),(415,'V3.02','12/11/2018 - ',16,NULL,NULL,5,17,0,59,'2020-11-03 22:05:12','2020-11-03 21:59:38'),(416,'U85 Ver. 01.06.00','12/29/2022 - ',9,NULL,NULL,5,21,0,114,'2023-09-04 17:02:18','2023-03-01 23:01:12'),(417,'T70 Ver. 01.12.00','01/03/2023 - ',9,NULL,NULL,5,1,0,82,'2023-03-20 06:26:29','2023-03-17 19:09:34'),(418,'V1.32','09/14/2021 - ',16,NULL,NULL,5,15,0,56,'2023-03-20 06:16:25','2023-03-17 19:10:37'),(419,'Q85 Ver. 01.23.00','11/29/2022 - ',9,NULL,NULL,5,15,0,9,'2023-08-04 21:13:43','2023-03-17 19:11:34'),(420,'Q85 Ver. 01.23.00','11/29/2022 - ',9,NULL,NULL,5,15,0,9,'2023-03-17 19:11:34','2023-03-17 19:11:34'),(421,'R71 Ver. 01.23.00','12/08/2022 - 5CD90921NK',9,NULL,NULL,5,0,0,3,'2023-10-09 15:57:11','2023-02-16 22:56:14'),(422,'R71 Ver. 01.23.00','12/08/2022 - 5CD90921NK',9,NULL,NULL,5,0,0,3,'2023-10-09 15:57:29','2023-02-16 22:56:14'),(423,'R0YET50W (1.33 )','07/15/2022 - No Asset Information',21,NULL,NULL,5,19,0,54,'2023-07-02 19:41:51','2022-11-11 21:22:12'),(424,'S71 Ver. 01.16.00','12/30/2022 - ',9,NULL,NULL,5,1,0,53,'2023-04-27 18:16:04','2023-03-21 19:44:18'),(425,'R0PET72W (1.49 )','30/01/2023 - No Asset Information',21,NULL,NULL,5,1,0,37,'2023-07-03 00:24:56','2023-03-21 19:44:52'),(426,'1.24.2','02/24/2023 - Dell Inc.',35,NULL,NULL,5,1,0,74,'2023-04-04 21:29:25','2023-04-04 17:16:59'),(427,'T88 Ver. 01.08.20','03/13/2022 - ',9,NULL,NULL,5,17,0,82,'2022-04-27 17:23:20','2022-04-27 17:22:17'),(428,'R71 Ver. 01.22.00','09/15/2022 - 5CD952132V',9,NULL,NULL,5,15,0,3,'2023-01-23 17:47:08','2023-01-23 17:41:36'),(429,'1.21.0','08/12/2022 - Dell Inc.',35,NULL,NULL,5,17,0,86,'2022-09-28 17:38:31','2022-09-28 17:35:42'),(430,'R0PET67W (1.44 )','19/06/2020 - No Asset Information',21,NULL,NULL,5,17,0,37,'2021-01-07 13:50:39','2020-11-12 17:38:55'),(431,'1.27.0','03/13/2023 - Dell Inc.',35,NULL,NULL,5,15,0,86,'2023-05-04 19:45:19','2023-04-28 15:07:49'),(432,'R71 Ver. 01.23.00','12/08/2022 - 5CD90921NK',9,NULL,NULL,5,17,0,3,'2023-02-16 23:14:40','2023-02-16 22:56:14'),(433,'R0PET72W (1.49 )','30/01/2023 - No Asset Information',21,NULL,NULL,5,1,0,37,'2023-03-23 15:28:53','2023-03-21 19:44:52'),(434,'R71 Ver. 01.23.00','12/08/2022 - 5CD90921NK',9,NULL,NULL,5,2,0,3,'2023-08-01 15:18:21','2023-02-16 22:56:14'),(435,'1.24.2','02/24/2023 - Dell Inc.',35,NULL,NULL,5,15,0,74,'2023-04-04 21:29:25','2023-04-04 17:16:59'),(436,'S71 Ver. 01.05.04','05/11/2020 - 5CD0131TQL',9,NULL,NULL,5,22,0,53,'2020-08-04 20:35:44','2020-07-23 13:43:35'),(437,'S71 Ver. 01.17.00','03/23/2023 - ',9,NULL,NULL,5,1,0,53,'2023-05-12 16:55:54','2023-05-12 16:32:01'),(438,'T88 Ver. 01.12.00','01/03/2023 - ',9,NULL,NULL,5,15,0,82,'2023-05-12 16:56:16','2023-05-12 16:32:30'),(439,'T88 Ver. 01.12.00','01/03/2023 - ',9,NULL,NULL,5,1,0,82,'2023-05-12 16:32:30','2023-05-12 16:32:30'),(440,'R71 Ver. 01.23.00','12/08/2022 - 5CD90921NK',9,NULL,NULL,5,19,0,3,'2023-06-23 21:38:30','2023-02-16 22:56:14'),(441,'R71 Ver. 01.20.00','03/28/2022 - 5CD9326Y1R',9,NULL,NULL,5,19,0,3,'2023-05-04 22:20:56','2022-05-17 15:43:49'),(442,'S71 Ver. 01.16.00','12/30/2022 - ',9,NULL,NULL,5,21,0,53,'2023-04-27 18:16:04','2023-03-21 19:44:18'),(443,'Q85 Ver. 01.24.00','03/29/2023 - ',9,NULL,NULL,5,20,0,9,'2023-05-30 14:00:19','2023-05-29 04:05:26'),(444,'N24ET72W (1.47 )','03/01/2023 - No Asset Information',21,NULL,NULL,5,15,0,112,'2023-05-30 13:59:46','2023-05-29 04:05:53'),(445,'R71 Ver. 01.24.00','03/28/2023 - ',9,NULL,NULL,5,0,0,3,'2023-05-29 04:06:42','2023-05-29 04:06:42'),(446,'T70 Ver. 01.13.01','03/30/2023 - ',9,NULL,NULL,5,21,0,82,'2023-07-03 00:57:46','2023-06-08 21:25:15'),(447,'T88 Ver. 01.13.01','03/30/2023 - ',9,NULL,NULL,5,21,0,82,'2023-07-03 01:05:47','2023-06-08 21:25:40'),(448,'R71 Ver. 01.24.00','03/28/2023 - ',9,NULL,NULL,5,1,0,3,'2023-05-29 04:06:42','2023-05-29 04:06:42'),(449,'R71 Ver. 01.16.00','04/22/2021 - 5CD9326XKR',9,NULL,NULL,5,22,0,3,'2021-06-30 21:38:15','2021-06-30 21:29:51'),(450,'P85 Ver. 01.40','19/11/2021 - ',9,NULL,NULL,5,21,0,15,'2022-03-08 18:17:47','2022-03-08 16:09:30'),(451,'R71 Ver. 01.17.00','07/28/2021 - ',9,NULL,NULL,5,21,0,3,'2021-09-17 15:40:57','2021-09-17 15:39:43'),(452,'R71 Ver. 01.12.00','07/30/2020 - 5CD9326XHC',9,NULL,NULL,5,21,0,3,'2020-09-29 18:28:09','2020-09-10 14:06:12'),(453,'R71 Ver. 01.20.00','03/28/2022 - 5CD9326Y1R',9,NULL,NULL,5,21,0,3,'2022-05-17 15:44:37','2022-05-17 15:43:49'),(454,'R16ET30W (1.16 )','01/17/2021 - No Asset Information',21,NULL,NULL,5,17,0,76,'2021-05-07 16:51:13','2021-05-07 16:37:14'),(455,'R71 Ver. 01.24.00','03/28/2023 - ',9,NULL,NULL,5,22,0,3,'2023-05-29 04:06:42','2023-05-29 04:06:42'),(456,'Q85 Ver. 01.03.00','07/20/2018 - 5CD818045L',9,NULL,NULL,5,21,0,9,'2020-03-24 13:19:50','2020-03-24 13:19:50'),(457,'R71 Ver. 01.16.00','04/22/2021 - 5CD9326XKR',9,NULL,NULL,5,21,0,3,'2021-06-30 21:38:15','2021-06-30 21:29:51'),(458,'Q85 Ver. 01.14.01','10/19/2020 - 5CD8478ZVT',9,NULL,NULL,5,22,0,9,'2020-11-23 21:18:51','2020-11-23 21:01:40'),(459,'R71 Ver. 01.02.00','01/09/2019 - 5CD909222C',9,NULL,NULL,5,1,0,3,'2023-09-04 15:54:37','2020-03-11 03:46:16'),(460,'R71 Ver. 01.09.01','10/16/2019 - 5CD9501VS2',9,NULL,NULL,5,21,0,3,'2020-03-20 22:02:17','2020-03-11 03:44:22'),(461,'R71 Ver. 01.14.01','10/19/2020 - 5CD9326YCF',9,NULL,NULL,5,21,0,3,'2020-12-15 13:31:09','2020-12-15 13:29:18'),(462,'R71 Ver. 01.18.00','11/26/2021 - 5CD9501VM0',9,NULL,NULL,5,1,0,3,'2023-11-21 13:39:47','2022-01-06 21:21:54'),(463,'V3.02','12/11/2018 - ',16,NULL,NULL,5,20,0,59,'2020-11-03 22:05:12','2020-11-03 21:59:38'),(464,'R71 Ver. 01.23.00','12/08/2022 - 5CD90921NK',9,NULL,NULL,5,22,0,3,'2023-02-16 23:14:40','2023-02-16 22:56:14'),(535,'S71 Ver. 01.10.00','07/27/2021 - 5CD0131TGB',9,NULL,NULL,5,21,0,53,'2021-10-11 15:43:39','2021-10-11 15:43:06'),(536,'Q85 Ver. 01.08.01','07/18/2019 - 5CD8233TMK',9,NULL,NULL,5,21,0,9,'2020-06-26 16:23:17','2020-03-24 13:48:46'),(537,'V1.09','02/14/2020 - ',16,NULL,NULL,5,21,0,56,'2020-09-02 21:09:41','2020-09-02 21:08:25'),(538,'Q85 Ver. 01.12.00','07/29/2020 - 5CD8523NVB',9,NULL,NULL,5,21,0,9,'2020-09-29 18:37:32','2020-09-02 20:58:58'),(539,'Q85 Ver. 01.14.01','10/19/2020 - 5CD8478ZVT',9,NULL,NULL,5,21,0,9,'2020-11-23 21:18:51','2020-11-23 21:01:40'),(540,'S71 Ver. 01.05.04','05/11/2020 - 5CD0131TQL',9,NULL,NULL,5,21,0,53,'2020-08-04 20:35:44','2020-07-23 13:43:35'),(541,'S71 Ver. 01.06.00','08/02/2020 - 5CD020CMCB',9,NULL,NULL,5,21,0,53,'2020-09-11 15:10:24','2020-09-09 17:19:27'),(542,'R0PET67W (1.44 )','19/06/2020 - No Asset Information',21,NULL,NULL,5,21,0,37,'2021-01-07 13:50:39','2020-11-12 17:38:55'),(543,'R71 Ver. 01.15.00','12/28/2020 - 5CD9528TBZ',9,NULL,NULL,5,21,0,3,'2021-03-24 20:02:14','2021-03-24 19:59:08'),(544,'R16ET30W (1.16 )','01/17/2021 - No Asset Information',21,NULL,NULL,5,21,0,76,'2021-05-07 16:51:13','2021-05-07 16:37:14'),(545,'R71 Ver. 01.19.00','01/13/2022 - 5CD9168GNC',9,NULL,NULL,5,21,0,21,'2022-02-11 13:59:05','2022-02-11 13:55:46'),(546,'R71 Ver. 01.08.03','07/17/2019 - 5CD941GS3X',9,NULL,NULL,5,21,0,3,'2020-03-29 04:28:52','2020-03-11 03:45:06'),(547,'S71 Ver. 01.07.02','10/29/2020 - 5CD043GVXS',9,NULL,NULL,5,21,0,53,'2021-03-10 20:14:42','2021-01-08 15:23:40'),(548,'S71 Ver. 01.06.01','10/19/2020 - 5CD0384680',9,NULL,NULL,5,21,0,53,'2020-12-11 14:11:51','2020-12-03 13:19:25'),(549,'Q85 Ver. 01.15.00','12/29/2020 - 5CD8180494',9,NULL,NULL,5,21,0,9,'2021-03-18 22:08:47','2021-03-18 22:07:06'),(550,'R71 Ver. 01.19.20','03/15/2022 - 5CD941GR7Y',9,NULL,NULL,5,21,0,3,'2022-04-05 16:23:23','2022-04-05 16:21:10'),(551,'1.18.0','05/09/2022 - Dell Inc.',35,NULL,NULL,5,21,0,86,'2022-07-11 23:10:37','2022-07-11 22:37:38'),(552,'Q85 Ver. 01.16.00','04/22/2021 - 5CD8523NTP',9,NULL,NULL,5,21,0,9,'2021-08-13 13:40:47','2021-08-13 13:39:32'),(553,'S71 Ver. 01.11.00','11/05/2021 - 5CD0455G0M',9,NULL,NULL,5,21,0,53,'2021-12-22 17:08:24','2021-12-22 17:07:58'),(554,'1.14.1','12/15/2021 - Dell Inc.',35,NULL,NULL,5,21,0,86,'2022-02-03 15:07:54','2022-02-03 15:06:41'),(555,'1.15.1','02/15/2022 - Dell Inc.',35,NULL,NULL,5,21,0,86,'2022-04-05 16:23:07','2022-04-05 16:22:05'),(556,'S71 Ver. 01.12.20','03/14/2022 - ',9,NULL,NULL,5,21,0,53,'2022-04-07 16:13:26','2022-04-07 16:01:50'),(557,'T88 Ver. 01.08.20','03/13/2022 - ',9,NULL,NULL,5,1,0,82,'2023-10-06 20:41:33','2022-04-27 17:22:17'),(558,'1.23.2','10/27/2022 - Dell Inc.',35,NULL,NULL,5,21,0,86,'2023-01-19 20:30:44','2022-12-23 20:06:36'),(559,'T70 Ver. 01.12.00','01/03/2023 - ',9,NULL,NULL,5,21,0,82,'2023-03-20 06:26:29','2023-03-17 19:09:34'),(560,'R71 Ver. 01.21.01','07/28/2022 - 5CD90922CH',9,NULL,NULL,5,19,0,3,'2023-05-04 22:20:56','2022-08-24 17:32:43'),(561,'R71 Ver. 01.19.20','03/15/2022 - 5CD941GR7Y',9,NULL,NULL,5,1,0,3,'2023-09-05 22:13:06','2022-04-05 16:21:10'),(562,'R16ET30W (1.16 )','01/17/2021 - No Asset Information',21,NULL,NULL,5,22,0,76,'2021-05-07 16:51:13','2021-05-07 16:37:14'),(563,'R71 Ver. 01.09.01','10/16/2019 - 5CD9501VS2',9,NULL,NULL,5,22,0,3,'2020-03-13 20:05:59','2020-03-11 03:44:22'),(564,'M74 Ver. 01.49','07/30/2018 - ',1,NULL,NULL,5,22,0,2,'2020-06-25 15:31:39','2020-03-11 21:21:49'),(565,'Q85 Ver. 01.08.01','07/18/2019 - 5CD8233TMK',9,NULL,NULL,5,22,0,9,'2020-06-26 16:23:17','2020-03-24 13:48:46'),(566,'V1.09','02/14/2020 - ',16,NULL,NULL,5,22,0,56,'2020-09-02 21:09:41','2020-09-02 21:08:25'),(567,'R71 Ver. 01.11.01','04/27/2020 - 5CD9326YLM',9,NULL,NULL,5,22,0,3,'2020-06-25 15:29:57','2020-05-28 22:50:56'),(568,'R71 Ver. 01.14.01','10/19/2020 - 5CD9326YCF',9,NULL,NULL,5,22,0,3,'2020-12-15 13:31:09','2020-12-15 13:29:18'),(569,'S71 Ver. 01.06.00','08/02/2020 - 5CD020CMCB',9,NULL,NULL,5,22,0,53,'2020-09-11 15:10:24','2020-09-09 17:19:27'),(570,'S71 Ver. 01.06.01','10/19/2020 - 5CD0384680',9,NULL,NULL,5,22,0,53,'2020-12-11 14:11:51','2020-12-03 13:19:25'),(571,'V3.02','12/11/2018 - ',16,NULL,NULL,5,22,0,59,'2020-11-03 22:05:12','2020-11-03 21:59:38'),(572,'S71 Ver. 01.08.01','01/05/2021 - 5CD043GVWP',9,NULL,NULL,5,22,0,53,'2021-04-27 19:41:53','2021-04-27 19:41:31'),(573,'2.2.0','03/24/2019 - Dell Inc.',35,NULL,NULL,5,22,0,75,'2021-05-04 16:09:29','2021-05-04 16:08:41'),(574,'1.14.1','12/15/2021 - Dell Inc.',35,NULL,NULL,5,22,0,86,'2022-02-03 15:07:54','2022-02-03 15:06:41'),(575,'1.15.1','02/15/2022 - Dell Inc.',35,NULL,NULL,5,22,0,86,'2022-04-05 16:23:07','2022-04-05 16:22:05'),(576,'R71 Ver. 01.19.00','01/13/2022 - 5CD9168GNC',9,NULL,NULL,5,22,0,21,'2022-02-11 13:59:05','2022-02-11 13:55:46'),(577,'S71 Ver. 01.13.00','04/07/2022 - 5CD0131TH6',9,NULL,NULL,5,22,0,53,'2022-05-16 19:53:24','2022-05-16 19:52:28'),(578,'1.17.4','04/25/2022 - Dell Inc.',35,NULL,NULL,5,22,0,86,'2022-05-27 19:08:09','2022-05-27 19:06:42'),(579,'R71 Ver. 01.20.00','03/28/2022 - 5CD9326Y1R',9,NULL,NULL,5,22,0,3,'2022-05-17 15:44:37','2022-05-17 15:43:49'),(580,'R71 Ver. 01.19.20','03/15/2022 - 5CD941GR7Y',9,NULL,NULL,5,22,0,3,'2022-04-05 16:23:23','2022-04-05 16:21:10'),(581,'U85 Ver. 01.05.01','11/23/2022 - ',9,NULL,NULL,5,21,0,114,'2023-10-17 15:26:16','2022-12-23 20:05:59'),(582,'1.1.1','12/01/2020 - Dell Inc.',35,NULL,NULL,5,22,0,78,'2021-05-14 18:10:09','2021-05-14 18:09:19'),(583,'Q85 Ver. 01.16.00','04/22/2021 - 5CD8523NTP',9,NULL,NULL,5,22,0,9,'2021-08-13 13:40:47','2021-08-13 13:39:32'),(584,'S71 Ver. 01.10.00','07/27/2021 - 5CD0131TGB',9,NULL,NULL,5,22,0,53,'2021-10-11 15:43:39','2021-10-11 15:43:06'),(585,'R71 Ver. 01.18.00','11/26/2021 - 5CD9501VM0',9,NULL,NULL,5,22,0,3,'2022-01-06 21:22:17','2022-01-06 21:21:54'),(586,'T88 Ver. 01.08.20','03/13/2022 - ',9,NULL,NULL,5,22,0,82,'2022-04-27 17:23:20','2022-04-27 17:22:17'),(587,'R71 Ver. 01.16.00','04/22/2021 - 5CD9326XKR',9,NULL,NULL,5,20,0,3,'2021-06-30 21:38:15','2021-06-30 21:29:51'),(588,'1.14.1','12/15/2021 - Dell Inc.',35,NULL,NULL,5,20,0,86,'2022-02-03 15:07:54','2022-02-03 15:06:41'),(589,'S71 Ver. 01.13.00','04/07/2022 - 5CD0131TH6',9,NULL,NULL,5,20,0,53,'2022-05-16 19:53:24','2022-05-16 19:52:28'),(590,'R71 Ver. 01.17.00','07/28/2021 - ',9,NULL,NULL,5,20,0,3,'2021-09-17 15:40:57','2021-09-17 15:39:43'),(591,'Q85 Ver. 01.08.01','07/18/2019 - 5CD8233TMK',9,NULL,NULL,5,20,0,9,'2020-06-26 16:23:17','2020-03-24 13:48:46'),(592,'Q85 Ver. 01.12.00','07/29/2020 - 5CD8523NVB',9,NULL,NULL,5,20,0,9,'2020-09-29 18:37:32','2020-09-02 20:58:58'),(593,'R71 Ver. 01.24.00','03/28/2023 - ',9,NULL,NULL,5,20,0,3,'2023-05-29 04:06:42','2023-05-29 04:06:42'),(594,'S71 Ver. 01.17.00','03/23/2023 - ',9,NULL,NULL,5,0,0,53,'2023-10-09 15:55:49','2023-05-12 16:32:01'),(595,'R71 Ver. 01.24.00','03/28/2023 - ',9,NULL,NULL,5,21,0,3,'2023-05-29 04:06:42','2023-05-29 04:06:42'),(596,'R71 Ver. 01.23.00','12/08/2022 - 5CD90921NK',9,NULL,NULL,5,20,0,3,'2023-07-03 21:24:01','2023-02-16 22:56:14'),(597,'Q85 Ver. 01.06.00','01/03/2019 - 5CD8523NV9',9,NULL,NULL,5,15,0,9,'2020-06-25 15:41:48','2020-03-11 03:44:38'),(598,'R71 Ver. 01.12.00','07/30/2020 - 5CD9326XHC',9,NULL,NULL,5,15,0,3,'2020-09-29 18:28:09','2020-09-10 14:06:12'),(599,'S71 Ver. 01.08.02','01/27/2021 - 5CD0157FHB',9,NULL,NULL,5,15,0,53,'2021-03-10 20:14:07','2021-02-09 20:47:08'),(600,'S71 Ver. 01.05.04','05/11/2020 - 5CD0131TQL',9,NULL,NULL,5,15,0,53,'2020-08-04 20:35:44','2020-07-23 13:43:35'),(601,'V1.09','02/14/2020 - ',16,NULL,NULL,5,15,0,56,'2020-09-02 21:09:41','2020-09-02 21:08:25'),(602,'N78 Ver. 01.49','07/15/2020 - ',9,NULL,NULL,5,15,0,11,'2020-09-25 15:34:34','2020-09-25 15:26:52'),(603,'S71 Ver. 01.09.00','04/26/2021 - ',9,NULL,NULL,5,15,0,53,'2021-07-21 14:23:38','2021-07-21 14:22:30'),(604,'F.41','26/05/2020 - ',9,NULL,NULL,6,19,0,NULL,'2023-05-04 22:20:56','2022-05-05 21:04:14'),(605,'1.29.0','05/09/2023 - ',35,NULL,NULL,16,0,0,86,'2023-08-10 13:45:18','2023-08-10 13:45:18'),(606,'R0YET51W (1.34 )','02/06/2023 - No Asset Information',21,NULL,NULL,5,0,0,60,'2023-10-09 15:55:25','2023-08-10 13:45:47'),(607,'X555QG.323','23/01/2018 - ATN12345678901234567',23,NULL,NULL,5,19,0,118,'2023-08-29 18:26:03','2023-08-29 18:23:37'),(608,'S71 Ver. 01.07.02','10/29/2020 - 5CD043GVXS',9,NULL,NULL,5,22,0,53,'2021-01-08 15:24:18','2021-01-08 15:23:40'),(609,'T88 Ver. 01.14.00','06/27/2023 - ',9,NULL,NULL,5,15,0,82,'2023-10-17 02:09:05','2023-09-27 17:55:35'),(610,'Q85 Ver. 01.24.00','03/29/2023 - ',9,NULL,NULL,5,0,0,9,'2023-05-30 14:00:19','2023-05-29 04:05:26'),(611,'R71 Ver. 01.23.00','12/08/2022 - 5CD90921NK',9,NULL,NULL,5,0,0,3,'2023-02-16 23:14:40','2023-02-16 22:56:14'),(612,'M73 Ver. 01.54','03/03/2020 - Hewlett-Packard',1,NULL,NULL,5,0,0,2,'2023-07-02 19:41:47','2022-09-28 17:36:36'),(613,'1.19.0','06/22/2022 - Dell Inc.',35,NULL,NULL,5,0,0,86,'2022-07-21 14:47:37','2022-07-21 14:35:03'),(614,'R71 Ver. 01.20.00','03/28/2022 - 5CD9326Y1R',9,NULL,NULL,5,0,0,3,'2022-05-17 15:44:37','2022-05-17 15:43:49'),(615,'R71 Ver. 01.24.00','03/28/2023 - ',9,NULL,NULL,5,2,0,3,'2023-05-29 04:06:42','2023-05-29 04:06:42'),(616,'R0YET51W (1.34 )','02/06/2023 - No Asset Information',21,NULL,NULL,5,1,0,60,'2023-10-09 15:55:25','2023-08-10 13:45:47'),(617,'Q85 Ver. 01.24.00','03/29/2023 - ',9,NULL,NULL,5,17,0,9,'2023-05-30 14:00:19','2023-05-29 04:05:26'),(618,'Q85 Ver. 01.03.00','07/20/2018 - 5CD818045L',9,NULL,NULL,5,1,0,9,'2020-03-24 13:19:50','2020-03-24 13:19:50');

--
