-- Table structure for table `glpi_networkportwifis`
--

CREATE TABLE `glpi_networkportwifis` (
  `id` int unsigned NOT NULL AUTO_INCREMENT,
  `networkports_id` int unsigned NOT NULL DEFAULT '0',
  `items_devicenetworkcards_id` int unsigned NOT NULL DEFAULT '0',
  `wifinetworks_id` int unsigned NOT NULL DEFAULT '0',
  `networkportwifis_id` int unsigned NOT NULL DEFAULT '0',
  `version` varchar(20) CHARACTER SET utf8mb4 COLLATE utf8mb4_unicode_ci DEFAULT NULL COMMENT 'a, a/b, a/b/g, a/b/g/n, a/b/g/n/y',
  `mode` varchar(20) CHARACTER SET utf8mb4 COLLATE utf8mb4_unicode_ci DEFAULT NULL COMMENT 'ad-hoc, managed, master, repeater, secondary, monitor, auto',
  `date_mod` timestamp NULL DEFAULT NULL,
  `date_creation` timestamp NULL DEFAULT NULL,
  PRIMARY KEY (`id`),
  UNIQUE KEY `networkports_id` (`networkports_id`),
  KEY `card` (`items_devicenetworkcards_id`),
  KEY `essid` (`wifinetworks_id`),
  KEY `version` (`version`),
  KEY `mode` (`mode`),
  KEY `date_mod` (`date_mod`),
  KEY `date_creation` (`date_creation`),
  KEY `networkportwifis_id` (`networkportwifis_id`)
) ENGINE=InnoDB DEFAULT CHARSET=utf8mb4 COLLATE=utf8mb4_unicode_ci;

--
-- Dumping data for table `glpi_networkportwifis`
--


--
-- Table structure for table `glpi_networks`
--

CREATE TABLE `glpi_networks` (
  `id` int unsigned NOT NULL AUTO_INCREMENT,
  `name` varchar(255) CHARACTER SET utf8mb4 COLLATE utf8mb4_unicode_ci DEFAULT NULL,
  `comment` mediumtext CHARACTER SET utf8mb4 COLLATE utf8mb4_unicode_ci,
  `date_mod` timestamp NULL DEFAULT NULL,
  `date_creation` timestamp NULL DEFAULT NULL,
  PRIMARY KEY (`id`),
  KEY `name` (`name`),
  KEY `date_mod` (`date_mod`),
  KEY `date_creation` (`date_creation`)
) ENGINE=InnoDB AUTO_INCREMENT=12 DEFAULT CHARSET=utf8mb4 COLLATE=utf8mb4_unicode_ci;

--
-- Dumping data for table `glpi_networks`
--

INSERT INTO `glpi_networks` VALUES (1,'Red_Bogota','','2020-03-11 21:48:49','2020-03-11 21:48:49'),(2,'Red_Químicos','','2020-03-11 21:55:52','2020-03-11 21:55:52'),(3,'Red_Flota','','2020-03-11 21:57:32','2020-03-11 21:57:32'),(4,'Red_Medellin','','2020-03-11 21:58:51','2020-03-11 21:58:51'),(5,'Red_Fontibon','192.168.12.0/24','2021-02-12 16:20:12','2020-03-24 23:53:32'),(6,'Red_Mineroil','','2020-12-03 13:24:38','2020-12-03 13:23:58'),(7,'Red_Ecology','Red LAN Ecology Bogotá ','2021-02-09 19:13:27','2021-02-09 19:13:27'),(8,'Red_Ibague','','2021-05-11 17:43:42','2021-05-11 17:43:42'),(9,'Red-Mosquera','','2022-04-27 16:38:40','2022-04-27 16:38:40'),(10,'Red-Barranquilla','','2022-06-04 14:27:22','2022-06-04 14:27:22'),(11,'Red_Techos','','2022-06-14 19:23:57','2022-06-14 19:23:57');

--
-- Table structure for table `glpi_notepads`
--

CREATE TABLE `glpi_notepads` (
  `id` int unsigned NOT NULL AUTO_INCREMENT,
  `itemtype` varchar(100) CHARACTER SET utf8mb4 COLLATE utf8mb4_unicode_ci DEFAULT NULL,
  `items_id` int unsigned NOT NULL DEFAULT '0',
  `date_creation` timestamp NULL DEFAULT NULL,
  `date_mod` timestamp NULL DEFAULT NULL,
  `users_id` int unsigned NOT NULL DEFAULT '0',
  `users_id_lastupdater` int unsigned NOT NULL DEFAULT '0',
  `content` longtext CHARACTER SET utf8mb4 COLLATE utf8mb4_unicode_ci,
  PRIMARY KEY (`id`),
  KEY `item` (`itemtype`,`items_id`),
  KEY `date_mod` (`date_mod`),
  KEY `users_id_lastupdater` (`users_id_lastupdater`),
  KEY `users_id` (`users_id`),
  KEY `date_creation` (`date_creation`)
) ENGINE=InnoDB AUTO_INCREMENT=114 DEFAULT CHARSET=utf8mb4 COLLATE=utf8mb4_unicode_ci;

--
-- Dumping data for table `glpi_notepads`
--

INSERT INTO `glpi_notepads` VALUES (1,'Computer',133,'2020-07-21 15:49:04','2023-04-24 10:40:34',0,113,''),(2,'Computer',26,'2020-07-22 15:58:40','2023-04-24 10:55:31',0,113,'22-07-2020: Se configura equipo con el perfil de Camilo Escobar.'),(3,'Computer',105,'2020-07-23 16:33:34','2023-04-24 10:55:31',0,113,'Equipo asignado temporal mente a Marta Rúa, el 23 -07.'),(4,'NetworkEquipment',14,'2020-08-25 22:22:12','2023-04-24 10:55:31',0,113,'Red _WAM\r\nIP: 201.184.247.20\r\nMask: 255.255.255.24\r\nGW: 201.184.247.17'),(5,'ProjectTask',5,'2021-03-23 22:13:32','2023-04-24 09:09:29',0,113,'El proceso se encuentra en tramitación de permisos para utilizar infraestructura de la empresa de Energía. '),(6,'Project',2,'2021-03-23 22:15:24','2023-04-24 10:55:31',0,113,'El proceso se encuentra en tramitación de permisos para utilizar infraestructura de la empresa de Energía.'),(7,'ProjectTask',9,'2021-03-25 15:16:44','2023-04-24 10:14:15',0,113,'Se solicita cotización de Puntear, y Document,'),(8,'ProjectTask',9,'2021-03-25 15:17:14','2023-04-24 10:14:15',0,113,'Puntear ya envía cotización estamos pendientes de Document envíen la cotización con Equipos nuevos'),(9,'ProjectTask',12,'2021-03-25 16:52:57','2023-04-24 11:22:24',0,113,'Se solicita registro fotográfico a Maria Teresa Salgar para verificación de ubicación de puestos de trabajo actualmente.'),(10,'ProjectTask',14,'2021-04-09 22:13:18','2023-04-24 10:14:15',0,113,'se envía contrato a Jurídica (Maria Juliana) para revisión de contrato el día 31 de Marzo, el día 8 de Abril lo contesta con observaciones y se procede a enviar el contrato al proveedor para las correcciones, pendiente recepción del nuevo contrato'),(11,'ProjectTask',19,'2021-04-13 21:55:57','2023-04-24 11:22:24',0,113,'Se agrega fotografía del estado actual de la oficina donde se realizarán las adecuaciones y el plano básico de las mismas.'),(12,'ProjectTask',19,'2021-04-13 22:01:18','2023-04-24 11:22:24',0,113,'Gilberto Salazar informa que enviará personal para realizar mediciones e identificación.'),(14,'ProjectTask',19,'2021-04-14 15:45:26','2023-04-24 11:22:24',0,113,'Sobre las 2:00 p.m. el proveedor realizará visita para implementar adecuaciones.'),(16,'ProjectTask',19,'2021-04-16 20:11:34','2023-04-24 11:22:24',0,113,'Se adjunta cotización por parte del proveedor. En espera de revisión con el director de TI para envio al usuario.'),(17,'ProjectTask',12,'2021-04-16 20:14:52','2023-04-24 11:22:24',0,113,'Se adjunta registro fotográfico.'),(18,'ProjectTask',12,'2021-04-16 20:16:07','2023-04-24 11:22:24',0,113,'Se envia registro para cotización. Se finaliza tarea.'),(19,'ProjectTask',21,'2021-04-22 20:05:28','2023-04-24 10:14:15',0,113,'se instalo la impresora a los usuarios en Arintia Cedritos y a Dos usuarios de arintia Distrivalles\r\n'),(20,'ProjectTask',23,'2021-04-27 19:58:55','2023-04-24 11:22:24',0,113,'Se  realiza instalación de antivirus en servidor SVRTSSAP-02. Se deben realizar pruebas instalado las diferentes aplicaciones para descartar los bloqueos de puertos.'),(21,'ProjectTask',23,'2021-04-27 20:57:39','2023-04-24 11:22:24',0,113,'Se realiza instalación de antivirus en servidores SVRTSSAP-01, SVRAPSAP-01 y SVRNOSAP-01.'),(22,'ProjectTask',25,'2021-04-30 14:41:15','2023-04-24 10:14:15',0,113,'Se solicita cotización al proveedor y demo de Opción Mobil WEb para realizar pruebas, pendiente reunión para validar opciones de funcionamiento'),(23,'ProjectTask',28,'2021-04-30 14:43:48','2023-04-24 10:14:15',0,113,'Se crean Usuarios de Servicio SQL'),(24,'ProjectTask',35,'2021-05-03 17:22:37','2023-04-24 11:22:24',0,113,'Se habla con el proveedor Gilberto Salazar, quien informa que si la situación de orden público lo permite, el día de mañana se finalizarán las adecuaciones. '),(25,'ProjectTask',7,'2021-05-06 15:19:29','2023-04-24 10:14:15',0,113,'Pendiente nuevo punto de energía para el AP de Arintia '),(26,'ProjectTask',14,'2021-05-06 16:03:34','2023-04-24 10:14:15',0,113,'Se reenvia contrato a Vivian ya que faltaron dos firmas en el contrato '),(27,'ProjectTask',37,'2021-05-06 16:04:33','2023-04-24 10:14:15',0,113,'Se realiza configuración de la plataforma según lo solicitado'),(28,'ProjectTask',37,'2021-05-06 16:05:00','2023-04-24 10:14:15',0,113,'queda pendiente los cambios solicitados según presentación'),(29,'ProjectTask',16,'2021-05-06 16:05:47','2023-04-24 10:14:15',0,113,'Pendiente realizar el pago de la plataforma'),(30,'ProjectTask',16,'2021-05-11 14:11:50','2023-04-24 10:14:15',0,113,'se envía la información de costo de dos licencias,  '),(31,'ProjectTask',25,'2021-05-11 14:13:35','2023-04-24 10:14:15',0,113,'se instala demo de 15 días con 10 usuarios para realizar las pruebas de la plataforma '),(32,'ProjectTask',26,'2021-05-11 14:14:20','2023-04-24 10:14:15',0,113,'se realiza instalación de versión Demo de la versión enterprise'),(33,'ProjectTask',13,'2021-05-12 13:34:56','2023-04-24 11:22:24',0,113,'Se realiza instalación de access point en la oficina. En espera de fotografía para cierre.'),(34,'ProjectTask',11,'2021-05-12 13:35:50','2023-04-24 11:22:24',0,113,'Se realiza organización de rack de comunicaciones. Se está a la espera de Switch para conectar todos los puntos de red.'),(35,'ProjectTask',54,'2021-05-12 13:51:19','2023-04-24 11:22:24',0,113,'Según información dada por correo electrónico por parte de Fausto Perez, se requieren 6 puntos de red fijos.\r\nAdicional, es necesario realizar puntos eléctricos.'),(36,'ProjectTask',55,'2021-05-12 13:53:03','2023-04-24 11:22:24',0,113,'Se solicita cotización al proveedor Andrés Camelo. Quien irá a la sede el día 13 de mayo a las 08:00 a.m.\r\nUna vez se tenga la cotización, se procederá a subir el documento.'),(37,'ProjectTask',58,'2021-05-12 13:56:21','2023-04-24 11:22:24',0,113,'Se realiza visita a la sede nueva (Estación Biomax Av Boyaca con Calle 116) con el proveedor Serviredes para toma de medidas y posterior cotización de puntos de red.\r\n\r\nSe debe tener claridad de ubicación de los puestos de trabajo para realizar la cotización.'),(38,'ProjectTask',55,'2021-05-18 19:46:23','2023-04-24 11:22:24',0,113,'Se adjunta cotización de las adecuaciones de los puntos de red.'),(39,'ProjectTask',22,'2021-06-08 14:07:42','2023-04-24 11:22:24',0,113,'Se crean usuarios iniciales en Directorio Activo, según indicaciones dadas por Catherine Hernandez y Edgar Ariza.\r\n\r\nUna vez se finalice la etapa de pruebas, se procederá a la creación del total de la compañia.\r\n\r\nActualmente se encuentran 53 usuarios creados.'),(40,'ProjectTask',66,'2021-06-08 14:12:27','2023-04-24 11:22:24',0,113,'Se revisa el sistema de información World Office, encontrando que no tiene un back up automático. Adicional, cuando se genera, lo hace sobre el mismo equipo.\r\n\r\nSe realiza actualización de release y de interfaces. Adicional se corren Scripts y se sincronizan bases de datos.\r\n\r\nEl funcionamiento del aplicativo mejoró considerablemente.'),(41,'ProjectTask',66,'2021-06-08 14:13:06','2023-04-24 11:22:24',0,113,'Se debe validar como se ejecutarán los back ups automáticos.'),(42,'ProjectTask',64,'2021-06-08 14:15:16','2023-04-24 11:22:24',0,113,'Se realiza visita a la sede con el proveedor. Gerenta de Hunimar informa que se van a realizar cambios y se van a mover desde la oficina actual, a la oficina que queda cruzando las escaleras. Por lo cual, se toman medidas de la nueva oficina y sobre esta el proveedor cotizará. En espera de documento formal por parte del proveedor.'),(43,'ProjectTask',55,'2021-06-08 14:16:43','2023-04-24 11:22:24',0,113,'Autorizan cotización y puesta en marcha de adecuaciones.'),(44,'ProjectTask',56,'2021-06-08 14:17:53','2023-04-24 11:22:24',0,113,'Se envía cotización de elementos de red necesarios. La cual es autorizada por Edgar Ariza. '),(45,'ProjectTask',57,'2021-06-08 14:18:38','2023-04-24 11:22:24',0,113,'Se realiza instalación de puntos de red según cotización.\r\n\r\nSe está a la espera de informe final con relación de lo instalado.'),(46,'ProjectTask',64,'2021-06-08 17:01:28','2023-04-24 11:22:24',0,113,'Se adjuntan plano y cotización de las adecuaciones a realizar. En espera de aprobación.'),(47,'ProjectTask',57,'2021-06-09 21:15:26','2023-04-24 11:22:24',0,113,'Se finaliza instalación y configuración de puntos de red.\r\nSe adjunta informe.'),(48,'ProjectTask',59,'2021-06-18 14:57:21','2023-04-24 10:14:15',0,113,'se solicita la cancelación del servicio de internet'),(49,'Computer',134,'2021-09-08 20:03:05','2023-03-14 13:34:59',0,752,'Equipo queda pendiente por cobro de daño, si el proveedor se da cuenta que el daño fue generado por el usuario.'),(50,'Computer',401,'2021-09-15 20:38:21','2023-03-14 13:34:59',0,752,'Equipo no cuenta con guaya, ya que esta es incompatible con la entra del equipo.'),(51,'Computer',360,'2021-09-16 21:03:41','2023-03-14 13:34:59',0,752,'Equipo sin mouse y sin morral, pendiente factura.'),(52,'Computer',232,'2021-09-16 21:04:41','2023-03-14 13:34:59',0,752,'Daño en el Display.'),(53,'Line',298,'2021-09-21 16:06:14','2023-03-14 13:34:59',0,752,'Sim - Emilio Valdivieso.'),(54,'Monitor',17,'2021-10-01 14:30:07','2023-04-24 10:55:31',0,113,'Monitor propiedad de Aritna y estaba conectado al PC de escritorio antes asignado a Marta Rua. '),(55,'Computer',66,'2021-10-15 15:19:34','2023-03-14 13:34:59',0,752,'Equipo nuevamente adquirido por nuestro proveedor, pero con Disco SSD.'),(56,'Computer',66,'2021-10-20 17:08:23','2023-03-14 13:34:59',0,752,'Equipo presenta fallo de batería, se devolverá al proveedor. '),(57,'Computer',365,'2021-10-26 15:46:11','2023-03-14 13:34:59',0,752,'Se realiza cambio de cargador, el cual presenta daño en la entrada del cargador (puerto C) del equipo 95645.\r\n\r\nSe le informa al usuario que el cargador pasara a revisión por parte de TI y nuestro proveedor, si se evidencia daño, se le cobrara.'),(58,'Computer',47,'2021-11-12 21:51:13','2023-03-14 13:34:59',0,752,'Renovación. '),(59,'Computer',282,'2022-01-19 21:55:23','2023-03-14 13:34:59',0,752,'Arintia compro equipo computo.'),(60,'Computer',462,'2022-02-18 20:32:04','2023-03-14 13:34:59',0,752,'Fallo de S.O.'),(61,'Computer',214,'2022-02-18 20:32:48','2023-03-14 13:34:59',0,752,'Lentitud masiva, disco HDD.'),(62,'Computer',168,'2022-02-18 20:33:27','2023-03-14 13:34:59',0,752,'Lentitud masiva, Disco HDD.'),(63,'Computer',90,'2022-02-18 20:33:49','2023-03-14 13:34:59',0,752,'Cambio de equipo, Renovación. '),(64,'Computer',71,'2022-02-18 20:34:13','2023-03-14 13:34:59',0,752,'Cambio de equipo, lentitud masiva.'),(65,'Computer',405,'2022-02-18 20:34:27','2023-03-14 13:34:59',0,752,'Cambio de equipo, Renovación.'),(66,'Computer',460,'2022-02-18 20:34:36','2023-03-14 13:34:59',0,752,'fallo de S.O.'),(67,'Computer',310,'2022-02-28 15:31:32','2023-03-14 13:34:59',0,752,'10-02-2021 Adquirido Primera vez.\r\n06-04-2021 Desmantelado.'),(68,'Computer',53,'2022-02-28 15:59:35','2023-03-14 13:34:59',0,752,'Primera vez: 27-01-2020\r\nUltima vez: 04-01-2022'),(69,'Computer',182,'2022-02-28 16:00:47','2023-03-14 13:34:59',0,752,'Puesto en servicio primera vez: 03-08-2020\r\nFecha de retiro: 10-11-2021\r\n'),(70,'Computer',532,'2022-04-25 21:17:00','2023-03-14 13:34:59',0,752,'Se devolvió por fallo de display, usuario presento una incidencia dañando el display del equipo.'),(71,'Computer',488,'2022-06-09 23:31:27','2023-03-14 13:34:59',0,752,'Se devuelve al proveedor por daño en el case y display'),(72,'Computer',358,'2022-06-09 23:32:37','2023-03-14 13:34:59',0,752,'se devuelve por retiro y desgaste total de las teclas.'),(73,'Computer',376,'2022-06-09 23:33:13','2023-03-14 13:34:59',0,752,'se devuelve por fallo total de teclado.'),(74,'Computer',496,'2022-06-09 23:34:13','2023-03-14 13:34:59',0,752,'Se devuelve por fallo de teclado.'),(75,'Computer',346,'2022-07-07 22:17:37','2023-03-14 13:34:59',0,752,'Equipo se devolvió con ligero rayón .'),(76,'Computer',364,'2022-07-07 22:18:10','2023-03-14 13:34:59',0,752,'Se devolvió por daño en dispaly. '),(77,'Computer',630,'2022-08-02 18:09:24','2023-03-14 13:34:59',0,752,'fallo total del teclado.'),(78,'Computer',480,'2022-08-25 17:21:23','2023-03-14 13:34:59',0,752,'Se regresa al proveedor por daño en el visel.'),(80,'Peripheral',65,'2022-09-03 16:21:40','2023-03-14 13:34:59',0,752,'movil de alexix pasa a dispnibloe para punto de venta'),(81,'Computer',38,'2022-09-29 15:41:43','2023-03-14 13:34:59',0,752,'Se devuelve el equipo al proveedor con la única novedad de daño de cargador.'),(82,'Computer',321,'2022-09-29 15:42:23','2023-03-14 13:34:59',0,752,'Se devuelve el equipo al proveedor con la única novedad de falta de accesorios y una leve abolladura.'),(83,'Computer',348,'2022-09-29 15:43:22','2023-03-14 13:34:59',0,752,'Falla de bateria.'),(84,'Computer',338,'2022-09-29 15:44:09','2023-03-14 13:34:59',0,752,'Se devuelve el equipo al proveedor con la novedad de daño de cargador.'),(85,'Computer',114,'2022-09-29 18:43:40','2023-03-14 13:34:59',0,752,'Equipo Backup'),(86,'Computer',431,'2022-10-12 15:10:31','2023-03-14 13:34:59',0,752,'Fallo de pixeles pc.'),(87,'Monitor',130,'2022-10-18 22:30:12','2023-03-14 13:34:59',0,752,'Se esta buscando el monitor perdido.  '),(88,'Peripheral',73,'2022-10-24 14:18:35','2023-03-14 13:34:59',0,752,'Se devolvió por defecto del producto.'),(89,'Computer',664,'2022-10-24 22:01:25','2023-03-14 13:34:59',0,752,'Se dará entrega del equipo cuando el usuario vaya por la herramienta.'),(90,'Computer',128,'2022-10-25 17:36:02','2023-03-14 13:34:59',0,752,'Se devolvió por daño en el chasis. '),(91,'Computer',699,'2022-12-13 22:11:53','2023-03-14 13:34:59',0,752,'Se devolvio el pc por fallo de bateria'),(92,'Computer',328,'2023-01-02 20:50:17','2023-03-14 13:34:59',0,752,'Se devolvio por daño en carcasa.'),(94,'Computer',421,'2023-01-02 20:51:05','2023-03-14 13:34:59',0,752,'fallo en total en su disco duro (ssd)'),(95,'Computer',710,'2023-01-03 14:09:52','2023-03-14 13:34:59',0,752,'Se realizo el cambio por falla de controlador de red.'),(96,'Computer',624,'2023-01-03 17:52:45','2023-03-14 13:34:59',0,752,'EL EQUIPO FUE COBRADO POR DAÑO Y SE LE DIO AL USUARIO RESPONSABLE. '),(97,'Computer',603,'2023-01-12 22:36:21','2023-03-14 13:34:59',0,752,'Se devolvio por rayones en la pantalla.'),(98,'Computer',306,'2023-01-12 22:36:49','2023-03-14 13:34:59',0,752,'Se devolvio por daño total de display.'),(99,'Computer',702,'2023-01-31 17:57:36','2023-03-14 13:34:59',0,752,'Se devuelve por fallo de parlantes &(daño fisico).'),(100,'Computer',228,'2023-02-21 18:23:39','2023-03-14 13:34:59',0,752,'Daño de hardware en los led de la pantalla.'),(101,'Computer',675,'2023-02-22 22:00:46','2023-03-14 13:34:59',0,752,'Equipo en custodia en el periodo 22-28/02'),(102,'Computer',514,'2023-03-20 06:15:12','2023-03-20 06:15:12',752,752,'Pendiente Crear Acta.'),(103,'Computer',712,'2023-03-20 18:33:45','2023-03-20 18:33:45',752,752,'Equipo temporal a Alejandra Cardenas GH mientras se avanza el incoveniente del pc.'),(104,'Computer',734,'2023-04-04 21:28:21','2023-04-04 21:28:21',752,752,'Se devolvio por daño en el equipo.'),(105,'Computer',466,'2023-04-24 15:34:25','2023-04-24 15:34:25',752,752,'Daño en el disco duro.'),(106,'Computer',356,'2023-04-28 04:34:46','2023-04-28 04:34:46',752,752,'Equipo en reparación.'),(107,'Computer',442,'2023-07-02 22:32:48','2023-07-02 22:32:48',752,752,'Equipo sin devolver por directiva de Gerencia.'),(108,'Computer',675,'2023-09-15 15:59:00','2023-09-15 15:59:00',1117,1117,'Se requiere acta de entrega al nuevo usuario JEREMY.PEDRAZA. 15-09-2023'),(109,'Computer',741,'2023-09-15 16:32:52','2023-09-15 16:32:52',1117,1117,'El equipo siendo el 15-09-2023 no funciona el encendido y no  enciende'),(111,'Phone',8,'2023-09-15 17:28:22','2023-09-15 17:28:22',1117,1117,'Se debe actualizar el estado y el propietario de la extensión'),(112,'Computer',666,'2023-09-21 12:39:40','2023-09-21 12:39:40',1117,1117,'CUENTA CON:\r\nCargador: S/N: CN0KPVMF-DES00141-1NSC-A00\r\nMouse: Mouse dañado\r\nGuaya \r\nMaletin\r\n'),(113,'Computer',512,'2023-09-21 12:41:20','2023-09-21 12:41:20',1117,1117,'CUENTA CON:\r\nCargador: S/N:  CN-02D1TJ-CH600180-0CB7-A00\r\nMouse\r\nTeclado,\r\nCable de Red,\r\nGuaya\r\nBandeja');



--
-- Table structure for table `glpi_notificationtemplates`
--

CREATE TABLE `glpi_notificationtemplates` (
  `id` int unsigned NOT NULL AUTO_INCREMENT,
  `name` varchar(255) CHARACTER SET utf8mb4 COLLATE utf8mb4_unicode_ci DEFAULT NULL,
  `itemtype` varchar(100) CHARACTER SET utf8mb4 COLLATE utf8mb4_unicode_ci NOT NULL,
  `date_mod` timestamp NULL DEFAULT NULL,
  `comment` mediumtext CHARACTER SET utf8mb4 COLLATE utf8mb4_unicode_ci,
  `css` mediumtext CHARACTER SET utf8mb4 COLLATE utf8mb4_unicode_ci,
  `date_creation` timestamp NULL DEFAULT NULL,
  PRIMARY KEY (`id`),
  KEY `itemtype` (`itemtype`),
  KEY `date_mod` (`date_mod`),
  KEY `name` (`name`),
  KEY `date_creation` (`date_creation`)
) ENGINE=InnoDB AUTO_INCREMENT=47 DEFAULT CHARSET=utf8mb4 COLLATE=utf8mb4_unicode_ci;


--
-- Table structure for table `glpi_notimportedemails`
--

CREATE TABLE `glpi_notimportedemails` (
  `id` int unsigned NOT NULL AUTO_INCREMENT,
  `from` varchar(255) CHARACTER SET utf8mb4 COLLATE utf8mb4_unicode_ci NOT NULL,
  `to` varchar(255) CHARACTER SET utf8mb4 COLLATE utf8mb4_unicode_ci NOT NULL,
  `mailcollectors_id` int unsigned NOT NULL DEFAULT '0',
  `date` timestamp NOT NULL DEFAULT CURRENT_TIMESTAMP,
  `subject` text CHARACTER SET utf8mb4 COLLATE utf8mb4_unicode_ci,
  `messageid` varchar(255) CHARACTER SET utf8mb4 COLLATE utf8mb4_unicode_ci NOT NULL,
  `reason` int NOT NULL DEFAULT '0',
  `users_id` int unsigned NOT NULL DEFAULT '0',
  PRIMARY KEY (`id`),
  KEY `users_id` (`users_id`),
  KEY `mailcollectors_id` (`mailcollectors_id`)
) ENGINE=InnoDB AUTO_INCREMENT=3 DEFAULT CHARSET=utf8mb4 COLLATE=utf8mb4_unicode_ci;

--
-- Dumping data for table `glpi_notimportedemails`
--


--
-- Table structure for table `glpi_objectlocks`
--

CREATE TABLE `glpi_objectlocks` (
  `id` int unsigned NOT NULL AUTO_INCREMENT,
  `itemtype` varchar(100) CHARACTER SET utf8mb4 COLLATE utf8mb4_unicode_ci NOT NULL COMMENT 'Type of locked object',
  `items_id` int unsigned NOT NULL,
  `users_id` int unsigned NOT NULL,
  `date` timestamp NOT NULL DEFAULT CURRENT_TIMESTAMP,
  PRIMARY KEY (`id`),
  UNIQUE KEY `item` (`itemtype`,`items_id`),
  KEY `users_id` (`users_id`),
  KEY `date` (`date`)
) ENGINE=InnoDB DEFAULT CHARSET=utf8mb4 COLLATE=utf8mb4_unicode_ci;

--
-- Dumping data for table `glpi_objectlocks`
--


--
-- Table structure for table `glpi_olalevelactions`
--

CREATE TABLE `glpi_olalevelactions` (
  `id` int unsigned NOT NULL AUTO_INCREMENT,
  `olalevels_id` int unsigned NOT NULL DEFAULT '0',
  `action_type` varchar(255) CHARACTER SET utf8mb4 COLLATE utf8mb4_unicode_ci DEFAULT NULL,
  `field` varchar(255) CHARACTER SET utf8mb4 COLLATE utf8mb4_unicode_ci DEFAULT NULL,
  `value` varchar(255) CHARACTER SET utf8mb4 COLLATE utf8mb4_unicode_ci DEFAULT NULL,
  PRIMARY KEY (`id`),
  KEY `olalevels_id` (`olalevels_id`)
) ENGINE=InnoDB DEFAULT CHARSET=utf8mb4 COLLATE=utf8mb4_unicode_ci;

--
-- Dumping data for table `glpi_olalevelactions`
--


--
-- Table structure for table `glpi_olalevelcriterias`
--

CREATE TABLE `glpi_olalevelcriterias` (
  `id` int unsigned NOT NULL AUTO_INCREMENT,
  `olalevels_id` int unsigned NOT NULL DEFAULT '0',
  `criteria` varchar(255) CHARACTER SET utf8mb4 COLLATE utf8mb4_unicode_ci DEFAULT NULL,
  `condition` int NOT NULL DEFAULT '0' COMMENT 'see define.php PATTERN_* and REGEX_* constant',
  `pattern` varchar(255) CHARACTER SET utf8mb4 COLLATE utf8mb4_unicode_ci DEFAULT NULL,
  PRIMARY KEY (`id`),
  KEY `olalevels_id` (`olalevels_id`),
  KEY `condition` (`condition`)
) ENGINE=InnoDB DEFAULT CHARSET=utf8mb4 COLLATE=utf8mb4_unicode_ci;

--
-- Dumping data for table `glpi_olalevelcriterias`
--


--
-- Table structure for table `glpi_olalevels`
--

CREATE TABLE `glpi_olalevels` (
  `id` int unsigned NOT NULL AUTO_INCREMENT,
  `name` varchar(255) CHARACTER SET utf8mb4 COLLATE utf8mb4_unicode_ci DEFAULT NULL,
  `olas_id` int unsigned NOT NULL DEFAULT '0',
  `execution_time` int NOT NULL,
  `is_active` tinyint(1) NOT NULL DEFAULT '1',
  `entities_id` int unsigned NOT NULL DEFAULT '0',
  `is_recursive` tinyint(1) NOT NULL DEFAULT '0',
  `match` char(10) CHARACTER SET utf8mb4 COLLATE utf8mb4_unicode_ci DEFAULT NULL COMMENT 'see define.php *_MATCHING constant',
  `uuid` varchar(255) CHARACTER SET utf8mb4 COLLATE utf8mb4_unicode_ci DEFAULT NULL,
  PRIMARY KEY (`id`),
  KEY `name` (`name`),
  KEY `is_active` (`is_active`),
  KEY `olas_id` (`olas_id`),
  KEY `entities_id` (`entities_id`),
  KEY `is_recursive` (`is_recursive`)
) ENGINE=InnoDB DEFAULT CHARSET=utf8mb4 COLLATE=utf8mb4_unicode_ci;

--
-- Dumping data for table `glpi_olalevels`
--


--
-- Table structure for table `glpi_olalevels_tickets`
--

CREATE TABLE `glpi_olalevels_tickets` (
  `id` int unsigned NOT NULL AUTO_INCREMENT,
  `tickets_id` int unsigned NOT NULL DEFAULT '0',
  `olalevels_id` int unsigned NOT NULL DEFAULT '0',
  `date` timestamp NULL DEFAULT NULL,
  PRIMARY KEY (`id`),
  UNIQUE KEY `unicity` (`tickets_id`,`olalevels_id`),
  KEY `olalevels_id` (`olalevels_id`)
) ENGINE=InnoDB DEFAULT CHARSET=utf8mb4 COLLATE=utf8mb4_unicode_ci;

--
-- Dumping data for table `glpi_olalevels_tickets`
--


--
-- Table structure for table `glpi_olas`
--

CREATE TABLE `glpi_olas` (
  `id` int unsigned NOT NULL AUTO_INCREMENT,
  `name` varchar(255) CHARACTER SET utf8mb4 COLLATE utf8mb4_unicode_ci DEFAULT NULL,
  `entities_id` int unsigned NOT NULL DEFAULT '0',
  `is_recursive` tinyint(1) NOT NULL DEFAULT '0',
  `type` int NOT NULL DEFAULT '0',
  `comment` mediumtext CHARACTER SET utf8mb4 COLLATE utf8mb4_unicode_ci,
  `number_time` int NOT NULL,
  `calendars_id` int unsigned NOT NULL DEFAULT '0',
  `date_mod` timestamp NULL DEFAULT NULL,
  `definition_time` varchar(255) CHARACTER SET utf8mb4 COLLATE utf8mb4_unicode_ci DEFAULT NULL,
  `end_of_working_day` tinyint(1) NOT NULL DEFAULT '0',
  `date_creation` timestamp NULL DEFAULT NULL,
  `slms_id` int unsigned NOT NULL DEFAULT '0',
  `use_ticket_calendar` tinyint NOT NULL DEFAULT '0',
  PRIMARY KEY (`id`),
  KEY `name` (`name`),
  KEY `date_mod` (`date_mod`),
  KEY `date_creation` (`date_creation`),
  KEY `calendars_id` (`calendars_id`),
  KEY `slms_id` (`slms_id`),
  KEY `entities_id` (`entities_id`),
  KEY `is_recursive` (`is_recursive`)
) ENGINE=InnoDB DEFAULT CHARSET=utf8mb4 COLLATE=utf8mb4_unicode_ci;

--
-- Dumping data for table `glpi_olas`
--


--
-- Table structure for table `glpi_operatingsystemarchitectures`
--

CREATE TABLE `glpi_operatingsystemarchitectures` (
  `id` int unsigned NOT NULL AUTO_INCREMENT,
  `name` varchar(255) CHARACTER SET utf8mb4 COLLATE utf8mb4_unicode_ci DEFAULT NULL,
  `comment` mediumtext CHARACTER SET utf8mb4 COLLATE utf8mb4_unicode_ci,
  `date_mod` timestamp NULL DEFAULT NULL,
  `date_creation` timestamp NULL DEFAULT NULL,
  PRIMARY KEY (`id`),
  KEY `name` (`name`),
  KEY `date_mod` (`date_mod`),
  KEY `date_creation` (`date_creation`)
) ENGINE=InnoDB AUTO_INCREMENT=3 DEFAULT CHARSET=utf8mb4 COLLATE=utf8mb4_unicode_ci;

--
-- Dumping data for table `glpi_operatingsystemarchitectures`
--

INSERT INTO `glpi_operatingsystemarchitectures` VALUES (1,'x86 64 bit','','2020-03-11 03:43:05','2020-03-11 03:43:05'),(2,'x86 32 bit','','2020-03-11 03:44:12','2020-03-11 03:44:12');

--
-- Table structure for table `glpi_operatingsystemeditions`
--

CREATE TABLE `glpi_operatingsystemeditions` (
  `id` int unsigned NOT NULL AUTO_INCREMENT,
  `name` varchar(255) CHARACTER SET utf8mb4 COLLATE utf8mb4_unicode_ci DEFAULT NULL,
  `comment` mediumtext CHARACTER SET utf8mb4 COLLATE utf8mb4_unicode_ci,
  `date_mod` timestamp NULL DEFAULT NULL,
  `date_creation` timestamp NULL DEFAULT NULL,
  PRIMARY KEY (`id`),
  KEY `name` (`name`),
  KEY `date_creation` (`date_creation`),
  KEY `date_mod` (`date_mod`)
) ENGINE=InnoDB DEFAULT CHARSET=utf8mb4 COLLATE=utf8mb4_unicode_ci;

--
-- Dumping data for table `glpi_operatingsystemeditions`
--


--
-- Table structure for table `glpi_operatingsystemkernels`
--

CREATE TABLE `glpi_operatingsystemkernels` (
  `id` int unsigned NOT NULL AUTO_INCREMENT,
  `name` varchar(255) CHARACTER SET utf8mb4 COLLATE utf8mb4_unicode_ci DEFAULT NULL,
  `comment` mediumtext CHARACTER SET utf8mb4 COLLATE utf8mb4_unicode_ci,
  `date_mod` timestamp NULL DEFAULT NULL,
  `date_creation` timestamp NULL DEFAULT NULL,
  PRIMARY KEY (`id`),
  KEY `name` (`name`),
  KEY `date_creation` (`date_creation`),
  KEY `date_mod` (`date_mod`)
) ENGINE=InnoDB DEFAULT CHARSET=utf8mb4 COLLATE=utf8mb4_unicode_ci;

--
-- Dumping data for table `glpi_operatingsystemkernels`
--


--
-- Table structure for table `glpi_operatingsystemkernelversions`
--

CREATE TABLE `glpi_operatingsystemkernelversions` (
  `id` int unsigned NOT NULL AUTO_INCREMENT,
  `operatingsystemkernels_id` int unsigned NOT NULL DEFAULT '0',
  `name` varchar(255) CHARACTER SET utf8mb4 COLLATE utf8mb4_unicode_ci DEFAULT NULL,
  `comment` mediumtext CHARACTER SET utf8mb4 COLLATE utf8mb4_unicode_ci,
  `date_mod` timestamp NULL DEFAULT NULL,
  `date_creation` timestamp NULL DEFAULT NULL,
  PRIMARY KEY (`id`),
  KEY `name` (`name`),
  KEY `operatingsystemkernels_id` (`operatingsystemkernels_id`),
  KEY `date_creation` (`date_creation`),
  KEY `date_mod` (`date_mod`)
) ENGINE=InnoDB DEFAULT CHARSET=utf8mb4 COLLATE=utf8mb4_unicode_ci;

--
-- Dumping data for table `glpi_operatingsystemkernelversions`
--


--
-- Table structure for table `glpi_operatingsystems`
--

CREATE TABLE `glpi_operatingsystems` (
  `id` int unsigned NOT NULL AUTO_INCREMENT,
  `name` varchar(255) CHARACTER SET utf8mb4 COLLATE utf8mb4_unicode_ci DEFAULT NULL,
  `comment` mediumtext CHARACTER SET utf8mb4 COLLATE utf8mb4_unicode_ci,
  `date_mod` timestamp NULL DEFAULT NULL,
  `date_creation` timestamp NULL DEFAULT NULL,
  PRIMARY KEY (`id`),
  KEY `name` (`name`),
  KEY `date_mod` (`date_mod`),
  KEY `date_creation` (`date_creation`)
) ENGINE=InnoDB AUTO_INCREMENT=24 DEFAULT CHARSET=utf8mb4 COLLATE=utf8mb4_unicode_ci;

--
-- Dumping data for table `glpi_operatingsystems`
--

INSERT INTO `glpi_operatingsystems` VALUES (1,'Microsoft Windows 10 Pro','','2020-03-11 03:43:05','2020-03-11 03:43:05'),(2,'Microsoft Windows Server 2012 Essentials','','2020-03-11 03:44:01','2020-03-11 03:44:01'),(3,'Microsoft Windows 7 Professional','','2020-03-11 03:44:12','2020-03-11 03:44:12'),(4,'Microsoft Windows 7 Ultimate','','2020-03-11 03:44:30','2020-03-11 03:44:30'),(5,'Microsoft Windows 10 Enterprise','','2020-03-11 03:44:46','2020-03-11 03:44:46'),(6,'Microsoft Windows 8 Pro','','2020-03-11 03:45:55','2020-03-11 03:45:55'),(7,'Microsoft Windows 10 Home Single Language','','2020-03-11 03:47:34','2020-03-11 03:47:34'),(8,'Microsoft Windows 8.1 Pro','','2020-03-11 21:22:07','2020-03-11 21:22:07'),(9,'Ubuntu 18.04.4 LTS','','2020-03-11 21:24:06','2020-03-11 21:24:06'),(10,'Android linux 8.1.0','','2020-03-13 22:09:33','2020-03-13 22:09:33'),(11,'Microsoft Windows Server 2012 R2 Standard','','2020-03-25 21:12:32','2020-03-25 21:12:32'),(12,'Microsoft Windows 8.1 Single Language','','2020-06-11 20:18:04','2020-06-11 20:18:04'),(13,'Microsoft Windows 10 Home','','2020-06-26 19:49:50','2020-06-26 19:49:50'),(14,'Microsoft Windows 8','','2020-07-09 23:01:47','2020-07-09 23:01:47'),(15,'Microsoft Windows Server 2003 Standard Edition','','2020-07-16 03:43:24','2020-07-16 03:43:24'),(16,'Ubuntu 18.04.5 LTS','','2020-09-29 18:43:06','2020-09-29 18:43:06'),(17,'Microsoft Windows 8 Professional Edition','','2021-03-10 20:37:23','2021-03-10 20:37:23'),(18,'Android linux 9','','2021-04-25 21:56:25','2021-04-25 21:56:25'),(19,'Android linux 10','','2021-04-25 23:20:17','2021-04-25 23:20:17'),(20,'Microsoft Windows 11 Pro','','2022-02-03 20:21:39','2022-02-03 20:21:39'),(21,'Microsoft Windows 11 Home Single Language','','2022-05-05 21:04:14','2022-05-05 21:04:14'),(22,'Microsoft Windows 7 Home Premium','','2022-05-18 16:06:42','2022-05-18 16:06:42'),(23,'Microsoft Windows Server 2016 Essentials','','2022-06-16 16:04:14','2022-06-16 16:04:14');

--
-- Table structure for table `glpi_operatingsystemservicepacks`
--

CREATE TABLE `glpi_operatingsystemservicepacks` (
  `id` int unsigned NOT NULL AUTO_INCREMENT,
  `name` varchar(255) CHARACTER SET utf8mb4 COLLATE utf8mb4_unicode_ci DEFAULT NULL,
  `comment` mediumtext CHARACTER SET utf8mb4 COLLATE utf8mb4_unicode_ci,
  `date_mod` timestamp NULL DEFAULT NULL,
  `date_creation` timestamp NULL DEFAULT NULL,
  PRIMARY KEY (`id`),
  KEY `name` (`name`),
  KEY `date_mod` (`date_mod`),
  KEY `date_creation` (`date_creation`)
) ENGINE=InnoDB AUTO_INCREMENT=7 DEFAULT CHARSET=utf8mb4 COLLATE=utf8mb4_unicode_ci;

--
-- Dumping data for table `glpi_operatingsystemservicepacks`
--

INSERT INTO `glpi_operatingsystemservicepacks` VALUES (1,'Service Pack 1','','2020-03-11 03:44:12','2020-03-11 03:44:12'),(2,'#37-Ubuntu SMP Mon Aug 27 15:21:48 UTC 2018','','2020-03-11 21:24:06','2020-03-11 21:24:06'),(3,'Kernel version : 4.4.95','','2020-03-13 22:09:33','2020-03-13 22:09:33'),(4,'Service Pack 2','','2020-07-16 03:43:24','2020-07-16 03:43:24'),(5,'Kernel version : 4.14.98-perf+','','2021-04-25 21:56:25','2021-04-25 21:56:25'),(6,'Kernel version : 4.14.141-g99dfc7e','','2021-04-25 23:20:17','2021-04-25 23:20:17');

--
-- Table structure for table `glpi_operatingsystemversions`
--

CREATE TABLE `glpi_operatingsystemversions` (
  `id` int unsigned NOT NULL AUTO_INCREMENT,
  `name` varchar(255) CHARACTER SET utf8mb4 COLLATE utf8mb4_unicode_ci DEFAULT NULL,
  `comment` mediumtext CHARACTER SET utf8mb4 COLLATE utf8mb4_unicode_ci,
  `date_mod` timestamp NULL DEFAULT NULL,
  `date_creation` timestamp NULL DEFAULT NULL,
  PRIMARY KEY (`id`),
  KEY `name` (`name`),
  KEY `date_mod` (`date_mod`),
  KEY `date_creation` (`date_creation`)
) ENGINE=InnoDB AUTO_INCREMENT=22 DEFAULT CHARSET=utf8mb4 COLLATE=utf8mb4_unicode_ci;

--
-- Dumping data for table `glpi_operatingsystemversions`
--

INSERT INTO `glpi_operatingsystemversions` VALUES (1,'10.0.18363','','2020-03-11 03:43:05','2020-03-11 03:43:05'),(2,'10.0.18362','','2020-03-11 03:43:25','2020-03-11 03:43:25'),(3,'10.0.17763','','2020-03-11 03:43:36','2020-03-11 03:43:36'),(4,'6.2.9200','','2020-03-11 03:44:01','2020-03-11 03:44:01'),(5,'6.1.7601','','2020-03-11 03:44:12','2020-03-11 03:44:12'),(6,'6.3.9600','','2020-03-11 21:22:07','2020-03-11 21:22:07'),(7,'4.15.0-34-generic','','2020-03-11 21:24:06','2020-03-11 21:24:06'),(8,'8.1.0','','2020-03-13 22:09:33','2020-03-13 22:09:33'),(9,'10.0.17134','','2020-06-08 01:32:58','2020-06-08 01:32:58'),(10,'10.0.19041','','2020-06-08 01:33:07','2020-06-08 01:33:07'),(11,'10.0.10240','','2020-07-06 21:18:40','2020-07-06 21:18:40'),(12,'5.2.3790','','2020-07-16 03:43:24','2020-07-16 03:43:24'),(13,'10.0.19042','','2020-11-12 17:38:55','2020-11-12 17:38:55'),(14,'9','','2021-04-25 21:56:25','2021-04-25 21:56:25'),(15,'10','','2021-04-25 23:20:17','2021-04-25 23:20:17'),(16,'10.0.19043','','2021-05-20 16:49:48','2021-05-20 16:49:48'),(17,'10.0.19044','','2021-12-10 14:54:14','2021-12-10 14:54:14'),(18,'10.0.22000','','2022-02-03 20:21:39','2022-02-03 20:21:39'),(19,'10.0.14393','','2022-06-16 16:04:14','2022-06-16 16:04:14'),(20,'10.0.19045','','2022-10-18 19:48:06','2022-10-18 19:48:06'),(21,'10.0.22621','','2022-12-23 20:05:54','2022-12-23 20:05:54');

--
-- Table structure for table `glpi_passivedcequipmentmodels`
--

CREATE TABLE `glpi_passivedcequipmentmodels` (
  `id` int unsigned NOT NULL AUTO_INCREMENT,
  `name` varchar(255) CHARACTER SET utf8mb4 COLLATE utf8mb4_unicode_ci DEFAULT NULL,
  `comment` mediumtext CHARACTER SET utf8mb4 COLLATE utf8mb4_unicode_ci,
  `product_number` varchar(255) CHARACTER SET utf8mb4 COLLATE utf8mb4_unicode_ci DEFAULT NULL,
  `weight` int NOT NULL DEFAULT '0',
  `required_units` int NOT NULL DEFAULT '1',
  `depth` float NOT NULL DEFAULT '1',
  `power_connections` int NOT NULL DEFAULT '0',
  `power_consumption` int NOT NULL DEFAULT '0',
  `is_half_rack` tinyint(1) NOT NULL DEFAULT '0',
  `picture_front` mediumtext CHARACTER SET utf8mb4 COLLATE utf8mb4_unicode_ci,
  `picture_rear` mediumtext CHARACTER SET utf8mb4 COLLATE utf8mb4_unicode_ci,
  `pictures` text CHARACTER SET utf8mb4 COLLATE utf8mb4_unicode_ci,
  `date_mod` timestamp NULL DEFAULT NULL,
  `date_creation` timestamp NULL DEFAULT NULL,
  PRIMARY KEY (`id`),
  KEY `name` (`name`),
  KEY `date_mod` (`date_mod`),
  KEY `date_creation` (`date_creation`),
  KEY `product_number` (`product_number`)
) ENGINE=InnoDB DEFAULT CHARSET=utf8mb4 COLLATE=utf8mb4_unicode_ci;

--
-- Dumping data for table `glpi_passivedcequipmentmodels`
--


--
-- Table structure for table `glpi_passivedcequipments`
--

CREATE TABLE `glpi_passivedcequipments` (
  `id` int unsigned NOT NULL AUTO_INCREMENT,
  `name` varchar(255) CHARACTER SET utf8mb4 COLLATE utf8mb4_unicode_ci DEFAULT NULL,
  `entities_id` int unsigned NOT NULL DEFAULT '0',
  `is_recursive` tinyint(1) NOT NULL DEFAULT '0',
  `locations_id` int unsigned NOT NULL DEFAULT '0',
  `serial` varchar(255) CHARACTER SET utf8mb4 COLLATE utf8mb4_unicode_ci DEFAULT NULL,
  `otherserial` varchar(255) CHARACTER SET utf8mb4 COLLATE utf8mb4_unicode_ci DEFAULT NULL,
  `passivedcequipmentmodels_id` int unsigned DEFAULT NULL,
  `passivedcequipmenttypes_id` int unsigned NOT NULL DEFAULT '0',
  `users_id_tech` int unsigned NOT NULL DEFAULT '0',
  `groups_id_tech` int unsigned NOT NULL DEFAULT '0',
  `is_template` tinyint(1) NOT NULL DEFAULT '0',
  `template_name` varchar(255) CHARACTER SET utf8mb4 COLLATE utf8mb4_unicode_ci DEFAULT NULL,
  `is_deleted` tinyint(1) NOT NULL DEFAULT '0',
  `states_id` int unsigned NOT NULL DEFAULT '0',
  `comment` mediumtext CHARACTER SET utf8mb4 COLLATE utf8mb4_unicode_ci,
  `manufacturers_id` int unsigned NOT NULL DEFAULT '0',
  `date_mod` timestamp NULL DEFAULT NULL,
  `date_creation` timestamp NULL DEFAULT NULL,
  PRIMARY KEY (`id`),
  KEY `entities_id` (`entities_id`),
  KEY `is_recursive` (`is_recursive`),
  KEY `locations_id` (`locations_id`),
  KEY `passivedcequipmentmodels_id` (`passivedcequipmentmodels_id`),
  KEY `passivedcequipmenttypes_id` (`passivedcequipmenttypes_id`),
  KEY `users_id_tech` (`users_id_tech`),
  KEY `group_id_tech` (`groups_id_tech`),
  KEY `is_template` (`is_template`),
  KEY `is_deleted` (`is_deleted`),
  KEY `states_id` (`states_id`),
  KEY `manufacturers_id` (`manufacturers_id`),
  KEY `date_creation` (`date_creation`),
  KEY `date_mod` (`date_mod`),
  KEY `name` (`name`)
) ENGINE=InnoDB AUTO_INCREMENT=3 DEFAULT CHARSET=utf8mb4 COLLATE=utf8mb4_unicode_ci;

--
-- Dumping data for table `glpi_passivedcequipments`
--

INSERT INTO `glpi_passivedcequipments` VALUES (1,'BT95047-CA',1,0,14,'95047','',0,1,0,28,0,NULL,1,1,'Cable USB',111,'2023-03-13 20:48:57','2022-08-23 21:52:42'),(2,'BT93461-ME',1,0,43,'93461','',0,1,0,28,0,NULL,1,1,'Cable USB',111,'2023-03-13 20:48:57','2022-08-23 21:59:09');

--
-- Table structure for table `glpi_passivedcequipmenttypes`
--

CREATE TABLE `glpi_passivedcequipmenttypes` (
  `id` int unsigned NOT NULL AUTO_INCREMENT,
  `name` varchar(255) CHARACTER SET utf8mb4 COLLATE utf8mb4_unicode_ci DEFAULT NULL,
  `comment` mediumtext CHARACTER SET utf8mb4 COLLATE utf8mb4_unicode_ci,
  `date_mod` timestamp NULL DEFAULT NULL,
  `date_creation` timestamp NULL DEFAULT NULL,
  PRIMARY KEY (`id`),
  KEY `name` (`name`),
  KEY `date_mod` (`date_mod`),
  KEY `date_creation` (`date_creation`)
) ENGINE=InnoDB AUTO_INCREMENT=2 DEFAULT CHARSET=utf8mb4 COLLATE=utf8mb4_unicode_ci;

--
-- Dumping data for table `glpi_passivedcequipmenttypes`
--

INSERT INTO `glpi_passivedcequipmenttypes` VALUES (1,'Base & Teclado','','2022-08-23 21:46:41','2022-08-23 21:46:41');

--
-- Table structure for table `glpi_pcivendors`
--

CREATE TABLE `glpi_pcivendors` (
  `id` int unsigned NOT NULL AUTO_INCREMENT,
  `entities_id` int unsigned NOT NULL DEFAULT '0',
  `is_recursive` tinyint NOT NULL DEFAULT '0',
  `vendorid` varchar(4) CHARACTER SET utf8mb4 COLLATE utf8mb4_unicode_ci NOT NULL,
  `deviceid` varchar(4) CHARACTER SET utf8mb4 COLLATE utf8mb4_unicode_ci DEFAULT NULL,
  `name` varchar(255) CHARACTER SET utf8mb4 COLLATE utf8mb4_unicode_ci DEFAULT NULL,
  `comment` text CHARACTER SET utf8mb4 COLLATE utf8mb4_unicode_ci,
  `date_creation` timestamp NULL DEFAULT NULL,
  `date_mod` timestamp NULL DEFAULT NULL,
  PRIMARY KEY (`id`),
  UNIQUE KEY `unicity` (`vendorid`,`deviceid`),
  KEY `deviceid` (`deviceid`),
  KEY `name` (`name`),
  KEY `entities_id` (`entities_id`),
  KEY `is_recursive` (`is_recursive`),
  KEY `date_mod` (`date_mod`),
  KEY `date_creation` (`date_creation`)
) ENGINE=InnoDB DEFAULT CHARSET=utf8mb4 COLLATE=utf8mb4_unicode_ci ROW_FORMAT=DYNAMIC;

--
-- Dumping data for table `glpi_pcivendors`
--


--
-- Table structure for table `glpi_pdumodels`
--

CREATE TABLE `glpi_pdumodels` (
  `id` int unsigned NOT NULL AUTO_INCREMENT,
  `name` varchar(255) CHARACTER SET utf8mb4 COLLATE utf8mb4_unicode_ci DEFAULT NULL,
  `comment` mediumtext CHARACTER SET utf8mb4 COLLATE utf8mb4_unicode_ci,
  `product_number` varchar(255) CHARACTER SET utf8mb4 COLLATE utf8mb4_unicode_ci DEFAULT NULL,
  `weight` int NOT NULL DEFAULT '0',
  `required_units` int NOT NULL DEFAULT '1',
  `depth` float NOT NULL DEFAULT '1',
  `power_connections` int NOT NULL DEFAULT '0',
  `max_power` int NOT NULL DEFAULT '0',
  `is_half_rack` tinyint(1) NOT NULL DEFAULT '0',
  `picture_front` mediumtext CHARACTER SET utf8mb4 COLLATE utf8mb4_unicode_ci,
  `picture_rear` mediumtext CHARACTER SET utf8mb4 COLLATE utf8mb4_unicode_ci,
  `pictures` text CHARACTER SET utf8mb4 COLLATE utf8mb4_unicode_ci,
  `is_rackable` tinyint(1) NOT NULL DEFAULT '0',
  `date_mod` timestamp NULL DEFAULT NULL,
  `date_creation` timestamp NULL DEFAULT NULL,
  PRIMARY KEY (`id`),
  KEY `name` (`name`),
  KEY `is_rackable` (`is_rackable`),
  KEY `product_number` (`product_number`),
  KEY `date_creation` (`date_creation`),
  KEY `date_mod` (`date_mod`)
) ENGINE=InnoDB AUTO_INCREMENT=2 DEFAULT CHARSET=utf8mb4 COLLATE=utf8mb4_unicode_ci;

--
-- Dumping data for table `glpi_pdumodels`
--

INSERT INTO `glpi_pdumodels` VALUES (1,'ST-VR-020','','',0,1,1,0,0,0,NULL,NULL,NULL,0,'2022-06-10 20:38:28','2022-06-10 20:38:28');

--
-- Table structure for table `glpi_pdus`
--

CREATE TABLE `glpi_pdus` (
  `id` int unsigned NOT NULL AUTO_INCREMENT,
  `name` varchar(255) CHARACTER SET utf8mb4 COLLATE utf8mb4_unicode_ci DEFAULT NULL,
  `entities_id` int unsigned NOT NULL DEFAULT '0',
  `is_recursive` tinyint(1) NOT NULL DEFAULT '0',
  `locations_id` int unsigned NOT NULL DEFAULT '0',
  `serial` varchar(255) CHARACTER SET utf8mb4 COLLATE utf8mb4_unicode_ci DEFAULT NULL,
  `otherserial` varchar(255) CHARACTER SET utf8mb4 COLLATE utf8mb4_unicode_ci DEFAULT NULL,
  `pdumodels_id` int unsigned DEFAULT NULL,
  `users_id_tech` int unsigned NOT NULL DEFAULT '0',
  `groups_id_tech` int unsigned NOT NULL DEFAULT '0',
  `is_template` tinyint(1) NOT NULL DEFAULT '0',
  `template_name` varchar(255) CHARACTER SET utf8mb4 COLLATE utf8mb4_unicode_ci DEFAULT NULL,
  `is_deleted` tinyint(1) NOT NULL DEFAULT '0',
  `states_id` int unsigned NOT NULL DEFAULT '0',
  `comment` mediumtext CHARACTER SET utf8mb4 COLLATE utf8mb4_unicode_ci,
  `manufacturers_id` int unsigned NOT NULL DEFAULT '0',
  `pdutypes_id` int unsigned NOT NULL DEFAULT '0',
  `date_mod` timestamp NULL DEFAULT NULL,
  `date_creation` timestamp NULL DEFAULT NULL,
  PRIMARY KEY (`id`),
  KEY `entities_id` (`entities_id`),
  KEY `is_recursive` (`is_recursive`),
  KEY `locations_id` (`locations_id`),
  KEY `pdumodels_id` (`pdumodels_id`),
  KEY `users_id_tech` (`users_id_tech`),
  KEY `group_id_tech` (`groups_id_tech`),
  KEY `is_template` (`is_template`),
  KEY `is_deleted` (`is_deleted`),
  KEY `states_id` (`states_id`),
  KEY `manufacturers_id` (`manufacturers_id`),
  KEY `pdutypes_id` (`pdutypes_id`),
  KEY `date_creation` (`date_creation`),
  KEY `date_mod` (`date_mod`),
  KEY `name` (`name`)
) ENGINE=InnoDB AUTO_INCREMENT=2 DEFAULT CHARSET=utf8mb4 COLLATE=utf8mb4_unicode_ci;

--
-- Dumping data for table `glpi_pdus`
--

INSERT INTO `glpi_pdus` VALUES (1,'ECO5058-CG',2,0,58,'91612105505058','',1,0,28,0,NULL,0,1,'8 Tomas\r\n',105,1,'2023-04-28 17:44:07','2022-06-10 20:38:39');

--
-- Table structure for table `glpi_pdus_plugs`
--

CREATE TABLE `glpi_pdus_plugs` (
  `id` int unsigned NOT NULL AUTO_INCREMENT,
  `plugs_id` int unsigned NOT NULL DEFAULT '0',
  `pdus_id` int unsigned NOT NULL DEFAULT '0',
  `number_plugs` int DEFAULT '0',
  `date_mod` timestamp NULL DEFAULT NULL,
  `date_creation` timestamp NULL DEFAULT NULL,
  PRIMARY KEY (`id`),
  KEY `plugs_id` (`plugs_id`),
  KEY `pdus_id` (`pdus_id`),
  KEY `date_creation` (`date_creation`),
  KEY `date_mod` (`date_mod`)
) ENGINE=InnoDB DEFAULT CHARSET=utf8mb4 COLLATE=utf8mb4_unicode_ci;

--
-- Dumping data for table `glpi_pdus_plugs`
--


--
-- Table structure for table `glpi_pdus_racks`
--

CREATE TABLE `glpi_pdus_racks` (
  `id` int unsigned NOT NULL AUTO_INCREMENT,
  `racks_id` int unsigned NOT NULL DEFAULT '0',
  `pdus_id` int unsigned NOT NULL DEFAULT '0',
  `side` int DEFAULT '0',
  `position` int NOT NULL,
  `bgcolor` varchar(7) CHARACTER SET utf8mb4 COLLATE utf8mb4_unicode_ci DEFAULT NULL,
  `date_mod` timestamp NULL DEFAULT NULL,
  `date_creation` timestamp NULL DEFAULT NULL,
  PRIMARY KEY (`id`),
  KEY `racks_id` (`racks_id`),
  KEY `pdus_id` (`pdus_id`),
  KEY `date_creation` (`date_creation`),
  KEY `date_mod` (`date_mod`)
) ENGINE=InnoDB DEFAULT CHARSET=utf8mb4 COLLATE=utf8mb4_unicode_ci;

--
-- Dumping data for table `glpi_pdus_racks`
--


--
-- Table structure for table `glpi_pdutypes`
--

CREATE TABLE `glpi_pdutypes` (
  `id` int unsigned NOT NULL AUTO_INCREMENT,
  `entities_id` int unsigned NOT NULL DEFAULT '0',
  `is_recursive` tinyint(1) NOT NULL DEFAULT '0',
  `name` varchar(255) CHARACTER SET utf8mb4 COLLATE utf8mb4_unicode_ci DEFAULT NULL,
  `comment` mediumtext CHARACTER SET utf8mb4 COLLATE utf8mb4_unicode_ci,
  `date_creation` timestamp NULL DEFAULT NULL,
  `date_mod` timestamp NULL DEFAULT NULL,
  PRIMARY KEY (`id`),
  KEY `entities_id` (`entities_id`),
  KEY `is_recursive` (`is_recursive`),
  KEY `name` (`name`),
  KEY `date_creation` (`date_creation`),
  KEY `date_mod` (`date_mod`)
) ENGINE=InnoDB AUTO_INCREMENT=2 DEFAULT CHARSET=utf8mb4 COLLATE=utf8mb4_unicode_ci;

--
-- Dumping data for table `glpi_pdutypes`
--

INSERT INTO `glpi_pdutypes` VALUES (1,2,0,'Regulador','','2022-06-10 20:37:04','2022-06-10 20:37:04');

--
-- Table structure for table `glpi_pendingreasons`
--

CREATE TABLE `glpi_pendingreasons` (
  `id` int unsigned NOT NULL AUTO_INCREMENT,
  `entities_id` int unsigned NOT NULL DEFAULT '0',
  `is_recursive` tinyint NOT NULL DEFAULT '0',
  `name` varchar(255) CHARACTER SET utf8mb4 COLLATE utf8mb4_unicode_ci DEFAULT NULL,
  `followup_frequency` int NOT NULL DEFAULT '0',
  `followups_before_resolution` int NOT NULL DEFAULT '0',
  `itilfollowuptemplates_id` int unsigned NOT NULL DEFAULT '0',
  `solutiontemplates_id` int unsigned NOT NULL DEFAULT '0',
  `comment` text CHARACTER SET utf8mb4 COLLATE utf8mb4_unicode_ci,
  PRIMARY KEY (`id`),
  KEY `name` (`name`),
  KEY `itilfollowuptemplates_id` (`itilfollowuptemplates_id`),
  KEY `entities_id` (`entities_id`),
  KEY `is_recursive` (`is_recursive`),
  KEY `solutiontemplates_id` (`solutiontemplates_id`)
) ENGINE=InnoDB DEFAULT CHARSET=utf8mb4 COLLATE=utf8mb4_unicode_ci ROW_FORMAT=DYNAMIC;

--
-- Dumping data for table `glpi_pendingreasons`
--


--
-- Table structure for table `glpi_pendingreasons_items`
--

CREATE TABLE `glpi_pendingreasons_items` (
  `id` int unsigned NOT NULL AUTO_INCREMENT,
  `pendingreasons_id` int unsigned NOT NULL DEFAULT '0',
  `items_id` int unsigned NOT NULL DEFAULT '0',
  `itemtype` varchar(100) CHARACTER SET utf8mb4 COLLATE utf8mb4_unicode_ci NOT NULL DEFAULT '',
  `followup_frequency` int NOT NULL DEFAULT '0',
  `followups_before_resolution` int NOT NULL DEFAULT '0',
  `bump_count` int NOT NULL DEFAULT '0',
  `last_bump_date` timestamp NULL DEFAULT NULL,
  PRIMARY KEY (`id`),
  UNIQUE KEY `unicity` (`items_id`,`itemtype`),
  KEY `pendingreasons_id` (`pendingreasons_id`),
  KEY `item` (`itemtype`,`items_id`)
) ENGINE=InnoDB AUTO_INCREMENT=43 DEFAULT CHARSET=utf8mb4 COLLATE=utf8mb4_unicode_ci ROW_FORMAT=DYNAMIC;

--
-- Dumping data for table `glpi_pendingreasons_items`
--

INSERT INTO `glpi_pendingreasons_items` VALUES (2,0,131,'TicketTask',0,0,0,'2023-11-20 23:28:48'),(4,0,13423,'ITILFollowup',0,0,0,'2023-11-21 13:29:38'),(5,0,7799,'Ticket',0,0,0,'2023-11-21 13:41:20'),(6,0,13424,'ITILFollowup',0,0,0,'2023-11-21 13:41:20'),(8,0,13425,'ITILFollowup',0,0,0,'2023-11-21 16:24:01'),(10,0,135,'TicketTask',0,0,0,'2023-11-21 21:30:17'),(11,0,7909,'Ticket',0,0,0,'2023-11-22 20:09:40'),(12,0,143,'TicketTask',0,0,0,'2023-11-22 20:09:40'),(13,0,7937,'Ticket',0,0,0,'2023-11-24 16:40:15'),(14,0,146,'TicketTask',0,0,0,'2023-11-24 16:40:15'),(16,0,13448,'ITILFollowup',0,0,0,'2023-11-24 20:29:30'),(17,0,7766,'Ticket',0,0,0,'2023-11-27 14:05:37'),(18,0,13463,'ITILFollowup',0,0,0,'2023-11-27 14:05:37'),(20,0,13464,'ITILFollowup',0,0,0,'2023-11-27 14:07:34'),(22,0,13466,'ITILFollowup',0,0,0,'2023-11-27 14:25:33'),(23,0,6954,'Ticket',0,0,0,'2023-11-27 18:33:11'),(24,0,13469,'ITILFollowup',0,0,0,'2023-11-27 18:33:11'),(26,0,150,'TicketTask',0,0,0,'2023-11-28 20:09:06'),(28,0,151,'TicketTask',0,0,0,'2023-11-29 21:30:14'),(30,0,152,'TicketTask',0,0,0,'2023-11-29 21:44:34'),(32,0,13531,'ITILFollowup',0,0,0,'2023-11-30 16:10:37'),(33,0,7890,'Ticket',0,0,0,'2023-11-30 16:12:33'),(34,0,13532,'ITILFollowup',0,0,0,'2023-11-30 16:12:33'),(35,0,7977,'Ticket',0,0,0,'2023-11-30 17:15:43'),(36,0,13535,'ITILFollowup',0,0,0,'2023-11-30 17:15:43'),(37,0,8018,'Ticket',0,0,0,'2023-11-30 21:45:18'),(38,0,153,'TicketTask',0,0,0,'2023-11-30 21:45:18'),(39,0,8044,'Ticket',0,0,0,'2023-12-01 16:17:52'),(40,0,154,'TicketTask',0,0,0,'2023-12-01 16:17:52'),(41,0,6426,'Ticket',0,0,0,'2023-12-01 16:19:10'),(42,0,155,'TicketTask',0,0,0,'2023-12-01 16:19:10');

--
-- Table structure for table `glpi_peripheralmodels`
--

CREATE TABLE `glpi_peripheralmodels` (
  `id` int unsigned NOT NULL AUTO_INCREMENT,
  `name` varchar(255) CHARACTER SET utf8mb4 COLLATE utf8mb4_unicode_ci DEFAULT NULL,
  `comment` mediumtext CHARACTER SET utf8mb4 COLLATE utf8mb4_unicode_ci,
  `product_number` varchar(255) CHARACTER SET utf8mb4 COLLATE utf8mb4_unicode_ci DEFAULT NULL,
  `weight` int NOT NULL DEFAULT '0',
  `required_units` int NOT NULL DEFAULT '1',
  `depth` float NOT NULL DEFAULT '1',
  `power_connections` int NOT NULL DEFAULT '0',
  `power_consumption` int NOT NULL DEFAULT '0',
  `is_half_rack` tinyint(1) NOT NULL DEFAULT '0',
  `picture_front` mediumtext CHARACTER SET utf8mb4 COLLATE utf8mb4_unicode_ci,
  `picture_rear` mediumtext CHARACTER SET utf8mb4 COLLATE utf8mb4_unicode_ci,
  `pictures` text CHARACTER SET utf8mb4 COLLATE utf8mb4_unicode_ci,
  `date_mod` timestamp NULL DEFAULT NULL,
  `date_creation` timestamp NULL DEFAULT NULL,
  PRIMARY KEY (`id`),
  KEY `name` (`name`),
  KEY `date_mod` (`date_mod`),
  KEY `date_creation` (`date_creation`),
  KEY `product_number` (`product_number`)
) ENGINE=InnoDB AUTO_INCREMENT=32 DEFAULT CHARSET=utf8mb4 COLLATE=utf8mb4_unicode_ci;

--
-- Dumping data for table `glpi_peripheralmodels`
--

INSERT INTO `glpi_peripheralmodels` VALUES (1,'Huawei - L03','','',0,1,1,0,0,0,NULL,NULL,NULL,'2020-11-18 21:06:37','2020-11-18 21:06:37'),(2,'TB-7104l','','',0,1,1,0,0,0,NULL,NULL,NULL,'2020-11-18 21:13:59','2020-11-18 21:13:59'),(3,'DS-7216HQHI-K1','','',0,1,1,0,0,0,NULL,NULL,NULL,'2020-11-24 15:19:04','2020-11-24 15:19:04'),(4,'Samsung Galaxy A11','','',0,1,1,0,0,0,NULL,NULL,NULL,'2020-11-30 14:41:45','2020-11-30 14:41:45'),(5,'TA-1207','','',0,1,1,0,0,0,NULL,NULL,NULL,'2020-12-03 17:30:59','2020-12-03 17:30:59'),(6,'Redmi Note 9','','',0,1,1,0,0,0,NULL,NULL,NULL,'2021-04-26 21:30:17','2021-04-26 21:30:17'),(7,'Redmi Note 8','','',0,1,1,0,0,0,NULL,NULL,NULL,'2021-04-26 21:36:48','2021-04-26 21:36:48'),(8,'YT-X705F','','',0,1,1,0,0,0,NULL,NULL,NULL,'2021-07-29 15:47:30','2021-07-29 15:47:30'),(9,'zte blade','','',0,1,1,0,0,0,NULL,NULL,NULL,'2021-09-16 16:01:44','2021-09-16 16:01:44'),(10,'DHI-NVR4432-4KS2','','',0,1,1,0,0,0,NULL,NULL,NULL,'2021-09-17 21:04:11','2021-09-17 21:04:11'),(11,'Power Lite20','','',0,1,1,0,0,0,NULL,NULL,NULL,'2021-09-27 18:55:51','2021-09-27 18:55:51'),(12,'Redmi 10','','',0,1,1,0,0,0,NULL,NULL,NULL,'2021-12-29 13:53:27','2021-12-29 13:53:27'),(13,'Galaxy A12 ','','',0,1,1,0,0,0,NULL,NULL,NULL,'2022-01-04 14:53:42','2022-01-04 14:53:42'),(14,'ZTE Blade L210','','',0,1,1,0,0,0,NULL,NULL,NULL,'2022-01-04 15:11:39','2022-01-04 15:11:39'),(15,'Silver Max Lite','','',0,1,1,0,0,0,NULL,NULL,NULL,'2022-02-07 17:00:52','2022-02-07 17:00:52'),(16,'iPhone 6','','',0,1,1,0,0,0,NULL,NULL,NULL,'2022-02-21 20:31:41','2022-02-21 20:31:41'),(17,'Nokia 105 4G','','',0,1,1,0,0,0,NULL,NULL,NULL,'2022-03-22 23:17:01','2022-03-22 23:17:01'),(18,'Redmi 10A','','',0,1,1,0,0,0,NULL,NULL,NULL,'2022-07-13 21:57:58','2022-07-13 21:57:58'),(19,'Silver Max Pro','','',0,1,1,0,0,0,NULL,NULL,NULL,'2022-08-01 15:53:13','2022-08-01 15:52:41'),(20,'','','DS-7116HQHI-K1',0,1,1,0,0,0,NULL,NULL,NULL,'2022-08-17 20:55:50','2022-08-17 20:55:50'),(21,'Galaxy A03','','',0,1,1,0,0,0,NULL,NULL,NULL,'2022-08-26 19:13:22','2022-08-26 19:13:22'),(22,'DS-7116HGHI-F1','','',0,1,1,0,0,0,NULL,NULL,NULL,'2022-08-30 20:23:59','2022-08-30 20:23:59'),(23,'TH585P','','',0,1,1,0,0,0,NULL,NULL,NULL,'2022-10-13 21:14:28','2022-10-13 21:14:28'),(24,'PSA-15A SYS','','',0,1,1,0,0,0,NULL,NULL,NULL,'2022-10-28 20:30:43','2022-10-28 20:30:43'),(25,'VS17689','','',0,1,1,0,0,0,NULL,NULL,NULL,'2022-10-28 20:48:14','2022-10-28 20:48:14'),(26,'Silver Max Pro-2','','',0,1,1,0,0,0,NULL,NULL,NULL,'2022-11-29 13:12:03','2022-11-29 13:12:03'),(27,'Galaxy 13A','','',0,1,1,0,0,0,NULL,NULL,NULL,'2023-01-06 21:23:44','2023-01-06 21:23:44'),(28,'Tab A7 Lite','','',0,1,1,0,0,0,NULL,NULL,NULL,'2023-08-10 20:51:33','2023-08-10 20:51:33'),(29,'Glxy A24','','',0,1,1,0,0,0,NULL,NULL,NULL,'2023-10-17 21:24:38','2023-10-17 21:24:38'),(30,'V2109','','',0,1,1,0,0,0,NULL,NULL,NULL,'2023-10-17 21:24:52','2023-10-17 21:24:52'),(31,'Galaxy J5 PRIME','','',0,1,1,0,0,0,NULL,NULL,NULL,'2023-11-15 17:42:49','2023-11-15 17:42:49');

--
-- Table structure for table `glpi_peripherals`
--

CREATE TABLE `glpi_peripherals` (
  `id` int unsigned NOT NULL AUTO_INCREMENT,
  `entities_id` int unsigned NOT NULL DEFAULT '0',
  `name` varchar(255) CHARACTER SET utf8mb4 COLLATE utf8mb4_unicode_ci DEFAULT NULL,
  `date_mod` timestamp NULL DEFAULT NULL,
  `contact` varchar(255) CHARACTER SET utf8mb4 COLLATE utf8mb4_unicode_ci DEFAULT NULL,
  `contact_num` varchar(255) CHARACTER SET utf8mb4 COLLATE utf8mb4_unicode_ci DEFAULT NULL,
  `users_id_tech` int unsigned NOT NULL DEFAULT '0',
  `groups_id_tech` int unsigned NOT NULL DEFAULT '0',
  `comment` mediumtext CHARACTER SET utf8mb4 COLLATE utf8mb4_unicode_ci,
  `serial` varchar(255) CHARACTER SET utf8mb4 COLLATE utf8mb4_unicode_ci DEFAULT NULL,
  `otherserial` varchar(255) CHARACTER SET utf8mb4 COLLATE utf8mb4_unicode_ci DEFAULT NULL,
  `locations_id` int unsigned NOT NULL DEFAULT '0',
  `peripheraltypes_id` int unsigned NOT NULL DEFAULT '0',
  `peripheralmodels_id` int unsigned NOT NULL DEFAULT '0',
  `brand` varchar(255) CHARACTER SET utf8mb4 COLLATE utf8mb4_unicode_ci DEFAULT NULL,
  `manufacturers_id` int unsigned NOT NULL DEFAULT '0',
  `is_global` tinyint(1) NOT NULL DEFAULT '0',
  `is_deleted` tinyint(1) NOT NULL DEFAULT '0',
  `is_template` tinyint(1) NOT NULL DEFAULT '0',
  `template_name` varchar(255) CHARACTER SET utf8mb4 COLLATE utf8mb4_unicode_ci DEFAULT NULL,
  `users_id` int unsigned NOT NULL DEFAULT '0',
  `groups_id` int unsigned NOT NULL DEFAULT '0',
  `states_id` int unsigned NOT NULL DEFAULT '0',
  `ticket_tco` decimal(20,4) DEFAULT '0.0000',
  `is_dynamic` tinyint(1) NOT NULL DEFAULT '0',
  `uuid` varchar(255) CHARACTER SET utf8mb4 COLLATE utf8mb4_unicode_ci DEFAULT NULL,
  `autoupdatesystems_id` int unsigned NOT NULL DEFAULT '0',
  `date_creation` timestamp NULL DEFAULT NULL,
  `is_recursive` tinyint(1) NOT NULL DEFAULT '0',
  PRIMARY KEY (`id`),
  KEY `name` (`name`),
  KEY `is_template` (`is_template`),
  KEY `is_global` (`is_global`),
  KEY `entities_id` (`entities_id`),
  KEY `manufacturers_id` (`manufacturers_id`),
  KEY `groups_id` (`groups_id`),
  KEY `users_id` (`users_id`),
  KEY `locations_id` (`locations_id`),
  KEY `peripheralmodels_id` (`peripheralmodels_id`),
  KEY `states_id` (`states_id`),
  KEY `users_id_tech` (`users_id_tech`),
  KEY `peripheraltypes_id` (`peripheraltypes_id`),
  KEY `is_deleted` (`is_deleted`),
  KEY `date_mod` (`date_mod`),
  KEY `groups_id_tech` (`groups_id_tech`),
  KEY `is_dynamic` (`is_dynamic`),
  KEY `serial` (`serial`),
  KEY `otherserial` (`otherserial`),
  KEY `date_creation` (`date_creation`),
  KEY `is_recursive` (`is_recursive`),
  KEY `autoupdatesystems_id` (`autoupdatesystems_id`),
  KEY `uuid` (`uuid`)
) ENGINE=InnoDB AUTO_INCREMENT=178 DEFAULT CHARSET=utf8mb4 COLLATE=utf8mb4_unicode_ci;

--
-- Dumping data for table `glpi_peripherals`
--

INSERT INTO `glpi_peripherals` VALUES (2,1,'ARTA9NY-BG','2023-08-10 21:00:33','nidia.davila','',0,0,'','HAOYA9NY','',5,2,2,'LENOVO',21,0,0,0,NULL,0,0,2,0.0000,0,NULL,0,'2020-03-11 21:34:27',0),(3,1,'ARTA628-BG','2023-08-10 21:00:16','yolanda.reyes','',0,0,'','HAOYA628','',5,2,2,'LENOVO',21,0,0,0,NULL,0,0,2,0.0000,0,NULL,0,'2020-03-11 21:35:29',0),(4,1,'ART9S86-BG','2023-08-10 21:00:01','maria.garcia','',0,13,'','HAOY9S86','',5,2,2,'LENOVO',21,0,0,0,NULL,0,0,2,0.0000,0,NULL,0,'2020-03-11 21:36:13',0),(5,1,'ARTBYVS-ME','2023-04-24 10:31:08','user','',0,28,'','HAOYBYVS','',2,2,2,'LENOVO',21,0,0,0,NULL,0,0,2,0.0000,0,NULL,0,'2020-03-11 21:37:20',0),(6,1,'ARTQFML-BC','2023-08-10 21:02:44','dgrimaldos','',0,0,'','R52M40EQFML','',2,2,2,'SAMSUNG ELECTRONICS CO., LTD.',21,0,0,0,NULL,0,12,2,0.0000,0,NULL,0,'2020-03-11 21:38:49',0),(8,0,'Teclado Numérico','2023-04-24 09:52:17','','',0,0,'','UH1874900969','',0,0,0,'Genius',0,0,0,0,NULL,0,0,3,0.0000,0,NULL,0,'2020-03-11 21:40:22',0),(9,1,'ART0641-BC','2023-08-09 19:17:20','kevin.cruz','',0,62,'','869531028800641','',10,1,1,'',58,0,0,0,NULL,950,62,3,0.0000,0,NULL,0,'2020-11-18 21:07:04',0),(10,1,'ART6176-BC','2023-04-24 12:02:11','','',0,27,'IP: http://192.168.21.20 - http://181.129.190.212/\r\nUsuario: admin\r\nClave: @dm1nCCTV22*\r\n----------------------------------------\r\nUsuario Visualizador\r\nUsurio: supervisor\r\nClave: Super2020*\r\n-------------------------------------\r\nUsuario: soporteti\r\nClave: Super2020*','D19476176','',10,4,3,'Hikvision',60,0,0,0,NULL,0,13,1,0.0000,0,NULL,0,'2020-11-24 15:19:56',0),(11,1,'ART1280-MD','2023-04-24 12:02:11','','',0,0,'IP HTTP://192.168.30.57\r\nUsuario: admin\r\nClave: arintia1972','1280WCVU','',0,4,3,'Hikvsion',60,0,0,0,NULL,0,13,3,0.0000,0,NULL,0,'2020-11-25 13:40:57',0),(12,1,'ART1191-BC','2023-07-01 21:58:21','jair.orosco','',0,62,'IP: http://192.168.21.21 - http://181.129.190.213/\r\nUsuario: admin\r\nClave: @dm1nCCTV22*\r\n\r\n----------------------------------------\r\nUsuario Visualizador\r\nUsurio: supervisor\r\nClave: Super2020*\r\n-------------------------------------\r\nUsuario: soporteti\r\nClave: Super2020*\r\n\r\nusuario:quimicos\r\nClave:Arintia44+','C86521191','',8,4,3,'Hikvision',60,0,0,0,NULL,0,62,1,0.0000,0,NULL,0,'2020-11-27 16:11:12',0),(13,2,'ARTA11-BG','2023-04-24 09:35:56','','',0,13,'Dirección: AV CL 116 # 70C - 22\r\n\r\nEquipo Personal de Katherinne Jimenez','','',37,1,4,'',40,0,0,0,NULL,0,13,2,0.0000,0,NULL,0,'2020-11-30 14:42:59',0),(14,1,'ART7357-BQ','2023-04-28 18:18:38','','',0,12,'','','',15,1,5,'',65,0,0,0,NULL,0,12,2,0.0000,0,NULL,0,'2020-12-03 17:33:32',0),(15,1,'ART8022-BC','2023-04-24 11:22:24','','',0,22,'http://192.168.1.114\r\nUsuario: admin\r\nContraseña: flota1972','N1620170427CCWR754908022WCVU','',9,4,3,'Hikvision',60,0,0,0,NULL,0,13,2,0.0000,0,NULL,0,'2021-02-09 19:52:48',0),(16,15,'ART0410-BG','2023-10-19 16:34:57','eliana.berrio','',0,0,'Correo: art0410.bg@gmail.com\r\nContraseña: Adm1nPC44$\r\n\r\nQuicksupport: 1035487271','865858053830886','',109,1,6,'',77,0,0,0,NULL,330,52,1,0.0000,0,NULL,0,'2021-04-26 21:31:22',0),(17,15,'ARTCA91-BG','2023-10-31 16:48:48','diego.puentes','',1117,0,'NUEVO USUARIO DIEGO PUENTES\r\nCuenta Gmail: artca91.bg@gmail.com\r\nContraseña: Adm1nPC44$\r\n\r\nQuickSupport: 1035408843','9f8fca91','',46,1,7,'',77,0,0,0,NULL,1138,69,1,0.0000,0,NULL,0,'2021-04-26 21:38:03',0),(18,15,'ART0409-BG','2023-08-31 16:11:40','nelly rodriguez','',752,0,'correo: art0409.bg@gmail.com\r\nContraseña: Adm1nPC44$\r\n\r\nQuickSupport: 1035753467','862122056711764','',38,1,6,'',77,0,0,0,NULL,1107,52,1,0.0000,0,NULL,0,'2021-04-27 14:26:21',0),(19,1,'ART4120-BG','2023-04-24 12:02:11','monica.cacua','',0,0,'Video Beam adquirido para uso de parque industrial,distrivalles y mineroil quimicos','010343954120','',10,6,11,'',39,0,0,0,NULL,0,0,1,0.0000,0,NULL,0,'2021-04-27 14:30:37',0),(20,15,'ART6105-BG','2023-10-24 21:24:44','','',752,0,'Correo: art6105.bg@gmail.com\r\nContraseña: Adm1nPC44$\r\n\r\nQuickSupport: 1035589002\r\n','865858052786105','',38,1,6,'',77,0,0,0,NULL,950,52,3,0.0000,0,NULL,0,'2021-04-27 15:41:05',0),(21,22,'ART5247-BG','2023-11-15 16:21:40','karen.vega','',1117,52,'EX usuario: Judy jazmin\r\nNuevo, Karen natalia\r\nCorreo: art5247.bg@gmail.com\r\nContraseña: Adm1nPC44$\r\n\r\nIMEI 1: 862122056795247/01\r\nIMEI 2: 862122056795254/01\r\nS/N: 29929/K1NX03459\r\nid quicksupport: 1035658862','29929/K1NX03459','',48,1,6,'',77,0,0,0,NULL,794,62,1,0.0000,0,NULL,0,'2021-04-27 15:43:23',0),(22,15,'ART6624-BG','2023-07-10 14:05:51','','',752,0,'Cuenta Gmail: art6624.bg@gmail.com\r\nContraseña: Adm1nPC44$\r\n\r\n\r\n\r\nID Quick Suport: 1035716472','865858052706624','',55,1,6,'',77,0,0,0,NULL,1061,52,1,0.0000,0,NULL,0,'2021-04-27 15:46:56',0),(23,15,'ART8108-BG','2023-11-26 20:43:29','Cynthia Lopez','',752,0,'correo: art8108.bg@gmail.com\r\ncontraseña: Adm1nPC44$\r\n\r\nidquicksupport: 1035627880\r\n\r\nEquipo entregado provisionalmente a Cynthia Lopez\r\n\r\nsastechos45@gmail.com\r\nTecSas2023*','865858053888108','',38,1,6,'',77,0,0,0,NULL,973,52,1,0.0000,0,NULL,0,'2021-04-27 15:49:22',0),(24,15,'ART9469-BG','2023-05-05 18:46:39','angela.rojas','',752,0,'correo: art.9469bg@gmail.com\r\ncontraseña: Adm1nPC44$','862122056729469','',38,1,6,'',77,0,0,0,NULL,873,52,1,0.0000,0,NULL,0,'2021-04-27 15:51:51',0),(25,15,'ART5449-BG','2023-05-05 15:48:49','ana.villa','',752,0,'correo: art5449.bg@gmail.com\r\nContraseña: Adm1nPC44$\r\n\r\nId quicksupport: 1035567631','865858052675449','',38,1,6,'',77,0,0,0,NULL,876,52,1,0.0000,0,NULL,0,'2021-04-27 15:55:08',0),(26,1,'ART6WA2-MQ','2023-04-24 12:02:11','jeferson.cubides','',0,13,'Correo: art6wa2.mq@gmail.com\r\nContraseña: Adm1nPC44$\r\n\r\nQuicksupport: 277068115','HA1A6WA2','',41,2,8,'LENOVO',21,0,0,0,NULL,0,12,1,0.0000,0,NULL,0,'2021-07-29 15:48:10',0),(27,1,'ARTBS81-CL','2023-04-24 12:02:11','wilmer.gonzalez','',0,0,'CORREO: artbs81.cl@gmail.com\r\nCONTRASEÑA: Adm1nPC44$ \r\n\r\nQuick Support: 277158233','HA18BS81','',14,2,8,'LENOVO',21,0,0,0,NULL,0,12,1,0.0000,0,NULL,0,'2021-07-30 16:01:53',0),(28,1,'ART700Z-MD','2023-04-24 12:02:11','camilo.ricaurte','',0,0,'CORREO: art07c0.md@gmail.com\r\nCONTRASEÑA: Adm1nPC44$\r\n\r\nQuicksupport: 277198246','ZA3V0007C0','',2,2,8,'LENOVO',21,0,0,0,NULL,355,12,1,0.0000,0,NULL,0,'2021-07-30 16:32:38',0),(29,1,'ART1WK6-BQ','2023-04-24 12:02:11','diego.castro','',0,12,'CORREO: art1wk6.bq@gmail.com\r\nCONTRASEÑA: Adm1nPC44$\r\n\r\nQuickSupport:  277284891','HA1AWK6','',15,2,8,'LENOVO',21,0,0,0,NULL,413,12,1,0.0000,0,NULL,0,'2021-07-30 17:43:58',0),(30,1,'ART1223-BG','2023-10-19 16:36:17','carlos vargas','',875,0,'','869243044861223','',154,1,9,'ZTE Blade',80,0,0,0,NULL,618,0,3,0.0000,0,NULL,0,'2021-08-24 18:49:17',0),(31,1,'ART39B06-BC','2023-04-28 19:32:22','','',0,62,'http://192.168.30.10:90\r\nUsuario: admin\r\nContraseña:admin12345\r\n\r\nUsuario:tecnologia\r\nContraseña:t3cnologiA44\r\n-----------------------------------------------------------\r\nusuario visualizar\r\n\r\nusuario:seguridad\r\nContraseña:Ar1ntiA2021','N1620170427CCWR754908022WCVU','',48,5,10,'Dahua',81,0,0,0,NULL,875,13,1,0.0000,0,NULL,0,'2021-09-17 21:01:08',0),(32,21,'ART1254-MQ','2023-07-10 14:06:31','andrea bulla','',368,13,'','865877059174347','',41,1,12,'',77,0,0,0,NULL,649,12,1,0.0000,0,NULL,0,'2021-12-29 13:55:36',0),(33,15,'ART0660-ME','2023-08-31 20:51:42','johanna.saldarriaga','',752,52,'correo: distrivalles.arintia@gmail.com\r\ncontraseña: DisAri2021*\r\n','354136765180660 ','',77,1,13,'',68,0,0,0,NULL,1104,52,1,0.0000,0,NULL,0,'2022-01-04 14:54:54',0),(34,15,'ART4687-BC','2023-11-28 19:11:31','leidy villamizar','',1117,13,'','86588053524687','',46,1,6,'',77,0,0,0,NULL,2007,69,1,0.0000,0,NULL,0,'2022-01-04 15:00:53',0),(35,2,'ART6809-BG','2023-11-07 21:36:49','leidy.cubillos','',752,13,'Correo: arintia.l210@gmail.com\r\nContraseña: ZTEbladeL210\r\n','864454050526809','',116,1,14,'',80,0,0,0,NULL,969,34,1,0.0000,0,NULL,0,'2022-01-04 15:22:37',0),(36,15,'ART6979-ME','2023-11-21 19:19:01','hugo.caballero','',802,52,'techosphone@gmail.com\r\nTecPho2023*\r\nIMEI- 357827620586979/01\r\n\r\n','R58T118FHQH','',77,1,13,'',68,0,0,0,NULL,2003,52,1,0.0000,0,NULL,0,'2022-01-28 21:04:27',0),(37,1,'ART6201-BG','2023-04-28 17:44:07','jorge.bulla','',0,28,'Dado de Baja por Perdida\r\n\r\n\r\ncorreo: phone.arintia@gmail.com\r\ncontraseña: PhoAri2022*\r\n\r\n','R58T118FFDK','',48,1,13,'',68,0,0,0,NULL,0,0,2,0.0000,0,NULL,0,'2022-01-28 21:08:23',0),(38,1,'ART7092-CA','2023-08-31 17:33:31','victor.hidrobo','',802,28,'correo: phone.arintia@gmail.com\r\ncontraseña: PhoAri2022*\r\n\r\nIMEI 357827620587092','R58T118FJ3K','',15,1,13,'',68,0,0,0,NULL,1103,62,1,0.0000,0,NULL,0,'2022-01-28 21:11:40',0),(39,1,'ART5583-BG','2023-04-28 17:44:07','Administrador','',0,28,'correo: phone.arintia@gmail.com\r\ncontraseña: PhoAri2022*','R58T118FDHA','',5,1,13,'',68,0,0,0,NULL,636,62,1,0.0000,0,NULL,0,'2022-01-28 21:14:08',0),(40,1,'ART6623-BG','2023-08-11 19:57:38','Luisa.triana','',0,28,'correo: phone.arintia@gmail.com\r\ncontraseña: PhoAri2022*','R58T118FGNT','',121,1,13,'',68,0,0,0,NULL,1041,0,1,0.0000,0,NULL,0,'2022-01-28 21:16:58',0),(41,15,'ART6243-BG','2023-11-14 20:33:09','','',0,28,'correo: phone.arintia@gmail.com\r\ncontraseña: PhoAri2022*','R58T118FFHD','',38,1,13,'',68,0,0,0,NULL,950,52,3,0.0000,0,NULL,0,'2022-01-28 21:20:14',0),(42,1,'ART4180-BG','2023-11-30 14:49:51','','',0,28,'correo: phone.arintia@gmail.com\r\ncontraseña: PhoAri2022*\r\nIMEI1  357827620586201 / 01\r\n','R58T118FFDK','',5,1,13,'',68,0,0,0,NULL,890,40,1,0.0000,0,NULL,0,'2022-01-28 21:21:20',0),(43,15,'ART2518-BG','2023-05-05 15:27:14','','',752,28,'correo: phone.arintia@gmail.com\r\ncontraseña: PhoAri2022*','R58T116EHSZ','',38,1,13,'',68,0,0,0,NULL,973,52,1,0.0000,0,NULL,0,'2022-01-28 21:29:01',0),(44,15,'ART8926-IB','2023-05-05 18:45:22','haidy.urbano','',752,28,'correo: phone.arintia@gmail.com\r\ncontraseña: PhoAri2022*','R56T118FPMB','',44,1,13,'',68,0,0,0,NULL,988,52,1,0.0000,0,NULL,0,'2022-01-28 21:31:15',0),(45,15,'ART7662-BG','2023-06-21 17:18:20','','',875,52,'correo: techos.buc1@gmail.com\r\ncontraseña:  TecBuc2023*\r\n\r\n','R58T118FKTJ','',46,1,13,'',68,0,0,0,NULL,1036,52,1,0.0000,0,NULL,0,'2022-01-28 21:33:20',0),(46,1,'ART7068-BG','2023-04-24 08:44:33','jose.rueda','',0,28,'correo: phone.arintia@gmail.com\r\ncontraseña: PhoAri2022*','R58T118FJOZ','',48,1,13,'',68,0,0,0,NULL,560,62,1,0.0000,0,NULL,0,'2022-01-28 21:35:13',1),(47,15,'ART8835-BG','2023-05-05 21:56:41','yeison acosta','',752,28,'correo: phone.arintia@gmail.com\r\ncontraseña: PhoAri2022*','R58T118FPCY','',85,1,13,'',68,0,0,0,NULL,977,52,1,0.0000,0,NULL,0,'2022-01-28 21:35:37',0),(48,15,'ART6755-BG','2023-05-09 14:32:51','jose mindiola','',875,28,'correo: phone.arintia@gmail.com\r\ncontraseña: PhoAri2022*','R58T118FH2J','',46,1,13,'',68,0,0,0,NULL,985,52,1,0.0000,0,NULL,0,'2022-01-28 21:38:40',0),(49,22,'ART1675-BG','2023-05-10 21:43:13','cesar duran','',752,13,'correo: phone.arintia@gmail.com\r\ncontraseña: PhoAri2022*','R58T10CF13D','',99,1,13,'',68,0,0,0,NULL,920,62,1,0.0000,0,NULL,0,'2022-01-28 21:40:00',1),(50,15,'ART9708-BC','2023-09-22 13:12:12','Sebastián Florez Santa ','',752,28,'asesor.distrivalles@gmail.com\r\nContraseña:Distrivalles2022*\r\nImei 357827620439708\r\n\r\n','r58t10q196r','',77,1,13,'',68,0,0,0,NULL,1115,52,1,0.0000,0,NULL,0,'2022-01-31 18:37:09',0),(51,15,'ART4325-BC','2023-08-31 16:00:09','katherine Coral','',875,28,'IMEI 357827620474325\r\n\r\ncorreo: phone.arintia@gmail.com\r\ncontraseña: PhoAri2022*','R58T10V4VBF','',111,1,13,'',68,0,0,0,NULL,1106,52,1,0.0000,0,NULL,0,'2022-01-31 20:35:51',0),(52,1,'ART4878-BC','2023-08-31 20:40:11','omar.herrera','',0,28,'IMEI 357827620484878','R58T10V5TAA','',2,1,13,'',68,0,0,0,NULL,1094,62,1,0.0000,0,NULL,0,'2022-01-31 20:40:14',0),(53,15,'ART4267-BC','2023-10-19 15:29:29','jose mindiola','',875,28,'IMEI 357827620474267\r\n\r\ncomercialcucutab2c@gmail.com\r\nArintia2022*\r\n\r\nEquipo provisional mientras llega asesor nuevo','R58T10V4V5H','',46,1,13,'',68,0,0,0,NULL,985,52,1,0.0000,0,NULL,0,'2022-01-31 20:46:02',0),(54,15,'ART4965-BC','2023-11-15 18:52:48','','',1117,28,'IMEI 357827620004965\r\nasesor.distrivalles2@gmail.com\r\nContraseña:distrivalles2022*\r\n\r\nEquipo con novedad en display y camara\r\n\r\n ','R58RC4RK3KR','',111,1,13,'',68,0,0,0,NULL,950,52,3,0.0000,0,NULL,0,'2022-02-02 18:46:47',0),(55,1,'ART4649-BC','2023-04-24 08:44:33','','',678,28,'correo: phone.arintia@gmail.com\r\ncontraseña: PhoAri2022*\r\nIMEI:353561160254649','SML210903002733','',48,1,15,'',83,0,0,0,NULL,618,62,1,0.0000,0,NULL,0,'2022-02-07 17:01:21',1),(56,1,'ART2143-MQ','2023-01-26 15:42:33','luisa.carrillo','',368,28,'correo: phone.arintia@gmail.com\r\ncontraseña: PhoAri2022*\r\n\r\nEquipo reportado por Hurto 25/07/2022','210903002008','',41,1,15,'',83,0,0,0,NULL,352,12,2,0.0000,0,NULL,0,'2022-02-10 16:31:24',0),(57,1,'Hikvision-IB','2023-04-24 12:02:11','','',0,27,'User: admin\r\nContraseña:admin123\r\nIp:192.168.30.90','F21090098','',44,4,22,'Hikvision',60,0,0,0,NULL,0,13,1,0.0000,0,NULL,0,'2022-02-14 15:28:16',0),(58,1,'ART8625-BG','2023-05-05 18:43:41','Kevin Cruz','',752,28,'En poder de Kevin, equipo con daño de batería','FFMRW02YG5MC','',37,1,16,'',85,0,0,0,NULL,0,13,2,0.0000,0,NULL,0,'2022-02-21 20:36:37',0),(59,1,'ART5183-ME','2023-04-27 18:58:56','laura.lopez','',678,28,'Celular facturacion Med_Itagui\r\n\r\ncorreo: phone.arintia@gmail.com\r\ncontraseña: PhoAri2022*','SML210903002260','',2,1,15,'',83,0,0,0,NULL,724,62,1,0.0000,0,NULL,0,'2022-02-22 20:00:53',1),(60,1,'Hikvision-IB','2023-04-24 12:02:11','','',0,13,'User: admin\r\nContraseña:admin123\r\nIp:192.168.12.112\r\nWAN: 201.184.124.195:90','D14482665','',38,4,22,'Hikvision',60,0,0,0,NULL,0,13,1,0.0000,0,NULL,0,'2022-03-10 16:39:05',0),(61,21,'ART9842-BC','2023-10-05 21:20:35','','',0,28,'Cuenta:   gruporeaccionfaw.@gmail.com\r\nContraseña:Reaccion2023*','SML210903004993','',41,1,15,'',83,0,0,0,NULL,895,12,1,0.0000,0,NULL,0,'2022-03-16 22:16:25',0),(62,1,'ART3886-BC','2023-08-11 19:47:33','Daniel Caballero','',0,28,'correo: phone.arintia@gmail.com\r\ncontraseña: PhoAri2022*','SML210903004695','',8,1,15,'',83,0,0,0,NULL,1033,0,1,0.0000,0,NULL,0,'2022-03-17 20:22:10',1),(63,1,'ART1154-ME','2023-04-24 12:15:27','antonio.perez','',0,28,'IMEI: 358864600031154','','',0,7,17,'',65,0,0,0,NULL,0,0,1,0.0000,0,NULL,0,'2022-03-22 23:18:22',1),(64,20,'ART4508-BG','2023-10-17 21:25:22','','',0,28,'correo: phone.arintia@gmail.com\r\ncontraseña: PhoAri2022*\r\n\r\nCuenta: vendedormcp2@gmail.com\r\nContraseña: VenMcp23*','SML210903002726','',138,1,15,'',83,0,0,0,NULL,1129,62,1,0.0000,0,NULL,0,'2022-03-23 15:13:52',1),(65,1,'ART8083-ME','2023-04-27 18:58:56','Alexis Pabón','',0,28,'correo: phone.arintia@gmail.com\r\ncontraseña: PhoAri2022*\r\n\r\nHurto','SML210903004905','',2,1,15,'',83,0,0,0,NULL,0,62,2,0.0000,0,NULL,0,'2022-03-23 15:21:55',1),(66,1,'ART7558-BG','2023-03-13 20:48:57','esteffany.barrera','',0,28,'Correo: artgh.bienestar@arintia.com\r\nContraseña: asd1234*\r\n\r\nIMEI1: 865614061177558\r\nIMEI2: 865614061177566','62TA70049','',5,1,18,'',110,0,0,0,NULL,329,33,1,0.0000,0,NULL,0,'2022-07-13 21:58:10',1),(67,21,'ART0585-MQ','2023-10-06 13:01:23','luisa Carrillo','',368,28,'correo: movil.arintiaenergy@gmail.com\r\nContraseña: asd1916+','SMP220220006765','',41,1,19,'',83,0,0,0,NULL,352,12,1,0.0000,0,NULL,0,'2022-08-01 15:54:23',0),(68,15,'ART5927-BG','2023-04-28 17:48:31','','',0,28,'\r\nIp Lan: 192.168.12.19	\r\nUsuario: admin\r\nContraseña: Adm1nPC44$\r\n	\r\nRojito2052*\r\n#deSerie:   DS-7116HQHI-K11620180704CCWRC33365927WCVU\r\n\r\nModelo:        DS-7116HQHI-K1','C33365927','',38,4,20,'Hikvision',60,0,0,0,NULL,0,69,1,0.0000,0,NULL,0,'2022-08-17 20:58:38',0),(69,1,'ART2286-BC','2023-04-24 12:02:11','Administrador','',0,42,'correo: phone.arintia@gmail.com\r\ncontraseña: PhoAri2022*\r\n\r\nIMEI 350184796232286','R7AT60RFKFT','',48,1,21,'',68,0,0,0,NULL,606,13,1,0.0000,0,NULL,0,'2022-08-26 19:10:48',1),(71,1,'Hikvision-IB','2023-04-27 18:58:56','','',0,13,'User: admin\r\nContraseña:admin123\r\nIP:192.168.30.90','G31379281','',2,4,3,'Hikvision',60,0,0,0,NULL,0,13,1,0.0000,0,NULL,0,'2022-08-30 20:19:41',0),(72,1,'Hikvision-IB 2','2023-04-27 18:58:56','','',0,13,'User: admin\r\nContraseña:admin123\r\nIp:192.168.30.90','101000605','',2,4,22,'Hikvision',60,0,0,0,NULL,0,13,1,0.0000,0,NULL,0,'2022-08-30 20:22:26',0),(73,1,'ART33N0-BG','2023-03-13 20:48:57','ARINTIA','',0,28,'Video Beam \r\nSe devolvió por defecto del producto.','PV33N01010000','',5,6,23,'',116,0,0,0,NULL,0,28,2,0.0000,0,NULL,0,'2022-10-13 21:16:33',0),(74,1,'ART15AS-BG','2023-04-24 10:38:29','Arintia.Global','',0,28,'Equipo en perfectas condiciones.','','',5,8,24,'',117,0,0,0,NULL,0,28,3,0.0000,0,NULL,0,'2022-10-28 20:33:44',0),(75,1,'ART7689-BG','2023-04-24 10:38:29','Arintia.Global','',0,28,'Video Bem\r\nControl\r\nCable de Poder\r\nCable HDMI\r\nTelón & Tripode','','',5,6,25,'',119,0,0,0,NULL,0,28,3,0.0000,0,NULL,0,'2022-10-28 20:49:01',0),(76,2,'ART0328-BG','2023-11-10 21:13:04','Hugo Prieto','',752,28,'IMEI: 358401330040328\r\nIMEI 2: 358401330040336\r\n\r\nCorreo: ecology.col@gmail.com\r\nContraseña: asd1916+','SMP2220623002017','',37,1,26,'',83,0,0,0,NULL,1140,13,1,0.0000,0,NULL,0,'2022-11-29 13:15:52',0),(77,15,'ART3723-BG','2023-04-27 16:15:39','cesar.salamanca','',0,28,'IMEI1: 352460887813723\r\nIMEI2: 353460477813728\r\n\r\nCorreo: techossas1@gmail.com\r\nContraseña: asd1916+','R58TB20KWNR','',38,1,27,'',68,0,0,0,NULL,526,69,1,0.0000,0,NULL,0,'2023-01-06 21:26:30',0),(78,15,'ART6412-BG','2023-11-14 20:28:36','','',0,28,'IMEI1: 352460887806412\r\nIMEI2: 353460477806417\r\n\r\nCorreo: techossas2@gmail.com\r\nContraseña: asd1916+','R58TB20K7HE','',38,1,27,'',68,0,0,0,NULL,749,69,1,0.0000,0,NULL,0,'2023-01-06 21:29:37',0),(79,1,'BT95813-ME','2023-03-14 13:34:17','kevin.cruz','',678,28,'Cable USB\r\nTeclado','','',5,9,0,'',111,0,0,0,NULL,752,28,1,0.0000,0,NULL,0,'2023-02-02 21:32:49',0),(80,17,'BT97116-MQ','2023-09-28 15:28:56','jesus.herrera','',678,28,'Cable USB\r\nTeclado','','',91,9,0,'',111,0,0,0,NULL,673,37,1,0.0000,0,NULL,0,'2023-02-03 13:03:19',0),(81,1,'BT97029-BC','2023-07-31 20:21:29','diva.reyes','',678,28,'Cable USB\r\nTeclado','','',48,9,0,'',111,0,0,0,NULL,1074,33,1,0.0000,0,NULL,0,'2023-02-03 13:13:12',0),(82,1,'BT97026-ME','2023-04-28 06:18:24','blanca.llano','',678,28,'Cable USB\r\nTeclado','','',2,9,0,'',111,0,0,0,NULL,867,45,1,0.0000,0,NULL,0,'2023-02-03 13:16:14',0),(83,21,'BT97021-MQ','2023-07-02 19:36:22','libardo.gonzalez','',678,28,'Cable USB\r\nTeclado','','',41,9,0,'',111,0,0,0,NULL,464,12,1,0.0000,0,NULL,0,'2023-02-03 13:18:43',0),(84,1,'BT96960-CA','2023-04-28 06:12:53','maria.valdivieso','',678,28,'Cable USB\r\nTeclado','','',14,9,0,'',111,0,0,0,NULL,770,26,1,0.0000,0,NULL,0,'2023-02-03 13:41:05',0),(85,1,'BT96958-ME','2023-04-27 18:52:20','viviana.ruiz','',678,28,'Cable USB\r\nTeclado','','',2,9,0,'',111,0,0,0,NULL,365,45,1,0.0000,0,NULL,0,'2023-02-03 13:44:40',0),(86,21,'BT96948-MQ','2023-07-02 19:36:19','andrea.bulla','',678,28,'Cable USB\r\nTeclado','','',41,9,0,'',111,0,0,0,NULL,649,12,1,0.0000,0,NULL,0,'2023-02-03 13:47:11',0),(87,1,'BT96860-BC','2023-09-21 12:30:52','jeremy.pedraza','',678,28,'Cable USB\r\nTeclado','','',48,9,0,'',111,0,0,0,NULL,950,28,1,0.0000,0,NULL,0,'2023-02-03 13:53:08',0),(88,15,'BT96734-BG','2023-04-28 18:20:40','yaneth.rodriguez','',678,28,'Cable USB\r\nTeclado','','',38,9,0,'',111,0,0,0,NULL,0,69,1,0.0000,0,NULL,0,'2023-02-03 14:00:00',0),(89,17,'BT96942-BG','2023-02-03 14:07:35','fabian.suarez','',678,28,'Cable USB\r\nTeclado','','',5,9,0,'',111,0,0,0,NULL,453,37,1,0.0000,0,NULL,0,'2023-02-03 14:05:57',0),(90,17,'BT97697-BG','2023-05-27 05:29:36','wendy.munoz','',678,28,'Cable USB\r\nTeclado','','',101,9,0,'',111,0,0,0,NULL,992,37,1,0.0000,0,NULL,0,'2023-02-03 14:12:32',0),(91,1,'BT97760-BG','2023-02-03 14:22:15','sergio.padilla','',678,28,'Cable USB\r\nTeclado','','',5,9,0,'',111,0,0,0,NULL,657,40,1,0.0000,0,NULL,0,'2023-02-03 14:21:59',0),(92,1,'BT96722-MQ','2023-07-02 19:38:25','yury.angel','',678,28,'Cable USB\r\nTeclado','','',5,9,0,'',111,0,0,0,NULL,639,33,1,0.0000,0,NULL,0,'2023-02-03 14:37:22',0),(93,21,'BT96721-BQ','2023-07-02 19:36:11','diego.castro','',678,28,'Cable USB\r\nTeclado','','',15,9,0,'',111,0,0,0,NULL,413,12,1,0.0000,0,NULL,0,'2023-02-03 14:42:18',0),(94,1,'BT96649-ME','2023-11-26 17:41:06','administrador ','',678,28,'Cable USB\r\nTeclado','','',2,9,0,'',111,0,0,0,NULL,0,33,1,0.0000,0,NULL,0,'2023-02-03 14:46:09',0),(95,21,'BT96496-BQ','2023-07-02 19:24:19','laura.ariza','',678,28,'Cable USB\r\nTeclado','','',15,9,0,'',111,0,0,0,NULL,707,12,1,0.0000,0,NULL,0,'2023-02-03 14:48:58',0),(96,1,'BT96310-BC','2023-09-28 19:42:47','oscar.posada','',678,28,'Cable USB\r\nTeclado\r\n','','',121,9,0,'',111,0,0,0,NULL,908,28,1,0.0000,0,NULL,0,'2023-02-03 14:55:18',0),(97,17,'BT96305-BG','2023-07-02 22:38:23','andres.jimenez','',678,28,'Cable USB\r\nTeclado','','',101,9,0,'',111,0,0,0,NULL,549,37,1,0.0000,0,NULL,0,'2023-02-03 14:58:45',0),(98,22,'BT96304-BC','2023-10-19 20:39:30','','',678,28,'Cable USB\r\nTeclado','','',48,9,0,'',111,0,0,0,NULL,950,62,1,0.0000,0,NULL,0,'2023-02-03 15:02:23',0),(99,1,'BT96253-MQ','2023-04-28 05:36:50','green.transport','',678,28,'Cable USB\r\nTeclado','','',41,9,0,'',111,0,0,0,NULL,776,58,1,0.0000,0,NULL,0,'2023-02-03 15:04:40',0),(100,1,'BT96116-BC','2023-04-28 05:52:31','lady.quintero','',678,28,'Cable USB\r\nTeclado','','',48,9,0,'',111,0,0,0,NULL,771,27,1,0.0000,0,NULL,0,'2023-02-03 15:08:59',0),(101,1,'BT96114-BG','2023-08-06 00:44:15','yesenia.diaz','',678,28,'Cable USB\r\nTeclado','','',5,9,0,'',111,0,0,0,NULL,882,33,1,0.0000,0,NULL,0,'2023-02-03 15:16:29',0),(102,1,'BT95863-BG','2023-04-28 03:48:49','cristhian.osorio','',678,28,'Cable USB\r\nTeclado','','',5,9,0,'',111,0,0,0,NULL,800,29,1,0.0000,0,NULL,0,'2023-02-03 15:18:49',0),(103,21,'BT95701-BQ','2023-07-02 19:35:59','mayleth.bohorquez','',678,28,'Cable USB\r\nTeclado','','',15,9,0,'',111,0,0,0,NULL,372,12,1,0.0000,0,NULL,0,'2023-02-03 15:21:25',0),(104,22,'BT95679-BC','2023-07-02 21:25:36','flor.rios','',678,28,'Calble USB\r\nTeclado','','',48,9,0,'',111,0,0,0,NULL,778,62,1,0.0000,0,NULL,0,'2023-02-06 13:01:21',0),(105,1,'BT95655-BG','2023-06-20 02:47:12','karen.ibanez','',678,28,'Cable USB\r\nTeclado','','',5,9,0,'',111,0,0,0,NULL,971,33,1,0.0000,0,NULL,0,'2023-02-06 13:04:27',0),(106,1,'BT95536-BG','2023-04-28 03:46:53','jazmin.vargas','',678,28,'Cable USB\r\nTeclado','','',5,9,0,'',111,0,0,0,NULL,884,33,1,0.0000,0,NULL,0,'2023-02-06 13:07:42',0),(107,1,'BT95431-ME','2023-08-31 15:31:19','monica.gamez','',678,28,'Cable USB\r\nTeclado','','',2,9,0,'',111,0,0,0,NULL,1105,45,1,0.0000,0,NULL,0,'2023-02-06 13:14:48',0),(108,22,'BT95271-BC','2023-07-02 21:21:05','viviana.castellanos','',678,28,'Cable USB\r\nTeclado','','',10,9,0,'',111,0,0,0,NULL,781,62,1,0.0000,0,NULL,0,'2023-02-06 13:18:30',0),(109,22,'BT95125-BC','2023-11-07 20:40:09','flor.zuniga','',678,28,'Cable USB\r\nTeclado','','',48,9,0,'',111,0,0,0,NULL,950,62,1,0.0000,0,NULL,0,'2023-02-06 13:25:01',0),(110,1,'BT95095-ME','2023-04-28 06:21:12','cristian.garcia','',678,28,'Cable USB\r\nTeclado','','',78,9,0,'',111,0,0,0,NULL,885,41,1,0.0000,0,NULL,0,'2023-02-06 13:28:18',0),(111,22,'BT95049-BC','2023-07-02 21:18:11','rosana.tinoco','',678,28,'Cable USB\r\nTeclado','','',48,9,0,'',111,0,0,0,NULL,0,62,1,0.0000,0,NULL,0,'2023-02-06 13:30:24',0),(112,1,'BT94904-ME','2023-04-28 06:23:53','ladys.palacios','',678,28,'Cable USB\r\nTeclado','','',2,9,0,'',111,0,0,0,NULL,850,45,1,0.0000,0,NULL,0,'2023-02-06 13:32:42',0),(113,22,'BT94859-BC','2023-07-02 21:21:11','luisa.triana','',678,28,'','','',48,9,0,'',111,0,0,0,NULL,1041,62,1,0.0000,0,NULL,0,'2023-02-06 13:34:53',0),(114,21,'BT94829-MQ','2023-09-01 17:38:59','almacen.faw','',678,28,'Cable USB\r\nTeclado','','',41,9,0,'',111,0,0,0,NULL,1110,12,1,0.0000,0,NULL,0,'2023-02-06 13:37:49',0),(115,1,'BT94641-BG','2023-04-24 10:38:29','','',678,28,'Cable USB\r\nTeclado','','',38,9,0,'',111,0,0,0,NULL,0,12,1,0.0000,0,NULL,0,'2023-02-06 13:40:32',0),(116,21,'BT94640-MQ','2023-07-11 17:21:28','fausto.perez','',678,28,'Cable USB\r\nTeclado','','',41,9,0,'',111,0,0,0,NULL,905,12,1,0.0000,0,NULL,0,'2023-02-06 19:13:36',0),(117,1,'BT94522-BG','2023-08-15 16:25:11','edna.izquierdo','',678,28,'Cable USB\r\nTeclado','','',38,9,0,'',111,0,0,0,NULL,1095,43,1,0.0000,0,NULL,0,'2023-02-06 19:16:06',0),(118,21,'BT94473-MQ','2023-08-11 20:04:42','ana.granados','',678,28,'Cable USB\r\nTeclado','','',41,9,0,'',111,0,0,0,NULL,1080,12,1,0.0000,0,NULL,0,'2023-02-06 19:18:24',0),(119,22,'BT94368-BC','2023-07-02 21:18:35','diego.bonilla','',678,28,'Cable USB\r\nTeclado','','',48,9,0,'',111,0,0,0,NULL,662,62,1,0.0000,0,NULL,0,'2023-02-06 19:21:03',0),(120,17,'BT94277-BG','2023-07-02 21:42:11','andres.uriza','',678,28,'Cable USB\r\nTeclado','','',36,9,0,'',111,0,0,0,NULL,803,37,1,0.0000,0,NULL,0,'2023-02-06 19:23:11',0),(121,17,'BT94189-BG','2023-05-27 05:34:46','jairo.vargas','',678,28,'Cable USB\r\nTeclado','','',101,9,0,'',111,0,0,0,NULL,1008,37,1,0.0000,0,NULL,0,'2023-02-06 19:25:58',0),(122,1,'BT94183-BC','2023-09-15 19:42:48','monica.cacua','',678,28,'Cable USB\r\nTeclado','','',154,9,0,'',111,0,0,0,NULL,893,41,1,0.0000,0,NULL,0,'2023-02-06 19:30:48',0),(123,17,'BT94178-BG','2023-05-27 05:31:05','miguel.medina','',678,28,'Cable USB\r\nTeclado','','',101,9,0,'',111,0,0,0,NULL,738,37,1,0.0000,0,NULL,0,'2023-02-06 19:33:08',0),(124,1,'BT94177-BG','2023-09-05 22:14:07','karol.portilla','',678,28,'Cable USB\r\nTeclado','','',5,9,0,'',111,0,0,0,NULL,804,33,1,0.0000,0,NULL,0,'2023-02-06 19:37:43',0),(125,22,'BT94032-ME','2023-10-25 15:29:52','Maykeell Ramirez ','',678,28,'Cable USB\r\nTeclado','','',2,9,0,'',111,0,0,0,NULL,0,62,1,0.0000,0,NULL,0,'2023-02-06 19:40:44',0),(126,22,'BT94022-BC','2023-07-02 21:25:41','andres.consuegra','',678,28,'Cable USB\r\nTeclado','','',48,9,0,'',111,0,0,0,NULL,440,62,1,0.0000,0,NULL,0,'2023-02-06 19:42:57',0),(127,1,'BT93964-MQ','2023-02-06 19:45:18','','',678,0,'Cable USB\r\nTeclado','','',0,9,0,'',111,0,0,0,NULL,0,0,1,0.0000,0,NULL,0,'2023-02-06 19:45:18',0),(128,21,'BT93964-MQ','2023-07-02 01:49:55','eriberto.barreto','',678,0,'Cable USB\r\nTeclado','','',41,9,0,'',111,0,0,0,NULL,546,12,1,0.0000,0,NULL,0,'2023-02-06 19:46:06',0),(129,22,'BT93911-BC','2023-07-02 21:25:42','johanna.anaya','',678,28,'Cable USB\r\nTeclado','','',48,9,0,'',111,0,0,0,NULL,1048,62,1,0.0000,0,NULL,0,'2023-02-06 19:47:54',0),(130,21,'BT93868-MQ','2023-10-13 16:12:14','manuel.correal','',678,28,'Cable USB\r\nTeclado','','',41,9,0,'',111,0,0,0,NULL,1111,12,1,0.0000,0,NULL,0,'2023-02-06 19:49:20',0),(131,1,'BT93847-CA','2023-10-12 17:00:55','laura.duarte','',678,28,'Cable USB\r\nTeclado','','',5,9,0,'',111,0,0,0,NULL,911,43,1,0.0000,0,NULL,0,'2023-02-06 19:50:54',0),(132,22,'BT93689-BC','2023-07-02 21:18:12','jhonatan.castellanos','',678,28,'Cable USB\r\nTeclado','','',48,9,0,'',111,0,0,0,NULL,445,62,1,0.0000,0,NULL,0,'2023-02-06 19:52:23',0),(133,22,'BT93645-BC','2023-07-02 21:25:40','olga.jaimes','',678,28,'Cable USB\r\nTeclado','','',48,9,0,'',111,0,0,0,NULL,337,62,1,0.0000,0,NULL,0,'2023-02-06 19:53:50',0),(134,1,'BT93461-ME','2023-04-28 06:26:24','marta.rua','',678,28,'Cable USB\r\nTeclado','','',2,9,0,'',111,0,0,0,NULL,842,45,1,0.0000,0,NULL,0,'2023-02-06 19:55:19',0),(135,21,'BT92778-MQ','2023-06-28 21:03:49','Jose Clavijo','',678,28,'Cable USB\r\nTeclado','','',79,9,0,'',111,0,0,0,NULL,1042,12,1,0.0000,0,NULL,0,'2023-02-06 19:56:35',0),(136,15,'BT97035-BG','2023-11-21 21:01:42','Administrador','',678,28,'Cable USB\r\nTeclado','','',77,9,0,'',111,0,0,0,NULL,0,69,1,0.0000,0,NULL,0,'2023-02-06 20:02:53',0),(137,15,'BT96405-BG','2023-10-06 20:29:23','leidy.romero','',678,28,'Cable USB\r\nTeclado','','',38,9,0,'',111,0,0,0,NULL,849,69,1,0.0000,0,NULL,0,'2023-02-06 20:06:05',0),(138,15,'BT96246-BC','2023-08-04 20:37:31','laura.rojas','',678,28,'Cable USB\r\nTeclado','','',46,9,0,'',111,0,0,0,NULL,982,69,1,0.0000,0,NULL,0,'2023-02-06 20:08:32',0),(139,15,'BT95698-BC','2023-08-04 20:36:06','jose.mindiola','',678,28,'Cable USB\r\nTeclado','','',46,9,0,'',111,0,0,0,NULL,985,69,1,0.0000,0,NULL,0,'2023-02-06 20:09:48',0),(140,15,'BT95462-ME','2023-05-02 16:58:52','liliana.arias','',678,28,'Cable USB\r\nTeclado','','',2,9,0,'',111,0,0,0,NULL,960,69,1,0.0000,0,NULL,0,'2023-02-06 20:11:27',0),(141,15,'BT95432-BG','2023-04-27 18:41:35','paola.garzon','',678,28,'Cable USB\r\nTeclado','','',38,9,0,'',111,0,0,0,NULL,946,69,1,0.0000,0,NULL,0,'2023-02-06 20:12:52',0),(142,15,'BT95406-BG','2023-05-02 16:59:47','esneider.lesmes','',678,28,'Cable USB\r\nTeclado','','',38,9,0,'',111,0,0,0,NULL,989,69,1,0.0000,0,NULL,0,'2023-02-06 20:14:23',0),(143,15,'BT94470-ME','2023-04-27 19:03:06','astrid.posada','',678,28,'Cable USB\r\nTeclado','','',2,9,0,'',111,0,0,0,NULL,869,69,1,0.0000,0,NULL,0,'2023-02-06 20:16:06',0),(144,15,'BT94382-BG','2023-11-22 22:54:35','angela.alvarez','',678,28,'Cable USB\r\nTeclado','','',38,9,0,'',111,0,0,0,NULL,763,69,1,0.0000,0,NULL,0,'2023-02-06 20:17:22',0),(145,15,'BT94241-BC','2023-05-02 16:59:06','melissa.duarte','',678,28,'Cable USB\r\nTeclado','','',46,9,0,'',111,0,0,0,NULL,981,69,1,0.0000,0,NULL,0,'2023-02-06 20:19:05',0),(146,15,'BT94196-ME','2023-04-27 18:53:24','angelica.lotero','',678,28,'Cable USB\r\nTeclado','','',2,9,0,'',111,0,0,0,NULL,783,69,3,0.0000,0,NULL,0,'2023-02-06 20:20:21',0),(147,22,'BT94124-BC','2023-07-02 21:21:04','laura.lopez','',678,28,'Cable USB\r\nTeclado','','',2,9,0,'',111,0,0,0,NULL,724,62,1,0.0000,0,NULL,0,'2023-02-06 20:21:31',0),(148,15,'BT93891-BG','2023-02-06 20:24:51','','',678,28,'Cable USB\r\nTeclado','','',0,9,0,'',111,0,0,0,NULL,0,0,1,0.0000,0,NULL,0,'2023-02-06 20:24:51',0),(149,15,'BT93891-BG','2023-04-27 18:40:29','monica.sanabria','',678,28,'Cable USB\r\nTeclado','','',38,9,0,'',111,0,0,0,NULL,933,69,1,0.0000,0,NULL,0,'2023-02-06 20:25:35',0),(150,22,'BT96730-BC','2023-07-02 21:25:43','andres.polanco','',678,28,'Cable USB\r\nTeclado','','',48,9,0,'',111,0,0,0,NULL,755,62,1,0.0000,0,NULL,0,'2023-03-30 14:43:39',0),(151,22,'BT93-BC','2023-07-02 21:21:13','jessica.sierra','',678,28,'Cable USB\r\nTeclado','','',48,9,0,'',111,0,0,0,NULL,716,62,1,0.0000,0,NULL,0,'2023-03-30 19:09:33',0),(152,1,'Hikvision-zp','2023-05-10 17:17:11','fabio Vega','',0,27,'User: admin\r\nContraseña:hik12345\r\nIp:192.168.13.18\r\n\r\nuser:supervfisor\r\nSuper2023*-&gt;fabio vega','','',45,4,22,'Hikvision',60,0,0,0,NULL,0,13,1,0.0000,0,NULL,0,'2023-03-30 20:16:22',0),(153,22,'BT95038-BC','2023-07-02 21:18:12','','',875,28,'Cable USB\r\nTeclado','','',48,9,0,'',111,0,0,0,NULL,606,42,1,0.0000,0,NULL,0,'2023-05-10 13:47:14',0),(154,1,'BT94918-BC','2023-09-15 19:42:48','','',875,28,'Cable USB\r\nTeclado','','',154,9,0,'',111,0,0,0,NULL,837,42,1,0.0000,0,NULL,0,'2023-05-10 14:03:40',0),(155,22,'BT96633-BC','2023-07-02 21:18:12','','',875,28,'Cable USB\r\nTeclado','','',48,9,0,'',111,0,0,0,NULL,961,42,1,0.0000,0,NULL,0,'2023-05-10 14:07:36',0),(156,22,'BT94349-BC','2023-07-02 21:18:12','','',875,28,'Cable USB\r\nTeclado','','',48,9,0,'',111,0,0,0,NULL,574,42,1,0.0000,0,NULL,0,'2023-05-10 14:31:43',0),(157,22,'BT97132-BC','2023-07-02 21:18:12','','',875,28,'Cable USB\r\nTeclado','','',48,9,0,'',111,0,0,0,NULL,838,27,1,0.0000,0,NULL,0,'2023-05-15 14:30:05',0),(158,22,'BT94349-BC','2023-07-02 21:18:12','jhonatan.castellanos','',875,28,'Cable USB\r\nTeclado','','',48,9,0,'',111,0,0,0,NULL,445,62,1,0.0000,0,NULL,0,'2023-05-15 14:30:05',0),(159,22,'BT93678-BC','2023-07-02 21:18:12','','',875,28,'Cable USB\r\nTeclado','','',48,9,0,'',111,0,0,0,NULL,843,27,1,0.0000,0,NULL,0,'2023-05-15 14:30:05',0),(160,22,'BT94675-BC','2023-07-02 21:18:12','jhonatan.castellanos','',875,28,'Cable USB\r\nTeclado','','',48,9,0,'',111,0,0,0,NULL,472,27,1,0.0000,0,NULL,0,'2023-05-15 14:30:05',0),(161,22,'BT93886-BC','2023-07-02 21:18:12','','',875,28,'Cable USB\r\nTeclado','','',48,9,0,'',111,0,0,0,NULL,339,27,1,0.0000,0,NULL,0,'2023-05-15 14:30:05',0),(162,22,'BT94777-BC','2023-07-02 21:18:12','','',875,28,'Cable USB\r\nTeclado','','',48,9,0,'',111,0,0,0,NULL,853,27,1,0.0000,0,NULL,0,'2023-05-15 14:30:05',0),(163,22,'BT94509-BC','2023-07-02 21:18:12','','',875,28,'Cable USB\r\nTeclado','','',48,9,0,'',111,0,0,0,NULL,669,62,1,0.0000,0,NULL,0,'2023-05-15 14:30:05',0),(164,22,'BT97105-BC','2023-07-02 21:18:12','','',875,28,'Cable USB\r\nTeclado','','',48,9,0,'',111,0,0,0,NULL,481,62,1,0.0000,0,NULL,0,'2023-05-15 14:30:05',0),(165,21,'ART94ZZ-MQ','2023-11-07 19:54:19','manuel.correal','',368,59,'Arintia -\r\n\r\nCorreo: arintia.promotor@gmail.com\r\nContraseña: asd1916+\r\n\r\nIMEI1:354338761546122','R9PW31294ZZ','IMEI 354338761546122',41,2,28,'Samsung',68,0,0,0,NULL,1111,12,1,0.0000,0,NULL,0,'2023-08-02 20:11:16',0),(166,20,'ART02X5-BC','2023-10-17 21:26:23','julian cuellar','',752,59,'Arintia - Julian-Cuellar\r\n\r\nIMEI: 860359056369415\r\nIMEI2:860359056369407','3453621264002X5','',9,1,30,'VIVO',120,0,0,0,NULL,1133,22,1,0.0000,0,NULL,0,'2023-08-10 16:23:24',0),(167,15,'ART38878-BG','2023-11-01 20:13:59','laura duarte','',368,51,'Cuenta: auxcomprastec0@gmail.com\r\nPass: AuxCom2023*','38878/62QV06332','IMEI 1: 860412063029389',38,1,18,'',77,0,0,0,NULL,911,51,1,0.0000,0,NULL,0,'2023-09-27 22:02:47',0),(168,20,'ART4506-BG','2023-10-19 17:34:16','carolina.roa','',752,59,'Caria - Carolina Roa\r\nModelo - Galaxy A24/SM-A245M/DSN\r\n\r\nCorreo: acomercial.caria@gmail.com\r\nContraseña: 8YNX37m5j\r\n\r\nIMEI: 351736901214506\r\nIMEI2: 357524881214504','R58W90KZLND','',71,1,29,'Samsung',68,0,0,0,NULL,1131,22,1,0.0000,0,NULL,0,'2023-10-12 16:32:41',0),(169,20,'ART7319-BG','2023-10-19 17:34:11','nelson.farias','',752,59,'Caria - Nelson Farias\r\nModelo - Galaxy A24/SM-A245M/DSN\r\n\r\nCorreo: acomercial.caria@gmail.com\r\nContraseña: 8YNX37m5j\r\n\r\nIMEI: 351736901217319\r\nIMEI2: 357524881217317\r\n','R58W90KZW6Z','',71,1,29,'Samsung',68,0,0,0,NULL,1132,22,1,0.0000,0,NULL,0,'2023-10-12 17:11:35',0),(170,20,'ART3522-CQ','2023-11-15 14:47:26','maria.nieto','',752,59,'Caria - Maria Nieto\r\nModelo - Galaxy A24/SM-A245M/DSN\r\n\r\nCorreo: acomercial.caria@gmail.com\r\nContraseña: 8YNX37m5j\r\n\r\nIMEI: 351736901153522\r\nIMEI2: 357524881153520\r\n','R58W90J5PWX','',0,1,29,'Samsung',68,0,0,0,NULL,1144,22,7,0.0000,0,NULL,0,'2023-10-12 17:21:52',0),(171,20,'ART2685-CA','2023-11-10 21:39:22','john.garzon','',752,22,'Caria - John Garzón\r\nModelo - Galaxy A24/SM-A245M/DSN\r\n\r\nCorreo: acomercial.caria@gmail.com\r\nContraseña: 8YNX37m5j\r\n\r\nIMEI: 351736901442685\r\nIMEI2: 357524881442683\r\n','R58W90SG7YE','',88,1,29,'',68,0,0,0,NULL,1143,22,7,0.0000,0,NULL,0,'2023-10-25 21:06:27',0),(172,20,'ART3196-BC','2023-11-15 14:49:31','javier.arias','',752,59,'Caria - Javier Arias\r\nModelo - Galaxy A24/SM-A245M/DSN\r\nAlmacenamiento 128 GB\r\nRAM: 4 GB\r\nimei1: 351736901443196\r\nimei2: 357524881443194\r\n\r\nCorreo: acomercial2.caria@gmail.com\r\nContraseña: fU2td0tCvK\r\n\r\nIMEI: 351736901443196\r\nIMEI2: 357524881443194\r\n','R58W90SG9GW','ART3196-BC',9,1,29,'Samsung',68,0,0,0,NULL,1139,22,7,0.0000,0,NULL,0,'2023-11-02 17:02:58',0),(173,22,'ART0952-BC','2023-11-15 14:51:03','','',752,59,'MCP - Flor Zuñiga\r\nModelo - Galaxy A24/SM-A245M/DSN\r\nAlmacenamiento: 128 GB\r\nRAM: 4 GB\r\nImei 1: 351736901440952\r\nImei 2: 357524881440950\r\nCorreo: acomercial3.caria@gmail.com\r\nContraseña: N0G0TF8rOQ\r\n\r\nIMEI: 351736901440952\r\nIMEI2: 357524881440950\r\n','R58W90SG2PX','ART0952-BC',48,1,29,'Samsung',68,0,0,0,NULL,950,62,3,0.0000,0,NULL,0,'2023-11-02 20:04:23',0),(174,22,'ART3444-SM','2023-11-02 20:23:42','pablo.iglesias','',752,59,'MCP - Pablo Iglesias\r\nModelo - Galaxy A24/SM-A245M/DSN\r\n\r\nCorreo: acomercial4.caria@gmail.com\r\nContraseña: 525O@oQ1f\r\n\r\nIMEI: 351736901443444\r\nIMEI2: 357524881443442\r\n','R58W90SGA8F','',100,1,29,'Samsung',68,0,0,0,NULL,955,62,7,0.0000,0,NULL,0,'2023-11-02 20:23:42',0),(175,20,'ART1281-MT','2023-11-10 21:34:48','nayra.diaz','',752,59,'Caria - Nayra Diaz\r\nModelo - Galaxy A24/SM-A245M/DSN\r\n\r\nCorreo: acomercial5.caria@gmail.com\r\nContraseña: 5hUfKnR8O1\r\n\r\nIMEI: 351736901441281\r\nIMEI2: 357524881441289\r\n','R58W90SG3PV','',71,1,29,'Samsung',68,0,0,0,NULL,1142,22,7,0.0000,0,NULL,0,'2023-11-02 20:47:13',0),(176,20,'ART1141-IB','2023-11-10 21:34:36','carlo.romero','',752,59,'Caria - Carlo Romero\r\nModelo - Galaxy A24/SM-A245M/DSN\r\n\r\nCorreo: acomercial6.caria@gmail.com\r\nContraseña: XQ2h67$QZ\r\n\r\nIMEI: 351736901441141\r\nIMEI2: 357524881441149\r\n','','R58W90SG39K',94,1,29,'Samsung',68,0,0,0,NULL,1141,22,7,0.0000,0,NULL,0,'2023-11-02 20:52:07',0),(177,22,'ART4427-BC','2023-11-15 20:34:52','Rosana Tinoco','',1117,62,'facturacionpuntov@gmail.com\r\nFacVent2023*\r\n\r\nImei 1: 353418086504427\r\nImei 2: 353419086504425','R28K423VEFM','SM-G570M',135,1,31,'',68,1,0,0,NULL,954,62,1,0.0000,0,NULL,0,'2023-11-15 20:33:27',1);

--
-- Table structure for table `glpi_peripheraltypes`
--

CREATE TABLE `glpi_peripheraltypes` (
  `id` int unsigned NOT NULL AUTO_INCREMENT,
  `name` varchar(255) CHARACTER SET utf8mb4 COLLATE utf8mb4_unicode_ci DEFAULT NULL,
  `comment` mediumtext CHARACTER SET utf8mb4 COLLATE utf8mb4_unicode_ci,
  `date_mod` timestamp NULL DEFAULT NULL,
  `date_creation` timestamp NULL DEFAULT NULL,
  PRIMARY KEY (`id`),
  KEY `name` (`name`),
  KEY `date_mod` (`date_mod`),
  KEY `date_creation` (`date_creation`)
) ENGINE=InnoDB AUTO_INCREMENT=10 DEFAULT CHARSET=utf8mb4 COLLATE=utf8mb4_unicode_ci;

--
-- Dumping data for table `glpi_peripheraltypes`
--

INSERT INTO `glpi_peripheraltypes` VALUES (1,'Smartphone','','2020-11-18 21:04:53','2020-11-18 21:04:53'),(2,'Tablet','','2020-11-18 21:09:42','2020-11-18 21:09:42'),(3,'Monitor','','2020-11-19 12:49:52','2020-11-19 12:49:52'),(4,'DVR','','2020-11-24 15:18:21','2020-11-24 15:18:21'),(5,'NVR','','2021-09-17 21:03:17','2021-09-17 21:03:17'),(6,'Video Beam','','2021-09-27 18:55:12','2021-09-27 18:55:12'),(7,'Teléfono','','2022-03-22 23:18:13','2022-03-22 23:18:13'),(8,'Altavoz','','2022-10-28 20:28:52','2022-10-28 20:28:52'),(9,'Bases Refrigerantes','','2023-02-02 21:30:28','2023-02-02 21:30:28');

--
-- Table structure for table `glpi_phonemodels`
--

CREATE TABLE `glpi_phonemodels` (
  `id` int unsigned NOT NULL AUTO_INCREMENT,
  `name` varchar(255) CHARACTER SET utf8mb4 COLLATE utf8mb4_unicode_ci DEFAULT NULL,
  `comment` mediumtext CHARACTER SET utf8mb4 COLLATE utf8mb4_unicode_ci,
  `product_number` varchar(255) CHARACTER SET utf8mb4 COLLATE utf8mb4_unicode_ci DEFAULT NULL,
  `date_mod` timestamp NULL DEFAULT NULL,
  `date_creation` timestamp NULL DEFAULT NULL,
  `picture_front` text CHARACTER SET utf8mb4 COLLATE utf8mb4_unicode_ci,
  `picture_rear` text CHARACTER SET utf8mb4 COLLATE utf8mb4_unicode_ci,
  `pictures` text CHARACTER SET utf8mb4 COLLATE utf8mb4_unicode_ci,
  PRIMARY KEY (`id`),
  KEY `name` (`name`),
  KEY `date_mod` (`date_mod`),
  KEY `date_creation` (`date_creation`),
  KEY `product_number` (`product_number`)
) ENGINE=InnoDB AUTO_INCREMENT=7 DEFAULT CHARSET=utf8mb4 COLLATE=utf8mb4_unicode_ci;

--
-- Dumping data for table `glpi_phonemodels`
--

INSERT INTO `glpi_phonemodels` VALUES (1,'T23G','','','2020-03-12 13:50:22','2020-03-12 13:50:03',NULL,NULL,NULL),(2,'GXP2170','','','2020-03-12 13:54:02','2020-03-12 13:54:02',NULL,NULL,NULL),(3,'GXP160','','','2022-04-12 22:38:39','2022-04-12 22:38:39',NULL,NULL,NULL),(4,'GXP1400','','','2022-04-18 14:39:53','2022-04-18 14:39:53',NULL,NULL,NULL),(5,'GXP1620','','','2022-04-18 16:14:22','2022-04-18 16:14:22',NULL,NULL,NULL),(6,'KX-TS880LX','','','2022-04-18 16:19:43','2022-04-18 16:19:43',NULL,NULL,NULL);

--
-- Table structure for table `glpi_phonepowersupplies`
--

CREATE TABLE `glpi_phonepowersupplies` (
  `id` int unsigned NOT NULL AUTO_INCREMENT,
  `name` varchar(255) CHARACTER SET utf8mb4 COLLATE utf8mb4_unicode_ci DEFAULT NULL,
  `comment` mediumtext CHARACTER SET utf8mb4 COLLATE utf8mb4_unicode_ci,
  `date_mod` timestamp NULL DEFAULT NULL,
  `date_creation` timestamp NULL DEFAULT NULL,
  PRIMARY KEY (`id`),
  KEY `name` (`name`),
  KEY `date_mod` (`date_mod`),
  KEY `date_creation` (`date_creation`)
) ENGINE=InnoDB DEFAULT CHARSET=utf8mb4 COLLATE=utf8mb4_unicode_ci;

--
-- Dumping data for table `glpi_phonepowersupplies`
--


--
-- Table structure for table `glpi_phones`
--

CREATE TABLE `glpi_phones` (
  `id` int unsigned NOT NULL AUTO_INCREMENT,
  `entities_id` int unsigned NOT NULL DEFAULT '0',
  `name` varchar(255) CHARACTER SET utf8mb4 COLLATE utf8mb4_unicode_ci DEFAULT NULL,
  `date_mod` timestamp NULL DEFAULT NULL,
  `contact` varchar(255) CHARACTER SET utf8mb4 COLLATE utf8mb4_unicode_ci DEFAULT NULL,
  `contact_num` varchar(255) CHARACTER SET utf8mb4 COLLATE utf8mb4_unicode_ci DEFAULT NULL,
  `users_id_tech` int unsigned NOT NULL DEFAULT '0',
  `groups_id_tech` int unsigned NOT NULL DEFAULT '0',
  `comment` mediumtext CHARACTER SET utf8mb4 COLLATE utf8mb4_unicode_ci,
  `serial` varchar(255) CHARACTER SET utf8mb4 COLLATE utf8mb4_unicode_ci DEFAULT NULL,
  `otherserial` varchar(255) CHARACTER SET utf8mb4 COLLATE utf8mb4_unicode_ci DEFAULT NULL,
  `locations_id` int unsigned NOT NULL DEFAULT '0',
  `phonetypes_id` int unsigned NOT NULL DEFAULT '0',
  `phonemodels_id` int unsigned NOT NULL DEFAULT '0',
  `brand` varchar(255) CHARACTER SET utf8mb4 COLLATE utf8mb4_unicode_ci DEFAULT NULL,
  `phonepowersupplies_id` int unsigned NOT NULL DEFAULT '0',
  `number_line` varchar(255) CHARACTER SET utf8mb4 COLLATE utf8mb4_unicode_ci DEFAULT NULL,
  `have_headset` tinyint(1) NOT NULL DEFAULT '0',
  `have_hp` tinyint(1) NOT NULL DEFAULT '0',
  `manufacturers_id` int unsigned NOT NULL DEFAULT '0',
  `is_global` tinyint(1) NOT NULL DEFAULT '0',
  `is_deleted` tinyint(1) NOT NULL DEFAULT '0',
  `is_template` tinyint(1) NOT NULL DEFAULT '0',
  `template_name` varchar(255) CHARACTER SET utf8mb4 COLLATE utf8mb4_unicode_ci DEFAULT NULL,
  `users_id` int unsigned NOT NULL DEFAULT '0',
  `groups_id` int unsigned NOT NULL DEFAULT '0',
  `states_id` int unsigned NOT NULL DEFAULT '0',
  `ticket_tco` decimal(20,4) DEFAULT '0.0000',
  `is_dynamic` tinyint(1) NOT NULL DEFAULT '0',
  `uuid` varchar(255) CHARACTER SET utf8mb4 COLLATE utf8mb4_unicode_ci DEFAULT NULL,
  `autoupdatesystems_id` int unsigned NOT NULL DEFAULT '0',
  `date_creation` timestamp NULL DEFAULT NULL,
  `is_recursive` tinyint(1) NOT NULL DEFAULT '0',
  `last_inventory_update` timestamp NULL DEFAULT NULL,
  PRIMARY KEY (`id`),
  KEY `name` (`name`),
  KEY `is_template` (`is_template`),
  KEY `is_global` (`is_global`),
  KEY `entities_id` (`entities_id`),
  KEY `manufacturers_id` (`manufacturers_id`),
  KEY `groups_id` (`groups_id`),
  KEY `users_id` (`users_id`),
  KEY `locations_id` (`locations_id`),
  KEY `phonemodels_id` (`phonemodels_id`),
  KEY `phonepowersupplies_id` (`phonepowersupplies_id`),
  KEY `states_id` (`states_id`),
  KEY `users_id_tech` (`users_id_tech`),
  KEY `phonetypes_id` (`phonetypes_id`),
  KEY `is_deleted` (`is_deleted`),
  KEY `date_mod` (`date_mod`),
  KEY `groups_id_tech` (`groups_id_tech`),
  KEY `is_dynamic` (`is_dynamic`),
  KEY `serial` (`serial`),
  KEY `otherserial` (`otherserial`),
  KEY `date_creation` (`date_creation`),
  KEY `is_recursive` (`is_recursive`),
  KEY `autoupdatesystems_id` (`autoupdatesystems_id`),
  KEY `uuid` (`uuid`)
) ENGINE=InnoDB AUTO_INCREMENT=100 DEFAULT CHARSET=utf8mb4 COLLATE=utf8mb4_unicode_ci;

--
-- Dumping data for table `glpi_phones`
--

INSERT INTO `glpi_phones` VALUES (1,1,'EXT-1101','2023-11-15 15:06:17','Recepcion','',0,33,'Datos Configuración:\r\n\r\nDominio: proxymx2.net2phoneoffice.com:6070\r\nUsuario: 052301101\r\nClave: tYvoV2jzppx~','C074AD0B1EE5','',5,5,2,'',0,'',0,0,29,0,0,0,NULL,1118,33,1,0.0000,0,NULL,0,'2020-03-12 13:54:29',1,NULL),(2,1,'EXT-1102','2023-11-15 15:08:50','Coordinadora de proyectos TI','3212454255',0,28,'Datos Softphone:\r\n\r\nDominio: proxymx2.net2phoneoffice.com:6070\r\nUsuario: 052301102\r\nClave: Arintia02','805EC0828BD8','',5,5,1,'',0,'',0,0,66,0,0,0,NULL,860,28,1,0.0000,0,NULL,0,'2020-03-12 13:57:22',1,NULL),(3,1,'EXT-1103','2023-11-15 18:07:44','Analista De Tesoreria','',0,42,'Datos Softphone:\r\n\r\nDominio: proxymx2.net2phoneoffice.com:6070\r\nUsuario: 052301103\r\nClave: Arintia1103\r\n\r\n','805EC0828E21','',5,5,1,'',0,'',0,0,29,0,0,0,NULL,886,42,1,0.0000,0,NULL,0,'2020-03-12 13:59:32',0,NULL),(4,1,'EXT-1104','2023-11-15 17:16:20','Pte Cancelar','',0,28,'Datos Softphone:\r\n\r\nDominio: proxymx2.net2phoneoffice.com:6070\r\nUsuario: 052301104 \r\nClave: Arintia04','805EC08296B6','',36,5,1,'',0,'',0,0,29,0,0,0,NULL,950,68,1,0.0000,0,NULL,0,'2020-03-12 14:09:54',0,NULL),(5,1,'EXT-1105','2023-11-15 18:11:44','Pte Cancelar','',0,28,'Datos Softphone:\r\n\r\nDominio: proxymx2.net2phoneoffice.com:6070\r\nUsuario: 052301105\r\nClave: Arintia05','','',5,7,1,'',0,'',0,0,29,0,0,0,NULL,950,68,1,0.0000,0,NULL,0,'2020-03-12 14:11:50',0,NULL),(6,1,'EXT-1106','2023-11-15 15:18:13','Pte Cancelar','',0,28,'Datos Softphone:\r\n\r\nDominio: proxymx2.net2phoneoffice.com:6070\r\nUsuario: 052301106\r\nClave: Arintia06','805EC0829029','',36,5,1,'',0,'',0,0,29,0,0,0,NULL,950,68,1,0.0000,0,NULL,0,'2020-03-12 14:15:10',0,NULL),(7,18,'EXT-1107','2023-11-15 15:56:00','','',0,0,'Datos Softphone:\r\n\r\nDominio: proxymx2.net2phoneoffice.com:6070\r\nUsuario: 052301107\r\nClave: Arintia07\r\n\r\next redireccionada a linea celular','','',0,3,0,'',0,'',0,0,66,0,0,0,NULL,0,0,2,0.0000,0,NULL,0,'2020-03-12 14:16:49',0,NULL),(8,1,'EXT-1110','2023-11-15 15:20:08','Pte Cancelar','',0,68,'COLABORADOR RETIRADO\r\nDatos Softphone:\r\n\r\nDominio: proxymx2.net2phoneoffice.com:6070\r\nUsuario: 052301110\r\nClave: 6yscCkibOA-f','805EC0829075','',5,5,1,'',0,'',0,0,29,0,0,0,NULL,950,68,1,0.0000,0,NULL,0,'2020-03-12 14:22:12',0,NULL),(9,18,'EXT-1112','2023-11-15 15:56:00','','',0,0,'Datos Softphone:\r\n\r\nDominio: proxymx2.net2phoneoffice.com:6070\r\nUsuario: 052301112\r\nClave: nYeOE2NS','','',0,3,1,'',0,'',0,0,66,0,0,0,NULL,0,0,2,0.0000,0,NULL,0,'2020-03-12 14:25:36',0,NULL),(10,1,'EXT-1113','2023-11-15 15:20:44','Pte Cancelar','',0,68,'Datos Softphone:\r\n\r\nDominio: proxymx2.net2phoneoffice.com:6070\r\nUsuario: 052301113\r\nClave: Artintia13','','',5,7,1,'',0,'',0,0,29,0,0,0,NULL,950,68,1,0.0000,0,NULL,0,'2020-03-12 14:26:29',0,NULL),(11,18,'EXT-1114','2023-11-15 15:56:00','','',0,0,'Datos Softphone:\r\n\r\nDominio: proxymx2.net2phoneoffice.com:6070\r\nUsuario: 052301114 \r\nClave: CuQ7xaKP_d','805EC0829F9B','',0,5,1,'',0,'',0,0,29,0,0,0,NULL,0,0,2,0.0000,0,NULL,0,'2020-03-12 14:27:36',0,NULL),(12,18,'EXT-1115','2023-11-15 15:56:00','','',0,0,'Datos Softphone:\r\n\r\nDominio: proxymx2.net2phoneoffice.com:6070\r\nUsuario: 052301115\r\nClave: sulfEmyd3t','','',0,3,0,'',0,'',0,0,66,0,0,0,NULL,0,0,2,0.0000,0,NULL,0,'2020-03-12 14:28:24',0,NULL),(13,1,'EXT-1120','2023-11-15 15:21:59','Pte Cancelar','',0,68,'Datos Softphone:\r\n\r\nDominio: proxymx2.net2phoneoffice.com:6070\r\nUsuario: 052301120\r\nClave: Tj70o9Pwd','805EC082904F','',0,7,1,'',0,'',0,0,29,0,0,0,NULL,950,68,1,0.0000,0,NULL,0,'2020-03-12 14:29:38',0,NULL),(14,21,'EXT-1301','2023-11-15 15:24:57','Asistente Administrativa Mosquera ','',0,12,'Facturación y Proveedores \r\n\r\nDatos Softphone:\r\n\r\nDominio: proxymx2.net2phoneoffice.com:6070\r\nUsuario: 052301301\r\nClave: ~CoEwVWu','805EC0828F50','',41,5,1,'',0,'',0,0,29,0,0,0,NULL,352,12,1,0.0000,0,NULL,0,'2020-03-12 14:32:07',0,NULL),(15,18,'EXT-1303','2023-11-15 18:17:29','','',0,0,'Puntos de Atención FAW - Talleres \r\n\r\nDatos Softphone:\r\n\r\nDominio: proxymx2.net2phoneoffice.com:6070\r\nUsuario: 052301303 \r\nClave: Arintia03','805EC0828B92','',0,5,1,'',0,'',0,0,29,0,0,0,NULL,0,0,2,0.0000,0,NULL,0,'2020-03-12 14:33:56',0,NULL),(16,21,'EXT-1304','2023-11-15 18:18:07','Pte Cancelar','',0,12,'Planeación, Telemetría y Acompañamiento \r\n\r\nDatos Softphone:\r\n\r\nDominio: proxymx2.net2phoneoffice.com:6070\r\nUsuario: 052301304\r\nClave: 6xzuA_MU2b','805EC0828C2A','',41,5,1,'',0,'',0,0,29,0,0,0,NULL,950,12,1,0.0000,0,NULL,0,'2020-03-12 14:34:47',0,NULL),(17,21,'EXT-1305','2023-11-15 18:19:25','','',0,12,'Datos Softphone:\r\n\r\nDominio: proxymx2.net2phoneoffice.com:6070\r\nUsuario: 052301305\r\nClave: AQLN~mxd-0N','805EC0828CBF','',41,7,1,'',0,'',0,0,29,0,0,0,NULL,428,12,1,0.0000,0,NULL,0,'2020-03-12 14:35:46',0,NULL),(18,18,'EXT-1307','2023-11-15 18:22:10','Wilmer Andrés Gonzalez Ráquira','',0,12,'Centro de Asistencia Técnica\r\n\r\nDatos Softphone:\r\n\r\nDominio: proxymx2.net2phoneoffice.com:6070\r\nUsuario: 052301307\r\nClave: Arintia07','805EC0828C13','',164,5,1,'',0,'',0,0,29,0,0,0,NULL,0,12,2,0.0000,0,NULL,0,'2020-03-12 14:36:35',0,NULL),(19,18,'EXT-1308','2023-11-15 18:22:10','Julian David González Bernal','',0,12,'Almacén Repuestos\r\n\r\nDatos Softphone:\r\n\r\nDominio: proxymx2.net2phoneoffice.com:6070\r\nUsuario: 052301308\r\nClave: Arintia08','805EC0828B91','',164,5,1,'',0,'',0,0,29,0,0,0,NULL,0,12,2,0.0000,0,NULL,0,'2020-03-12 14:38:17',0,NULL),(20,21,'EXT-1309','2023-05-11 20:35:45','Oscar Rincón Riveros','',0,12,'Centro de Formación Técnica Automotriz \r\n\r\nDatos Softphone:\r\n\r\nDominio: proxymx2.net2phoneoffice.com:6070\r\nUsuario: 052301309 \r\nClave: Artintia09','805EC0828B8E','',41,5,1,'',0,'',0,0,29,0,0,0,NULL,903,12,1,0.0000,0,NULL,0,'2020-03-12 14:40:04',0,NULL),(21,21,'EXT-1320','2023-11-15 18:19:36','Pte Cancelar','',0,12,'Vicepresidencia FAW \r\n\r\nDatos Softphone:\r\n\r\nDominio: proxymx2.net2phoneoffice.com:6070\r\nUsuario: 052301320\r\nClave: 2ZVRRoJezC','805EC0828B8D','',41,7,1,'',0,'',0,0,29,0,0,0,NULL,950,12,1,0.0000,0,NULL,0,'2020-03-12 14:41:44',0,NULL),(22,18,'EXT-1403','2023-11-15 16:03:04','Karina María Gonzales Idárraga','',0,0,'Datos Softphone:\r\n\r\nDominio: proxymx2.net2phoneoffice.com:6070\r\nUsuario: 052301403\r\nClave:Arintia1403','805EC0828B8A','',2,1,1,'',0,'',0,0,29,0,0,0,NULL,0,69,2,0.0000,0,NULL,0,'2020-03-12 14:43:03',0,NULL),(23,18,'EXT-1405','2023-11-15 16:03:04','Leidy Milena Romero Diaz','',0,0,'Datos Softphone:\r\n\r\nDominio: proxymx2.net2phoneoffice.com:6070\r\nUsuario: 052301405\r\nClave: 5I4ODQZp\r\n','805EC0828B9D','',163,5,1,'',0,'',0,0,29,0,0,0,NULL,0,69,2,0.0000,0,NULL,0,'2020-03-12 14:44:41',0,NULL),(24,1,'EXT-1420','2023-11-15 18:05:34','','',0,0,'Datos Softphone:\r\n\r\nDominio: proxymx2.net2phoneoffice.com:6070\r\nUsuario: 052301420\r\nClave: 1L6S9qVi ','805EC0829395','',78,5,1,'',0,'',0,0,29,0,0,0,NULL,365,45,1,0.0000,0,NULL,0,'2020-03-12 14:45:51',0,NULL),(25,2,'EXT-1801','2023-11-15 17:47:24','Leidy Angelica Cubillos Tique','',0,34,'Datos Softphone:\r\n\r\nDominio: proxymx2.net2phoneoffice.com:6070\r\nUsuario: 052301801\r\nClave: 8IrXMNi_I0\r\n','805EC0828C88','',37,5,1,'',0,'',0,0,29,0,0,0,NULL,969,34,1,0.0000,0,NULL,0,'2020-03-12 14:52:10',0,NULL),(26,2,'EXT-1802','2023-11-15 18:14:12','Pte Cancelar','',0,34,'Datos Softphone:\r\n\r\nDominio: proxymx2.net2phoneoffice.com:6070\r\nUsuario: 052301802\r\nClave: FpDpz6ASlrL\r\n','805EC0828B7B','',37,5,1,'',0,'',0,0,29,0,0,0,NULL,950,34,1,0.0000,0,NULL,0,'2020-03-12 14:56:05',0,NULL),(27,18,'EXT-1803','2023-11-15 17:46:06','Katherinne Ivonne Jiménez Sarmiento','',0,0,'Datos Softphone:\r\n\r\nDominio: proxymx2.net2phoneoffice.com:6070\r\nUsuario: 052301803\r\nClave: QAulCPMc3 \r\n','805EC0828B6B','',167,5,1,'',0,'',0,0,29,0,0,0,NULL,0,34,2,0.0000,0,NULL,0,'2020-03-12 14:57:03',0,NULL),(28,18,'EXT-1804','2023-11-15 17:46:06','','',0,13,'Datos Softphone:\r\n\r\nDominio: proxymx2.net2phoneoffice.com:6070\r\nUsuario: 052301804\r\nClave: IUw2VEyzr\r\n','805EC0828CB9','',36,2,1,'',0,'',0,0,29,0,0,0,NULL,0,13,2,0.0000,0,NULL,0,'2020-03-12 14:57:53',0,NULL),(29,18,'EXT-1805','2023-11-15 17:46:06','Vivian Giselle Solina Paez','',0,27,'Datos Softphone:\r\n\r\nDominio: proxymx2.net2phoneoffice.com:6070\r\nUsuario: 052301805\r\nClave: fs1JiOCZ \r\n','805EC0829481','',167,5,1,'',0,'',0,0,29,0,0,0,NULL,0,13,2,0.0000,0,NULL,0,'2020-03-12 14:59:06',0,NULL),(30,18,'EXT-1806','2023-11-15 17:46:06','Yenny Haidee Fuquene Olaya','',0,13,'Datos Softphone:\r\n\r\nDominio: proxymx2.net2phoneoffice.com:6070\r\nUsuario: 052301806\r\nClave: aiZ6QnbR6iQe\r\n','805EC0828D58','',167,5,1,'',0,'',0,0,29,0,0,0,NULL,0,13,2,0.0000,0,NULL,0,'2020-03-12 15:00:07',0,NULL),(31,2,'EXT-1807','2023-11-15 17:48:19','','',0,34,'Datos Softphone:\r\n\r\nDominio: proxymx2.net2phoneoffice.com:6070\r\nUsuario: 052301807\r\nClave: W3cG9nfsU35\r\n','805EC0829496','',37,5,1,'',0,'',0,0,29,0,0,0,NULL,323,34,1,0.0000,0,NULL,0,'2020-03-12 15:00:53',0,NULL),(32,18,'EXT-1808','2023-11-15 17:46:06','Claudia Janeth Burgos Maldonado','',0,13,'Datos Softphone:\r\n\r\nDominio: proxymx2.net2phoneoffice.com:6070\r\nUsuario: 052301808\r\nClave: yGgbBKejps\r\n','805EC082949D','',167,5,1,'',0,'',0,0,29,0,0,0,NULL,0,13,2,0.0000,0,NULL,0,'2020-03-12 15:03:38',0,NULL),(33,18,'EXT-1809','2023-11-15 17:46:06','Extensión Disponible','',0,0,'Datos Softphone:\r\n\r\nDominio: proxymx2.net2phoneoffice.com:6070\r\nUsuario: 052301809\r\nClave: Yve9K6GQ\r\n','805EC0829574','',167,5,1,'',0,'',0,0,29,0,0,0,NULL,0,0,2,0.0000,0,NULL,0,'2020-03-12 15:11:24',0,NULL),(34,18,'EXT-1810','2023-11-15 17:46:06','armando.caballero','',0,0,'Datos Softphone:\r\n\r\nDominio: proxymx2.net2phoneoffice.com:6070\r\nUsuario: 052301810\r\nClave: HkFvhfjHV\r\n','805EC0829474','',167,2,1,'',0,'',0,0,29,0,0,0,NULL,0,0,2,0.0000,0,NULL,0,'2020-03-12 15:12:15',0,NULL),(35,1,'EXT-4102','2023-11-15 18:11:38','','',0,0,'Datos Softphone:\r\n\r\nDominio: proxymx2.net2phoneoffice.com:6070\r\nUsuario: 052304102\r\nClave: arintia4102\r\n','','',153,5,1,'',0,'',0,0,66,0,0,0,NULL,950,68,1,0.0000,0,NULL,0,'2020-03-12 15:17:04',0,NULL),(36,1,'EXT-4103','2023-11-15 18:08:56','','',0,68,'Datos Softphone:\r\n\r\nDominio: proxymx2.net2phoneoffice.com:6070\r\nUsuario: 052304103\r\nClave: Arintia03 \r\n\r\nse redirecciona ext a linea celular','805EC0828B99','',0,5,1,'',0,'',0,0,29,0,0,0,NULL,950,68,1,0.0000,0,NULL,0,'2020-03-12 15:18:10',0,NULL),(37,18,'EXT-4105','2023-11-15 17:10:49','Marta Cecilia Rua Sanchez','',0,27,'Datos Softphone:\r\n\r\nDominio: proxymx2.net2phoneoffice.com:6070\r\nUsuario: 052304105\r\nClave: fFSckfk2I81\r\n','805EC0828CA7','',0,3,1,'',0,'',0,0,29,0,0,0,NULL,0,13,2,0.0000,0,NULL,0,'2020-03-12 15:19:28',0,NULL),(38,18,'EXT-4401','2023-11-15 17:10:49','Astrid Elena Posada Escudero','',0,0,'Datos Softphone:\r\n\r\nDominio: proxymx2.net2phoneoffice.com:6070\r\nUsuario: 052304401\r\nClave: Arintia4401\r\n','805EC0828B97','',0,5,1,'',0,'',0,0,29,0,0,0,NULL,0,69,2,0.0000,0,NULL,0,'2020-03-12 15:20:28',0,NULL),(39,18,'EXT-4402','2023-11-15 17:10:49','Paula Andrea Martínez','',0,0,'Datos Softphone:\r\n\r\nDominio: proxymx2.net2phoneoffice.com:6070\r\nUsuario: 052304402\r\nClave: nzt4VrzoAeL\r\n','805EC0828CAC','',0,5,1,'',0,'',0,0,29,0,0,0,NULL,0,69,2,0.0000,0,NULL,0,'2020-03-12 15:23:40',0,NULL),(40,18,'EXT-4403','2023-11-15 17:10:49','','',0,0,'Datos Softphone:\r\n\r\nDominio: proxymx2.net2phoneoffice.com:6070\r\nUsuario: 052304403 \r\nClave: t0_gDC1xen \r\n','805EC08294D9','',0,5,1,'',0,'',0,0,29,0,0,0,NULL,0,69,2,0.0000,0,NULL,0,'2020-03-12 16:00:37',0,NULL),(41,1,'EXT-4404','2023-11-15 18:09:05','','',0,45,'Previamente asignada a desvío de ext canal constructor.\r\n\r\nDatos Softphone:\r\n\r\nDominio: proxymx2.net2phoneoffice.com:6070\r\nUsuario: 052304404\r\nClave: 2EZOOi0r\r\n','805EC0828C0E','',78,5,1,'',0,'',0,0,29,0,0,0,NULL,1105,45,1,0.0000,0,NULL,0,'2020-03-12 16:03:19',0,NULL),(42,18,'EXT-4801','2023-11-15 17:46:06','','',0,0,'Datos Softphone:\r\n\r\nDominio: proxymx2.net2phoneoffice.com:6070\r\nUsuario: 052304801\r\nClave: kusO_sYxBEv\r\n','805EC082956F','',0,5,1,'',0,'',0,0,29,0,0,0,NULL,0,34,2,0.0000,0,NULL,0,'2020-03-12 16:04:42',0,NULL),(43,18,'EXT-4802','2023-11-15 17:46:06','Recurso disponible','',0,0,'Datos Softphone:\r\n\r\nDominio: proxymx2.net2phoneoffice.com:6070\r\nUsuario: 052304802\r\nClave: aTj2EHCngSp\r\n\r\nObservaciones: La comparte con Liz Carolina Vergara.','','linea amiga',0,2,1,'',0,'',0,0,29,0,0,0,NULL,0,0,2,0.0000,0,NULL,0,'2020-03-12 16:10:06',0,NULL),(44,18,'EXT-6102','2023-11-15 18:22:10','Leidy Katerine Bueno Almeida','',0,27,'Datos Softphone:\r\n\r\nDominio: proxymx2.net2phoneoffice.com:6070\r\nUsuario: 052306102\r\nClave: AUMb7yh9M \r\n','805EC0828CC0','',166,5,1,'',0,'',0,0,29,0,0,0,NULL,0,13,2,0.0000,0,NULL,0,'2020-03-12 16:22:48',0,NULL),(45,1,'EXT-6103','2023-11-15 18:09:30','','',0,27,'Datos Softphone:\r\n\r\nDominio: proxymx2.net2phoneoffice.com:6070\r\nUsuario: 052306103 \r\nClave: sSdisMUZ ','805EC0828C2D','',8,5,1,'',0,'',0,0,29,0,0,0,NULL,669,27,2,0.0000,0,NULL,0,'2020-03-12 16:24:00',0,NULL),(46,18,'EXT-6201','2023-11-15 17:12:43','Extesión disponible','',0,13,'Datos Softphone:\r\n\r\nDominio: proxymx2.net2phoneoffice.com:6070\r\nUsuario: 052306201 \r\nClave: mhGuFa8OqBD1','805EC0828BA8','',162,5,1,'',0,'',0,0,29,0,0,0,NULL,0,0,2,0.0000,0,NULL,0,'2020-03-12 17:00:27',0,NULL),(47,18,'EXT-6202','2023-11-15 18:22:10','Tania Margareth Peña Cala','',0,26,'Datos Softphone:\r\n\r\nDominio: proxymx2.net2phoneoffice.com:6070\r\nUsuario: 052306202\r\nClave: EzLwqnLKEec4','805EC0828B8C','',162,5,1,'',0,'',0,0,29,0,0,0,NULL,0,62,2,0.0000,0,NULL,0,'2020-03-12 17:02:55',0,NULL),(48,18,'EXT-6203','2023-11-15 17:12:43','Astrid Nayibe Pico Cristancho','',0,62,'Datos Softphone:\r\n\r\nDominio: proxymx2.net2phoneoffice.com:6070\r\nUsuario: 052306203\r\nClave: UvXm_Uw2g1o ','805EC0828BA6','',162,5,1,'',0,'',0,0,29,0,0,0,NULL,0,62,2,0.0000,0,NULL,0,'2020-03-12 17:05:10',0,NULL),(49,1,'EXT-6207','2023-11-15 18:11:08','Diego Ramirez','',1117,27,'Datos Softphone: TESORERIA \r\n\r\nDominio: proxymx2.net2phoneoffice.com:6070\r\nUsuario: 052306207\r\nClave: Arintia6207','805EC082946E','',48,5,1,'',0,'',0,0,29,0,0,0,NULL,339,27,1,0.0000,0,NULL,0,'2020-03-12 17:07:41',0,NULL),(50,18,'EXT-6205','2023-11-15 18:22:10','','',0,62,'Datos Softphone:\r\n\r\nDominio: proxymx2.net2phoneoffice.com:6070\r\nUsuario: 052306205\r\nClave: A_0xZbvf','805EC08295A0','',166,5,1,'',0,'',0,0,29,0,0,0,NULL,0,62,2,0.0000,0,NULL,0,'2020-03-12 17:09:12',0,NULL),(51,18,'EXT-6220','2023-11-15 18:22:10','luisa.fernanda','',1117,13,'Datos Softphone:\r\n\r\nDominio: proxymx2.net2phoneoffice.com:6070\r\nUsuario: 052306220 \r\nClave: wyFNCWuhgV','805EC0828B70','EXT-6220',162,5,1,'',0,'',0,0,29,0,0,0,NULL,0,62,2,0.0000,0,NULL,0,'2020-03-12 17:11:09',0,NULL),(52,17,'601 - 9156573','2023-11-15 14:52:15','Protenus Ing.','',1117,28,'','','',101,4,0,'',0,'',0,0,0,0,0,0,NULL,0,37,1,0.0000,0,NULL,0,'2020-04-20 17:06:42',1,NULL),(53,22,'607 - 6084033','2023-11-28 19:10:37','Arintia MCP','',1117,28,'','','',10,4,0,'',0,'',0,0,0,0,0,0,NULL,1041,28,1,0.0000,0,NULL,0,'2020-04-20 17:07:36',1,NULL),(54,1,'604 - 5904634','2023-11-15 14:38:10','Arintia -Corporativo','',1117,28,'','','',78,4,0,'',0,'',0,0,0,0,0,0,NULL,0,13,1,0.0000,0,NULL,0,'2020-04-20 17:08:16',1,NULL),(55,22,'601 - 7945392','2023-11-15 14:49:07','Arintia MCP','',0,0,'','','',36,4,0,'',0,'',0,0,0,0,0,0,NULL,0,28,1,0.0000,0,NULL,0,'2020-09-28 12:46:41',0,NULL),(56,21,'601 - 7943650','2023-11-15 14:50:26','Arintia Trucks','',1117,28,'','','',41,4,0,'',0,'',0,0,0,0,0,0,NULL,0,12,1,0.0000,0,NULL,0,'2020-09-28 12:51:19',0,NULL),(57,15,'601-7945388','2023-11-15 14:58:56','Techos','',1117,28,'','','',38,4,0,'',0,'',0,0,0,0,0,0,NULL,0,69,1,0.0000,0,NULL,0,'2020-09-28 13:01:37',0,NULL),(58,2,'601 - 7945380','2023-11-15 14:40:22','Ecology Colombia','',1117,0,'','','',37,4,0,'',0,'',0,0,0,0,0,0,NULL,0,34,1,0.0000,0,NULL,0,'2020-09-28 13:02:34',0,NULL),(59,0,'571-9156573','2023-11-08 22:29:17','','',0,0,'','','',5,4,0,'',0,'',0,0,0,0,1,0,NULL,0,13,1,0.0000,0,NULL,0,'2020-09-28 13:06:01',0,NULL),(60,1,'EXT-1116','2023-11-15 18:08:34','Auxiliar de Tecnología ','',0,28,'Datos Softphone:\r\nDominio: proxymx2.net2phoneoffice.com:6070\r\nUsuario: 052301116\r\nClave: e43yMXDub\r\n','','',5,7,1,'',0,'',0,0,29,0,0,0,NULL,752,28,1,0.0000,0,NULL,0,'2020-09-29 12:57:52',0,NULL),(61,17,'EXT-2001','2023-05-11 20:57:31','diana ramirez','',0,37,'Prostenus SAS\r\n','','',115,5,0,'',0,'',0,0,66,0,0,0,NULL,978,37,1,0.0000,0,NULL,0,'2020-09-29 13:08:23',0,NULL),(62,1,'EXT-4107','2023-11-15 17:17:07','Pte Cancelar','',0,68,'','','',0,5,1,'',0,'',0,0,29,0,0,0,NULL,950,68,1,0.0000,0,NULL,0,'2020-09-29 13:30:55',0,NULL),(63,18,'EXT-1402','2023-11-15 16:03:04','Monica Sanabria Hernández','',0,0,'Comercial Comercial 5\r\nDatos Softphone:\r\n\r\nDominio: proxymx2.net2phoneoffice.com:6070\r\nUsuario: 052301402\r\nClave: Arintia02','','',2,3,0,'',0,'',0,0,66,0,0,0,NULL,0,69,2,0.0000,0,NULL,0,'2020-09-29 13:32:43',0,NULL),(65,18,'EXT-4408','2023-11-15 17:10:49','Extesión eliminada','',0,13,'Otros Otros\r\n','','',0,3,0,'',0,'',0,0,0,0,0,0,NULL,0,0,2,0.0000,0,NULL,0,'2020-09-29 13:52:24',0,NULL),(66,1,'601 -7868521','2023-11-15 14:38:22','Arintia -Corporativo','',1117,13,'','','',5,4,0,'',0,'',0,0,0,0,0,0,NULL,0,13,1,0.0000,0,NULL,0,'2021-02-10 20:38:24',1,NULL),(67,18,'EXT-1312','2023-11-15 18:21:12','Orlando Benavides Farfan','',0,13,'Datos Softphone:\r\n\r\nDominio: proxymx2.net2phoneoffice.com:6070','805EC0829FCB','',164,5,1,'',0,'',0,0,29,0,0,0,NULL,950,12,2,0.0000,0,NULL,0,'2021-03-09 15:23:59',0,NULL),(68,1,'EXT-1801','2023-05-29 19:23:24','Monica Sanabria Hernández','',0,26,'Recepcion ecology\r\nDatos Softphone:\r\n\r\nDominio: proxymx2.net2phoneoffice.com:6070\r\nUsuario: 052301801\r\nClave: Arintia1801','','',36,3,0,'',0,'',0,0,66,0,1,0,NULL,0,34,2,0.0000,0,NULL,0,'2021-08-13 16:38:26',0,NULL),(69,18,'571-8418389','2023-11-08 22:29:39','','',0,0,'','','',36,4,0,'',0,'',0,0,0,0,0,0,NULL,0,0,2,0.0000,0,NULL,0,'2021-11-11 19:30:49',0,NULL),(70,18,'EXT-1901','2023-11-15 16:04:30','Laura Cortes','',0,26,'Recepcion Hunimar\r\nDatos Softphone:\r\n\r\nDominio: proxymx3.net2phoneoffice.com:6070\r\nUsuario: HUNIMAR.1901\r\nClave: PF83tnZaSH','','',36,3,0,'',0,'',0,0,66,0,0,0,NULL,0,0,2,0.0000,0,NULL,0,'2021-11-11 20:14:10',0,NULL),(71,18,'EXT-1902','2023-11-15 16:04:30','Alejandra Peña','',0,26,'Recepcion Hunimar\r\nDatos Softphone:\r\n\r\nDominio: proxymx3.net2phoneoffice.com:6070\r\nUsuario: HUNIMAR.1902\r\nClave: 2quaPVeSRk','','',36,3,0,'',0,'',0,0,66,0,0,0,NULL,0,0,2,0.0000,0,NULL,0,'2021-11-11 20:38:48',0,NULL),(72,18,'EXT-1903','2023-11-15 16:04:30','karol galindo','',0,26,'Recepcion Hunimar\r\nDatos Softphone:\r\n\r\nDominio: proxymx3.net2phoneoffice.com:6070\r\nUsuario: HUNIMAR.1903\r\nClave: y4qXM2WZUM','','',36,3,0,'',0,'',0,0,66,0,0,0,NULL,0,0,2,0.0000,0,NULL,0,'2021-11-11 20:42:15',0,NULL),(73,1,'EXT-1108','2023-11-15 15:19:13','','',0,68,'Datos Softphone:\r\n\r\nDominio: proxymx2.net2phoneoffice.com:6070\r\nUsuario: 052301108\r\nClave: Arintia1108\r\n\r\next redireccionada a linea celular','','',36,3,0,'',0,'',0,0,66,0,0,0,NULL,950,68,1,0.0000,0,NULL,0,'2022-04-11 23:09:41',0,NULL),(74,18,'EXT-101','2023-06-14 19:55:30','Rosario Pineda','',0,28,'','20EYZFRE30627696','',36,5,3,'Grandstream Networks',0,'',0,0,87,0,0,0,NULL,0,13,2,0.0000,0,NULL,0,'2022-04-13 20:09:15',0,NULL),(75,18,'EXT-103','2023-06-14 19:55:30','Laura Bustos','',0,28,'','20EYX4CE3061601C','',36,5,4,'Grandstream Networks',0,'',0,0,87,0,0,0,NULL,0,13,2,0.0000,0,NULL,0,'2022-04-18 14:44:37',0,NULL),(76,18,'EXT-104','2023-06-14 19:55:30','Magnolia Reyes','',0,28,'Número de contacto: 5522469\r\n','20EYX4CE3061601B','',36,5,4,'Grandstream Networks',0,'',0,0,87,0,0,0,NULL,0,69,2,0.0000,0,NULL,0,'2022-04-18 14:50:31',0,NULL),(77,18,'EXT-105','2023-06-14 19:55:30','Jose Alarcón','',0,28,'','20EYX4CE30616016','',36,5,4,'Grandstream Networks',0,'',0,0,87,0,0,0,NULL,0,69,2,0.0000,0,NULL,0,'2022-04-18 15:00:31',0,NULL),(78,18,'EXT-106','2023-06-14 19:55:30','Ricardo Cardenas','',0,28,'','20EYX4CE30616019','',36,5,4,'Grandstream Networks',0,'',0,0,87,0,0,0,NULL,0,69,2,0.0000,0,NULL,0,'2022-04-18 15:12:52',0,NULL),(79,18,'EXT-107','2023-06-14 19:55:30','Alejandra Rodriguez','',0,28,'','20EYX4CE30616021','',36,5,4,'Grandstream Networks',0,'',0,0,87,0,0,0,NULL,0,69,2,0.0000,0,NULL,0,'2022-04-18 15:14:24',0,NULL),(80,18,'EXT-108','2023-06-14 19:55:30','Gerencia','',0,28,'Número de contacto: 5522467\r\n','20EYX4CE3061601D','',36,5,4,'Grandstream Networks',0,'',0,0,87,0,0,0,NULL,0,69,2,0.0000,0,NULL,0,'2022-04-18 15:45:45',0,NULL),(81,18,'EXT-109','2023-06-14 19:55:30','Claudia Palacios','',0,28,'Número de contacto: 5522468\r\n\r\n','20EYX4CE3061601F','',36,5,4,'Grandstream Networks',0,'',0,0,87,0,0,0,NULL,0,69,2,0.0000,0,NULL,0,'2022-04-18 15:46:48',0,NULL),(82,18,'EXT-110','2023-06-14 19:55:30','Ivonne Gaviria','',0,28,'','20EYX4CE30616018','',36,5,4,'Grandstream Networks',0,'',0,0,87,0,0,0,NULL,0,69,2,0.0000,0,NULL,0,'2022-04-18 15:47:35',0,NULL),(83,18,'EXT-111','2023-11-15 13:11:56','Ventas','',0,28,'Número de contacto: 5522464\r\n\r\n','20EYX4CE3061601E','',36,5,4,'Grandstream Networks',0,'',0,0,87,0,0,0,NULL,0,69,2,0.0000,0,NULL,0,'2022-04-18 15:48:25',0,NULL),(84,18,'EXT-112','2023-11-15 13:11:56','Ventas 2','',0,28,'','20EYX4CE3061601A','',36,5,4,'Grandstream Networks',0,'',0,0,87,0,0,0,NULL,0,69,2,0.0000,0,NULL,0,'2022-04-18 15:49:52',0,NULL),(85,18,'EXT-113','2023-11-15 13:11:56','Despachos','',0,28,'','20EYX4CE30616023','',36,5,4,'Grandstream Networks',0,'',0,0,87,0,0,0,NULL,0,69,2,0.0000,0,NULL,0,'2022-04-18 15:50:41',0,NULL),(86,18,'EXT-115','2023-11-15 13:11:56','Andrea Mancipe','',0,28,'','20EZOKYF10769576','',36,5,5,'Grandstream Networks',0,'',0,0,87,0,0,0,NULL,0,69,2,0.0000,0,NULL,0,'2022-04-18 15:51:36',0,NULL),(87,18,'EXT-116','2023-11-15 13:11:56','Ventas Externas','',0,28,'','22MT9SEFC087F9DA','',36,5,5,'Grandstream Networks',0,'',0,0,87,0,0,0,NULL,0,69,2,0.0000,0,NULL,0,'2022-04-18 16:08:08',0,NULL),(88,18,'EXT-332','2023-11-15 13:11:56','Ricardo Cardenas','',0,28,'Ésta extensión se encuentra en la casa del Sr. Ricardo Cardenas.','','',36,5,0,'Grandstream Networks',0,'',0,0,87,0,0,0,NULL,0,69,2,0.0000,0,NULL,0,'2022-04-18 16:09:58',0,NULL),(89,18,'EXT-124','2023-11-15 13:11:56','PC Alejandra Rodriguez','',0,28,'Número de contacto: 5522466\r\n\r\n','eyeBeam','',36,3,0,'eyeBeam',0,'',0,0,87,0,0,0,NULL,0,69,2,0.0000,0,NULL,0,'2022-04-18 16:16:14',0,NULL),(90,18,'EXT-118','2023-11-15 13:11:56','Ventas 3','',0,0,'','0KAKA004359','',36,5,6,'Panasonic',0,'',0,0,88,0,0,0,NULL,0,69,2,0.0000,0,NULL,0,'2022-04-18 16:22:11',0,NULL),(91,19,'EXT-7001','2023-11-15 17:51:50','Recepcion','',0,63,'Datos Configuración:\r\n\r\nDominio: proxymx2.net2phoneoffice.com:6070\r\nUsuario: 52307001\r\nClave: xYR4MJMtRQW','','',56,5,2,'',0,'',0,0,29,0,0,0,NULL,0,63,1,0.0000,0,NULL,0,'2022-08-26 20:02:27',1,NULL),(92,19,'EXT-7002','2023-11-15 17:52:57','Pte Cancelar','',0,63,'Datos Configuración:\r\n\r\nDominio: proxymx2.net2phoneoffice.com:6070\r\nUsuario: 052307002\r\nClave: rSaurfCtB','','',56,5,2,'',0,'',0,0,29,0,0,0,NULL,950,63,1,0.0000,0,NULL,0,'2022-08-26 20:02:27',1,NULL),(93,19,'EXT-7003','2023-11-15 17:55:14','Pte Cancelar','',0,63,'Datos Configuración:\r\n\r\nDominio: proxymx2.net2phoneoffice.com:6070\r\nUsuario: 052307003\r\nClave: 0c5IxDI.3A','','',56,5,2,'',0,'',0,0,29,0,0,0,NULL,950,63,1,0.0000,0,NULL,0,'2022-08-26 20:02:27',1,NULL),(94,19,'EXT-7004','2023-11-15 17:55:19','Pte Cancelar','',0,63,'Datos Configuración:\r\n\r\nDominio: proxymx2.net2phoneoffice.com:6070\r\nUsuario: 052307004\r\nClave: 6c6XuOIYXj31','','',56,5,2,'',0,'',0,0,29,0,0,0,NULL,950,63,1,0.0000,0,NULL,0,'2022-08-26 20:02:27',1,NULL),(95,18,'EXT-7005','2023-11-15 18:21:12','Sandy Julieth Guevara Daza','',0,13,'Datos Configuración:\r\n\r\nDominio: proxymx2.net2phoneoffice.com:6070\r\nUsuario: 052301101\r\nClave: ntpGvypYOJG','','',168,5,2,'',0,'',0,0,29,0,0,0,NULL,633,13,2,0.0000,0,NULL,0,'2022-08-26 20:02:27',1,NULL),(96,18,'EXT-7006','2023-11-15 18:21:12','Jonathan David Torres','',0,63,'Datos Configuración:\r\n\r\nDominio: proxymx2.net2phoneoffice.com:6070\r\nUsuario: 052301101\r\nClave: qPBENITmWc','','',168,5,2,'',0,'',0,0,29,0,0,0,NULL,717,63,2,0.0000,0,NULL,0,'2022-08-26 20:02:27',1,NULL),(97,19,'EXT-7007','2023-11-15 17:55:25','Pte Cancelar','',0,63,'Datos Configuración:\r\n\r\nDominio: proxymx2.net2phoneoffice.com:6070\r\nUsuario: 052301101\r\nClave: ZNpvAeTMeH-','','',56,5,2,'',0,'',0,0,29,0,0,0,NULL,950,63,1,0.0000,0,NULL,0,'2022-08-26 20:02:27',1,NULL),(98,1,'EXT-6206','2023-11-15 18:10:21','leidy.bueno','',1117,42,'Datos HardPhone: GXP1405\r\n\r\nDominio: proxymx2.net2phoneoffice.com:6070\r\nUsuario: 052306206\r\nClave: Arintia6206','9620003113A','EXT-6206',48,5,4,'GRANDSTREAM',0,'',0,0,28,0,0,0,NULL,961,42,1,0.0000,0,NULL,0,'2022-11-04 15:09:16',0,NULL),(99,19,'601 - 7945451','2023-11-15 14:51:28','Elco y Muraglia','',1117,63,'','','',56,4,0,'',0,'',0,0,0,0,0,0,NULL,0,63,1,0.0000,0,NULL,0,'2023-11-15 14:47:57',0,NULL);

--
-- Table structure for table `glpi_phonetypes`
--

CREATE TABLE `glpi_phonetypes` (
  `id` int unsigned NOT NULL AUTO_INCREMENT,
  `name` varchar(255) CHARACTER SET utf8mb4 COLLATE utf8mb4_unicode_ci DEFAULT NULL,
  `comment` mediumtext CHARACTER SET utf8mb4 COLLATE utf8mb4_unicode_ci,
  `date_mod` timestamp NULL DEFAULT NULL,
  `date_creation` timestamp NULL DEFAULT NULL,
  PRIMARY KEY (`id`),
  KEY `name` (`name`),
  KEY `date_mod` (`date_mod`),
  KEY `date_creation` (`date_creation`)
) ENGINE=InnoDB AUTO_INCREMENT=8 DEFAULT CHARSET=utf8mb4 COLLATE=utf8mb4_unicode_ci;

--
-- Dumping data for table `glpi_phonetypes`
--

INSERT INTO `glpi_phonetypes` VALUES (1,'Botonera','','2020-03-12 13:49:19','2020-03-12 13:49:19'),(2,'Basico','','2020-03-12 13:49:24','2020-03-12 13:49:24'),(3,'Softphone','','2020-03-12 14:10:23','2020-03-12 14:10:23'),(4,'IVR','','2020-09-28 12:43:43','2020-09-28 12:43:43'),(5,'Hard Phone','','2021-02-12 18:38:50','2021-02-12 18:38:50'),(7,'Hardphone Y Sofphone','','2021-02-16 00:06:42','2021-02-16 00:05:55');

--
-- Table structure for table `glpi_planningeventcategories`
--

CREATE TABLE `glpi_planningeventcategories` (
  `id` int unsigned NOT NULL AUTO_INCREMENT,
  `name` varchar(255) CHARACTER SET utf8mb4 COLLATE utf8mb4_unicode_ci DEFAULT NULL,
  `color` varchar(255) CHARACTER SET utf8mb4 COLLATE utf8mb4_unicode_ci DEFAULT NULL,
  `comment` mediumtext CHARACTER SET utf8mb4 COLLATE utf8mb4_unicode_ci,
  `date_mod` timestamp NULL DEFAULT NULL,
  `date_creation` timestamp NULL DEFAULT NULL,
  PRIMARY KEY (`id`),
  KEY `name` (`name`),
  KEY `date_mod` (`date_mod`),
  KEY `date_creation` (`date_creation`)
) ENGINE=InnoDB DEFAULT CHARSET=utf8mb4 COLLATE=utf8mb4_unicode_ci;

--
-- Dumping data for table `glpi_planningeventcategories`
--


--
-- Table structure for table `glpi_planningexternalevents`
--

CREATE TABLE `glpi_planningexternalevents` (
  `id` int unsigned NOT NULL AUTO_INCREMENT,
  `uuid` varchar(255) CHARACTER SET utf8mb4 COLLATE utf8mb4_unicode_ci DEFAULT NULL,
  `planningexternaleventtemplates_id` int unsigned NOT NULL DEFAULT '0',
  `entities_id` int unsigned NOT NULL DEFAULT '0',
  `is_recursive` tinyint(1) NOT NULL DEFAULT '1',
  `date` timestamp NULL DEFAULT NULL,
  `users_id` int unsigned NOT NULL DEFAULT '0',
  `users_id_guests` mediumtext CHARACTER SET utf8mb4 COLLATE utf8mb4_unicode_ci,
  `groups_id` int unsigned NOT NULL DEFAULT '0',
  `name` varchar(255) CHARACTER SET utf8mb4 COLLATE utf8mb4_unicode_ci DEFAULT NULL,
  `text` mediumtext CHARACTER SET utf8mb4 COLLATE utf8mb4_unicode_ci,
  `begin` timestamp NULL DEFAULT NULL,
  `end` timestamp NULL DEFAULT NULL,
  `rrule` mediumtext CHARACTER SET utf8mb4 COLLATE utf8mb4_unicode_ci,
  `state` int NOT NULL DEFAULT '0',
  `planningeventcategories_id` int unsigned NOT NULL DEFAULT '0',
  `background` tinyint(1) NOT NULL DEFAULT '0',
  `date_mod` timestamp NULL DEFAULT NULL,
  `date_creation` timestamp NULL DEFAULT NULL,
  PRIMARY KEY (`id`),
  UNIQUE KEY `uuid` (`uuid`),
  KEY `planningexternaleventtemplates_id` (`planningexternaleventtemplates_id`),
  KEY `entities_id` (`entities_id`),
  KEY `is_recursive` (`is_recursive`),
  KEY `date` (`date`),
  KEY `begin` (`begin`),
  KEY `end` (`end`),
  KEY `users_id` (`users_id`),
  KEY `groups_id` (`groups_id`),
  KEY `state` (`state`),
  KEY `planningeventcategories_id` (`planningeventcategories_id`),
  KEY `date_mod` (`date_mod`),
  KEY `date_creation` (`date_creation`),
  KEY `name` (`name`)
) ENGINE=InnoDB DEFAULT CHARSET=utf8mb4 COLLATE=utf8mb4_unicode_ci;

--
-- Dumping data for table `glpi_planningexternalevents`
--


--
-- Table structure for table `glpi_planningexternaleventtemplates`
--

CREATE TABLE `glpi_planningexternaleventtemplates` (
  `id` int unsigned NOT NULL AUTO_INCREMENT,
  `entities_id` int unsigned NOT NULL DEFAULT '0',
  `name` varchar(255) CHARACTER SET utf8mb4 COLLATE utf8mb4_unicode_ci DEFAULT NULL,
  `text` mediumtext CHARACTER SET utf8mb4 COLLATE utf8mb4_unicode_ci,
  `comment` mediumtext CHARACTER SET utf8mb4 COLLATE utf8mb4_unicode_ci,
  `duration` int NOT NULL DEFAULT '0',
  `before_time` int NOT NULL DEFAULT '0',
  `rrule` mediumtext CHARACTER SET utf8mb4 COLLATE utf8mb4_unicode_ci,
  `state` int NOT NULL DEFAULT '0',
  `planningeventcategories_id` int unsigned NOT NULL DEFAULT '0',
  `background` tinyint(1) NOT NULL DEFAULT '0',
  `date_mod` timestamp NULL DEFAULT NULL,
  `date_creation` timestamp NULL DEFAULT NULL,
  PRIMARY KEY (`id`),
  KEY `entities_id` (`entities_id`),
  KEY `state` (`state`),
  KEY `planningeventcategories_id` (`planningeventcategories_id`),
  KEY `date_mod` (`date_mod`),
  KEY `date_creation` (`date_creation`),
  KEY `name` (`name`)
) ENGINE=InnoDB DEFAULT CHARSET=utf8mb4 COLLATE=utf8mb4_unicode_ci;

--
-- Dumping data for table `glpi_planningexternaleventtemplates`
--


--
-- Table structure for table `glpi_planningrecalls`
--

CREATE TABLE `glpi_planningrecalls` (
  `id` int unsigned NOT NULL AUTO_INCREMENT,
  `items_id` int unsigned NOT NULL DEFAULT '0',
  `itemtype` varchar(100) CHARACTER SET utf8mb4 COLLATE utf8mb4_unicode_ci NOT NULL,
  `users_id` int unsigned NOT NULL DEFAULT '0',
  `before_time` int NOT NULL DEFAULT '-10',
  `when` timestamp NULL DEFAULT NULL,
  PRIMARY KEY (`id`),
  UNIQUE KEY `unicity` (`itemtype`,`items_id`,`users_id`),
  KEY `users_id` (`users_id`),
  KEY `before_time` (`before_time`),
  KEY `when` (`when`)
) ENGINE=InnoDB AUTO_INCREMENT=7 DEFAULT CHARSET=utf8mb4 COLLATE=utf8mb4_unicode_ci;

--
-- Dumping data for table `glpi_planningrecalls`
--

INSERT INTO `glpi_planningrecalls` VALUES (1,9,'TicketTask',0,1800,'2020-05-21 18:30:00'),(2,11,'TicketTask',0,900,'2020-07-08 21:15:00'),(3,24,'TicketTask',0,172800,'2021-11-07 19:15:00'),(5,61,'TicketTask',0,900,'2023-02-16 12:55:00'),(6,72,'TicketTask',860,2700,'2023-05-10 19:50:00');

--
-- Table structure for table `glpi_plugin_archires_appliancequeries`
--

CREATE TABLE `glpi_plugin_archires_appliancequeries` (
  `id` int unsigned NOT NULL AUTO_INCREMENT,
  `entities_id` int unsigned NOT NULL DEFAULT '0',
  `name` varchar(255) CHARACTER SET utf8mb4 COLLATE utf8mb4_unicode_ci DEFAULT NULL,
  `plugin_appliances_appliances_id` int unsigned NOT NULL DEFAULT '0',
  `networks_id` int unsigned NOT NULL DEFAULT '0',
  `states_id` int unsigned NOT NULL DEFAULT '0',
  `groups_id` int unsigned NOT NULL DEFAULT '0',
  `plugin_archires_views_id` int unsigned NOT NULL DEFAULT '0',
  `vlans_id` int unsigned NOT NULL DEFAULT '0',
  `notepad` longtext CHARACTER SET utf8mb4 COLLATE utf8mb4_unicode_ci,
  `is_deleted` tinyint(1) NOT NULL DEFAULT '0',
  PRIMARY KEY (`id`),
  KEY `name` (`name`),
  KEY `entities_id` (`entities_id`),
  KEY `appliances_id` (`plugin_appliances_appliances_id`),
  KEY `networks_id` (`networks_id`),
  KEY `groups_id` (`groups_id`),
  KEY `plugin_archires_views_id` (`plugin_archires_views_id`),
  KEY `states_id` (`states_id`),
  KEY `vlans_id` (`vlans_id`),
  KEY `is_deleted` (`is_deleted`)
) ENGINE=InnoDB DEFAULT CHARSET=utf8mb4 COLLATE=utf8mb4_unicode_ci;

--
-- Dumping data for table `glpi_plugin_archires_appliancequeries`
--


--
-- Table structure for table `glpi_plugin_archires_imageitems`
--

CREATE TABLE `glpi_plugin_archires_imageitems` (
  `id` int unsigned NOT NULL AUTO_INCREMENT,
  `type` int NOT NULL DEFAULT '0',
  `itemtype` varchar(100) CHARACTER SET utf8mb4 COLLATE utf8mb4_unicode_ci NOT NULL COMMENT 'see .class.php file',
  `img` varchar(50) CHARACTER SET utf8mb4 COLLATE utf8mb4_unicode_ci NOT NULL,
  PRIMARY KEY (`id`)
) ENGINE=InnoDB DEFAULT CHARSET=utf8mb4 COLLATE=utf8mb4_unicode_ci;

--
-- Dumping data for table `glpi_plugin_archires_imageitems`
--


--
-- Table structure for table `glpi_plugin_archires_locationqueries`
--

CREATE TABLE `glpi_plugin_archires_locationqueries` (
  `id` int unsigned NOT NULL AUTO_INCREMENT,
  `entities_id` int unsigned NOT NULL DEFAULT '0',
  `name` varchar(255) CHARACTER SET utf8mb4 COLLATE utf8mb4_unicode_ci DEFAULT NULL,
  `locations_id` int unsigned NOT NULL DEFAULT '0',
  `child` smallint NOT NULL DEFAULT '0',
  `networks_id` int unsigned NOT NULL DEFAULT '0',
  `states_id` int unsigned NOT NULL DEFAULT '0',
  `groups_id` int unsigned NOT NULL DEFAULT '0',
  `plugin_archires_views_id` int unsigned NOT NULL DEFAULT '0',
  `vlans_id` int unsigned NOT NULL DEFAULT '0',
  `notepad` longtext CHARACTER SET utf8mb4 COLLATE utf8mb4_unicode_ci,
  `is_deleted` tinyint(1) NOT NULL DEFAULT '0',
  PRIMARY KEY (`id`),
  KEY `name` (`name`),
  KEY `entities_id` (`entities_id`),
  KEY `locations_id` (`locations_id`),
  KEY `networks_id` (`networks_id`),
  KEY `groups_id` (`groups_id`),
  KEY `plugin_archires_views_id` (`plugin_archires_views_id`),
  KEY `states_id` (`states_id`),
  KEY `vlans_id` (`vlans_id`),
  KEY `is_deleted` (`is_deleted`)
) ENGINE=InnoDB DEFAULT CHARSET=utf8mb4 COLLATE=utf8mb4_unicode_ci;

--
-- Dumping data for table `glpi_plugin_archires_locationqueries`
--


--
-- Table structure for table `glpi_plugin_archires_networkequipmentqueries`
--

CREATE TABLE `glpi_plugin_archires_networkequipmentqueries` (
  `id` int unsigned NOT NULL AUTO_INCREMENT,
  `entities_id` int unsigned NOT NULL DEFAULT '0',
  `name` varchar(255) CHARACTER SET utf8mb4 COLLATE utf8mb4_unicode_ci DEFAULT NULL,
  `networkequipments_id` int unsigned NOT NULL DEFAULT '0',
  `networks_id` int unsigned NOT NULL DEFAULT '0',
  `states_id` int unsigned NOT NULL DEFAULT '0',
  `groups_id` int unsigned NOT NULL DEFAULT '0',
  `plugin_archires_views_id` int unsigned NOT NULL DEFAULT '0',
  `vlans_id` int unsigned NOT NULL DEFAULT '0',
  `notepad` longtext CHARACTER SET utf8mb4 COLLATE utf8mb4_unicode_ci,
  `is_deleted` tinyint(1) NOT NULL DEFAULT '0',
  PRIMARY KEY (`id`),
  KEY `name` (`name`),
  KEY `entities_id` (`entities_id`),
  KEY `networkequipments_id` (`networkequipments_id`),
  KEY `networks_id` (`networks_id`),
  KEY `groups_id` (`groups_id`),
  KEY `plugin_archires_views_id` (`plugin_archires_views_id`),
  KEY `states_id` (`states_id`),
  KEY `vlans_id` (`vlans_id`),
  KEY `is_deleted` (`is_deleted`)
) ENGINE=InnoDB DEFAULT CHARSET=utf8mb4 COLLATE=utf8mb4_unicode_ci;

--
-- Dumping data for table `glpi_plugin_archires_networkequipmentqueries`
--


--
-- Table structure for table `glpi_plugin_archires_networkinterfacecolors`
--

CREATE TABLE `glpi_plugin_archires_networkinterfacecolors` (
  `id` int unsigned NOT NULL AUTO_INCREMENT,
  `networkinterfaces_id` int unsigned NOT NULL DEFAULT '0',
  `color` varchar(50) CHARACTER SET utf8mb4 COLLATE utf8mb4_unicode_ci NOT NULL,
  PRIMARY KEY (`id`),
  KEY `networkinterfaces_id` (`networkinterfaces_id`)
) ENGINE=InnoDB DEFAULT CHARSET=utf8mb4 COLLATE=utf8mb4_unicode_ci;

--
-- Dumping data for table `glpi_plugin_archires_networkinterfacecolors`
--


--
-- Table structure for table `glpi_plugin_archires_querytypes`
--

CREATE TABLE `glpi_plugin_archires_querytypes` (
  `id` int unsigned NOT NULL AUTO_INCREMENT,
  `querytype` varchar(100) CHARACTER SET utf8mb4 COLLATE utf8mb4_unicode_ci NOT NULL COMMENT 'RELATION to the 3 type of archires (type)',
  `type` int NOT NULL DEFAULT '0',
  `itemtype` varchar(100) CHARACTER SET utf8mb4 COLLATE utf8mb4_unicode_ci NOT NULL COMMENT 'see .class.php file',
  `plugin_archires_queries_id` int unsigned NOT NULL DEFAULT '0',
  PRIMARY KEY (`id`),
  KEY `plugin_archires_queries_id` (`plugin_archires_queries_id`),
  KEY `type` (`type`),
  KEY `querytype` (`querytype`),
  KEY `itemtype` (`itemtype`)
) ENGINE=InnoDB DEFAULT CHARSET=utf8mb4 COLLATE=utf8mb4_unicode_ci;

--
-- Dumping data for table `glpi_plugin_archires_querytypes`
--


--
-- Table structure for table `glpi_plugin_archires_statecolors`
--

CREATE TABLE `glpi_plugin_archires_statecolors` (
  `id` int unsigned NOT NULL AUTO_INCREMENT,
  `states_id` int unsigned NOT NULL DEFAULT '0',
  `color` varchar(50) CHARACTER SET utf8mb4 COLLATE utf8mb4_unicode_ci NOT NULL,
  PRIMARY KEY (`id`),
  KEY `states_id` (`states_id`)
) ENGINE=InnoDB DEFAULT CHARSET=utf8mb4 COLLATE=utf8mb4_unicode_ci;

--
-- Dumping data for table `glpi_plugin_archires_statecolors`
--


--
-- Table structure for table `glpi_plugin_archires_views`
--

CREATE TABLE `glpi_plugin_archires_views` (
  `id` int unsigned NOT NULL AUTO_INCREMENT,
  `entities_id` int unsigned NOT NULL DEFAULT '0',
  `name` varchar(255) CHARACTER SET utf8mb4 COLLATE utf8mb4_unicode_ci DEFAULT NULL,
  `computer` smallint NOT NULL DEFAULT '0',
  `networking` smallint NOT NULL DEFAULT '0',
  `printer` smallint NOT NULL DEFAULT '0',
  `peripheral` smallint NOT NULL DEFAULT '0',
  `phone` smallint NOT NULL DEFAULT '0',
  `display_ports` smallint NOT NULL DEFAULT '0',
  `display_ip` smallint NOT NULL DEFAULT '0',
  `display_type` smallint NOT NULL DEFAULT '0',
  `display_state` smallint NOT NULL DEFAULT '0',
  `display_location` smallint NOT NULL DEFAULT '0',
  `display_entity` smallint NOT NULL DEFAULT '0',
  `engine` smallint NOT NULL DEFAULT '0',
  `format` smallint NOT NULL DEFAULT '0',
  `color` smallint NOT NULL DEFAULT '0',
  `is_deleted` tinyint(1) NOT NULL DEFAULT '0',
  PRIMARY KEY (`id`),
  KEY `name` (`name`),
  KEY `entities_id` (`entities_id`),
  KEY `is_deleted` (`is_deleted`)
) ENGINE=InnoDB AUTO_INCREMENT=2 DEFAULT CHARSET=utf8mb4 COLLATE=utf8mb4_unicode_ci;

--
-- Dumping data for table `glpi_plugin_archires_views`
--

INSERT INTO `glpi_plugin_archires_views` VALUES (1,0,'default',1,1,1,1,1,0,0,0,0,0,0,0,1,0,0);

--
-- Table structure for table `glpi_plugin_archires_vlancolors`
--

CREATE TABLE `glpi_plugin_archires_vlancolors` (
  `id` int unsigned NOT NULL AUTO_INCREMENT,
  `vlans_id` int unsigned NOT NULL DEFAULT '0',
  `color` varchar(50) CHARACTER SET utf8mb4 COLLATE utf8mb4_unicode_ci NOT NULL,
  PRIMARY KEY (`id`),
  KEY `vlans_id` (`vlans_id`)
) ENGINE=InnoDB DEFAULT CHARSET=utf8mb4 COLLATE=utf8mb4_unicode_ci;

--
-- Dumping data for table `glpi_plugin_archires_vlancolors`
--


--
-- Table structure for table `glpi_plugin_dashboard_config`
--

CREATE TABLE `glpi_plugin_dashboard_config` (
  `id` int unsigned NOT NULL AUTO_INCREMENT,
  `name` varchar(50) CHARACTER SET utf8mb4 COLLATE utf8mb4_unicode_ci NOT NULL,
  `value` varchar(125) CHARACTER SET utf8mb4 COLLATE utf8mb4_unicode_ci NOT NULL,
  `users_id` varchar(25) CHARACTER SET utf8mb4 COLLATE utf8mb4_unicode_ci NOT NULL DEFAULT '',
  PRIMARY KEY (`id`,`name`,`value`,`users_id`),
  UNIQUE KEY `name` (`name`,`users_id`),
  KEY `name_2` (`name`,`users_id`)
) ENGINE=InnoDB AUTO_INCREMENT=18 DEFAULT CHARSET=utf8mb4 COLLATE=utf8mb4_unicode_ci;

--
-- Dumping data for table `glpi_plugin_dashboard_config`
--

INSERT INTO `glpi_plugin_dashboard_config` VALUES (16,'charts_colors','default.js','368'),(3,'duedate','0','166'),(1,'entity','1,2,15','166'),(17,'entity','21,15,17,22,19,18,2,20,1,0,14','692'),(13,'entity','1,20,2,19,22,17,14,15,21','825'),(4,'entity_cham','1','166'),(5,'location','0','166'),(2,'num_years','2','166'),(6,'popup','0','166'),(9,'status','','166'),(15,'status','2','825'),(7,'title','0','166');

--
-- Table structure for table `glpi_plugin_dashboard_count`
--

CREATE TABLE `glpi_plugin_dashboard_count` (
  `type` int NOT NULL,
  `id` int unsigned NOT NULL,
  `quant` int DEFAULT NULL,
  PRIMARY KEY (`type`,`id`)
) ENGINE=InnoDB DEFAULT CHARSET=utf8mb4 COLLATE=utf8mb4_unicode_ci;

--
-- Dumping data for table `glpi_plugin_dashboard_count`
--

INSERT INTO `glpi_plugin_dashboard_count` VALUES (1,0,64),(1,15,64),(1,21,64),(2,0,0),(2,1,23),(2,15,8),(3,14,0),(3,16,0),(3,19,0),(3,22,0),(3,47,0),(3,48,0),(3,51,0),(3,68,0);

--
-- Table structure for table `glpi_plugin_dashboard_map`
--

CREATE TABLE `glpi_plugin_dashboard_map` (
  `id` int unsigned NOT NULL AUTO_INCREMENT,
  `entities_id` int unsigned NOT NULL,
  `location` varchar(50) CHARACTER SET utf8mb4 COLLATE utf8mb4_unicode_ci DEFAULT NULL,
  `lat` float NOT NULL,
  `lng` float NOT NULL,
  PRIMARY KEY (`id`,`entities_id`),
  UNIQUE KEY `location` (`location`)
) ENGINE=InnoDB DEFAULT CHARSET=utf8mb4 COLLATE=utf8mb4_unicode_ci;

--
-- Dumping data for table `glpi_plugin_dashboard_map`
--


--
-- Table structure for table `glpi_plugin_ocsinventoryng_bitlockerstatuses`
--

CREATE TABLE `glpi_plugin_ocsinventoryng_bitlockerstatuses` (
  `id` int unsigned NOT NULL AUTO_INCREMENT,
  `computers_id` int unsigned NOT NULL DEFAULT '0',
  `item_disks_id` int unsigned NOT NULL DEFAULT '0',
  `volume_type` varchar(255) CHARACTER SET utf8mb4 COLLATE utf8mb4_unicode_ci DEFAULT NULL,
  `protection_status` varchar(255) CHARACTER SET utf8mb4 COLLATE utf8mb4_unicode_ci DEFAULT NULL,
  `init_project` varchar(255) CHARACTER SET utf8mb4 COLLATE utf8mb4_unicode_ci DEFAULT NULL,
  PRIMARY KEY (`id`),
  KEY `computers_id` (`computers_id`)
) ENGINE=InnoDB DEFAULT CHARSET=utf8mb4 COLLATE=utf8mb4_unicode_ci;

--
-- Dumping data for table `glpi_plugin_ocsinventoryng_bitlockerstatuses`
--


--
-- Table structure for table `glpi_plugin_ocsinventoryng_configs`
--

CREATE TABLE `glpi_plugin_ocsinventoryng_configs` (
  `id` int unsigned NOT NULL AUTO_INCREMENT,
  `thread_log_frequency` int NOT NULL DEFAULT '10',
  `is_displayempty` int NOT NULL DEFAULT '1',
  `import_limit` int NOT NULL DEFAULT '0',
  `delay_refresh` int NOT NULL DEFAULT '0',
  `allow_ocs_update` tinyint(1) NOT NULL DEFAULT '0',
  `log_imported_computers` tinyint(1) NOT NULL DEFAULT '0',
  `comment` mediumtext CHARACTER SET utf8mb4 COLLATE utf8mb4_unicode_ci,
  `delay_ocs` int NOT NULL DEFAULT '-1',
  `use_newocs_alert` int NOT NULL DEFAULT '-1',
  PRIMARY KEY (`id`)
) ENGINE=InnoDB AUTO_INCREMENT=2 DEFAULT CHARSET=utf8mb4 COLLATE=utf8mb4_unicode_ci;

--
-- Dumping data for table `glpi_plugin_ocsinventoryng_configs`
--

INSERT INTO `glpi_plugin_ocsinventoryng_configs` VALUES (1,2,1,0,0,0,0,NULL,1,1);

--
-- Table structure for table `glpi_plugin_ocsinventoryng_customapps`
--

CREATE TABLE `glpi_plugin_ocsinventoryng_customapps` (
  `id` int unsigned NOT NULL AUTO_INCREMENT,
  `computers_id` int unsigned NOT NULL DEFAULT '0',
  `path` varchar(255) CHARACTER SET utf8mb4 COLLATE utf8mb4_unicode_ci DEFAULT NULL,
  `text` mediumtext CHARACTER SET utf8mb4 COLLATE utf8mb4_unicode_ci,
  PRIMARY KEY (`id`),
  KEY `computers_id` (`computers_id`)
) ENGINE=InnoDB DEFAULT CHARSET=utf8mb4 COLLATE=utf8mb4_unicode_ci;

--
-- Dumping data for table `glpi_plugin_ocsinventoryng_customapps`
--


--
-- Table structure for table `glpi_plugin_ocsinventoryng_details`
--

CREATE TABLE `glpi_plugin_ocsinventoryng_details` (
  `id` int unsigned NOT NULL AUTO_INCREMENT,
  `entities_id` int unsigned NOT NULL DEFAULT '0',
  `plugin_ocsinventoryng_threads_id` int unsigned NOT NULL DEFAULT '0',
  `rules_id` mediumtext CHARACTER SET utf8mb4 COLLATE utf8mb4_unicode_ci,
  `threadid` int NOT NULL DEFAULT '0',
  `ocsid` int NOT NULL DEFAULT '0',
  `computers_id` int unsigned NOT NULL DEFAULT '0',
  `action` int NOT NULL DEFAULT '0',
  `process_time` timestamp NULL DEFAULT NULL,
  `plugin_ocsinventoryng_ocsservers_id` int unsigned NOT NULL DEFAULT '1',
  PRIMARY KEY (`id`),
  KEY `end_time` (`process_time`),
  KEY `process_thread` (`plugin_ocsinventoryng_threads_id`,`threadid`)
) ENGINE=InnoDB DEFAULT CHARSET=utf8mb4 COLLATE=utf8mb4_unicode_ci;

--
-- Dumping data for table `glpi_plugin_ocsinventoryng_details`
--


--
-- Table structure for table `glpi_plugin_ocsinventoryng_ipdiscoverocslinks`
--

CREATE TABLE `glpi_plugin_ocsinventoryng_ipdiscoverocslinks` (
  `id` int unsigned NOT NULL AUTO_INCREMENT,
  `items_id` int unsigned NOT NULL,
  `itemtype` varchar(255) CHARACTER SET utf8mb4 COLLATE utf8mb4_unicode_ci DEFAULT NULL,
  `macaddress` varchar(255) CHARACTER SET utf8mb4 COLLATE utf8mb4_unicode_ci NOT NULL,
  `last_update` timestamp NULL DEFAULT NULL,
  `subnet` varchar(40) CHARACTER SET utf8mb4 COLLATE utf8mb4_unicode_ci DEFAULT NULL,
  `plugin_ocsinventoryng_ocsservers_id` int unsigned NOT NULL DEFAULT '0',
  PRIMARY KEY (`id`),
  UNIQUE KEY `macaddress` (`macaddress`),
  KEY `plugin_ocsinventoryng_ocsservers_id` (`plugin_ocsinventoryng_ocsservers_id`)
) ENGINE=InnoDB DEFAULT CHARSET=utf8mb4 COLLATE=utf8mb4_unicode_ci;

--
-- Dumping data for table `glpi_plugin_ocsinventoryng_ipdiscoverocslinks`
--


--
-- Table structure for table `glpi_plugin_ocsinventoryng_networkports`
--

CREATE TABLE `glpi_plugin_ocsinventoryng_networkports` (
  `id` int unsigned NOT NULL AUTO_INCREMENT,
  `networkports_id` int unsigned NOT NULL DEFAULT '0',
  `TYPE` varchar(255) CHARACTER SET utf8mb4 COLLATE utf8mb4_unicode_ci DEFAULT NULL,
  `TYPEMIB` varchar(255) CHARACTER SET utf8mb4 COLLATE utf8mb4_unicode_ci DEFAULT NULL,
  `items_devicenetworkcards_id` int unsigned NOT NULL DEFAULT '0',
  `speed` varchar(255) CHARACTER SET utf8mb4 COLLATE utf8mb4_unicode_ci DEFAULT '10mb/s',
  `comment` mediumtext CHARACTER SET utf8mb4 COLLATE utf8mb4_unicode_ci,
  PRIMARY KEY (`id`),
  UNIQUE KEY `networkports_id` (`networkports_id`),
  KEY `TYPE` (`TYPE`),
  KEY `TYPEMIB` (`TYPEMIB`)
) ENGINE=InnoDB DEFAULT CHARSET=utf8mb4 COLLATE=utf8mb4_unicode_ci;

--
-- Dumping data for table `glpi_plugin_ocsinventoryng_networkports`
--


--
-- Table structure for table `glpi_plugin_ocsinventoryng_networkporttypes`
--

CREATE TABLE `glpi_plugin_ocsinventoryng_networkporttypes` (
  `id` int unsigned NOT NULL AUTO_INCREMENT,
  `name` varchar(255) CHARACTER SET utf8mb4 COLLATE utf8mb4_unicode_ci DEFAULT NULL,
  `OCS_TYPE` varchar(255) CHARACTER SET utf8mb4 COLLATE utf8mb4_unicode_ci NOT NULL DEFAULT '',
  `OCS_TYPEMIB` varchar(255) CHARACTER SET utf8mb4 COLLATE utf8mb4_unicode_ci NOT NULL DEFAULT '',
  `instantiation_type` varchar(255) CHARACTER SET utf8mb4 COLLATE utf8mb4_unicode_ci DEFAULT NULL,
  `type` varchar(10) CHARACTER SET utf8mb4 COLLATE utf8mb4_unicode_ci DEFAULT '' COMMENT 'T, LX, SX',
  `speed` int DEFAULT '10' COMMENT 'Mbit/s: 10, 100, 1000, 10000',
  `version` varchar(20) CHARACTER SET utf8mb4 COLLATE utf8mb4_unicode_ci DEFAULT NULL COMMENT 'a, a/b, a/b/g, a/b/g/n, a/b/g/n/y',
  `comment` mediumtext CHARACTER SET utf8mb4 COLLATE utf8mb4_unicode_ci,
  PRIMARY KEY (`id`),
  KEY `OCS_TYPE` (`OCS_TYPE`),
  KEY `OCS_TYPEMIB` (`OCS_TYPEMIB`)
) ENGINE=InnoDB AUTO_INCREMENT=5 DEFAULT CHARSET=utf8mb4 COLLATE=utf8mb4_unicode_ci;

--
-- Dumping data for table `glpi_plugin_ocsinventoryng_networkporttypes`
--

INSERT INTO `glpi_plugin_ocsinventoryng_networkporttypes` VALUES (1,'Unkown port','*','*','PluginOcsinventoryngNetworkPort',NULL,NULL,NULL,NULL),(2,'Ethernet port','Ethernet','*','NetworkPortEthernet','T',10,NULL,NULL),(3,'Wifi port','Wifi','*','NetworkPortWifi',NULL,NULL,'a',NULL),(4,'Loopback port','Local','*','NetworkPortLocal',NULL,NULL,NULL,NULL);

--
-- Table structure for table `glpi_plugin_ocsinventoryng_networkshares`
--

CREATE TABLE `glpi_plugin_ocsinventoryng_networkshares` (
  `id` int unsigned NOT NULL AUTO_INCREMENT,
  `computers_id` int unsigned NOT NULL DEFAULT '0',
  `drive` varchar(255) CHARACTER SET utf8mb4 COLLATE utf8mb4_unicode_ci DEFAULT NULL,
  `path` varchar(255) CHARACTER SET utf8mb4 COLLATE utf8mb4_unicode_ci DEFAULT NULL,
  `size` varchar(255) CHARACTER SET utf8mb4 COLLATE utf8mb4_unicode_ci DEFAULT NULL,
  `freespace` varchar(255) CHARACTER SET utf8mb4 COLLATE utf8mb4_unicode_ci DEFAULT NULL,
  `quota` varchar(255) CHARACTER SET utf8mb4 COLLATE utf8mb4_unicode_ci DEFAULT NULL,
  PRIMARY KEY (`id`),
  KEY `computers_id` (`computers_id`)
) ENGINE=InnoDB DEFAULT CHARSET=utf8mb4 COLLATE=utf8mb4_unicode_ci;

--
-- Dumping data for table `glpi_plugin_ocsinventoryng_networkshares`
--


--
-- Table structure for table `glpi_plugin_ocsinventoryng_notificationstates`
--

CREATE TABLE `glpi_plugin_ocsinventoryng_notificationstates` (
  `id` int unsigned NOT NULL AUTO_INCREMENT,
  `states_id` int unsigned NOT NULL DEFAULT '0',
  PRIMARY KEY (`id`)
) ENGINE=InnoDB DEFAULT CHARSET=utf8mb4 COLLATE=utf8mb4_unicode_ci;

--
-- Dumping data for table `glpi_plugin_ocsinventoryng_notificationstates`
--


--
-- Table structure for table `glpi_plugin_ocsinventoryng_notimportedcomputers`
--

CREATE TABLE `glpi_plugin_ocsinventoryng_notimportedcomputers` (
  `id` int unsigned NOT NULL AUTO_INCREMENT,
  `entities_id` int unsigned NOT NULL DEFAULT '0',
  `rules_id` mediumtext CHARACTER SET utf8mb4 COLLATE utf8mb4_unicode_ci,
  `comment` mediumtext CHARACTER SET utf8mb4 COLLATE utf8mb4_unicode_ci,
  `ocsid` int NOT NULL DEFAULT '0',
  `plugin_ocsinventoryng_ocsservers_id` int unsigned NOT NULL,
  `ocs_deviceid` varchar(255) CHARACTER SET utf8mb4 COLLATE utf8mb4_unicode_ci NOT NULL,
  `useragent` varchar(255) CHARACTER SET utf8mb4 COLLATE utf8mb4_unicode_ci NOT NULL,
  `tag` varchar(255) CHARACTER SET utf8mb4 COLLATE utf8mb4_unicode_ci NOT NULL,
  `serial` varchar(255) CHARACTER SET utf8mb4 COLLATE utf8mb4_unicode_ci NOT NULL,
  `name` varchar(255) CHARACTER SET utf8mb4 COLLATE utf8mb4_unicode_ci NOT NULL,
  `ipaddr` varchar(255) CHARACTER SET utf8mb4 COLLATE utf8mb4_unicode_ci NOT NULL,
  `domain` varchar(255) CHARACTER SET utf8mb4 COLLATE utf8mb4_unicode_ci NOT NULL,
  `last_inventory` timestamp NULL DEFAULT NULL,
  `reason` int NOT NULL,
  PRIMARY KEY (`id`),
  UNIQUE KEY `ocs_id` (`plugin_ocsinventoryng_ocsservers_id`,`ocsid`)
) ENGINE=InnoDB DEFAULT CHARSET=utf8mb4 COLLATE=utf8mb4_unicode_ci;

--
-- Dumping data for table `glpi_plugin_ocsinventoryng_notimportedcomputers`
--


--
-- Table structure for table `glpi_plugin_ocsinventoryng_ocsadmininfoslinks`
--

CREATE TABLE `glpi_plugin_ocsinventoryng_ocsadmininfoslinks` (
  `id` int unsigned NOT NULL AUTO_INCREMENT,
  `glpi_column` varchar(255) CHARACTER SET utf8mb4 COLLATE utf8mb4_unicode_ci DEFAULT NULL,
  `ocs_column` varchar(255) CHARACTER SET utf8mb4 COLLATE utf8mb4_unicode_ci DEFAULT NULL,
  `plugin_ocsinventoryng_ocsservers_id` int unsigned NOT NULL DEFAULT '0',
  PRIMARY KEY (`id`),
  KEY `plugin_ocsinventoryng_ocsservers_id` (`plugin_ocsinventoryng_ocsservers_id`)
) ENGINE=InnoDB AUTO_INCREMENT=13 DEFAULT CHARSET=utf8mb4 COLLATE=utf8mb4_unicode_ci;

--
-- Dumping data for table `glpi_plugin_ocsinventoryng_ocsadmininfoslinks`
--

INSERT INTO `glpi_plugin_ocsinventoryng_ocsadmininfoslinks` VALUES (7,'locations_id','0',1),(8,'otherserial','0',1),(9,'groups_id','0',1),(10,'networks_id','0',1),(11,'contact_num','0',1),(12,'use_date','0',1);

--
-- Table structure for table `glpi_plugin_ocsinventoryng_ocsalerts`
--

CREATE TABLE `glpi_plugin_ocsinventoryng_ocsalerts` (
  `id` int unsigned NOT NULL AUTO_INCREMENT,
  `entities_id` int unsigned NOT NULL DEFAULT '0',
  `delay_ocs` int NOT NULL DEFAULT '-1',
  `use_newocs_alert` int NOT NULL DEFAULT '-1',
  PRIMARY KEY (`id`)
) ENGINE=InnoDB DEFAULT CHARSET=utf8mb4 COLLATE=utf8mb4_unicode_ci;

--
-- Dumping data for table `glpi_plugin_ocsinventoryng_ocsalerts`
--


--
-- Table structure for table `glpi_plugin_ocsinventoryng_ocslinks`
--

CREATE TABLE `glpi_plugin_ocsinventoryng_ocslinks` (
  `id` int unsigned NOT NULL AUTO_INCREMENT,
  `computers_id` int unsigned NOT NULL DEFAULT '0',
  `ocsid` int NOT NULL DEFAULT '0',
  `ocs_deviceid` varchar(255) CHARACTER SET utf8mb4 COLLATE utf8mb4_unicode_ci DEFAULT NULL,
  `use_auto_update` tinyint(1) NOT NULL DEFAULT '1',
  `last_update` timestamp NULL DEFAULT NULL,
  `last_ocs_update` timestamp NULL DEFAULT NULL,
  `last_ocs_conn` timestamp NULL DEFAULT NULL,
  `ip_src` varchar(255) CHARACTER SET utf8mb4 COLLATE utf8mb4_unicode_ci DEFAULT NULL,
  `computer_update` longtext CHARACTER SET utf8mb4 COLLATE utf8mb4_unicode_ci,
  `plugin_ocsinventoryng_ocsservers_id` int unsigned NOT NULL DEFAULT '0',
  `ocs_agent_version` varchar(255) CHARACTER SET utf8mb4 COLLATE utf8mb4_unicode_ci DEFAULT NULL,
  `entities_id` int unsigned NOT NULL DEFAULT '0',
  `tag` varchar(255) CHARACTER SET utf8mb4 COLLATE utf8mb4_unicode_ci DEFAULT NULL,
  `uptime` varchar(64) CHARACTER SET utf8mb4 COLLATE utf8mb4_unicode_ci DEFAULT NULL,
  PRIMARY KEY (`id`),
  UNIQUE KEY `unicity` (`plugin_ocsinventoryng_ocsservers_id`,`ocsid`),
  KEY `last_update` (`last_update`),
  KEY `ocs_deviceid` (`ocs_deviceid`),
  KEY `last_ocs_update` (`plugin_ocsinventoryng_ocsservers_id`,`last_ocs_update`),
  KEY `computers_id` (`computers_id`),
  KEY `entities_id` (`entities_id`),
  KEY `use_auto_update` (`use_auto_update`)
) ENGINE=InnoDB AUTO_INCREMENT=770 DEFAULT CHARSET=utf8mb4 COLLATE=utf8mb4_unicode_ci;

--
-- Dumping data for table `glpi_plugin_ocsinventoryng_ocslinks`
--

INSERT INTO `glpi_plugin_ocsinventoryng_ocslinks` VALUES (1,1,2073,'RPC94183-BC-2022-07-08-15-23-08',1,'2020-09-29 18:45:07','2020-09-11 19:42:49','2020-09-11 19:42:49','192.168.1.170 ','[\"users_id\",\"groups_id\",\"contact\",\"locations_id\",\"computermodels_id\",\"manufacturers_id\",\"computertypes_id\"]',1,'OCS-NG_WINDOWS_AGENT_v2.1.1.3 ',0,'Bogota',NULL),(2,2,299,'RPC92160-ME-2020-05-26-21-15-06',1,'2021-03-10 20:27:00','2020-07-17 22:24:57','2020-07-17 23:38:07','192.168.1.100 ','[\"users_id\",\"locations_id\",\"groups_id\",\"computermodels_id\",\"manufacturers_id\",\"computertypes_id\"]',1,'OCS-NG_WINDOWS_AGENT_v2.1.1.3 ',0,'Medellin',NULL),(3,3,1604,'RPC94381-BG-2021-02-20-00-34-03',1,'2021-03-10 20:52:47','2021-03-10 14:41:40','2021-03-10 14:41:40','192.168.1.100 ','[\"entities_id\",\"date_mod\",\"users_id\",\"name\",\"comment\",\"locations_id\",\"contact\",\"groups_id\",\"computermodels_id\",\"manufacturers_id\",\"computertypes_id\"]',1,'OCS-NG_WINDOWS_AGENT_v2.1.1.3 ',21,'BOGOTA',NULL),(4,4,6283,'RPC96743-BG-2023-03-28-18-03-43',1,'2021-03-10 20:37:11','2020-08-25 23:45:47','2020-08-27 12:14:18','192.168.1.100 ','{\"0\":\"groups_id\",\"1\":\"users_id\",\"2\":\"comment\",\"3\":\"locations_id\",\"5\":\"computermodels_id\",\"6\":\"manufacturers_id\",\"7\":\"computertypes_id\"}',1,'OCS-NG_WINDOWS_AGENT_v2.1.1.3 ',0,'Medellin',NULL),(5,5,2062,'RPC94462-CA-2022-07-08-08-11-04',1,'2021-03-10 20:29:56','2020-11-04 18:36:16','2020-11-04 18:36:16','192.168.1.100 ','{\"0\":\"users_id\",\"1\":\"locations_id\",\"3\":\"comment\",\"4\":\"groups_id\",\"5\":\"contact\",\"6\":\"computermodels_id\",\"7\":\"manufacturers_id\",\"8\":\"computertypes_id\"}',1,'OCS-NG_WINDOWS_AGENT_v2.1.1.3 ',0,'Medellin',NULL),(6,6,5506,'RPC94409-BG-2023-02-14-10-44-59',1,'2021-03-10 20:29:26','2021-03-10 16:50:54','2021-03-10 16:50:54','192.168.1.100 ','{\"0\":\"users_id\",\"2\":\"comment\",\"3\":\"locations_id\",\"4\":\"groups_id\",\"5\":\"contact\",\"6\":\"computermodels_id\",\"7\":\"manufacturers_id\",\"8\":\"computertypes_id\"}',1,'OCS-NG_WINDOWS_AGENT_v2.1.1.3 ',1,'Bogota',NULL),(7,7,3488,'RPC95565-MQ-2022-10-07-13-30-07',1,'2021-03-10 20:54:32','2020-09-18 20:55:27','2020-09-19 01:24:23','192.168.1.100 ','[\"users_id\",\"locations_id\",\"groups_id\",\"computermodels_id\",\"manufacturers_id\",\"computertypes_id\"]',1,'OCS-NG_WINDOWS_AGENT_v2.1.1.3 ',2,'Medellin',NULL),(8,8,71,'RPC91827-BG-2019-06-17-13-50-22',1,'2021-03-10 20:27:40','2021-01-15 00:47:26','2021-03-01 20:46:24','192.168.1.100 ','[\"entities_id\",\"date_mod\",\"locations_id\",\"users_id\",\"contact\",\"groups_id\",\"comment\",\"computermodels_id\",\"manufacturers_id\",\"computertypes_id\"]',1,'OCS-NG_WINDOWS_AGENT_v2.1.1.3 ',21,'Bogota',NULL),(9,9,1643,'RPC94660-MQ-2021-02-26-19-17-10',1,'2021-03-10 20:48:11','2021-03-08 21:48:02','2021-03-10 19:10:02','192.168.1.100 ','[\"entities_id\",\"date_mod\",\"users_id\",\"comment\",\"locations_id\",\"contact\",\"groups_id\",\"computermodels_id\",\"manufacturers_id\",\"computertypes_id\"]',1,'OCS-NG_WINDOWS_AGENT_v2.1.1.3 ',21,'Mosquera',NULL),(10,10,663,'RPC93886-BC-2022-03-24-12-38-27',1,'2020-06-26 16:21:30','2020-06-10 14:44:37','2020-06-10 14:44:37','192.168.1.100 ','[\"users_id\",\"groups_id\",\"locations_id\",\"computermodels_id\",\"manufacturers_id\",\"computertypes_id\"]',1,'OCS-NG_WINDOWS_AGENT_v2.0.5.0 ',2,'Medellin',NULL),(11,11,1507,'RPC91883-BC-2022-05-31-07-47-09',1,'2020-06-26 16:21:34','2020-05-11 15:29:33','2020-05-11 15:51:11','192.168.100.26, 127.0.0.1 ','[\"entities_id\",\"date_mod\",\"locations_id\",\"users_id\",\"groups_id\",\"comment\",\"contact\",\"computermodels_id\",\"manufacturers_id\",\"computertypes_id\"]',1,'OCS-NG_WINDOWS_AGENT_v2.1.1.3 ',15,'Bucaramanga',NULL),(12,12,1799,'RPC93891-BG-2022-06-21-07-28-43',1,'2021-03-10 20:55:05','2021-03-10 06:31:16','2021-03-10 06:31:16','192.168.1.100 ','[\"users_id\",\"groups_id\",\"name\",\"locations_id\",\"computermodels_id\",\"manufacturers_id\",\"computertypes_id\"]',1,'OCS-NG_WINDOWS_AGENT_v2.1.1.3 ',1,'Cali Valle',NULL),(13,13,2496,'RPC94829-MQ-2022-08-06-08-23-33',1,'2020-09-29 18:44:56','2020-07-14 12:28:51','2020-07-14 12:28:51','192.168.1.100 ','[\"users_id\",\"groups_id\",\"locations_id\",\"contact\",\"comment\",\"computermodels_id\",\"manufacturers_id\",\"computertypes_id\"]',1,'OCS-NG_WINDOWS_AGENT_v2.1.1.3 ',1,'Bogota',NULL),(14,14,1690,'RPC94596-ME-2021-03-09-11-51-41',1,'2021-03-10 20:46:38','2021-03-10 13:57:00','2021-03-10 13:57:00','192.168.1.100 ','[\"users_id\",\"groups_id\",\"locations_id\",\"comment\",\"computermodels_id\",\"manufacturers_id\",\"computertypes_id\"]',1,'OCS-NG_WINDOWS_AGENT_v2.1.1.3 ',2,'Medellin',NULL),(15,15,1949,'RPC94593-CA-2022-06-30-08-57-50',1,'2021-03-10 20:30:04','2021-01-12 16:44:52','2021-01-12 19:29:28','192.168.1.100 ','[\"users_id\",\"locations_id\",\"contact\",\"groups_id\",\"comment\",\"computermodels_id\",\"manufacturers_id\",\"computertypes_id\"]',1,'OCS-NG_WINDOWS_AGENT_v2.1.1.3 ',2,'Medellin',NULL),(16,16,17,'LORECRUZ-ME-2019-11-14-11-18-41',1,'2020-09-29 18:43:01','2020-07-21 13:20:56','2020-07-21 13:20:56','192.168.1.100 ','[\"users_id\",\"locations_id\",\"groups_id\",\"computermodels_id\",\"manufacturers_id\",\"computertypes_id\"]',1,'OCS-NG_WINDOWS_AGENT_v2.0.5.0 ',1,'3',NULL),(17,17,1283,'RPC95271-BC-2022-05-14-18-24-01',1,'2021-03-10 20:54:51','2020-08-03 16:39:00','2020-08-03 19:55:38','192.168.1.100 ','[\"users_id\",\"locations_id\",\"contact\",\"groups_id\",\"comment\",\"computermodels_id\",\"manufacturers_id\",\"computertypes_id\"]',1,'OCS-NG_WINDOWS_AGENT_v2.1.1.3 ',0,'Bogota',NULL),(18,18,2852,'RPC96721-BQ-2022-08-30-16-01-31',1,'2021-03-10 20:35:20','2021-03-09 12:17:53','2021-03-09 12:17:53','192.168.1.155 ','[\"users_id\",\"comment\",\"locations_id\",\"groups_id\",\"computermodels_id\",\"manufacturers_id\",\"computertypes_id\"]',1,'OCS-NG_WINDOWS_AGENT_v2.0.5.0 ',2,'1',NULL),(19,19,338,'RPC94330-BC-2022-02-18-13-17-45',1,'2023-11-18 17:09:02','2022-02-19 06:03:46','2022-02-19 06:35:17','192.168.11.10','[\"users_id\",\"contact\",\"comment\",\"locations_id\",\"groups_id\",\"computermodels_id\",\"manufacturers_id\",\"computertypes_id\"]',1,'OCS-NG_WINDOWS_AGENT_v2.1.1.3',1,'NA',NULL),(20,20,151,'DISENO02-BG-2018-11-19-12-23-09',1,'2020-09-29 18:44:42','2020-08-04 16:38:43','2020-08-04 16:38:43','192.168.1.100 ','[\"users_id\",\"locations_id\",\"groups_id\",\"computermodels_id\",\"manufacturers_id\",\"computertypes_id\"]',1,'OCS-NG_WINDOWS_AGENT_v2.1.1.3 ',0,'1',NULL),(21,21,5945,'RPC95417-BG-2023-03-09-19-35-29',1,'2021-03-10 20:55:24','2020-03-10 17:26:31','2020-03-10 17:26:31','192.168.1.181 ','[\"users_id\",\"groups_id\",\"comment\",\"locations_id\",\"computermodels_id\",\"manufacturers_id\",\"computertypes_id\"]',1,'OCS-NG_WINDOWS_AGENT_v2.1.1.3 ',0,'Bogota',NULL),(22,22,1737,'RPC93956-BG-2021-03-16-07-53-09',1,'2021-03-10 20:51:34','2021-03-10 12:55:23','2021-03-10 16:01:22','192.168.1.100 ','{\"0\":\"groups_id\",\"1\":\"locations_id\",\"3\":\"contact\",\"4\":\"users_id\",\"5\":\"comment\",\"6\":\"name\",\"7\":\"computermodels_id\",\"8\":\"manufacturers_id\",\"9\":\"computertypes_id\"}',1,'OCS-NG_WINDOWS_AGENT_v2.1.1.3 ',1,'Bogota',NULL),(23,23,1042,'RPC92327-BG-2020-11-12-07-24-12',1,'2021-03-10 20:37:13','2020-12-03 12:58:15','2020-12-03 12:58:15','192.168.1.100 ','{\"0\":\"users_id\",\"1\":\"locations_id\",\"3\":\"comment\",\"4\":\"contact\",\"5\":\"groups_id\",\"6\":\"computermodels_id\",\"7\":\"manufacturers_id\",\"8\":\"computertypes_id\"}',1,'OCS-NG_WINDOWS_AGENT_v2.1.1.3 ',1,'Bogota',NULL),(24,24,2596,'RPC94592-BG-2022-08-12-10-20-11',1,'2021-03-10 20:55:01','2020-05-20 20:26:48','2020-05-20 20:26:48','192.168.1.100 ','[\"users_id\",\"locations_id\",\"groups_id\",\"comment\",\"computermodels_id\",\"manufacturers_id\",\"computertypes_id\"]',1,'OCS-NG_WINDOWS_AGENT_v2.6.0.0 ',0,'Bucaramanga',NULL),(25,25,1013,'TEC1DB8-BG-2022-04-25-09-25-13',1,'2021-03-10 20:25:58','2021-01-20 21:52:08','2021-01-20 22:15:29','192.168.1.100 ','{\"0\":\"users_id\",\"1\":\"locations_id\",\"2\":\"comment\",\"4\":\"contact\",\"5\":\"groups_id\",\"6\":\"computermodels_id\",\"7\":\"manufacturers_id\",\"8\":\"computertypes_id\"}',1,'OCS-NG_WINDOWS_AGENT_v2.1.1.3 ',0,'Bogota',NULL),(26,26,7,'RPC94032-BG-2021-12-16-13-07-23',1,'2023-11-18 17:04:01','2022-02-15 15:00:18','2022-02-16 12:54:21','192.168.11.10','[\"locations_id\",\"users_id\",\"groups_id\",\"comment\",\"computermodels_id\",\"manufacturers_id\",\"computertypes_id\"]',1,'OCS-NG_WINDOWS_AGENT_v2.1.1.3',15,'NA',NULL),(27,27,8872,'RPC94473-MQ-2023-08-29-17-31-06',1,'2020-06-25 19:02:10','2020-06-25 00:06:37','2020-06-25 00:06:37','192.168.1.120 ','[\"users_id\",\"groups_id\",\"contact\",\"locations_id\",\"computermodels_id\",\"manufacturers_id\",\"computertypes_id\"]',1,'OCS-NG_WINDOWS_AGENT_v2.0.5.0 ',0,'1',NULL),(28,28,241,'RPC94505-BC-2022-02-11-12-01-01',1,'2023-11-18 16:41:01','2022-02-11 19:41:16','2022-02-11 19:41:16','192.168.11.10','[\"users_id\",\"groups_id\",\"contact\",\"comment\",\"locations_id\",\"computermodels_id\",\"manufacturers_id\",\"computertypes_id\"]',1,'OCS-NG_WINDOWS_AGENT_v2.1.1.3',0,'NA',NULL),(29,29,2624,'RPC97097-BC-2022-08-15-21-50-34',1,'2021-03-10 20:51:58','2021-03-04 18:30:31','2021-03-08 21:44:12','192.168.1.100 ','[\"groups_id\",\"comment\",\"contact\",\"locations_id\",\"users_id\",\"computermodels_id\",\"manufacturers_id\",\"computertypes_id\"]',1,'OCS-NG_WINDOWS_AGENT_v2.1.1.3 ',19,'Bogota',NULL),(31,31,1593,'RPC97022-BG-2022-06-06-08-29-56',1,'2021-03-10 20:43:06','2020-12-24 16:09:29','2020-12-28 14:03:54','192.168.1.100 ','{\"0\":\"users_id\",\"1\":\"locations_id\",\"3\":\"comment\",\"4\":\"groups_id\",\"5\":\"contact\",\"6\":\"computermodels_id\",\"7\":\"manufacturers_id\",\"8\":\"computertypes_id\"}',1,'OCS-NG_WINDOWS_AGENT_v2.1.1.3 ',0,'Bogota',NULL),(32,32,1296,'RPC95701-BQ-2022-05-16-08-22-03',1,'2021-03-10 20:30:18','2021-03-10 02:41:43','2021-03-10 02:41:43','192.168.1.100 ','{\"0\":\"users_id\",\"1\":\"contact\",\"3\":\"comment\",\"4\":\"locations_id\",\"5\":\"groups_id\",\"6\":\"computermodels_id\",\"7\":\"manufacturers_id\",\"8\":\"computertypes_id\"}',1,'OCS-NG_WINDOWS_AGENT_v2.6.0.0 ',2,'Prontowash',NULL),(33,33,327,'RPC93969-BG-2020-06-10-11-18-14',1,'2021-03-10 20:55:15','2020-06-10 16:22:40','2020-06-10 16:22:40','192.168.1.100 ','[\"entities_id\",\"date_mod\",\"locations_id\",\"users_id\",\"groups_id\",\"name\",\"contact\",\"comment\",\"computermodels_id\",\"manufacturers_id\",\"computertypes_id\"]',1,'OCS-NG_WINDOWS_AGENT_v2.1.1.3 ',22,'NA',NULL),(34,34,1554,'RPC95641-BG-2022-06-02-19-56-18',1,'2021-03-10 20:31:47','2021-03-09 14:34:34','2021-03-10 04:41:05','192.168.1.100 ','[\"entities_id\",\"date_mod\",\"users_id\",\"locations_id\",\"groups_id\",\"computermodels_id\",\"manufacturers_id\",\"computertypes_id\"]',1,'OCS-NG_WINDOWS_AGENT_v2.1.1.3 ',21,'Mosquera',NULL),(35,35,4837,'RPC95036-ME-2023-01-04-18-46-28',1,'2021-03-10 20:49:49','2021-03-09 13:17:15','2021-03-10 19:13:26','192.168.1.100 ','{\"0\":\"users_id\",\"2\":\"contact\",\"3\":\"groups_id\",\"4\":\"comment\",\"5\":\"locations_id\",\"6\":\"name\",\"7\":\"computermodels_id\",\"8\":\"manufacturers_id\",\"9\":\"computertypes_id\"}',1,'OCS-NG_WINDOWS_AGENT_v2.1.1.3 ',21,'Mosquera',NULL),(37,37,759,'RPC93311-ME-2022-04-01-11-21-13',1,'2021-03-10 20:29:45','2021-03-09 20:56:11','2021-03-09 20:56:11','192.168.1.100 ','[\"users_id\",\"groups_id\",\"locations_id\",\"computermodels_id\",\"manufacturers_id\",\"computertypes_id\"]',1,'OCS-NG_WINDOWS_AGENT_v2.6.0.0 ',2,'Medellin',NULL),(38,38,1842,'RPC96272-BG-2022-06-22-07-37-28',1,'2021-03-10 20:50:00','2021-03-08 22:12:53','2021-03-08 22:12:53','192.168.1.100 ','[\"users_id\",\"groups_id\",\"locations_id\",\"comment\",\"computermodels_id\",\"manufacturers_id\",\"computertypes_id\"]',1,'OCS-NG_WINDOWS_AGENT_v2.1.1.3 ',2,'Medellin',NULL),(39,39,1662,'RPC95951-ME-2022-06-10-07-18-48',1,'2021-03-10 20:51:16','2021-03-09 19:55:47','2021-03-10 10:48:32','192.168.1.100 ','[\"users_id\",\"groups_id\",\"locations_id\",\"computermodels_id\",\"manufacturers_id\",\"computertypes_id\"]',1,'OCS-NG_WINDOWS_AGENT_v2.1.1.3 ',2,'Bucaramanga',NULL),(40,40,288,'RPC96752-BG-2022-02-14-10-10-34',1,'2023-11-18 16:59:01','2022-02-14 16:32:43','2022-02-14 16:32:43','192.168.11.10','[\"users_id\",\"comment\",\"contact\",\"groups_id\",\"locations_id\",\"computermodels_id\",\"manufacturers_id\",\"computertypes_id\"]',1,'OCS-NG_WINDOWS_AGENT_v2.1.1.3',1,'NA',NULL),(41,41,1856,'RPC94493-BG-2022-06-23-07-53-16',1,'2020-09-29 18:42:53','2020-07-08 20:43:53','2020-07-08 20:43:53','192.168.1.100 ','{\"0\":\"users_id\",\"1\":\"locations_id\",\"3\":\"contact\",\"4\":\"groups_id\",\"5\":\"comment\",\"6\":\"computermodels_id\",\"7\":\"manufacturers_id\",\"8\":\"computertypes_id\"}',1,'OCS-NG_WINDOWS_AGENT_v2.6.0.0 ',1,'Bogotá',NULL),(43,43,2449,'RPC94025-BG-2022-08-03-17-05-50',1,'2021-03-10 20:52:33','2021-03-09 23:58:07','2021-03-10 20:18:46','192.168.1.100 ','[\"users_id\",\"locations_id\",\"groups_id\",\"computermodels_id\",\"manufacturers_id\",\"computertypes_id\"]',1,'OCS-NG_WINDOWS_AGENT_v2.1.1.3 ',1,'Bogota',NULL),(44,44,1734,'RPC93914-BG-2021-03-15-00-08-14',1,'2021-03-10 20:46:31','2021-03-10 20:45:36','2021-03-10 20:45:36','192.168.1.100 ','[\"entities_id\",\"date_mod\",\"users_id\",\"groups_id\",\"locations_id\",\"contact\",\"computermodels_id\",\"manufacturers_id\",\"computertypes_id\"]',1,'OCS-NG_WINDOWS_AGENT_v2.1.1.3 ',15,'Bogota',NULL),(45,45,1569,'RPC95048-MQ-2022-06-03-12-58-45',1,'2021-03-10 20:25:51','2020-11-30 19:09:07','2020-11-30 21:24:45','192.168.1.17 ','{\"0\":\"users_id\",\"2\":\"locations_id\",\"3\":\"contact\",\"4\":\"groups_id\",\"5\":\"comment\",\"6\":\"computermodels_id\",\"7\":\"manufacturers_id\",\"8\":\"computertypes_id\"}',1,'OCS-NG_WINDOWS_AGENT_v2.1.1.3 ',2,'Bogota',NULL),(46,46,1501,'RPC94284-BG-2021-02-04-07-44-14',1,'2021-03-10 20:52:07','2021-03-10 05:12:31','2021-03-10 05:12:31','192.168.1.100 ','{\"0\":\"users_id\",\"1\":\"comment\",\"2\":\"name\",\"3\":\"locations_id\",\"4\":\"contact\",\"6\":\"groups_id\",\"7\":\"computermodels_id\",\"8\":\"manufacturers_id\",\"9\":\"computertypes_id\"}',1,'OCS-NG_WINDOWS_AGENT_v2.1.1.3 ',1,'Bogota',NULL),(47,47,2638,'RPC93886-BC-2022-08-16-11-21-18',1,'2021-03-10 20:37:23','2021-03-10 12:53:46','2021-03-10 12:53:46','192.168.1.100 ','{\"0\":\"locations_id\",\"1\":\"users_id\",\"2\":\"groups_id\",\"4\":\"computermodels_id\",\"5\":\"manufacturers_id\",\"6\":\"computertypes_id\"}',1,'OCS-NG_WINDOWS_AGENT_v2.1.1.3 ',1,'Bogota',NULL),(48,48,8957,'RPC94683-BG-2023-09-02-21-16-44',1,'2020-09-29 18:44:48','2020-08-04 20:06:31','2020-08-04 20:46:04','192.168.1.36 ','[\"users_id\",\"groups_id\",\"comment\",\"locations_id\",\"computermodels_id\",\"manufacturers_id\",\"computertypes_id\"]',1,'OCS-NG_WINDOWS_AGENT_v2.1.1.3 ',2,'Bogota',NULL),(49,49,1682,'RPC93270-BG-2021-03-03-17-36-13',1,'2021-03-10 20:53:44','2021-03-08 14:15:44','2021-03-09 22:24:36','192.168.1.100 ','[\"entities_id\",\"date_mod\",\"users_id\",\"locations_id\",\"groups_id\",\"comment\",\"computermodels_id\",\"manufacturers_id\",\"computertypes_id\"]',1,'OCS-NG_WINDOWS_AGENT_v2.1.1.3 ',21,'Bogota',NULL),(50,50,1191,'RPC96733-ME-2022-05-09-08-30-27',1,'2021-03-10 20:33:29','2020-07-23 22:58:35','2020-07-23 22:58:35','192.168.1.100 ','{\"0\":\"users_id\",\"1\":\"locations_id\",\"2\":\"contact\",\"4\":\"groups_id\",\"5\":\"comment\",\"6\":\"computermodels_id\",\"7\":\"manufacturers_id\",\"8\":\"computertypes_id\"}',1,'OCS-NG_WINDOWS_AGENT_v2.1.1.3 ',0,'Bogota',NULL),(51,51,615,'RPC95669-BC-2022-03-18-06-51-11',1,'2021-03-10 20:29:22','2021-03-10 05:10:16','2021-03-10 05:10:16','192.168.1.100 ','[\"users_id\",\"locations_id\",\"computertypes_id\",\"groups_id\",\"computermodels_id\",\"manufacturers_id\"]',1,'OCS-NG_unified_unix_agent_v2.0.5 ',1,'1',NULL),(52,52,2869,'RPC96245-BC-2022-09-01-07-41-32',1,'2021-03-10 20:30:46','2021-02-11 23:08:08','2021-02-22 15:35:56','192.168.1.41 ','{\"0\":\"users_id\",\"1\":\"locations_id\",\"3\":\"comment\",\"4\":\"contact\",\"5\":\"groups_id\",\"6\":\"computermodels_id\",\"7\":\"manufacturers_id\",\"8\":\"computertypes_id\"}',1,'OCS-NG_WINDOWS_AGENT_v2.1.1.3 ',2,'Bogota',NULL),(53,53,1732,'RPC94602-ME-2021-03-15-18-59-48',1,'2021-03-10 20:50:30','2021-03-09 20:38:01','2021-03-10 14:00:56','192.168.1.100 ','{\"0\":\"contact\",\"1\":\"users_id\",\"2\":\"comment\",\"3\":\"locations_id\",\"5\":\"groups_id\",\"7\":\"name\",\"9\":\"computermodels_id\",\"10\":\"manufacturers_id\",\"11\":\"computertypes_id\"}',1,'OCS-NG_WINDOWS_AGENT_v2.1.1.3 ',15,'Medellin',NULL),(54,54,2603,'RPC92615-SM-2022-08-12-14-22-08',1,'2021-03-10 20:29:37','2021-03-08 19:19:25','2021-03-09 12:41:50','192.168.1.100 ','[\"users_id\",\"groups_id\",\"locations_id\",\"computermodels_id\",\"manufacturers_id\",\"computertypes_id\"]',1,'OCS-NG_WINDOWS_AGENT_v2.1.1.3 ',0,'Bogota',NULL),(55,55,1458,'RPC93777-BG-2021-01-29-18-20-27',1,'2021-03-10 20:40:20','2021-03-09 22:42:58','2021-03-09 22:42:58','192.168.1.100 ','[\"users_id\",\"locations_id\",\"comment\",\"groups_id\",\"computermodels_id\",\"manufacturers_id\",\"computertypes_id\"]',1,'OCS-NG_WINDOWS_AGENT_v2.1.1.3 ',1,'Bogota',NULL),(57,57,1512,'RPC94454-BG-2021-02-05-18-42-56',1,'2021-03-10 20:49:35','2021-03-10 15:32:38','2021-03-10 15:32:38','192.168.1.100 ','[\"users_id\",\"locations_id\",\"groups_id\",\"computermodels_id\",\"manufacturers_id\",\"computertypes_id\"]',1,'OCS-NG_WINDOWS_AGENT_v2.1.1.3 ',1,'NA',NULL),(58,58,271,'ECOLOGYSAS-2020-02-12-10-04-23',1,'2021-03-10 20:29:43','2020-08-10 19:30:28','2020-08-10 19:30:28','192.168.1.100 ','[\"users_id\",\"locations_id\",\"groups_id\",\"computermodels_id\",\"manufacturers_id\",\"computertypes_id\"]',1,'OCS-NG_WINDOWS_AGENT_v2.1.1.3 ',0,'Ecology Medellin',NULL),(59,59,320,'android-e785d4e2d5546722-2020-03-13-16-15-16',1,'2020-09-29 18:44:37','2020-07-13 22:57:58','2020-07-13 22:57:58','192.168.1.100 ','[\"users_id\",\"groups_id\",\"locations_id\",\"contact\",\"name\",\"computermodels_id\",\"manufacturers_id\",\"computertypes_id\"]',1,'OCS-NG_Android_agent_v2.0 ',1,'ALC10001-BG',NULL),(60,60,2406,'RPC95271-BC-2022-07-31-09-56-05',1,'2021-03-10 20:38:40','2021-03-10 19:00:14','2021-03-10 19:00:14','192.168.1.150 ','[\"users_id\",\"locations_id\",\"groups_id\",\"computermodels_id\",\"manufacturers_id\",\"computertypes_id\"]',1,'OCS-NG_WINDOWS_AGENT_v2.1.1.3 ',2,'NA',NULL),(62,62,5412,'ELCMUR3400-BG-2023-02-09-07-36-30',1,'2021-03-10 20:37:35','2021-02-26 19:25:22','2021-02-26 22:03:58','192.168.1.100 ','[\"users_id\",\"locations_id\",\"comment\",\"groups_id\",\"computermodels_id\",\"manufacturers_id\",\"computertypes_id\"]',1,'OCS-NG_WINDOWS_AGENT_v2.6.0.0 ',1,'Bucaramanga',NULL),(63,63,9058,'RPC96633-BC-2023-09-07-08-05-47',1,'2021-03-10 20:52:21','2021-03-10 13:18:37','2021-03-10 19:12:16','192.168.1.100 ','[\"contact\",\"users_id\",\"groups_id\",\"comment\",\"name\",\"locations_id\",\"computermodels_id\",\"manufacturers_id\",\"computertypes_id\"]',1,'OCS-NG_WINDOWS_AGENT_v2.1.1.3 ',1,'Bogota',NULL),(64,64,1628,'RPC93694-BG-2021-02-24-07-55-16',1,'2021-03-10 20:41:55','2021-03-10 11:51:07','2021-03-10 19:00:33','192.168.1.100 ','{\"0\":\"users_id\",\"1\":\"groups_id\",\"2\":\"locations_id\",\"4\":\"comment\",\"5\":\"computermodels_id\",\"6\":\"manufacturers_id\",\"7\":\"computertypes_id\"}',1,'OCS-NG_WINDOWS_AGENT_v2.1.1.3 ',1,'Bogota',NULL),(66,66,2685,'RPC95860-BG-2022-08-19-08-25-26',1,'2021-03-10 20:51:25','2021-03-09 04:13:30','2021-03-10 05:35:37','192.168.1.100 ','{\"0\":\"locations_id\",\"1\":\"users_id\",\"2\":\"name\",\"4\":\"contact\",\"5\":\"groups_id\",\"6\":\"comment\",\"7\":\"computermodels_id\",\"8\":\"manufacturers_id\",\"9\":\"computertypes_id\"}',1,'OCS-NG_WINDOWS_AGENT_v2.1.1.3 ',1,'BOGOTA',NULL),(67,67,7167,'RPC95049-BC-2023-05-22-17-21-10',1,'2021-03-10 20:17:58','2021-03-10 19:36:22','2021-03-10 19:36:22','192.168.1.100 ','[\"entities_id\",\"date_mod\",\"users_id\",\"groups_id\",\"locations_id\",\"comment\",\"computermodels_id\",\"manufacturers_id\",\"computertypes_id\"]',1,'OCS-NG_WINDOWS_AGENT_v2.6.0.0 ',15,'Bogota',NULL),(68,68,7977,'ELCMUR91YW-BG-2023-07-07-10-53-12',1,'2021-03-10 20:51:47','2021-03-09 13:53:22','2021-03-10 15:50:26','192.168.1.100 ','[\"entities_id\",\"date_mod\",\"users_id\",\"groups_id\",\"locations_id\",\"comment\",\"name\",\"contact\",\"computermodels_id\",\"manufacturers_id\",\"computertypes_id\"]',1,'OCS-NG_WINDOWS_AGENT_v2.1.1.3 ',22,'Bogota',NULL),(70,70,2391,'RPC96116-BC-2022-07-29-14-23-39',1,'2021-03-10 20:36:01','2020-09-16 14:38:13','2020-09-16 18:24:35','192.168.1.100 ','[\"users_id\",\"contact\",\"groups_id\",\"comment\",\"locations_id\",\"computermodels_id\",\"manufacturers_id\",\"computertypes_id\"]',1,'OCS-NG_WINDOWS_AGENT_v2.6.0.0 ',0,'Arintia',NULL),(71,71,1222,'RPC93630-BG-2020-12-15-09-57-46',1,'2021-03-10 20:42:11','2021-03-10 01:00:52','2021-03-10 19:40:13','192.168.1.100 ','[\"entities_id\",\"date_mod\",\"users_id\",\"locations_id\",\"computermodels_id\",\"manufacturers_id\",\"computertypes_id\"]',1,'OCS-NG_WINDOWS_AGENT_v2.1.1.3 ',21,'Mosquera',NULL),(72,72,9083,'RPC94468-BG-2023-09-07-16-37-38',1,'2021-03-10 20:30:54','2021-03-10 13:38:33','2021-03-10 15:16:16','192.168.1.100 ','[\"entities_id\",\"date_mod\",\"locations_id\",\"users_id\",\"computermodels_id\",\"manufacturers_id\",\"computertypes_id\"]',1,'OCS-NG_WINDOWS_AGENT_v2.6.0.0 ',21,'Bogota',NULL),(74,74,688,'RPC95641-BG-2022-03-28-07-26-19',1,'2021-03-10 20:27:11','2021-03-09 13:54:36','2021-03-10 12:32:07','192.168.1.100 ','{\"0\":\"users_id\",\"1\":\"groups_id\",\"2\":\"locations_id\",\"3\":\"contact\",\"5\":\"comment\",\"6\":\"name\",\"7\":\"computermodels_id\",\"8\":\"manufacturers_id\",\"9\":\"computertypes_id\"}',1,'OCS-NG_WINDOWS_AGENT_v2.6.0.0 ',15,'Bogota',NULL),(75,75,122,'RPC93604-BG-2020-03-26-12-02-46',1,'2021-03-10 20:54:59','2020-05-13 19:01:29','2020-05-13 19:02:32','192.168.1.100 ','[\"users_id\",\"locations_id\",\"contact\",\"groups_id\",\"comment\",\"computermodels_id\",\"manufacturers_id\",\"computertypes_id\"]',1,'OCS-NG_WINDOWS_AGENT_v2.6.0.0 ',0,'Bogota',NULL),(76,76,1305,'RPC95668-BC-2022-05-16-21-27-24',1,'2021-03-10 20:27:06','2020-07-18 14:29:06','2020-07-21 23:01:47','192.168.1.100 ','[\"groups_id\",\"locations_id\",\"users_id\",\"comment\",\"serial\",\"computermodels_id\",\"manufacturers_id\",\"computertypes_id\"]',1,'OCS-NG_WINDOWS_AGENT_v2.1.1.3 ',0,'Medellin',NULL),(77,77,1428,'RPC93716-BG-2022-05-24-08-03-56',1,'2021-03-10 20:31:21','2020-08-10 08:26:06','2020-08-10 08:26:06','192.168.1.100 ','[\"users_id\",\"locations_id\",\"computermodels_id\",\"computertypes_id\",\"manufacturers_id\",\"groups_id\"]',1,'OCS-NG_WINDOWS_AGENT_v2.0.5.0 ',0,'Medellin',NULL),(78,78,6567,'RPC93727-ME-2023-04-13-09-27-43',1,'2021-03-10 20:31:23','2020-09-15 19:20:10','2020-09-15 19:20:10','192.168.1.100 ','{\"0\":\"users_id\",\"1\":\"groups_id\",\"2\":\"locations_id\",\"3\":\"contact\",\"5\":\"comment\",\"6\":\"computermodels_id\",\"7\":\"manufacturers_id\",\"8\":\"computertypes_id\"}',1,'OCS-NG_WINDOWS_AGENT_v2.0.5.0 ',0,'Medellin',NULL),(79,79,5808,'RPC94855-MQ-2023-03-02-10-54-01',1,'2021-03-10 20:27:02','2020-09-11 18:16:33','2020-09-13 17:06:56','192.168.1.100 ','[\"users_id\",\"groups_id\",\"locations_id\",\"contact\",\"comment\",\"computermodels_id\",\"manufacturers_id\",\"computertypes_id\"]',1,'OCS-NG_WINDOWS_AGENT_v2.1.1.3 ',0,'Bogota',NULL),(80,80,238,'RPC94816-BG-2022-02-11-10-31-35',1,'2023-11-18 16:54:01','2022-02-14 12:41:35','2022-02-14 12:41:35','192.168.11.10','[\"locations_id\",\"groups_id\",\"comment\",\"computermodels_id\",\"manufacturers_id\",\"computertypes_id\"]',1,'OCS-NG_WINDOWS_AGENT_v2.1.1.3',0,'NA',NULL),(81,81,9075,'RPC94241-BC-2023-09-08-08-17-57',1,'2021-03-10 20:50:55','2021-02-18 13:07:29','2021-02-18 17:44:17','192.168.1.100 ','{\"0\":\"users_id\",\"1\":\"locations_id\",\"3\":\"comment\",\"4\":\"contact\",\"5\":\"groups_id\",\"6\":\"computermodels_id\",\"7\":\"manufacturers_id\",\"8\":\"computertypes_id\"}',1,'OCS-NG_WINDOWS_AGENT_v2.1.1.3 ',1,'Cali',NULL),(82,82,2845,'RPC93461-ME-2022-08-30-10-00-24',1,'2021-03-10 20:47:12','2020-11-25 21:06:50','2020-11-30 22:02:46','192.168.1.100 ','[\"users_id\",\"groups_id\",\"locations_id\",\"computermodels_id\",\"manufacturers_id\",\"computertypes_id\"]',1,'OCS-NG_WINDOWS_AGENT_v2.1.1.3 ',1,'Bucaramanga',NULL),(83,83,522,'RPC96571-BG-2022-03-10-14-25-21',1,'2021-03-10 20:41:30','2021-03-02 16:05:37','2021-03-02 16:05:37','192.168.1.100 ','[\"users_id\",\"groups_id\",\"locations_id\",\"computermodels_id\",\"manufacturers_id\",\"computertypes_id\"]',1,'OCS-NG_WINDOWS_AGENT_v2.6.0.0 ',2,'Bucaramanga',NULL),(85,85,735,'RPC96496-BG-2022-04-01-08-39-48',1,'2021-03-10 20:31:29','2021-03-10 12:55:04','2021-03-10 12:58:07','192.168.1.100 ','{\"0\":\"locations_id\",\"1\":\"contact\",\"2\":\"groups_id\",\"3\":\"comment\",\"4\":\"users_id\",\"8\":\"computermodels_id\",\"9\":\"manufacturers_id\",\"10\":\"computertypes_id\"}',1,'OCS-NG_WINDOWS_AGENT_v2.6.0.0 ',22,'Bucaramanga',NULL),(86,86,499,'RPC95645-BG-2022-03-08-21-08-17',1,'2021-03-10 20:55:23','2020-04-22 13:48:12','2020-04-22 13:48:12','192.168.1.100 ','[\"users_id\",\"locations_id\",\"comment\",\"computermodels_id\",\"manufacturers_id\",\"computertypes_id\"]',1,'OCS-NG_WINDOWS_AGENT_v2.1.1.3 ',0,'Bogota',NULL),(88,88,305,'ART10001-BG-2020-06-03-15-11-43',1,'2021-03-10 20:26:33','2021-03-05 18:55:04','2021-03-05 18:55:04','192.168.1.100 ','[\"users_id\",\"comment\",\"locations_id\",\"computermodels_id\",\"manufacturers_id\",\"computertypes_id\",\"groups_id\"]',1,'OCS-NG_WINDOWS_AGENT_v2.6.0.0 ',1,'Bogota',NULL),(90,90,8865,'RPC94553-BG-2023-08-28-20-23-47',1,'2021-03-10 20:31:59','2021-03-10 12:46:54','2021-03-10 19:10:52','192.168.1.100 ','[\"users_id\",\"groups_id\",\"comment\",\"contact\",\"computermodels_id\",\"manufacturers_id\",\"computertypes_id\",\"locations_id\"]',1,'OCS-NG_WINDOWS_AGENT_v2.6.0.0 ',1,'Bucaramanga',NULL),(91,91,2005,'RPC95641-BG-2022-07-05-07-46-27',1,'2021-03-10 20:26:23','2021-03-06 18:56:54','2021-03-06 19:05:48','192.168.1.162 ','[\"users_id\",\"comment\",\"locations_id\",\"groups_id\",\"computermodels_id\",\"manufacturers_id\",\"computertypes_id\"]',1,'OCS-NG_WINDOWS_AGENT_v2.1.1.3 ',2,'NA',NULL),(93,93,335,'RMANTILLA-BC-2020-06-11-15-15-29',1,'2021-03-10 20:26:13','2021-01-13 16:53:00','2021-01-13 17:13:22','192.168.1.100 ','[\"groups_id\",\"comment\",\"users_id\",\"locations_id\",\"computermodels_id\",\"manufacturers_id\",\"computertypes_id\"]',1,'OCS-NG_WINDOWS_AGENT_v2.6.0.0 ',1,'Bucaramanga',NULL),(95,95,919,'RPC96730-BG-2022-04-19-14-48-07',1,'2021-03-10 20:54:02','2021-01-18 15:07:03','2021-01-19 19:56:57','192.168.1.100 ','[\"entities_id\",\"date_mod\",\"locations_id\",\"users_id\",\"comment\",\"groups_id\",\"contact\",\"computermodels_id\",\"manufacturers_id\",\"computertypes_id\"]',1,'OCS-NG_WINDOWS_AGENT_v2.6.0.0 ',21,'Barranquilla',NULL),(97,97,342,'RPC93626-ME-2020-06-11-21-38-38',1,'2021-03-10 20:33:10','2020-11-11 16:20:48','2020-11-18 21:44:21','192.168.1.100 ','{\"0\":\"users_id\",\"2\":\"comment\",\"3\":\"locations_id\",\"4\":\"contact\",\"5\":\"groups_id\",\"6\":\"computermodels_id\",\"7\":\"manufacturers_id\",\"8\":\"computertypes_id\"}',1,'OCS-NG_WINDOWS_AGENT_v2.6.0.0 ',1,'Bogota',NULL),(98,98,2176,'RPC93956-BC-2022-07-15-10-25-17',1,'2021-03-10 20:50:10','2021-03-03 15:59:52','2021-03-10 19:58:30','192.168.1.100 ','[\"users_id\",\"locations_id\",\"groups_id\",\"computermodels_id\",\"manufacturers_id\",\"computertypes_id\"]',1,'OCS-NG_WINDOWS_AGENT_v2.6.0.0 ',1,'Medellin',NULL),(99,99,620,'RPC94538-ME-2022-03-18-07-41-04',1,'2021-03-10 20:55:18','2020-06-15 20:54:08','2020-06-15 20:54:08','192.168.1.100 ','{\"0\":\"users_id\",\"1\":\"locations_id\",\"3\":\"comment\",\"4\":\"contact\",\"5\":\"groups_id\",\"6\":\"computermodels_id\",\"7\":\"manufacturers_id\",\"8\":\"computertypes_id\"}',1,'OCS-NG_WINDOWS_AGENT_v2.6.0.0 ',0,'Bogota',NULL),(100,100,1453,'RPC93441-BG-2022-05-18-02-15-45',1,'2021-03-10 20:36:13','2021-03-10 18:28:28','2021-03-10 18:28:28','192.168.1.100 ','[\"entities_id\",\"date_mod\",\"users_id\",\"comment\",\"locations_id\",\"computermodels_id\",\"manufacturers_id\",\"computertypes_id\",\"contact\",\"groups_id\"]',1,'OCS-NG_WINDOWS_AGENT_v2.6.0.0 ',21,'Mosquera',NULL),(101,101,1567,'RPC93766-BG-2021-02-15-11-27-55',1,'2021-03-10 20:43:50','2021-02-22 20:24:33','2021-02-24 01:38:30','192.168.1.100 ','{\"0\":\"users_id\",\"1\":\"locations_id\",\"2\":\"contact\",\"4\":\"groups_id\",\"5\":\"comment\",\"6\":\"computermodels_id\",\"7\":\"manufacturers_id\",\"8\":\"computertypes_id\"}',1,'OCS-NG_WINDOWS_AGENT_v2.1.1.3 ',1,'Bucaramanga',NULL),(102,102,1090,'RPC95058-BC-2022-05-01-11-51-58',1,'2021-03-10 20:33:32','2021-03-03 13:49:53','2021-03-03 13:49:53','192.168.1.100 ','[\"entities_id\",\"date_mod\",\"locations_id\",\"users_id\",\"groups_id\",\"comment\",\"contact\",\"computermodels_id\",\"manufacturers_id\",\"computertypes_id\"]',1,'OCS-NG_WINDOWS_AGENT_v2.6.0.0 ',21,'Bucaramanga',NULL),(103,103,709,'RPC93342-BG-2020-09-07-09-10-47',1,'2021-03-10 20:42:20','2020-09-08 13:40:38','2020-09-16 13:34:35','192.168.11.168 ','[\"users_id\",\"locations_id\",\"contact\",\"groups_id\",\"comment\",\"computermodels_id\",\"manufacturers_id\",\"computertypes_id\"]',1,'OCS-NG_WINDOWS_AGENT_v2.1.1.3 ',0,'Bogota',NULL),(104,104,2418,'RPC94909-BC-2022-08-01-18-40-44',1,'2021-03-10 20:34:11','2020-07-24 09:14:28','2020-07-24 09:14:28','192.168.1.100 ','[\"users_id\",\"locations_id\",\"groups_id\",\"computermodels_id\",\"manufacturers_id\",\"computertypes_id\"]',1,'OCS-NG_WINDOWS_AGENT_v2.0.5.0 ',0,'Medellin',NULL),(106,106,365,'RPC95643-BG-2022-02-22-20-31-18',1,'2021-03-10 20:34:13','2021-03-10 13:16:02','2021-03-10 13:16:02','192.168.1.100 ','[\"computermodels_id\",\"manufacturers_id\",\"computertypes_id\"]',1,'OCS-NG_WINDOWS_AGENT_v2.6.0.0 ',1,'Cali',NULL),(107,107,389,'RPC96272-BG-2022-02-23-03-05-22',1,'2021-03-10 20:34:39','2021-02-05 22:01:34','2021-02-05 22:01:34','192.168.1.100 ','{\"0\":\"users_id\",\"1\":\"name\",\"2\":\"locations_id\",\"4\":\"groups_id\",\"5\":\"comment\",\"6\":\"computermodels_id\",\"7\":\"manufacturers_id\",\"8\":\"computertypes_id\"}',1,'OCS-NG_WINDOWS_AGENT_v2.6.0.0 ',2,'Bogota',NULL),(108,108,1258,'RPC95038-BG-2022-05-11-13-44-37',1,'2021-03-10 20:55:21','2020-06-18 16:14:56','2020-06-18 16:14:56','192.168.1.100 ','[\"computermodels_id\",\"manufacturers_id\",\"computertypes_id\"]',1,'OCS-NG_WINDOWS_AGENT_v2.6.0.0 ',0,'Bogota',NULL),(110,110,8205,'RPC95697-MQ-2023-07-18-01-19-31',1,'2021-03-10 20:46:49','2020-12-14 12:49:28','2020-12-14 13:04:57','192.168.1.100 ','{\"0\":\"users_id\",\"1\":\"contact\",\"3\":\"groups_id\",\"4\":\"comment\",\"5\":\"locations_id\",\"6\":\"computermodels_id\",\"7\":\"manufacturers_id\",\"8\":\"computertypes_id\"}',1,'OCS-NG_WINDOWS_AGENT_v2.6.0.0 ',1,'Bucaramanga',NULL),(111,111,946,'RPC95951-ME-2022-04-21-19-53-35',1,'2021-03-10 20:28:33','2021-03-09 12:51:17','2021-03-10 12:48:12','192.168.1.100 ','[\"users_id\",\"groups_id\",\"comment\",\"locations_id\",\"computermodels_id\",\"manufacturers_id\",\"computertypes_id\"]',1,'OCS-NG_WINDOWS_AGENT_v2.6.0.0 ',1,'Bucaramanga',NULL),(112,112,1450,'RPC96272-BG-2022-05-25-08-17-21',1,'2021-03-10 20:28:13','2021-03-10 14:00:18','2021-03-10 14:00:18','192.168.1.100 ','{\"0\":\"users_id\",\"1\":\"groups_id\",\"2\":\"contact\",\"4\":\"comment\",\"5\":\"locations_id\",\"6\":\"computermodels_id\",\"7\":\"manufacturers_id\",\"8\":\"computertypes_id\"}',1,'OCS-NG_WINDOWS_AGENT_v2.6.0.0 ',1,'Bogota',NULL),(113,113,788,'RPC95643-BG-2022-04-06-17-38-12',1,'2021-03-10 20:27:46','2021-03-06 16:53:37','2021-03-10 13:19:33','192.168.1.100 ','[\"entities_id\",\"date_mod\",\"locations_id\",\"users_id\",\"groups_id\",\"computermodels_id\",\"manufacturers_id\",\"computertypes_id\"]',1,'OCS-NG_WINDOWS_AGENT_v2.6.0.0 ',15,'Bucaramanga',NULL),(114,114,2896,'RPC94368-BC-2022-09-02-11-31-48',1,'2021-03-10 20:48:38','2020-10-02 14:08:05','2020-10-05 13:28:50','192.168.1.100 ','[\"entities_id\",\"date_mod\",\"contact\",\"users_id\",\"groups_id\",\"comment\",\"locations_id\",\"name\",\"computermodels_id\",\"manufacturers_id\",\"computertypes_id\"]',1,'OCS-NG_WINDOWS_AGENT_v2.1.1.3 ',21,'NA',NULL),(115,115,8901,'ELCMUR0024-BG-2023-08-30-12-29-57',1,'2021-03-10 20:44:41','2021-03-10 17:21:54','2021-03-10 17:21:54','192.168.1.100 ','[\"users_id\",\"groups_id\",\"locations_id\",\"contact\",\"comment\",\"name\",\"computermodels_id\",\"manufacturers_id\",\"computertypes_id\"]',1,'OCS-NG_WINDOWS_AGENT_v2.1.1.3 ',1,'BOGOTA',NULL),(116,116,2268,'RPC95406-BG-2022-07-22-19-46-05',1,'2021-03-10 20:44:36','2020-10-26 14:14:53','2020-10-26 14:14:53','192.168.11.226 ','[\"users_id\",\"locations_id\",\"groups_id\",\"computermodels_id\",\"manufacturers_id\",\"computertypes_id\"]',1,'OCS-NG_WINDOWS_AGENT_v2.1.1.3 ',0,'Protenus',NULL),(117,117,669,'RPC96730-BG-2022-03-25-07-40-21',1,'2021-03-10 20:35:29','2021-03-10 13:32:31','2021-03-10 19:31:35','192.168.1.100 ','[\"entities_id\",\"date_mod\",\"locations_id\",\"groups_id\",\"users_id\",\"computermodels_id\",\"manufacturers_id\",\"computertypes_id\"]',1,'OCS-NG_WINDOWS_AGENT_v2.6.0.0 ',15,'Bucaramanga',NULL),(120,120,1727,'RPC93485-BG-2021-03-15-14-57-15',1,'2021-03-10 20:36:04','2021-03-10 13:56:24','2021-03-10 20:35:16','192.168.1.100 ','[\"users_id\",\"groups_id\",\"locations_id\",\"computermodels_id\",\"manufacturers_id\",\"computertypes_id\"]',1,'OCS-NG_WINDOWS_AGENT_v2.1.1.3 ',1,'Bogota',NULL),(123,123,980,'RPC94136-BG-2020-11-04-17-55-17',1,'2021-03-10 20:53:55','2020-11-09 17:36:13','2020-11-10 11:12:31','192.168.1.100 ','{\"0\":\"users_id\",\"1\":\"locations_id\",\"3\":\"comment\",\"4\":\"contact\",\"5\":\"groups_id\",\"6\":\"computermodels_id\",\"7\":\"manufacturers_id\",\"8\":\"computertypes_id\"}',1,'OCS-NG_WINDOWS_AGENT_v2.1.1.3 ',1,'Bogota',NULL),(124,124,9012,'RPC94349-BC-2023-09-05-08-00-20',1,'2021-03-10 20:36:39','2021-03-08 13:27:41','2021-03-10 19:59:01','192.168.1.100 ','{\"0\":\"users_id\",\"1\":\"contact\",\"3\":\"comment\",\"4\":\"locations_id\",\"5\":\"groups_id\",\"6\":\"computermodels_id\",\"7\":\"manufacturers_id\",\"8\":\"computertypes_id\"}',1,'OCS-NG_WINDOWS_AGENT_v2.1.1.3 ',2,'NA',NULL),(126,126,460,'RPC91900-ME-2020-07-09-09-45-31',1,'2021-03-10 20:36:47','2021-03-04 05:14:50','2021-03-04 05:15:54','192.168.1.100 ','[\"entities_id\",\"date_mod\",\"locations_id\",\"users_id\",\"groups_id\",\"comment\",\"contact\",\"computermodels_id\",\"manufacturers_id\",\"computertypes_id\"]',1,'OCS-NG_WINDOWS_AGENT_v2.6.0.0 ',15,'Medellin',NULL),(127,127,9029,'RPC95557-BG-2023-09-06-08-15-57',1,'2021-03-10 20:44:32','2020-09-21 23:00:59','2020-09-24 15:51:57','192.168.1.100 ','[\"computermodels_id\",\"manufacturers_id\",\"computertypes_id\"]',1,'OCS-NG_WINDOWS_AGENT_v2.1.1.3 ',0,'Bucaramanga',NULL),(128,128,5286,'RPC97022-BG-2022-12-28-16-42-13',1,'2021-03-10 20:49:11','2021-03-10 12:45:18','2021-03-10 16:13:19','192.168.1.100 ','[\"users_id\",\"groups_id\",\"locations_id\",\"comment\",\"computermodels_id\",\"manufacturers_id\",\"computertypes_id\"]',1,'OCS-NG_WINDOWS_AGENT_v2.1.1.3 ',1,'NA',NULL),(131,131,2448,'RPC93645-BC-2022-08-03-16-49-20',1,'2021-03-10 20:54:54','2020-07-16 00:33:25','2020-07-16 00:33:25','192.168.1.100 ','[\"users_id\",\"groups_id\",\"locations_id\",\"comment\",\"computermodels_id\",\"manufacturers_id\",\"computertypes_id\"]',1,'OCS-NG_WINDOWS_AGENT_v2.0.5.0 ',0,'Medellin',NULL),(132,132,2911,'RPC95641-BG-2022-09-03-08-44-39',1,'2021-03-10 20:38:10','2021-03-10 14:48:44','2021-03-10 19:52:28','192.168.1.100 ','{\"0\":\"users_id\",\"1\":\"groups_id\",\"2\":\"comment\",\"4\":\"locations_id\",\"5\":\"computermodels_id\",\"6\":\"manufacturers_id\",\"7\":\"computertypes_id\"}',1,'OCS-NG_WINDOWS_AGENT_v2.6.0.0 ',2,'Cali Valle',NULL),(133,133,8851,'RPC95271-BC-2023-08-26-09-08-34',1,'2021-03-10 20:48:58','2021-03-10 18:47:55','2021-03-10 18:47:55','192.168.1.100 ','[\"users_id\",\"locations_id\",\"groups_id\",\"comment\",\"computermodels_id\",\"manufacturers_id\",\"computertypes_id\"]',1,'OCS-NG_WINDOWS_AGENT_v2.1.1.3 ',1,'NA',NULL),(134,134,1071,'RPC97105-BG-2022-04-29-10-28-40',1,'2021-03-10 20:42:53','2021-03-09 17:44:13','2021-03-10 15:32:59','192.168.1.100 ','[\"entities_id\",\"date_mod\",\"locations_id\",\"users_id\",\"groups_id\",\"comment\",\"computermodels_id\",\"manufacturers_id\",\"computertypes_id\"]',1,'OCS-NG_WINDOWS_AGENT_v2.1.1.3 ',22,'NA',NULL),(135,135,2165,'RPC94915-BG-2022-07-14-22-37-02',1,'2021-03-10 20:38:30','2021-03-09 12:53:01','2021-03-10 19:19:28','192.168.1.100 ','[\"entities_id\",\"date_mod\",\"locations_id\",\"users_id\",\"contact\",\"groups_id\",\"comment\",\"computermodels_id\",\"manufacturers_id\",\"computertypes_id\"]',1,'OCS-NG_WINDOWS_AGENT_v2.1.1.3 ',21,'NA',NULL),(136,136,6704,'RPC96969-BG-2023-04-23-20-40-24',1,'2021-03-10 20:44:20','2021-01-04 15:21:40','2021-01-04 15:21:40','192.168.1.100 ','{\"0\":\"users_id\",\"1\":\"locations_id\",\"3\":\"comment\",\"4\":\"contact\",\"5\":\"groups_id\",\"6\":\"computermodels_id\",\"7\":\"manufacturers_id\",\"8\":\"computertypes_id\"}',1,'OCS-NG_WINDOWS_AGENT_v2.1.1.3 ',1,'NA',NULL),(137,105,519,'RPC96571-BG-2022-03-10-13-09-33',1,'2021-03-10 20:38:47','2021-01-15 20:33:33','2021-01-18 13:25:17','192.168.1.100 ','[\"users_id\",\"groups_id\",\"locations_id\"]',1,'OCS-NG_WINDOWS_AGENT_v2.1.1.3 ',1,'Bogota',NULL),(138,137,520,'PROXY-BC-2020-07-24-12-44-46',1,'2021-03-10 20:38:58','2021-03-04 14:36:06','2021-03-04 17:48:10','192.168.1.100 ','{\"0\":\"users_id\",\"2\":\"locations_id\",\"3\":\"comment\",\"4\":\"computermodels_id\",\"5\":\"manufacturers_id\",\"6\":\"computertypes_id\"}',1,'OCS-NG_WINDOWS_AGENT_v2.6.0.0 ',1,'Proxy-Bmanga',NULL),(139,138,1297,'RPC97035-BG-2022-05-14-09-01-04',1,'2021-03-10 20:39:21','2020-12-10 13:49:55','2020-12-11 13:14:06','192.168.11.29 ','{\"0\":\"contact\",\"1\":\"users_id\",\"2\":\"comment\",\"4\":\"groups_id\",\"6\":\"locations_id\",\"8\":\"computermodels_id\",\"9\":\"manufacturers_id\",\"10\":\"computertypes_id\"}',1,'OCS-NG_WINDOWS_AGENT_v2.6.0.0 ',20,'Bogota',NULL),(140,65,9042,'RPC96639-MQ-2023-09-04-07-50-15',1,'2021-03-10 20:54:35','2021-02-10 13:55:14','2021-02-10 13:56:16','192.168.1.100 ','[\"users_id\",\"locations_id\",\"groups_id\",\"comment\",\"contact\"]',1,'OCS-NG_WINDOWS_AGENT_v2.1.1.3 ',1,'Bogota',NULL),(142,140,2446,'RPC94735-BG-2022-08-03-13-55-26',1,'2021-03-10 20:45:33','2021-03-09 21:05:53','2021-03-10 12:47:39','192.168.1.100 ','[\"entities_id\",\"date_mod\",\"users_id\",\"groups_id\",\"locations_id\",\"contact\",\"comment\",\"name\",\"computermodels_id\",\"manufacturers_id\",\"computertypes_id\"]',1,'OCS-NG_WINDOWS_AGENT_v2.1.1.3 ',22,'NA',NULL),(147,92,1209,'RPC96571-BG-2022-05-10-07-23-45',1,'2021-03-10 20:40:29','2021-03-10 09:41:57','2021-03-10 20:37:39','192.168.1.100 ','[\"users_id\",\"comment\",\"locations_id\",\"contact\",\"groups_id\",\"serial\",\"computermodels_id\",\"manufacturers_id\"]',1,'OCS-NG_WINDOWS_AGENT_v2.6.0.0 ',1,'Bogotá',NULL),(148,145,738,'RPC93569-MD-2020-09-15-18-12-43',1,'2021-03-10 20:52:55','2021-03-10 12:54:34','2021-03-10 19:19:26','192.168.1.100 ','[\"comment\",\"contact\",\"users_id\",\"groups_id\",\"locations_id\",\"name\",\"computermodels_id\",\"manufacturers_id\",\"computertypes_id\"]',1,'OCS-NG_WINDOWS_AGENT_v2.6.0.0 ',22,'Bogota',NULL),(149,84,2239,'RPC95645-BG-2022-07-19-11-30-40',1,'2021-03-10 20:41:01','2020-11-20 17:24:25','2020-11-23 08:21:58','192.168.1.100 ','[\"locations_id\",\"comment\",\"users_id\",\"groups_id\"]',1,'OCS-NG_WINDOWS_AGENT_v2.6.0.0 ',1,'Medellin',NULL),(150,30,5927,'RPC94602-BC-2023-03-09-00-59-32',1,'2021-03-10 20:51:06','2021-03-10 18:41:08','2021-03-10 18:41:08','192.168.1.100 ','{\"0\":\"users_id\",\"1\":\"groups_id\",\"3\":\"locations_id\",\"4\":\"comment\"}',1,'OCS-NG_WINDOWS_AGENT_v2.1.1.3 ',1,'Bucaramanga',NULL),(159,154,1559,'RPC95863-BG-2022-06-02-11-38-47',1,'2021-03-10 20:42:23','2021-03-10 17:02:20','2021-03-10 19:42:46','192.168.1.100 ','{\"0\":\"locations_id\",\"1\":\"users_id\",\"4\":\"groups_id\",\"5\":\"comment\",\"6\":\"computermodels_id\",\"7\":\"manufacturers_id\",\"8\":\"computertypes_id\"}',1,'OCS-NG_WINDOWS_AGENT_v2.1.1.3 ',1,'NA',NULL),(160,155,2850,'RPC92778-MQ-2022-08-30-11-50-46',1,'2021-03-10 20:46:19','2021-03-10 14:58:04','2021-03-10 14:58:04','192.168.1.100 ','{\"0\":\"users_id\",\"1\":\"comment\",\"2\":\"locations_id\",\"4\":\"groups_id\",\"6\":\"computermodels_id\",\"7\":\"manufacturers_id\",\"8\":\"computertypes_id\"}',1,'OCS-NG_WINDOWS_AGENT_v2.1.1.3 ',15,'NA',NULL),(161,156,1592,'RPC96651-BC-2022-06-06-08-13-36',1,'2021-03-10 20:42:32','2021-03-10 13:26:08','2021-03-10 13:47:29','192.168.1.100 ','[\"entities_id\",\"date_mod\",\"users_id\",\"locations_id\",\"groups_id\",\"comment\",\"computermodels_id\",\"manufacturers_id\",\"computertypes_id\"]',1,'OCS-NG_WINDOWS_AGENT_v2.1.1.3 ',21,'NA',NULL),(162,157,7532,'ELCMUR1173-BG-2023-06-09-08-51-36',1,'2021-03-10 20:48:21','2021-03-10 02:19:40','2021-03-10 02:19:40','192.168.1.100 ','[\"users_id\",\"locations_id\",\"comment\",\"groups_id\",\"computermodels_id\",\"manufacturers_id\",\"computertypes_id\"]',1,'OCS-NG_WINDOWS_AGENT_v2.1.1.3 ',1,'NA',NULL),(163,158,914,'RPC95092-BG-2020-10-22-12-41-06',1,'2021-03-10 20:49:24','2021-03-09 18:48:51','2021-03-09 18:48:51','192.168.1.100 ','[\"entities_id\",\"date_mod\",\"users_id\",\"groups_id\",\"comment\",\"locations_id\",\"contact\",\"computermodels_id\",\"manufacturers_id\",\"computertypes_id\"]',1,'OCS-NG_WINDOWS_AGENT_v2.1.1.3 ',15,'NA',NULL),(164,159,1323,'ELCMUR91YW-BG-2022-05-18-09-15-11',1,'2021-03-10 20:42:41','2021-03-09 23:29:43','2021-03-10 18:38:13','192.168.1.100 ','{\"0\":\"contact\",\"1\":\"users_id\",\"2\":\"comment\",\"3\":\"locations_id\",\"5\":\"groups_id\",\"8\":\"computermodels_id\",\"9\":\"manufacturers_id\",\"10\":\"computertypes_id\"}',1,'OCS-NG_WINDOWS_AGENT_v2.1.1.3 ',15,'NA',NULL),(172,167,3865,'RPC97098-BG-2022-11-03-05-26-46',1,'2021-03-10 20:43:17','2021-02-10 14:51:21','2021-02-10 16:10:26','192.168.1.100 ','{\"0\":\"users_id\",\"1\":\"locations_id\",\"3\":\"comment\",\"4\":\"contact\",\"5\":\"groups_id\",\"6\":\"computermodels_id\",\"7\":\"manufacturers_id\",\"8\":\"computertypes_id\"}',1,'OCS-NG_WINDOWS_AGENT_v2.1.1.3 ',1,'NA',NULL),(173,168,2646,'RPC95701-BQ-2022-08-16-10-24-26',1,'2021-03-10 20:44:48','2021-03-09 15:39:18','2021-03-09 15:39:18','192.168.1.100 ','[\"entities_id\",\"date_mod\",\"users_id\",\"locations_id\",\"name\",\"groups_id\",\"comment\",\"computermodels_id\",\"manufacturers_id\",\"computertypes_id\"]',1,'OCS-NG_WINDOWS_AGENT_v2.1.1.3 ',21,'NA',NULL),(174,169,2746,'RPC96571-BG-2022-08-23-15-13-06',1,'2021-03-10 20:50:41','2021-03-09 17:25:00','2021-03-10 15:14:21','192.168.1.100 ','[\"entities_id\",\"date_mod\",\"users_id\",\"groups_id\",\"locations_id\",\"comment\",\"computermodels_id\",\"manufacturers_id\",\"computertypes_id\"]',1,'OCS-NG_WINDOWS_AGENT_v2.1.1.3 ',15,'Leidy Betancur',NULL),(176,171,698,'RPC96533-BG-2022-03-28-07-12-34',1,'2021-03-10 20:43:25','2021-03-10 20:03:28','2021-03-10 20:25:33','192.168.1.100 ','[\"entities_id\",\"date_mod\",\"users_id\",\"locations_id\",\"groups_id\",\"comment\",\"computermodels_id\",\"manufacturers_id\",\"computertypes_id\"]',1,'OCS-NG_WINDOWS_AGENT_v2.6.0.0 ',22,'Carlos Mario Sepulveda',NULL),(177,172,1370,'RPC94538-ME-2022-05-20-07-46-57',1,'2021-03-10 20:44:05','2020-11-25 22:14:06','2020-11-25 22:14:06','192.168.11.34 ','[\"computermodels_id\",\"manufacturers_id\",\"computertypes_id\"]',1,'OCS-NG_WINDOWS_AGENT_v2.1.1.3 ',0,'NA',NULL),(178,173,2050,'RPC97035-BG-2022-07-06-18-55-21',1,'2021-03-10 20:44:11','2021-02-22 11:28:48','2021-03-08 17:11:00','192.168.1.100 ','{\"0\":\"comment\",\"1\":\"users_id\",\"2\":\"locations_id\",\"3\":\"groups_id\",\"4\":\"contact\",\"6\":\"computermodels_id\",\"7\":\"manufacturers_id\",\"8\":\"computertypes_id\"}',1,'OCS-NG_WINDOWS_AGENT_v2.1.1.3 ',2,'NA',NULL),(194,189,5526,'RPC97116-MQ-2023-02-15-11-05-59',1,'2021-03-10 20:48:29','2021-03-09 13:45:24','2021-03-10 13:05:22','192.168.1.100 ','[\"users_id\",\"locations_id\",\"groups_id\",\"comment\",\"computermodels_id\",\"manufacturers_id\",\"computertypes_id\"]',1,'OCS-NG_WINDOWS_AGENT_v2.1.1.3 ',2,'NA',NULL),(195,190,1610,'RPC96633-BC-2022-06-07-08-02-50',1,'2021-03-10 20:49:41','2021-02-09 15:44:11','2021-02-10 12:34:57','192.168.1.100 ','{\"0\":\"users_id\",\"1\":\"comment\",\"2\":\"groups_id\",\"4\":\"locations_id\",\"5\":\"contact\",\"6\":\"computermodels_id\",\"7\":\"manufacturers_id\",\"8\":\"computertypes_id\"}',1,'OCS-NG_WINDOWS_AGENT_v2.1.1.3 ',1,'NA',NULL),(196,191,1493,'RPC95641-BG-2022-05-30-10-05-06',1,'2021-03-10 20:44:57','2021-03-08 15:45:52','2021-03-10 12:55:39','192.168.1.100 ','[\"entities_id\",\"date_mod\",\"locations_id\",\"users_id\",\"groups_id\",\"name\",\"contact\",\"comment\",\"computermodels_id\",\"manufacturers_id\",\"computertypes_id\"]',1,'OCS-NG_WINDOWS_AGENT_v2.1.1.3 ',22,'NA',NULL),(197,192,8848,'RPC94757-BC-2023-08-28-18-12-03',1,'2021-03-10 20:54:45','2020-09-03 17:50:49','2020-09-03 17:50:49','192.168.11.232 ','[\"users_id\",\"comment\",\"locations_id\",\"contact\",\"groups_id\",\"computermodels_id\",\"manufacturers_id\",\"computertypes_id\"]',1,'OCS-NG_WINDOWS_AGENT_v2.1.1.3 ',0,'NA',NULL),(198,193,1519,'RPC95169-ME-2021-02-08-17-38-36',1,'2021-03-10 20:45:05','2021-03-10 20:33:08','2021-03-10 20:33:08','192.168.1.100 ','[\"entities_id\",\"date_mod\",\"locations_id\",\"users_id\",\"groups_id\",\"comment\",\"computermodels_id\",\"manufacturers_id\",\"computertypes_id\"]',1,'OCS-NG_WINDOWS_AGENT_v2.1.1.3 ',15,'NA',NULL),(199,194,1956,'RPC94538-ME-2022-06-29-07-39-51',1,'2021-03-10 20:45:13','2021-03-10 16:47:31','2021-03-10 16:47:31','192.168.1.100 ','[\"entities_id\",\"date_mod\",\"users_id\",\"locations_id\",\"groups_id\",\"comment\",\"contact\",\"computermodels_id\",\"manufacturers_id\",\"computertypes_id\"]',1,'OCS-NG_WINDOWS_AGENT_v2.1.1.3 ',22,'NA',NULL),(200,195,1095,'RPC95641-BG-2022-05-02-07-54-54',1,'2021-03-10 20:45:21','2021-03-09 12:06:40','2021-03-10 12:18:20','192.168.1.100 ','[\"users_id\",\"groups_id\",\"locations_id\",\"comment\",\"computermodels_id\",\"manufacturers_id\",\"computertypes_id\"]',1,'OCS-NG_WINDOWS_AGENT_v2.1.1.3 ',2,'EDS',NULL),(201,196,2474,'RPC95038-BG-2022-08-04-17-41-24',1,'2021-03-10 20:48:45','2021-02-08 13:24:20','2021-02-08 21:53:14','192.168.1.100 ','{\"0\":\"users_id\",\"1\":\"locations_id\",\"2\":\"contact\",\"4\":\"groups_id\",\"5\":\"comment\",\"6\":\"computermodels_id\",\"7\":\"manufacturers_id\",\"8\":\"computertypes_id\"}',1,'OCS-NG_WINDOWS_AGENT_v2.1.1.3 ',1,'NA',NULL),(202,197,1757,'RPC94355-BG-2022-06-16-23-48-49',1,'2021-03-10 20:45:46','2020-12-11 21:21:11','2020-12-11 22:29:48','192.168.1.100 ','{\"0\":\"users_id\",\"2\":\"locations_id\",\"3\":\"comment\",\"4\":\"contact\",\"5\":\"groups_id\",\"6\":\"computermodels_id\",\"7\":\"manufacturers_id\",\"8\":\"computertypes_id\"}',1,'OCS-NG_WINDOWS_AGENT_v2.6.0.0 ',1,'NA',NULL),(209,204,4969,'RPC96730-BG-2023-01-11-06-45-59',1,'2021-03-10 20:47:18','2020-11-25 17:17:22','2020-11-26 18:51:18','192.168.11.28 ','[\"computermodels_id\",\"manufacturers_id\",\"computertypes_id\"]',1,'OCS-NG_WINDOWS_AGENT_v2.0.5.0 ',0,'1',NULL),(218,213,2971,'RPC97132-BC-2022-09-07-14-09-22',1,'2021-03-10 20:47:24','2021-03-10 01:24:19','2021-03-10 01:24:19','192.168.1.100 ','[\"users_id\",\"contact\",\"comment\",\"locations_id\",\"computermodels_id\",\"manufacturers_id\",\"computertypes_id\"]',1,'OCS-NG_WINDOWS_AGENT_v2.1.1.3 ',2,'',NULL),(219,214,1594,'RPC95534-BG-2022-06-04-07-47-57',1,'2021-03-10 20:47:31','2021-01-16 16:27:20','2021-01-17 15:30:44','192.168.1.100 ','{\"0\":\"users_id\",\"2\":\"groups_id\",\"3\":\"locations_id\",\"4\":\"name\",\"5\":\"contact\",\"6\":\"comment\",\"7\":\"computermodels_id\",\"8\":\"manufacturers_id\",\"9\":\"computertypes_id\"}',1,'OCS-NG_WINDOWS_AGENT_v2.1.1.3 ',1,'',NULL),(220,215,2432,'RPC96533-BG-2022-08-02-07-11-58',1,'2021-03-10 20:47:39','2020-11-09 19:56:11','2020-11-10 15:40:12','192.168.11.223 ','{\"0\":\"users_id\",\"2\":\"locations_id\",\"3\":\"comment\",\"4\":\"contact\",\"5\":\"groups_id\",\"6\":\"computermodels_id\",\"7\":\"manufacturers_id\",\"8\":\"computertypes_id\"}',1,'OCS-NG_WINDOWS_AGENT_v2.1.1.3 ',1,'NA',NULL),(221,216,2884,'RPC96272-BG-2022-09-01-21-13-52',1,'2021-03-10 20:47:49','2021-01-17 17:19:36','2021-01-18 18:26:29','192.168.1.100 ','{\"0\":\"users_id\",\"1\":\"contact\",\"3\":\"comment\",\"4\":\"groups_id\",\"5\":\"locations_id\",\"6\":\"computermodels_id\",\"7\":\"manufacturers_id\",\"8\":\"computertypes_id\"}',1,'OCS-NG_WINDOWS_AGENT_v2.1.1.3 ',2,'NA',NULL),(222,217,5556,'RPC94277-BG-2023-02-15-17-30-06',1,'2021-03-10 20:47:59','2021-03-10 01:51:39','2021-03-10 01:51:39','192.168.1.100 ','[\"users_id\",\"locations_id\",\"groups_id\",\"comment\",\"computermodels_id\",\"manufacturers_id\",\"computertypes_id\"]',1,'OCS-NG_WINDOWS_AGENT_v2.1.1.3 ',1,'NA',NULL),(224,219,1630,'RPC94831-ME-2022-06-09-19-22-55',1,'2021-03-10 20:25:39','2021-03-09 01:45:51','2021-03-10 13:24:38','192.168.1.100 ','[\"entities_id\",\"date_mod\",\"locations_id\",\"users_id\",\"groups_id\",\"comment\",\"computermodels_id\",\"manufacturers_id\",\"computertypes_id\"]',1,'OCS-NG_WINDOWS_AGENT_v2.1.1.3 ',15,'NA',NULL),(229,73,977,'RPC96496-BG-2022-04-24-20-27-05',1,'2021-03-10 20:24:57','2021-03-09 22:56:57','2021-03-09 22:56:57','192.168.1.100 ','[\"users_id\",\"locations_id\",\"comment\"]',1,'OCS-NG_WINDOWS_AGENT_v2.6.0.0 ',1,'Medellin',NULL),(230,223,1427,'RPC97105-BG-2022-05-24-07-39-39',1,'2021-03-10 20:24:47','2021-01-13 11:38:12','2021-01-13 11:38:12','192.168.1.100 ','{\"0\":\"users_id\",\"1\":\"locations_id\",\"3\":\"comment\",\"4\":\"contact\",\"5\":\"groups_id\",\"6\":\"computermodels_id\",\"7\":\"manufacturers_id\",\"8\":\"computertypes_id\"}',1,'OCS-NG_WINDOWS_AGENT_v2.1.1.3 ',1,'NA',NULL),(231,200,2397,'ELCMUR6QW5-BG-2022-07-30-14-21-56',1,'2021-03-10 20:24:36','2021-03-09 21:40:38','2021-03-09 21:40:38','192.168.1.100 ','[\"entities_id\",\"date_mod\",\"locations_id\",\"users_id\",\"groups_id\",\"comment\"]',1,'OCS-NG_WINDOWS_AGENT_v2.1.1.3 ',21,'NA',NULL),(232,151,8429,'RPC93503-MQ-2023-08-01-08-27-13',1,'2021-03-10 20:24:26','2021-01-26 20:23:52','2021-02-01 18:14:15','192.168.1.100 ','[\"entities_id\",\"date_mod\",\"groups_id\",\"name\",\"locations_id\",\"contact\",\"users_id\",\"comment\"]',1,'OCS-NG_WINDOWS_AGENT_v2.1.1.3 ',22,'NA',NULL),(233,143,1490,'RPC96948-BG-2022-05-29-15-41-26',1,'2021-03-10 20:24:15','2021-03-10 14:59:23','2021-03-10 20:16:12','192.168.1.100 ','[\"entities_id\",\"date_mod\",\"users_id\",\"groups_id\",\"locations_id\",\"comment\"]',1,'OCS-NG_WINDOWS_AGENT_v2.1.1.3 ',15,'NA',NULL),(234,224,8066,'RPC95350-BG-2023-07-12-18-22-05',1,'2021-03-10 20:23:57','2021-03-10 02:03:01','2021-03-10 13:51:37','192.168.1.100 ','[\"users_id\",\"groups_id\",\"locations_id\",\"comment\",\"computermodels_id\",\"manufacturers_id\",\"computertypes_id\"]',1,'OCS-NG_WINDOWS_AGENT_v2.1.1.3 ',1,'NA',NULL),(235,225,2735,'RPC95702-ME-2022-08-23-06-45-57',1,'2021-03-10 20:23:47','2021-03-09 15:22:41','2021-03-09 23:59:30','192.168.1.100 ','[\"contact\",\"users_id\",\"locations_id\",\"groups_id\",\"comment\",\"computermodels_id\",\"manufacturers_id\",\"computertypes_id\"]',1,'OCS-NG_WINDOWS_AGENT_v2.1.1.3 ',17,'Bogota',NULL),(236,226,1616,'RPC93840-BG-2021-02-19-17-36-11',1,'2021-03-10 20:23:37','2021-03-09 13:16:05','2021-03-09 13:16:05','192.168.1.100 ','[\"entities_id\",\"date_mod\",\"users_id\",\"groups_id\",\"contact\",\"comment\",\"locations_id\",\"computermodels_id\",\"manufacturers_id\",\"computertypes_id\"]',1,'OCS-NG_WINDOWS_AGENT_v2.1.1.3 ',15,'NA',NULL),(237,227,1852,'TEC2GQB-BG-2022-06-22-11-14-36',1,'2021-03-10 20:23:27','2020-11-24 21:14:38','2020-11-25 19:31:46','192.168.1.100 ','{\"0\":\"users_id\",\"2\":\"groups_id\",\"3\":\"locations_id\",\"4\":\"contact\",\"5\":\"comment\",\"6\":\"computermodels_id\",\"7\":\"manufacturers_id\",\"8\":\"computertypes_id\"}',1,'OCS-NG_WINDOWS_AGENT_v2.1.1.3 ',2,'NA',NULL),(240,230,3934,'RPC93673-ME-2022-11-08-12-40-46',1,'2021-03-10 20:23:14','2020-10-28 20:33:14','2020-10-28 20:34:15','192.168.1.100 ','{\"0\":\"users_id\",\"2\":\"comment\",\"3\":\"contact\",\"4\":\"locations_id\",\"5\":\"groups_id\",\"6\":\"computermodels_id\",\"7\":\"manufacturers_id\",\"8\":\"computertypes_id\"}',1,'OCS-NG_WINDOWS_AGENT_v2.1.1.3 ',1,'NA',NULL),(241,232,2656,'RPC95278-BC-2022-08-17-09-10-33',1,'2021-03-10 20:23:01','2021-03-05 20:28:51','2021-03-08 13:21:50','192.168.1.100 ','[\"entities_id\",\"date_mod\",\"users_id\",\"comment\",\"locations_id\",\"contact\",\"groups_id\",\"computermodels_id\",\"manufacturers_id\",\"computertypes_id\"]',1,'OCS-NG_WINDOWS_AGENT_v2.1.1.3 ',21,'NA',NULL),(250,241,1541,'RPC97035-BG-2022-06-02-07-35-33',1,'2021-03-10 20:22:49','2021-03-10 18:25:44','2021-03-10 19:55:57','192.168.1.100 ','[\"entities_id\",\"date_mod\",\"users_id\",\"groups_id\",\"locations_id\",\"comment\",\"computermodels_id\",\"manufacturers_id\",\"computertypes_id\"]',1,'OCS-NG_WINDOWS_AGENT_v2.1.1.3 ',15,'NA',NULL),(255,246,2939,'RPC96748-MQ-2022-09-05-07-37-08',1,'2021-03-10 20:22:38','2021-03-09 14:03:52','2021-03-10 15:26:23','192.168.1.100 ','[\"entities_id\",\"date_mod\",\"locations_id\",\"users_id\",\"groups_id\",\"comment\",\"computermodels_id\",\"manufacturers_id\",\"computertypes_id\"]',1,'OCS-NG_WINDOWS_AGENT_v2.1.1.3 ',15,'NA',NULL),(259,250,2079,'RPC96638-BG-2022-07-08-14-26-30',1,'2021-03-10 20:22:20','2021-03-09 14:15:34','2021-03-10 15:43:27','192.168.1.100 ','[\"entities_id\",\"date_mod\",\"locations_id\",\"users_id\",\"groups_id\",\"name\",\"comment\",\"computermodels_id\",\"manufacturers_id\",\"computertypes_id\"]',1,'OCS-NG_WINDOWS_AGENT_v2.1.1.3 ',15,'NA',NULL),(260,251,3058,'RPC94917-BG-2022-09-13-13-06-36',1,'2021-03-10 20:22:09','2020-11-23 13:25:34','2020-12-03 13:44:03','192.168.1.100 ','[\"entities_id\",\"date_mod\",\"users_id\",\"groups_id\",\"locations_id\",\"comment\",\"computermodels_id\",\"manufacturers_id\",\"computertypes_id\"]',1,'OCS-NG_WINDOWS_AGENT_v2.1.1.3 ',21,'NA',NULL),(261,252,1729,'RPC93641-BG-2021-03-15-08-08-55',1,'2021-03-10 20:21:55','2021-01-19 00:10:02','2021-01-19 02:20:51','192.168.1.100 ','{\"0\":\"users_id\",\"1\":\"contact\",\"3\":\"comment\",\"4\":\"locations_id\",\"5\":\"groups_id\",\"6\":\"computermodels_id\",\"7\":\"manufacturers_id\",\"8\":\"computertypes_id\"}',1,'OCS-NG_WINDOWS_AGENT_v2.1.1.3 ',2,'NA',NULL),(262,253,1425,'RPC94538-ME-2022-05-24-07-35-39',1,'2021-03-10 20:21:42','2021-02-03 19:50:14','2021-02-06 03:16:04','192.168.1.100 ','{\"0\":\"users_id\",\"1\":\"comment\",\"2\":\"locations_id\",\"4\":\"groups_id\",\"5\":\"computermodels_id\",\"6\":\"manufacturers_id\",\"7\":\"computertypes_id\"}',1,'OCS-NG_WINDOWS_AGENT_v2.1.1.3 ',2,'NA',NULL),(264,255,1423,'RPC95641-BG-2022-05-23-21-55-33',1,'2021-03-10 20:21:32','2021-03-03 13:29:05','2021-03-06 02:12:06','192.168.1.100 ','[\"entities_id\",\"date_mod\",\"locations_id\",\"users_id\",\"groups_id\",\"name\",\"contact\",\"comment\",\"computermodels_id\",\"manufacturers_id\",\"computertypes_id\"]',1,'OCS-NG_WINDOWS_AGENT_v2.1.1.3 ',1,'NA',NULL),(267,258,1723,'RPC93316-BQ-2021-03-14-09-22-22',1,'2021-03-10 20:21:21','2021-03-10 03:19:24','2021-03-10 12:53:15','192.168.1.100 ','[\"users_id\",\"name\",\"locations_id\",\"contact\",\"groups_id\",\"comment\",\"computermodels_id\",\"manufacturers_id\",\"computertypes_id\"]',1,'OCS-NG_WINDOWS_AGENT_v2.1.1.3 ',17,'NA',NULL),(269,260,1097,'RPC92385-BG-2020-11-23-16-47-25',1,'2021-03-10 20:21:10','2020-12-16 21:09:01','2021-01-21 17:19:31','192.168.1.100 ','{\"0\":\"users_id\",\"1\":\"comment\",\"2\":\"locations_id\",\"3\":\"contact\",\"5\":\"groups_id\",\"6\":\"computermodels_id\",\"7\":\"manufacturers_id\",\"8\":\"computertypes_id\"}',1,'OCS-NG_WINDOWS_AGENT_v2.1.1.3 ',1,'NA',NULL),(270,261,1193,'RPC97022-BG-2022-05-09-10-13-25',1,'2021-03-10 20:21:04','2021-02-24 20:13:31','2021-02-24 20:13:31','192.168.1.100 ','{\"0\":\"locations_id\",\"1\":\"users_id\",\"2\":\"comment\",\"4\":\"computermodels_id\",\"5\":\"manufacturers_id\",\"6\":\"computertypes_id\"}',1,'OCS-NG_WINDOWS_AGENT_v2.6.0.0 ',0,'Mineroil SAS',NULL),(271,262,1137,'SERVER-MAXIPAZ-2020-12-02-10-23-52',1,'2021-03-10 20:21:00','2021-01-06 12:46:17','2021-01-06 12:46:17','192.168.1.100 ','[\"computermodels_id\",\"manufacturers_id\",\"computertypes_id\"]',1,'OCS-NG_WINDOWS_AGENT_v2.6.0.0 ',0,'Mineroil - Fac',NULL),(272,263,1362,'LABORATORIO-PC-2021-01-13-07-45-01',1,'2021-03-10 20:20:55','2021-01-15 13:58:26','2021-01-15 13:58:26','192.168.1.100 ','[\"computermodels_id\",\"manufacturers_id\",\"computertypes_id\"]',1,'OCS-NG_WINDOWS_AGENT_v2.6.0.0 ',0,'Mineroil -Lab',NULL),(273,264,1792,'RPC94382-BG-2022-06-19-17-20-05',1,'2021-03-10 20:20:50','2021-01-20 22:18:20','2021-01-20 22:18:20','192.168.1.100 ','[\"computermodels_id\",\"manufacturers_id\",\"computertypes_id\"]',1,'OCS-NG_WINDOWS_AGENT_v2.6.0.0 ',0,'Mineroil - Gerencia2',NULL),(274,265,1299,'RPC93886-BC-2022-05-16-13-39-45',1,'2021-03-10 20:20:45','2021-02-02 11:10:13','2021-02-02 11:10:13','192.168.1.100 ','[\"computermodels_id\",\"manufacturers_id\",\"computertypes_id\"]',1,'OCS-NG_WINDOWS_AGENT_v2.6.0.0 ',0,'Mineroli - Gerencia1',NULL),(275,266,1292,'RPC95641-BG-2022-05-16-07-54-01',1,'2021-03-10 20:20:32','2021-03-09 23:50:12','2021-03-09 23:50:12','192.168.1.100 ','[\"computermodels_id\",\"manufacturers_id\",\"computertypes_id\"]',1,'OCS-NG_WINDOWS_AGENT_v2.6.0.0 ',0,'Mineroil',NULL),(276,267,1556,'RPC92778-MQ-2022-06-02-19-13-04',1,'2021-03-10 20:20:17','2021-03-08 22:18:29','2021-03-10 15:04:14','192.168.1.100 ','[\"users_id\",\"locations_id\",\"comment\",\"computermodels_id\",\"manufacturers_id\",\"computertypes_id\"]',1,'OCS-NG_WINDOWS_AGENT_v2.1.1.3 ',2,'NA',NULL),(277,268,6611,'RPC93911-BC-2022-11-08-09-38-20',1,'2021-03-10 20:20:13','2021-01-11 22:10:31','2021-01-11 22:10:31','192.168.1.100 ','[\"computermodels_id\",\"manufacturers_id\",\"computertypes_id\"]',1,'OCS-NG_WINDOWS_AGENT_v2.0.5.0 ',0,'Mineroil',NULL),(278,269,1769,'RPC95813-BG-2022-06-17-11-33-13',1,'2021-03-10 20:20:01','2021-03-08 14:13:23','2021-03-08 14:13:23','192.168.1.100 ','{\"0\":\"users_id\",\"1\":\"locations_id\",\"2\":\"contact\",\"4\":\"groups_id\",\"5\":\"comment\",\"6\":\"computermodels_id\",\"7\":\"manufacturers_id\",\"8\":\"computertypes_id\"}',1,'OCS-NG_WINDOWS_AGENT_v2.1.1.3 ',2,'NA',NULL),(279,270,1163,'ELCMUR91YW-BG-2022-05-05-23-30-48',1,'2021-03-10 20:19:49','2021-03-09 12:57:47','2021-03-10 15:47:14','192.168.1.100 ','[\"entities_id\",\"date_mod\",\"locations_id\",\"users_id\",\"groups_id\",\"comment\",\"computermodels_id\",\"manufacturers_id\",\"computertypes_id\"]',1,'OCS-NG_WINDOWS_AGENT_v2.1.1.3 ',21,'NA',NULL),(280,271,1953,'RPC96498-BG-2022-06-30-10-23-36',1,'2021-03-10 20:19:38','2021-01-17 15:47:57','2021-01-18 13:07:36','192.168.1.100 ','[\"comment\",\"locations_id\",\"groups_id\",\"users_id\",\"contact\",\"name\",\"computermodels_id\",\"manufacturers_id\",\"computertypes_id\"]',1,'OCS-NG_WINDOWS_AGENT_v2.1.1.3 ',15,'NA',NULL),(281,272,4674,'RPC95534-BG-2022-12-23-08-16-56',1,'2021-03-10 20:19:26','2021-03-09 18:13:19','2021-03-10 19:06:51','192.168.1.100 ','{\"0\":\"users_id\",\"1\":\"locations_id\",\"3\":\"groups_id\",\"4\":\"comment\",\"5\":\"computermodels_id\",\"6\":\"manufacturers_id\",\"7\":\"computertypes_id\"}',1,'OCS-NG_WINDOWS_AGENT_v2.1.1.3 ',1,'NA',NULL),(282,273,1602,'RPC94369-BG-2021-02-19-08-54-02',1,'2021-03-10 20:19:16','2021-03-10 12:13:49','2021-03-10 12:13:49','192.168.1.100 ','{\"0\":\"users_id\",\"1\":\"comment\",\"3\":\"contact\",\"4\":\"locations_id\",\"5\":\"groups_id\",\"6\":\"computermodels_id\",\"7\":\"manufacturers_id\",\"8\":\"computertypes_id\"}',1,'OCS-NG_WINDOWS_AGENT_v2.1.1.3 ',2,'NA',NULL),(283,274,2825,'RPC97027-BG-2022-08-28-16-49-44',1,'2021-03-10 20:19:03','2021-03-10 01:37:40','2021-03-10 09:07:06','192.168.1.100 ','{\"0\":\"users_id\",\"2\":\"name\",\"3\":\"locations_id\",\"4\":\"contact\",\"5\":\"groups_id\",\"6\":\"comment\",\"7\":\"computermodels_id\",\"8\":\"manufacturers_id\",\"9\":\"computertypes_id\"}',1,'OCS-NG_WINDOWS_AGENT_v2.1.1.3 ',1,'NA',NULL),(284,275,6677,'ELCMUR141E-BG-2023-04-21-09-15-35',1,'2021-03-10 20:18:51','2021-03-09 01:51:06','2021-03-09 01:51:06','192.168.1.100 ','[\"entities_id\",\"date_mod\",\"users_id\",\"groups_id\",\"comment\",\"locations_id\",\"computermodels_id\",\"manufacturers_id\",\"computertypes_id\"]',1,'OCS-NG_WINDOWS_AGENT_v2.1.1.3 ',15,'NA',NULL),(285,276,2450,'RPC96952-BG-2022-08-03-18-15-26',1,'2021-03-10 20:18:39','2021-03-10 16:14:19','2021-03-10 16:14:19','192.168.1.100 ','[\"entities_id\",\"date_mod\",\"users_id\",\"groups_id\",\"locations_id\",\"comment\",\"computermodels_id\",\"manufacturers_id\",\"computertypes_id\"]',1,'OCS-NG_WINDOWS_AGENT_v2.1.1.3 ',22,'NA',NULL),(286,277,1385,'RPC95870-BG-2022-05-21-13-00-34',1,'2021-03-10 20:18:35','2020-12-21 15:40:40','2020-12-21 15:40:40','192.168.1.100 ','[\"users_id\",\"groups_id\",\"locations_id\",\"computermodels_id\",\"manufacturers_id\",\"computertypes_id\"]',1,'OCS-NG_WINDOWS_AGENT_v2.1.1.3 ',1,'NA',NULL),(287,278,2876,'RPC96740-BG-2022-08-31-17-33-46',1,'2021-03-10 20:18:24','2021-01-07 23:45:56','2021-01-08 10:55:53','192.168.1.100 ','{\"0\":\"users_id\",\"1\":\"locations_id\",\"2\":\"contact\",\"4\":\"groups_id\",\"5\":\"comment\",\"6\":\"computermodels_id\",\"7\":\"manufacturers_id\",\"8\":\"computertypes_id\"}',1,'OCS-NG_WINDOWS_AGENT_v2.1.1.3 ',1,'NA',NULL),(288,279,1615,'RPC95271-BC-2022-06-09-00-51-53',1,'2021-03-10 20:17:48','2021-02-01 21:06:15','2021-02-08 15:01:19','192.168.1.100 ','[\"contact\",\"comment\",\"users_id\",\"locations_id\",\"groups_id\",\"computermodels_id\",\"manufacturers_id\",\"computertypes_id\"]',1,'OCS-NG_WINDOWS_AGENT_v2.1.1.3 ',1,'NA',NULL),(289,280,8270,'RPC95359-BG-2023-07-22-11-25-05',1,'2021-03-10 20:17:39','2021-03-09 15:08:26','2021-03-10 13:42:32','192.168.1.100 ','[\"users_id\",\"locations_id\",\"name\",\"comment\",\"computermodels_id\",\"manufacturers_id\",\"computertypes_id\"]',1,'OCS-NG_WINDOWS_AGENT_v2.1.1.3 ',21,'NA',NULL),(290,282,1693,'RPC93312-BG-2021-03-10-07-44-39',1,'2021-03-10 20:17:30','2021-03-10 13:54:35','2021-03-10 20:13:57','192.168.1.100 ','{\"0\":\"users_id\",\"1\":\"name\",\"2\":\"groups_id\",\"4\":\"comment\",\"5\":\"locations_id\",\"6\":\"contact\",\"7\":\"computermodels_id\",\"8\":\"manufacturers_id\",\"9\":\"computertypes_id\"}',1,'OCS-NG_WINDOWS_AGENT_v2.1.1.3 ',1,'NA',NULL),(291,283,1654,'RPC96651-BC-2022-06-11-14-59-20',1,'2021-03-10 20:17:25','2021-02-25 18:54:00','2021-03-10 19:39:43','192.168.1.100 ','{\"0\":\"users_id\",\"1\":\"comment\",\"2\":\"groups_id\",\"3\":\"locations_id\",\"5\":\"computermodels_id\",\"6\":\"manufacturers_id\",\"7\":\"computertypes_id\"}',1,'OCS-NG_WINDOWS_AGENT_v2.1.1.3 ',1,'1',NULL),(292,284,1798,'RPC95863-BG-2022-06-20-11-43-22',1,'2021-03-10 20:17:16','2021-03-08 13:50:33','2021-03-10 16:45:06','192.168.1.100 ','[\"entities_id\",\"date_mod\",\"users_id\",\"locations_id\",\"groups_id\",\"comment\",\"computermodels_id\",\"manufacturers_id\",\"computertypes_id\"]',1,'OCS-NG_WINDOWS_AGENT_v2.1.1.3 ',21,'NA',NULL),(293,285,1444,'RPC97035-BG-2022-05-25-07-35-50',1,'2021-03-10 20:17:04','2021-03-10 19:22:07','2021-03-10 19:22:07','192.168.1.100 ','[\"entities_id\",\"date_mod\",\"users_id\",\"locations_id\",\"comment\",\"groups_id\",\"computermodels_id\",\"manufacturers_id\",\"computertypes_id\"]',1,'OCS-NG_WINDOWS_AGENT_v2.1.1.3 ',21,'NA',NULL),(294,286,2178,'RPC94331-BG-2022-07-15-11-39-12',1,'2021-03-10 20:16:51','2021-03-10 19:16:21','2021-03-10 19:16:21','192.168.1.100 ','[\"entities_id\",\"date_mod\",\"users_id\",\"name\",\"locations_id\",\"contact\",\"groups_id\",\"comment\",\"computermodels_id\",\"manufacturers_id\",\"computertypes_id\"]',1,'OCS-NG_WINDOWS_AGENT_v2.1.1.3 ',21,'NA',NULL),(295,287,1673,'RPC93889-ME-2021-03-05-07-40-22',1,'2021-03-10 20:16:39','2021-03-08 22:06:44','2021-03-08 22:06:44','192.168.1.100 ','{\"0\":\"locations_id\",\"1\":\"contact\",\"2\":\"users_id\",\"4\":\"name\",\"6\":\"comment\",\"8\":\"groups_id\",\"9\":\"computermodels_id\",\"10\":\"manufacturers_id\",\"11\":\"computertypes_id\"}',1,'OCS-NG_WINDOWS_AGENT_v2.1.1.3 ',15,'NA',NULL),(296,288,2215,'RPC97105-BG-2022-07-19-07-42-35',1,'2021-03-10 20:16:30','2021-03-08 13:26:39','2021-03-10 14:39:42','192.168.1.100 ','[\"entities_id\",\"date_mod\",\"locations_id\",\"users_id\",\"groups_id\",\"comment\",\"computermodels_id\",\"manufacturers_id\",\"computertypes_id\"]',1,'OCS-NG_WINDOWS_AGENT_v2.1.1.3 ',22,'NA',NULL),(297,289,1666,'RPC96651-BC-2022-06-13-07-40-32',1,'2021-03-10 20:16:21','2021-03-09 15:48:47','2021-03-10 14:05:54','192.168.1.100 ','[\"entities_id\",\"date_mod\",\"locations_id\",\"users_id\",\"contact\",\"groups_id\",\"comment\",\"computermodels_id\",\"manufacturers_id\",\"computertypes_id\"]',1,'OCS-NG_WINDOWS_AGENT_v2.1.1.3 ',21,'Medellín',NULL),(298,290,1591,'RPC95696-BG-2022-06-06-08-06-25',1,'2021-03-10 20:16:07','2021-03-10 14:01:02','2021-03-10 14:01:02','192.168.1.100 ','[\"entities_id\",\"date_mod\",\"locations_id\",\"users_id\",\"groups_id\",\"comment\",\"contact\",\"computermodels_id\",\"manufacturers_id\",\"computertypes_id\"]',1,'OCS-NG_WINDOWS_AGENT_v2.1.1.3 ',22,'NA',NULL),(299,291,2897,'ELCMUR683J-BG-2022-09-02-07-39-15',1,'2021-03-10 20:15:57','2021-03-08 22:23:00','2021-03-10 17:00:57','192.168.1.100 ','[\"entities_id\",\"date_mod\",\"locations_id\",\"users_id\",\"groups_id\",\"comment\",\"computermodels_id\",\"manufacturers_id\",\"computertypes_id\"]',1,'OCS-NG_WINDOWS_AGENT_v2.1.1.3 ',22,'NA',NULL),(300,292,2462,'RPC97026-ME-2022-08-04-07-01-43',1,'2021-03-10 20:15:49','2021-03-10 13:45:13','2021-03-10 18:19:43','192.168.1.100 ','[\"entities_id\",\"date_mod\",\"locations_id\",\"users_id\",\"groups_id\",\"comment\",\"computermodels_id\",\"manufacturers_id\",\"computertypes_id\"]',1,'OCS-NG_WINDOWS_AGENT_v2.1.1.3 ',22,'NA',NULL),(301,295,8534,'RPC95542-ME-2023-08-08-07-33-41',1,'2021-03-10 20:15:43','2021-03-08 20:16:05','2021-03-08 20:16:05','192.168.1.177 ','{\"0\":\"users_id\",\"1\":\"contact\",\"2\":\"comment\",\"3\":\"name\",\"5\":\"locations_id\",\"6\":\"groups_id\",\"7\":\"computermodels_id\",\"8\":\"manufacturers_id\",\"9\":\"computertypes_id\"}',1,'OCS-NG_WINDOWS_AGENT_v2.1.1.3 ',2,'NA',NULL),(302,296,2166,'RPC94831-ME-2022-07-15-04-37-55',1,'2021-03-10 20:15:33','2021-03-09 13:21:14','2021-03-10 19:00:45','192.168.1.100 ','[\"entities_id\",\"date_mod\",\"users_id\",\"groups_id\",\"locations_id\",\"comment\",\"computermodels_id\",\"manufacturers_id\",\"computertypes_id\"]',1,'OCS-NG_WINDOWS_AGENT_v2.1.1.3 ',15,'NA',NULL),(303,297,2861,'RPC97031-BG-2022-08-30-07-46-46',1,'2021-03-10 20:15:24','2021-03-05 13:28:52','2021-03-10 01:56:13','192.168.1.100 ','[\"entities_id\",\"date_mod\",\"users_id\",\"contact\",\"comment\",\"locations_id\",\"groups_id\",\"computermodels_id\",\"manufacturers_id\",\"computertypes_id\"]',1,'OCS-NG_WINDOWS_AGENT_v2.1.1.3 ',21,'NA',NULL),(304,298,2086,'RPC97025-BC-2022-07-11-07-38-06',1,'2021-03-10 20:15:11','2021-03-09 22:54:02','2021-03-09 23:40:20','192.168.1.100 ','{\"0\":\"users_id\",\"1\":\"comment\",\"3\":\"groups_id\",\"4\":\"locations_id\",\"6\":\"computermodels_id\",\"7\":\"manufacturers_id\",\"8\":\"computertypes_id\"}',1,'OCS-NG_WINDOWS_AGENT_v2.1.1.3 ',1,'NA',NULL),(305,299,1442,'RPC95432-BG-2021-01-28-16-46-59',1,'2021-03-10 20:15:00','2021-03-09 13:15:49','2021-03-10 18:42:58','192.168.1.100 ','{\"0\":\"users_id\",\"1\":\"comment\",\"3\":\"groups_id\",\"4\":\"locations_id\",\"6\":\"computermodels_id\",\"7\":\"manufacturers_id\",\"8\":\"computertypes_id\"}',1,'OCS-NG_WINDOWS_AGENT_v2.1.1.3 ',15,'NA',NULL),(306,300,5381,'RPC94904-ME-2023-02-06-17-49-03',1,'2021-03-10 20:14:50','2021-03-10 19:15:21','2021-03-10 19:16:23','192.168.1.100 ','{\"0\":\"users_id\",\"2\":\"contact\",\"3\":\"comment\",\"4\":\"locations_id\",\"5\":\"groups_id\",\"6\":\"computermodels_id\",\"7\":\"manufacturers_id\",\"8\":\"computertypes_id\"}',1,'OCS-NG_WINDOWS_AGENT_v2.1.1.3 ',15,'NA',NULL),(307,301,1447,'RPC95469-BG-2021-01-29-15-02-53',1,'2021-03-10 20:14:42','2021-03-05 20:45:02','2021-03-05 20:45:02','192.168.1.100 ','{\"0\":\"users_id\",\"1\":\"locations_id\",\"3\":\"groups_id\",\"4\":\"comment\",\"5\":\"computermodels_id\",\"6\":\"manufacturers_id\",\"7\":\"computertypes_id\"}',1,'OCS-NG_WINDOWS_AGENT_v2.1.1.3 ',2,'NA',NULL),(308,302,1603,'RPC94538-ME-2022-06-08-07-50-01',1,'2021-03-10 20:14:33','2021-03-09 21:35:40','2021-03-09 21:35:40','192.168.1.100 ','[\"entities_id\",\"date_mod\",\"users_id\",\"locations_id\",\"groups_id\",\"comment\",\"computermodels_id\",\"manufacturers_id\",\"computertypes_id\"]',1,'OCS-NG_WINDOWS_AGENT_v2.1.1.3 ',21,'NA',NULL),(309,303,2482,'RPC94522-MQ-2022-08-03-13-14-19',1,'2021-03-10 20:14:23','2021-03-10 19:40:25','2021-03-10 20:08:36','192.168.1.100 ','[\"operatingsystems_id\",\"date_mod\",\"computermodels_id\",\"contact\",\"users_id\",\"comment\",\"locations_id\",\"groups_id\",\"manufacturers_id\",\"computertypes_id\"]',1,'OCS-NG_WINDOWS_AGENT_v2.1.1.3 ',1,'NA',NULL),(310,304,1492,'RPC93792-ME-2021-02-04-12-15-00',1,'2021-03-10 20:14:15','2021-02-27 00:01:56','2021-02-27 00:01:56','192.168.1.100 ','{\"0\":\"users_id\",\"2\":\"locations_id\",\"3\":\"comment\",\"4\":\"groups_id\",\"5\":\"computermodels_id\",\"6\":\"manufacturers_id\",\"7\":\"computertypes_id\"}',1,'OCS-NG_WINDOWS_AGENT_v2.1.1.3 ',2,'NA',NULL),(312,306,5869,'RPC94312-BG-2023-03-06-10-03-18',1,'2021-03-10 20:14:07','2021-03-09 20:35:30','2021-03-10 00:19:02','192.168.1.100 ','{\"0\":\"users_id\",\"1\":\"groups_id\",\"2\":\"locations_id\",\"4\":\"comment\",\"5\":\"computermodels_id\",\"6\":\"manufacturers_id\",\"7\":\"computertypes_id\"}',1,'OCS-NG_WINDOWS_AGENT_v2.1.1.3 ',1,'NA',NULL),(314,310,2657,'RPC96651-BC-2022-08-17-07-47-46',1,'2021-03-10 20:14:00','2021-03-09 12:41:42','2021-03-10 18:10:35','192.168.1.100 ','{\"0\":\"contact\",\"1\":\"users_id\",\"2\":\"comment\",\"4\":\"groups_id\",\"6\":\"name\",\"7\":\"locations_id\",\"9\":\"computermodels_id\",\"10\":\"manufacturers_id\",\"11\":\"computertypes_id\"}',1,'OCS-NG_WINDOWS_AGENT_v2.1.1.3 ',15,'NA',NULL),(315,311,1551,'RPC95641-BG-2022-06-02-19-31-41',1,'2021-03-10 20:13:52','2021-03-06 17:05:13','2021-03-09 22:20:33','192.168.1.100 ','[\"entities_id\",\"date_mod\",\"users_id\",\"locations_id\",\"groups_id\",\"name\",\"comment\",\"contact\",\"computermodels_id\",\"manufacturers_id\",\"computertypes_id\"]',1,'OCS-NG_WINDOWS_AGENT_v2.1.1.3 ',21,'NA',NULL),(316,312,1547,'RPC93953-BG-2021-02-12-14-49-51',1,'2021-03-10 20:13:44','2021-03-10 13:22:32','2021-03-10 13:22:32','192.168.1.197 ','{\"0\":\"users_id\",\"2\":\"contact\",\"3\":\"comment\",\"4\":\"locations_id\",\"5\":\"groups_id\",\"6\":\"computermodels_id\",\"7\":\"manufacturers_id\",\"8\":\"computertypes_id\"}',1,'OCS-NG_WINDOWS_AGENT_v2.1.1.3 ',2,'NA',NULL),(317,313,8931,'RPC95951-ME-2023-09-01-08-18-48',1,'2021-03-10 20:13:33','2021-03-08 21:24:25','2021-03-10 15:18:10','192.168.1.100 ','[\"locations_id\",\"contact\",\"users_id\",\"groups_id\",\"comment\",\"computermodels_id\",\"manufacturers_id\",\"computertypes_id\"]',1,'OCS-NG_WINDOWS_AGENT_v2.1.1.3 ',17,'NA',NULL),(318,314,2150,'RPC96948-BG-2022-07-14-08-49-36',1,'2021-03-10 20:13:26','2021-03-08 19:20:41','2021-03-08 19:20:41','192.168.1.100 ','{\"0\":\"contact\",\"1\":\"users_id\",\"2\":\"comment\",\"4\":\"name\",\"7\":\"locations_id\",\"8\":\"groups_id\",\"9\":\"computermodels_id\",\"10\":\"manufacturers_id\",\"11\":\"computertypes_id\"}',1,'OCS-NG_WINDOWS_AGENT_v2.1.1.3 ',21,'NA',NULL),(319,315,2305,'ELCMUR5700-BG-2022-07-25-21-15-23',1,'2021-03-10 20:13:19','2021-03-10 16:15:13','2021-03-10 16:15:13','192.168.1.100 ','[\"entities_id\",\"date_mod\",\"locations_id\",\"users_id\",\"contact\",\"comment\",\"groups_id\",\"computermodels_id\",\"manufacturers_id\",\"computertypes_id\"]',1,'OCS-NG_WINDOWS_AGENT_v2.1.1.3 ',21,'NA',NULL),(320,316,1491,'RPC96571-BG-2022-05-27-07-22-56',1,'2021-03-10 20:13:14','2021-03-01 21:37:56','2021-03-01 22:08:28','192.168.1.100 ','{\"0\":\"users_id\",\"1\":\"locations_id\",\"2\":\"groups_id\",\"4\":\"comment\",\"5\":\"contact\",\"6\":\"computermodels_id\",\"7\":\"manufacturers_id\",\"8\":\"computertypes_id\"}',1,'OCS-NG_WINDOWS_AGENT_v2.1.1.3 ',1,'NA',NULL),(323,319,8404,'RPC92707-BC-2023-07-31-08-32-00',1,'2021-03-10 20:13:02','2021-03-09 15:11:48','2021-03-10 19:15:41','192.168.1.100 ','[\"groups_id\",\"contact\",\"users_id\",\"comment\",\"locations_id\",\"computermodels_id\",\"manufacturers_id\",\"computertypes_id\"]',1,'OCS-NG_WINDOWS_AGENT_v2.1.1.3 ',22,'NA',NULL),(324,320,2970,'RPC97026-ME-2022-09-07-07-26-30',1,'2021-03-18 22:07:06','2021-03-18 22:06:32','2021-03-18 22:06:32','192.168.11.10 ','[\"entities_id\",\"date_mod\",\"locations_id\",\"users_id\",\"groups_id\",\"contact\",\"comment\",\"computermodels_id\",\"manufacturers_id\",\"computertypes_id\"]',1,'OCS-NG_WINDOWS_AGENT_v2.1.1.3 ',22,'NA',NULL),(325,321,7130,'RPC94642-MQ-2023-05-10-13-18-10',1,'2021-03-24 16:52:57','2021-03-24 16:52:17','2021-03-24 16:52:17','192.168.11.10 ','{\"0\":\"users_id\",\"1\":\"locations_id\",\"2\":\"groups_id\",\"3\":\"contact\",\"5\":\"comment\",\"6\":\"computermodels_id\",\"7\":\"manufacturers_id\",\"8\":\"computertypes_id\"}',1,'OCS-NG_WINDOWS_AGENT_v2.1.1.3 ',15,'NA',NULL),(326,322,6520,'RPC96727-ME-2023-04-14-12-06-49',1,'2021-03-24 19:17:26','2021-03-24 19:14:46','2021-03-24 19:14:46','192.168.11.10 ','{\"0\":\"users_id\",\"1\":\"groups_id\",\"3\":\"contact\",\"4\":\"comment\",\"5\":\"locations_id\",\"6\":\"computermodels_id\",\"7\":\"manufacturers_id\",\"8\":\"computertypes_id\"}',1,'OCS-NG_WINDOWS_AGENT_v2.1.1.3 ',1,'NA',NULL),(327,323,9034,'RPC96651-BC-2023-08-30-15-50-33',1,'2021-03-24 19:59:08','2021-03-24 19:58:19','2021-03-24 19:58:19','192.168.11.10 ','[\"users_id\",\"name\",\"comment\",\"contact\",\"locations_id\",\"groups_id\",\"computermodels_id\",\"manufacturers_id\",\"computertypes_id\"]',1,'OCS-NG_WINDOWS_AGENT_v2.1.1.3 ',21,'NA',NULL),(328,324,2958,'RPC96310-BC-2022-09-06-21-51-42',1,'2021-03-31 18:11:05','2021-03-31 18:11:04','2021-03-31 18:11:04','192.168.11.10 ','{\"0\":\"users_id\",\"1\":\"groups_id\",\"2\":\"contact\",\"4\":\"comment\",\"5\":\"locations_id\",\"6\":\"computermodels_id\",\"7\":\"manufacturers_id\",\"8\":\"computertypes_id\"}',1,'OCS-NG_WINDOWS_AGENT_v2.1.1.3 ',1,'NA',NULL),(329,325,2352,'RPC95702-ME-2022-07-28-01-31-58',1,'2021-04-05 16:22:34','2021-04-03 21:41:41','2021-04-05 13:01:50','192.168.11.10 ','[\"entities_id\",\"date_mod\",\"locations_id\",\"users_id\",\"groups_id\",\"comment\",\"computermodels_id\",\"manufacturers_id\",\"computertypes_id\"]',1,'OCS-NG_WINDOWS_AGENT_v2.1.1.3 ',22,'NA',NULL),(330,326,8876,'RPC96116-BC-2023-08-30-01-01-49',1,'2021-04-06 18:35:16','2021-04-06 01:15:38','2021-04-06 01:15:38','192.168.11.10 ','[\"users_id\",\"locations_id\",\"groups_id\",\"comment\",\"computermodels_id\",\"manufacturers_id\",\"computertypes_id\"]',1,'OCS-NG_WINDOWS_AGENT_v2.1.1.3 ',1,'NA',NULL),(331,327,6260,'RPC95048-MQ-2023-03-28-07-53-20',1,'2021-04-07 18:41:44','2021-04-07 18:18:16','2021-04-07 18:18:16','192.168.11.10 ','{\"0\":\"locations_id\",\"1\":\"users_id\",\"2\":\"contact\",\"3\":\"groups_id\",\"4\":\"comment\",\"5\":\"name\",\"7\":\"computermodels_id\",\"8\":\"manufacturers_id\",\"9\":\"computertypes_id\"}',1,'OCS-NG_WINDOWS_AGENT_v2.1.1.3 ',1,'NA',NULL),(332,328,2497,'RPC96272-BG-2022-08-05-22-01-09',1,'2021-04-09 20:40:18','2021-04-09 20:05:44','2021-04-09 20:05:44','192.168.11.10 ','[\"users_id\",\"contact\",\"name\",\"locations_id\",\"groups_id\",\"comment\",\"computermodels_id\",\"manufacturers_id\",\"computertypes_id\"]',1,'OCS-NG_WINDOWS_AGENT_v2.1.1.3 ',17,'NA',NULL),(333,329,2961,'RPC97035-BG-2022-09-07-07-16-53',1,'2021-04-12 16:38:25','2021-04-12 14:45:03','2021-04-12 14:45:03','192.168.11.10 ','[\"entities_id\",\"date_mod\",\"locations_id\",\"groups_id\",\"name\",\"contact\",\"users_id\",\"comment\",\"computermodels_id\",\"manufacturers_id\",\"computertypes_id\"]',1,'OCS-NG_WINDOWS_AGENT_v2.1.1.3 ',22,'NA',NULL),(334,330,4004,'RPC94702-BG-2022-11-11-07-25-01',1,'2021-04-15 15:11:12','2021-04-14 19:22:22','2021-04-14 19:22:22','192.168.11.10 ','{\"0\":\"users_id\",\"2\":\"contact\",\"3\":\"groups_id\",\"4\":\"comment\",\"5\":\"name\",\"6\":\"locations_id\",\"7\":\"computermodels_id\",\"8\":\"manufacturers_id\",\"9\":\"computertypes_id\"}',1,'OCS-NG_WINDOWS_AGENT_v2.1.1.3 ',1,'NA',NULL),(335,331,1753,'ART10010-BQ-2021-04-16-17-21-07',1,'2021-04-16 22:22:38','2021-04-16 22:21:56','2021-04-16 22:21:56','192.168.11.10 ','{\"0\":\"users_id\",\"1\":\"locations_id\",\"3\":\"groups_id\",\"4\":\"comment\",\"5\":\"computermodels_id\",\"6\":\"manufacturers_id\",\"7\":\"computertypes_id\"}',1,'OCS-NG_WINDOWS_AGENT_v2.1.1.3 ',1,'NA',NULL),(336,332,1754,'RPC94174-ME-2021-04-08-16-31-29',1,'2021-04-19 14:48:17','2021-04-19 14:22:26','2021-04-19 14:39:46','192.168.11.10 ','{\"0\":\"groups_id\",\"1\":\"contact\",\"2\":\"users_id\",\"3\":\"comment\",\"4\":\"locations_id\",\"5\":\"name\",\"7\":\"computermodels_id\",\"8\":\"manufacturers_id\",\"9\":\"computertypes_id\"}',1,'OCS-NG_WINDOWS_AGENT_v2.1.1.3 ',2,'NA',NULL),(337,333,7227,'ELCMUR048E-BG-2023-05-24-16-35-34',1,'2021-04-22 16:16:07','2021-04-22 15:57:09','2021-04-22 15:57:09','192.168.11.10 ','[\"locations_id\",\"contact\",\"users_id\",\"groups_id\",\"comment\",\"name\",\"computermodels_id\",\"manufacturers_id\",\"computertypes_id\"]',1,'OCS-NG_WINDOWS_AGENT_v2.1.1.3 ',1,'NA',NULL),(340,336,8649,'RPC94183-BC-2023-08-15-12-53-15',1,'2021-04-26 16:44:47','2021-04-26 16:42:18','2021-04-26 16:42:18','192.168.11.10 ','[\"users_id\",\"groups_id\",\"locations_id\",\"comment\",\"computermodels_id\",\"manufacturers_id\",\"computertypes_id\"]',1,'OCS-NG_WINDOWS_AGENT_v2.1.1.3 ',1,'NA',NULL),(341,337,2915,'RPC94727-BG-2022-09-03-16-14-47',1,'2021-04-26 21:44:58','2021-04-26 21:44:51','2021-04-26 21:44:51','192.168.11.10 ','{\"0\":\"users_id\",\"2\":\"groups_id\",\"3\":\"locations_id\",\"4\":\"comment\",\"5\":\"computermodels_id\",\"6\":\"manufacturers_id\",\"7\":\"computertypes_id\"}',1,'OCS-NG_WINDOWS_AGENT_v2.1.1.3 ',1,'NA',NULL),(342,338,9078,'RPC96638-BG-2023-09-07-13-27-28',1,'2021-04-27 18:15:32','2021-04-27 13:29:30','2021-04-27 14:36:07','192.168.11.10 ','{\"0\":\"users_id\",\"1\":\"locations_id\",\"3\":\"contact\",\"4\":\"groups_id\",\"5\":\"comment\",\"6\":\"computermodels_id\",\"7\":\"manufacturers_id\",\"8\":\"computertypes_id\"}',1,'OCS-NG_WINDOWS_AGENT_v2.1.1.3 ',2,'NA',NULL),(343,339,2727,'RPC96533-BG-2022-08-22-07-42-03',1,'2021-04-27 19:41:31','2021-04-27 19:13:09','2021-04-27 19:13:09','192.168.11.10 ','[\"entities_id\",\"date_mod\",\"users_id\",\"groups_id\",\"contact\",\"comment\",\"locations_id\",\"computermodels_id\",\"manufacturers_id\",\"computertypes_id\"]',1,'OCS-NG_WINDOWS_AGENT_v2.1.1.3 ',22,'NA',NULL),(344,340,4399,'ELCMUR683J-BG-2022-12-05-07-31-54',1,'2021-04-29 16:14:36','2021-04-28 22:00:49','2021-04-28 22:20:04','192.168.11.10 ','[\"entities_id\",\"date_mod\",\"users_id\",\"locations_id\",\"groups_id\",\"comment\",\"computermodels_id\",\"manufacturers_id\",\"computertypes_id\"]',1,'OCS-NG_WINDOWS_AGENT_v2.1.1.3 ',21,'NA',NULL),(345,341,1901,'RPC95813-BG-2022-06-27-21-42-36',1,'2021-04-29 16:21:13','2021-04-29 16:19:35','2021-04-29 16:19:35','192.168.11.10 ','[\"entities_id\",\"date_mod\",\"users_id\",\"locations_id\",\"comment\",\"groups_id\",\"name\",\"computermodels_id\",\"manufacturers_id\",\"computertypes_id\"]',1,'OCS-NG_WINDOWS_AGENT_v2.1.1.3 ',21,'NA',NULL),(346,342,2920,'RPC93114-MQ-2022-01-03-13-25-51',1,'2021-04-29 18:39:13','2021-04-29 18:35:42','2021-04-29 18:35:42','192.168.11.10 ','[\"entities_id\",\"date_mod\",\"users_id\",\"locations_id\",\"groups_id\",\"comment\",\"computermodels_id\",\"manufacturers_id\",\"computertypes_id\"]',1,'OCS-NG_WINDOWS_AGENT_v2.1.1.3 ',21,'NA',NULL),(347,343,2841,'RPC93503-MQ-2021-12-22-09-45-42',1,'2021-04-29 21:49:21','2021-04-29 20:00:33','2021-04-29 20:00:33','192.168.11.10 ','[\"entities_id\",\"date_mod\",\"users_id\",\"locations_id\",\"groups_id\",\"comment\",\"computermodels_id\",\"manufacturers_id\",\"computertypes_id\"]',1,'OCS-NG_WINDOWS_AGENT_v2.1.1.3 ',21,'NA',NULL),(348,344,6200,'RPC94382-BG-2023-03-24-19-42-13',1,'2021-04-30 19:50:08','2021-04-30 19:49:47','2021-04-30 19:49:47','192.168.11.10 ','{\"0\":\"contact\",\"1\":\"users_id\",\"2\":\"comment\",\"6\":\"locations_id\",\"7\":\"groups_id\",\"8\":\"name\",\"9\":\"computermodels_id\",\"10\":\"manufacturers_id\",\"11\":\"computertypes_id\"}',1,'OCS-NG_WINDOWS_AGENT_v2.1.1.3 ',22,'NA',NULL),(349,345,2895,'RPC97035-BG-2022-09-02-05-28-32',1,'2021-05-03 19:01:38','2021-05-03 18:58:05','2021-05-03 18:58:05','192.168.11.10 ','[\"entities_id\",\"date_mod\",\"locations_id\",\"users_id\",\"groups_id\",\"comment\",\"computermodels_id\",\"manufacturers_id\",\"computertypes_id\"]',1,'OCS-NG_WINDOWS_AGENT_v2.1.1.3 ',21,'NA',NULL),(350,346,7765,'RPC94558-MQ-2023-06-26-09-58-45',1,'2021-05-03 19:50:59','2021-05-03 19:50:51','2021-05-03 19:50:51','192.168.11.10 ','[\"entities_id\",\"date_mod\",\"locations_id\",\"users_id\",\"groups_id\",\"comment\",\"contact\",\"computermodels_id\",\"manufacturers_id\",\"computertypes_id\"]',1,'OCS-NG_WINDOWS_AGENT_v2.1.1.3 ',22,'NA',NULL),(351,347,8967,'RPC92778-MQ-2023-09-04-08-07-36',1,'2021-05-03 20:57:32','2021-05-03 20:56:48','2021-05-03 20:57:20','192.168.11.10 ','{\"0\":\"users_id\",\"2\":\"locations_id\",\"3\":\"comment\",\"4\":\"groups_id\",\"5\":\"contact\",\"6\":\"computermodels_id\",\"7\":\"manufacturers_id\",\"8\":\"computertypes_id\"}',1,'OCS-NG_WINDOWS_AGENT_v2.1.1.3 ',15,'NA',NULL),(352,348,7284,'RPC500404-BG-2023-05-28-17-54-14',1,'2021-05-04 16:08:41','2021-05-04 16:05:35','2021-05-04 16:05:35','192.168.11.10 ','{\"0\":\"locations_id\",\"1\":\"groups_id\",\"2\":\"contact\",\"3\":\"users_id\",\"4\":\"comment\",\"5\":\"name\",\"7\":\"computermodels_id\",\"8\":\"manufacturers_id\",\"9\":\"computertypes_id\"}',1,'OCS-NG_WINDOWS_AGENT_v2.1.1.3 ',1,'NA',NULL),(353,350,6515,'RPC93461-ME-2023-04-14-10-36-57',1,'2021-05-07 16:28:25','2021-05-07 16:25:03','2021-05-07 16:25:03','192.168.11.10 ','{\"0\":\"contact\",\"1\":\"users_id\",\"2\":\"groups_id\",\"3\":\"comment\",\"5\":\"locations_id\",\"9\":\"computermodels_id\",\"10\":\"manufacturers_id\",\"11\":\"computertypes_id\"}',1,'OCS-NG_WINDOWS_AGENT_v2.1.1.3 ',1,'NA',NULL),(354,351,8711,'RPC96246-BC-2023-08-19-07-11-39',1,'2021-05-07 16:37:14','2021-05-07 16:36:57','2021-05-07 16:36:57','192.168.11.10 ','[\"entities_id\",\"date_mod\",\"users_id\",\"contact\",\"comment\",\"groups_id\",\"locations_id\",\"computermodels_id\",\"manufacturers_id\",\"computertypes_id\"]',1,'OCS-NG_WINDOWS_AGENT_v2.1.1.3 ',21,'NA',NULL),(355,352,2900,'RPC95534-BG-2021-12-29-11-46-09',1,'2021-05-07 16:47:31','2021-05-07 16:46:50','2021-05-07 16:46:50','192.168.11.10 ','[\"users_id\",\"contact\",\"comment\",\"groups_id\",\"locations_id\",\"computermodels_id\",\"manufacturers_id\",\"computertypes_id\"]',1,'OCS-NG_WINDOWS_AGENT_v2.1.1.1 ',1,'Director de TI',NULL),(356,353,2967,'RPC95682-BC-2022-01-13-08-11-38',1,'2021-05-10 20:56:31','2021-05-10 20:56:25','2021-05-10 20:56:25','192.168.11.10 ','[\"entities_id\",\"date_mod\",\"users_id\",\"groups_id\",\"locations_id\",\"contact\",\"comment\",\"computermodels_id\",\"manufacturers_id\",\"computertypes_id\"]',1,'OCS-NG_WINDOWS_AGENT_v2.1.1.3 ',22,'NA',NULL),(357,354,9082,'RPC97132-BC-2023-09-08-08-05-17',1,'2021-05-10 20:56:38','2021-05-10 20:54:52','2021-05-10 20:54:52','192.168.11.10 ','[\"entities_id\",\"date_mod\",\"groups_id\",\"contact\",\"users_id\",\"comment\",\"locations_id\",\"computermodels_id\",\"manufacturers_id\",\"computertypes_id\"]',1,'OCS-NG_WINDOWS_AGENT_v2.1.1.3 ',22,'NA',NULL),(358,355,8965,'RPC96748-MQ-2023-09-03-06-37-18',1,'2021-05-10 20:56:46','2021-05-10 20:54:43','2021-05-10 20:54:43','192.168.11.10 ','[\"entities_id\",\"date_mod\",\"users_id\",\"groups_id\",\"name\",\"locations_id\",\"contact\",\"comment\",\"computermodels_id\",\"manufacturers_id\",\"computertypes_id\"]',1,'OCS-NG_WINDOWS_AGENT_v2.1.1.3 ',22,'NA',NULL),(359,356,2810,'RPC96638-BG-2022-08-26-17-33-03',1,'2021-05-11 17:45:23','2021-05-11 17:44:08','2021-05-11 17:44:08','192.168.11.10 ','[\"contact\",\"users_id\",\"locations_id\",\"groups_id\",\"comment\",\"computermodels_id\",\"manufacturers_id\",\"computertypes_id\"]',1,'OCS-NG_WINDOWS_AGENT_v2.1.1.3 ',21,'NA',NULL),(360,357,2507,'ELCMUR231E-BG-2022-08-08-10-25-32',1,'2021-05-11 17:45:30','2021-05-11 17:43:54','2021-05-11 17:43:54','192.168.11.10 ','[\"entities_id\",\"date_mod\",\"groups_id\",\"users_id\",\"contact\",\"comment\",\"locations_id\",\"name\",\"computermodels_id\",\"manufacturers_id\",\"computertypes_id\"]',1,'OCS-NG_WINDOWS_AGENT_v2.1.1.3 ',22,'NA',NULL),(361,358,9061,'RPC95038-BG-2023-09-07-08-09-46',1,'2021-05-14 18:09:19','2021-05-14 18:09:13','2021-05-14 18:09:13','192.168.11.10 ','{\"0\":\"users_id\",\"1\":\"groups_id\",\"2\":\"contact\",\"4\":\"comment\",\"5\":\"locations_id\",\"6\":\"computermodels_id\",\"7\":\"manufacturers_id\",\"8\":\"computertypes_id\"}',1,'OCS-NG_WINDOWS_AGENT_v2.1.1.3 ',1,'NA',NULL),(362,359,2957,'RPC96533-BG-2022-09-05-22-06-59',1,'2021-05-16 21:07:43','2021-05-16 21:06:45','2021-05-16 21:06:45','192.168.11.10 ','[\"entities_id\",\"date_mod\",\"locations_id\",\"users_id\",\"groups_id\",\"comment\",\"contact\",\"computermodels_id\",\"manufacturers_id\",\"computertypes_id\"]',1,'OCS-NG_WINDOWS_AGENT_v2.1.1.3 ',15,'NA',NULL),(363,360,2618,'RPC95641-BG-2022-08-15-14-41-27',1,'2021-05-18 14:47:50','2021-05-18 14:41:31','2021-05-18 14:41:31','192.168.11.10 ','[\"entities_id\",\"date_mod\",\"users_id\",\"locations_id\",\"contact\",\"groups_id\",\"comment\",\"computermodels_id\",\"manufacturers_id\",\"computertypes_id\"]',1,'OCS-NG_WINDOWS_AGENT_v2.1.1.3 ',21,'NA',NULL),(364,361,1809,'RPC95702-BG-2021-05-18-09-25-58',1,'2021-05-18 14:47:57','2021-05-18 14:34:37','2021-05-18 14:34:37','192.168.11.10 ','{\"0\":\"locations_id\",\"1\":\"contact\",\"2\":\"users_id\",\"3\":\"comment\",\"7\":\"groups_id\",\"9\":\"name\",\"10\":\"computermodels_id\",\"11\":\"manufacturers_id\",\"12\":\"computertypes_id\"}',1,'OCS-NG_WINDOWS_AGENT_v2.1.1.3 ',17,'NA',NULL),(365,362,2466,'RPC97132-BC-2022-08-04-11-37-07',1,'2021-05-20 16:49:36','2021-05-20 16:47:37','2021-05-20 16:47:37','192.168.11.10 ','[\"users_id\",\"name\",\"comment\",\"groups_id\",\"locations_id\",\"contact\",\"computermodels_id\",\"manufacturers_id\",\"computertypes_id\"]',1,'OCS-NG_WINDOWS_AGENT_v2.1.1.3 ',1,'NA',NULL),(366,363,9045,'RPC93891-BG-2023-09-06-16-52-39',1,'2021-05-20 16:49:42','2021-05-20 16:46:46','2021-05-20 16:46:46','192.168.11.10 ','[\"entities_id\",\"date_mod\",\"contact\",\"users_id\",\"comment\",\"groups_id\",\"locations_id\",\"name\",\"computermodels_id\",\"manufacturers_id\",\"computertypes_id\"]',1,'OCS-NG_WINDOWS_AGENT_v2.1.1.3 ',21,'NA',NULL),(367,364,2366,'RPC96199-BG-2022-07-28-16-13-27',1,'2021-05-20 16:49:48','2021-05-20 16:45:22','2021-05-20 16:45:22','192.168.11.10 ','[\"entities_id\",\"date_mod\",\"contact\",\"users_id\",\"comment\",\"name\",\"locations_id\",\"groups_id\",\"computermodels_id\",\"manufacturers_id\",\"computertypes_id\"]',1,'OCS-NG_WINDOWS_AGENT_v2.1.1.3 ',21,'NA',NULL),(368,365,2985,'RPC95645-BG-2022-01-14-09-12-29',1,'2021-05-20 16:49:54','2021-05-20 16:45:13','2021-05-20 16:45:13','192.168.11.10 ','{\"0\":\"groups_id\",\"1\":\"locations_id\",\"3\":\"users_id\",\"4\":\"contact\",\"5\":\"comment\",\"6\":\"name\",\"7\":\"computermodels_id\",\"8\":\"manufacturers_id\",\"9\":\"computertypes_id\"}',1,'OCS-NG_WINDOWS_AGENT_v2.1.1.3 ',22,'NA',NULL),(370,367,9059,'RPC96952-BG-2023-09-07-07-49-43',1,'2021-05-21 21:04:31','2021-05-21 21:00:40','2021-05-21 21:00:40','192.168.11.10 ','[\"entities_id\",\"date_mod\",\"users_id\",\"groups_id\",\"contact\",\"comment\",\"locations_id\",\"computermodels_id\",\"manufacturers_id\",\"computertypes_id\"]',1,'OCS-NG_WINDOWS_AGENT_v2.1.1.3 ',15,'NA',NULL),(371,368,2790,'RPC93881-BC-2022-08-25-19-48-43',1,'2021-05-21 21:04:37','2021-05-21 20:59:39','2021-05-21 20:59:39','192.168.11.10 ','{\"0\":\"locations_id\",\"1\":\"users_id\",\"2\":\"comment\",\"3\":\"groups_id\",\"4\":\"contact\",\"6\":\"computermodels_id\",\"7\":\"manufacturers_id\",\"8\":\"computertypes_id\"}',1,'OCS-NG_WINDOWS_AGENT_v2.1.1.3 ',15,'NA',NULL),(372,369,5488,'RPC94470-ME-2023-02-10-17-37-31',1,'2021-05-21 21:04:42','2021-05-21 20:58:55','2021-05-21 20:58:55','192.168.11.10 ','[\"entities_id\",\"date_mod\",\"contact\",\"comment\",\"users_id\",\"groups_id\",\"locations_id\",\"name\",\"computermodels_id\",\"manufacturers_id\",\"computertypes_id\"]',1,'OCS-NG_WINDOWS_AGENT_v2.1.1.3 ',21,'NA',NULL),(373,370,8203,'RPC95357-BC-2023-07-18-21-20-03',1,'2021-05-28 15:01:20','2021-05-28 14:58:54','2021-05-28 14:58:54','192.168.11.10 ','[\"entities_id\",\"date_mod\",\"users_id\",\"groups_id\",\"locations_id\",\"comment\",\"computermodels_id\",\"manufacturers_id\",\"computertypes_id\"]',1,'OCS-NG_WINDOWS_AGENT_v2.1.1.3 ',22,'NA',NULL),(374,371,6873,'RPC95668-BC-2023-05-04-12-19-22',1,'2021-06-18 20:50:47','2021-06-18 20:28:19','2021-06-18 20:50:39','192.168.11.10 ','{\"0\":\"users_id\",\"1\":\"groups_id\",\"3\":\"comment\",\"4\":\"locations_id\",\"5\":\"computermodels_id\",\"6\":\"manufacturers_id\",\"7\":\"computertypes_id\"}',1,'OCS-NG_WINDOWS_AGENT_v2.1.1.3 ',2,'NA',NULL),(375,372,2769,'RPC94831-ME-2021-12-13-13-44-16',1,'2021-06-28 13:59:09','2021-06-28 13:58:48','2021-06-28 13:58:48','192.168.11.10 ','{\"0\":\"users_id\",\"1\":\"contact\",\"3\":\"comment\",\"4\":\"groups_id\",\"5\":\"name\",\"6\":\"locations_id\",\"7\":\"computermodels_id\",\"8\":\"manufacturers_id\",\"9\":\"computertypes_id\"}',1,'OCS-NG_WINDOWS_AGENT_v2.1.1.3 ',2,'NA',NULL),(376,373,2687,'RPC94413-ME-2021-11-26-14-19-58',1,'2021-06-30 21:29:51','2021-06-30 21:27:59','2021-06-30 21:28:52','192.168.11.10 ','[\"users_id\",\"locations_id\",\"groups_id\",\"comment\",\"computermodels_id\",\"manufacturers_id\",\"computertypes_id\"]',1,'OCS-NG_WINDOWS_AGENT_v2.1.1.3 ',1,'NA',NULL),(378,375,7278,'RPC94829-MQ-2023-05-29-07-29-07',1,'2021-07-06 22:06:45','2021-07-06 22:05:25','2021-07-06 22:05:25','192.168.11.10 ','{\"0\":\"users_id\",\"1\":\"comment\",\"2\":\"contact\",\"4\":\"locations_id\",\"5\":\"groups_id\",\"6\":\"computermodels_id\",\"7\":\"manufacturers_id\",\"8\":\"computertypes_id\"}',1,'OCS-NG_WINDOWS_AGENT_v2.1.1.3 ',17,'NA',NULL),(379,376,5718,'RPC96723-BC-2023-02-27-08-27-09',1,'2021-07-13 14:31:04','2021-07-13 03:59:42','2021-07-13 03:59:42','192.168.11.10 ','[\"users_id\",\"locations_id\",\"groups_id\",\"comment\",\"computermodels_id\",\"manufacturers_id\",\"computertypes_id\"]',1,'OCS-NG_WINDOWS_AGENT_v2.1.1.3 ',17,'NA',NULL),(380,377,3354,'RPC94538-ME-2022-09-27-12-10-53',1,'2021-07-21 14:22:30','2021-07-21 14:19:57','2021-07-21 14:19:57','192.168.11.10 ','[\"entities_id\",\"date_mod\",\"users_id\",\"groups_id\",\"contact\",\"comment\",\"name\",\"locations_id\",\"computermodels_id\",\"manufacturers_id\",\"computertypes_id\"]',1,'OCS-NG_WINDOWS_AGENT_v2.1.1.3 ',15,'NA',NULL),(381,378,4103,'RPC94592-BG-2022-11-17-20-15-03',1,'2021-07-26 19:34:19','2021-07-23 19:43:43','2021-07-26 16:18:46','192.168.11.10 ','{\"0\":\"users_id\",\"1\":\"groups_id\",\"2\":\"locations_id\",\"5\":\"contact\",\"6\":\"comment\",\"7\":\"computermodels_id\",\"8\":\"manufacturers_id\",\"9\":\"computertypes_id\"}',1,'OCS-NG_WINDOWS_AGENT_v2.1.1.3 ',2,'NA',NULL),(382,379,2914,'RPC94462-CA-2021-12-30-08-18-01',1,'2021-07-28 14:15:45','2021-07-27 22:11:02','2021-07-27 22:11:02','192.168.11.10 ','{\"0\":\"locations_id\",\"1\":\"users_id\",\"4\":\"name\",\"5\":\"contact\",\"6\":\"groups_id\",\"7\":\"comment\",\"8\":\"computermodels_id\",\"9\":\"manufacturers_id\",\"10\":\"computertypes_id\"}',1,'OCS-NG_WINDOWS_AGENT_v2.1.1.3 ',17,'NA',NULL),(383,380,2963,'RPC95641-BG-2022-09-07-07-41-53',1,'2021-07-28 14:15:51','2021-07-27 22:02:13','2021-07-28 12:50:26','192.168.11.10 ','[\"entities_id\",\"date_mod\",\"users_id\",\"groups_id\",\"locations_id\",\"comment\",\"computermodels_id\",\"manufacturers_id\",\"computertypes_id\"]',1,'OCS-NG_WINDOWS_AGENT_v2.1.1.3 ',15,'NA',NULL),(384,381,4368,'RPC95696-BG-2022-12-02-08-45-11',1,'2021-07-28 15:50:58','2021-07-28 15:15:56','2021-07-28 15:15:56','192.168.11.10 ','[\"entities_id\",\"date_mod\",\"locations_id\",\"name\",\"contact\",\"users_id\",\"comment\",\"groups_id\",\"computermodels_id\",\"manufacturers_id\",\"computertypes_id\"]',1,'OCS-NG_WINDOWS_AGENT_v2.1.1.3 ',20,'NA',NULL),(385,382,4125,'RPC95645-BG-2022-11-18-13-14-53',1,'2021-07-30 16:43:19','2021-07-30 16:42:10','2021-07-30 16:42:10','192.168.11.10 ','[\"entities_id\",\"date_mod\",\"users_id\",\"comment\",\"contact\",\"groups_id\",\"locations_id\",\"name\",\"computermodels_id\",\"manufacturers_id\",\"computertypes_id\"]',1,'OCS-NG_WINDOWS_AGENT_v2.1.1.3 ',20,'NA',NULL),(386,383,9038,'ELCMUR715A-BG-2023-09-06-13-44-00',1,'2021-08-03 19:18:06','2021-08-03 19:16:49','2021-08-03 19:16:49','192.168.11.10 ','{\"0\":\"users_id\",\"2\":\"groups_id\",\"3\":\"locations_id\",\"4\":\"comment\",\"5\":\"computermodels_id\",\"6\":\"manufacturers_id\",\"7\":\"computertypes_id\"}',1,'OCS-NG_WINDOWS_AGENT_v2.1.1.3 ',22,'NA',NULL),(387,384,8174,'RPC96722-MQ-2023-07-18-07-34-15',1,'2021-08-03 20:01:00','2021-08-03 19:56:56','2021-08-03 19:56:56','192.168.11.10 ','[\"groups_id\",\"users_id\",\"locations_id\",\"comment\",\"computermodels_id\",\"manufacturers_id\",\"computertypes_id\"]',1,'OCS-NG_WINDOWS_AGENT_v2.1.1.3 ',2,'NA',NULL),(388,385,7644,'RPC95813-BG-2023-06-14-17-39-36',1,'2021-08-03 21:03:41','2021-08-03 21:02:50','2021-08-03 21:02:50','192.168.11.10 ','[\"users_id\",\"groups_id\",\"comment\",\"contact\",\"name\",\"locations_id\",\"computermodels_id\",\"manufacturers_id\",\"computertypes_id\"]',1,'OCS-NG_WINDOWS_AGENT_v2.1.1.3 ',19,'NA',NULL),(389,386,3153,'RPC96948-BG-2022-09-20-11-02-39',1,'2021-08-03 21:19:38','2021-08-03 21:19:27','2021-08-03 21:19:27','192.168.11.10 ','[\"entities_id\",\"date_mod\",\"contact\",\"users_id\",\"comment\",\"name\",\"locations_id\",\"groups_id\",\"computermodels_id\",\"manufacturers_id\",\"computertypes_id\"]',1,'OCS-NG_WINDOWS_AGENT_v2.1.1.3 ',21,'NA',NULL),(390,387,3275,'RPC96272-BG-2022-09-26-12-47-13',1,'2021-08-03 21:59:10','2021-08-03 21:58:50','2021-08-03 21:58:50','192.168.11.10 ','[\"contact\",\"users_id\",\"comment\",\"locations_id\",\"groups_id\",\"computermodels_id\",\"manufacturers_id\",\"computertypes_id\"]',1,'OCS-NG_WINDOWS_AGENT_v2.1.1.3 ',21,'NA',NULL),(391,388,2860,'RPC92778-MQ-2022-08-31-07-37-00',1,'2021-08-04 18:53:52','2021-08-04 18:50:21','2021-08-04 18:50:21','192.168.11.10 ','{\"0\":\"users_id\",\"1\":\"groups_id\",\"2\":\"locations_id\",\"3\":\"contact\",\"5\":\"comment\",\"6\":\"computermodels_id\",\"7\":\"manufacturers_id\",\"8\":\"computertypes_id\"}',1,'OCS-NG_WINDOWS_AGENT_v2.1.1.3 ',1,'NA',NULL),(392,389,2822,'RPC94374-BG-2021-12-20-10-51-18',1,'2021-08-05 14:02:40','2021-08-05 14:02:22','2021-08-05 14:02:23','192.168.11.10 ','{\"0\":\"locations_id\",\"1\":\"users_id\",\"3\":\"contact\",\"5\":\"comment\",\"6\":\"groups_id\",\"7\":\"computermodels_id\",\"8\":\"manufacturers_id\",\"9\":\"computertypes_id\"}',1,'OCS-NG_WINDOWS_AGENT_v2.1.1.3 ',17,'NA',NULL),(393,390,2715,'RPC94124-BC-2022-08-22-10-13-00',1,'2021-08-09 17:22:02','2021-08-09 17:20:00','2021-08-09 17:20:00','192.168.11.10 ','[\"groups_id\",\"users_id\",\"locations_id\",\"comment\",\"computermodels_id\",\"manufacturers_id\",\"computertypes_id\"]',1,'OCS-NG_WINDOWS_AGENT_v2.1.1.3 ',1,'NA',NULL),(394,391,2343,'RPC94124-BC-2022-07-27-07-32-36',1,'2021-08-13 13:39:32','2021-08-13 13:35:01','2021-08-13 13:35:03','192.168.11.10 ','[\"comment\",\"locations_id\",\"users_id\",\"groups_id\",\"name\",\"contact\",\"computermodels_id\",\"manufacturers_id\",\"computertypes_id\"]',1,'OCS-NG_WINDOWS_AGENT_v2.1.1.3 ',22,'NA',NULL),(395,392,8632,'RPC94735-BG-2023-08-14-14-07-05',1,'2021-08-13 13:39:39','2021-08-12 22:23:46','2021-08-12 22:23:46','192.168.11.10 ','{\"0\":\"locations_id\",\"1\":\"users_id\",\"2\":\"contact\",\"3\":\"comment\",\"6\":\"groups_id\",\"7\":\"computermodels_id\",\"8\":\"manufacturers_id\",\"9\":\"computertypes_id\"}',1,'OCS-NG_WINDOWS_AGENT_v2.1.1.3 ',17,'NA',NULL),(396,393,8381,'RPC95701-BQ-2023-07-28-13-30-20',1,'2021-08-13 13:39:44','2021-08-12 22:21:26','2021-08-12 22:21:26','192.168.11.10 ','{\"0\":\"users_id\",\"1\":\"comment\",\"2\":\"locations_id\",\"4\":\"groups_id\",\"6\":\"computermodels_id\",\"7\":\"manufacturers_id\",\"8\":\"computertypes_id\"}',1,'OCS-NG_WINDOWS_AGENT_v2.1.1.3 ',15,'NA',NULL),(397,394,2651,'RPC97035-BG-2022-08-17-07-44-54',1,'2021-08-13 18:12:06','2021-08-13 18:11:48','2021-08-13 18:11:58','192.168.11.10 ','[\"entities_id\",\"date_mod\",\"groups_id\",\"users_id\",\"locations_id\",\"contact\",\"comment\",\"computermodels_id\",\"manufacturers_id\",\"computertypes_id\"]',1,'OCS-NG_WINDOWS_AGENT_v2.1.1.3 ',15,'NA',NULL),(398,395,8962,'RPC97035-BG-2023-09-01-06-53-37',1,'2021-08-18 17:43:28','2021-08-18 12:48:59','2021-08-18 12:48:59','192.168.11.10 ','[\"entities_id\",\"date_mod\",\"users_id\",\"locations_id\",\"groups_id\",\"comment\",\"computermodels_id\",\"manufacturers_id\",\"computertypes_id\"]',1,'OCS-NG_WINDOWS_AGENT_v2.1.1.3 ',21,'NA',NULL),(399,396,2052,'RPC94007-BG-2021-08-18-13-49-38',1,'2021-08-23 15:45:00','2021-08-23 00:01:46','2021-08-23 00:01:46','192.168.11.10 ','[\"groups_id\",\"locations_id\",\"comment\",\"computermodels_id\",\"manufacturers_id\",\"computertypes_id\"]',1,'OCS-NG_WINDOWS_AGENT_v2.1.1.3 ',1,'NA',NULL),(400,397,2894,'RPC97097-BC-2022-09-02-10-32-44',1,'2021-08-23 19:58:07','2021-08-23 19:57:26','2021-08-23 19:57:26','192.168.11.10 ','{\"0\":\"contact\",\"1\":\"users_id\",\"3\":\"locations_id\",\"4\":\"groups_id\",\"5\":\"comment\",\"6\":\"computermodels_id\",\"7\":\"manufacturers_id\",\"8\":\"computertypes_id\"}',1,'OCS-NG_WINDOWS_AGENT_v2.1.1.3 ',21,'NA',NULL),(401,398,2365,'RPC96638-BG-2022-07-28-15-57-58',1,'2021-08-23 21:37:35','2021-08-23 21:36:58','2021-08-23 21:36:58','192.168.11.10 ','{\"0\":\"users_id\",\"1\":\"groups_id\",\"3\":\"locations_id\",\"4\":\"comment\",\"5\":\"computermodels_id\",\"6\":\"manufacturers_id\",\"7\":\"computertypes_id\"}',1,'OCS-NG_WINDOWS_AGENT_v2.1.1.3 ',2,'NA',NULL),(402,400,8999,'RPC95863-BG-2023-09-05-15-04-36',1,'2021-09-06 17:29:57','2021-09-06 17:26:31','2021-09-06 17:26:31','192.168.11.10 ','{\"0\":\"users_id\",\"2\":\"locations_id\",\"3\":\"groups_id\",\"4\":\"comment\",\"5\":\"computermodels_id\",\"6\":\"manufacturers_id\",\"7\":\"computertypes_id\"}',1,'OCS-NG_WINDOWS_AGENT_v2.1.1.3 ',2,'NA',NULL),(403,401,2966,'RPC96651-BC-2022-09-07-07-42-35',1,'2021-09-09 20:07:44','2021-09-09 16:39:30','2021-09-09 16:40:31','192.168.11.10 ','{\"0\":\"users_id\",\"2\":\"groups_id\",\"3\":\"locations_id\",\"4\":\"contact\",\"5\":\"comment\",\"6\":\"computermodels_id\",\"7\":\"manufacturers_id\",\"8\":\"computertypes_id\"}',1,'OCS-NG_WINDOWS_AGENT_v2.1.1.3 ',1,'NA',NULL),(404,402,8638,'ELCMUR6QW5-BG-2023-08-14-20-51-49',1,'2021-09-10 20:00:19','2021-09-10 19:59:11','2021-09-10 19:59:11','192.168.11.10 ','[\"entities_id\",\"date_mod\",\"groups_id\",\"locations_id\",\"users_id\",\"comment\",\"computermodels_id\",\"manufacturers_id\",\"computertypes_id\"]',1,'OCS-NG_WINDOWS_AGENT_v2.1.1.3 ',22,'NA',NULL),(405,403,2820,'RPC96114-BG-2021-12-18-07-10-39',1,'2021-09-10 20:00:26','2021-09-10 19:58:57','2021-09-10 19:58:57','192.168.11.10 ','[\"contact\",\"users_id\",\"groups_id\",\"comment\",\"locations_id\",\"computermodels_id\",\"manufacturers_id\",\"computertypes_id\"]',1,'OCS-NG_WINDOWS_AGENT_v2.1.1.3 ',1,'NA',NULL),(406,404,3014,'RPC93886-BC-2022-01-18-17-40-18',1,'2021-09-17 15:39:43','2021-09-16 22:17:30','2021-09-16 22:17:30','192.168.11.10 ','[\"groups_id\",\"users_id\",\"locations_id\",\"comment\",\"computermodels_id\",\"manufacturers_id\",\"computertypes_id\"]',1,'OCS-NG_WINDOWS_AGENT_v2.1.1.3 ',1,'NA',NULL),(407,405,2821,'RPC96939-BG-2022-08-27-07-03-59',1,'2021-09-17 15:39:52','2021-09-16 22:17:17','2021-09-16 22:17:17','192.168.11.10 ','[\"groups_id\",\"comment\",\"contact\",\"users_id\",\"locations_id\",\"name\",\"computermodels_id\",\"manufacturers_id\",\"computertypes_id\"]',1,'OCS-NG_WINDOWS_AGENT_v2.1.1.3 ',22,'NA',NULL),(408,406,8653,'RPC95406-BG-2023-08-12-02-55-08',1,'2021-09-24 20:16:19','2021-09-24 20:16:09','2021-09-24 20:16:09','192.168.11.10 ','{\"0\":\"users_id\",\"2\":\"groups_id\",\"3\":\"comment\",\"4\":\"locations_id\",\"5\":\"computermodels_id\",\"6\":\"manufacturers_id\",\"7\":\"computertypes_id\"}',1,'OCS-NG_WINDOWS_AGENT_v2.1.1.3 ',1,'NA',NULL),(409,407,8802,'RPC93886-BC-2023-08-24-08-42-45',1,'2021-09-24 21:14:29','2021-09-24 21:14:14','2021-09-24 21:14:26','192.168.11.10 ','[\"entities_id\",\"date_mod\",\"users_id\",\"locations_id\",\"groups_id\",\"comment\",\"computermodels_id\",\"manufacturers_id\",\"computertypes_id\"]',1,'OCS-NG_WINDOWS_AGENT_v2.1.1.3 ',21,'NA',NULL),(410,408,6618,'RPC95702-ME-2023-04-18-17-07-02',1,'2021-09-27 15:54:14','2021-09-27 15:53:42','2021-09-27 15:53:42','192.168.11.10 ','{\"0\":\"users_id\",\"2\":\"contact\",\"3\":\"groups_id\",\"4\":\"comment\",\"5\":\"locations_id\",\"6\":\"computermodels_id\",\"7\":\"manufacturers_id\",\"8\":\"computertypes_id\"}',1,'OCS-NG_WINDOWS_AGENT_v2.1.1.3 ',1,'NA',NULL),(411,409,2558,'RPC95406-BG-2022-08-10-13-28-32',1,'2021-10-11 14:26:45','2021-10-11 14:26:36','2021-10-11 14:26:36','192.168.11.10 ','{\"0\":\"users_id\",\"2\":\"groups_id\",\"3\":\"locations_id\",\"4\":\"contact\",\"5\":\"comment\",\"6\":\"computermodels_id\",\"7\":\"manufacturers_id\",\"8\":\"computertypes_id\"}',1,'OCS-NG_WINDOWS_AGENT_v2.1.1.3 ',1,'NA',NULL),(412,410,2870,'RPC96533-BG-2022-09-01-05-02-31',1,'2021-10-11 15:43:06','2021-10-11 14:46:10','2021-10-11 14:46:10','192.168.11.10 ','[\"users_id\",\"comment\",\"groups_id\",\"contact\",\"locations_id\",\"name\",\"computermodels_id\",\"manufacturers_id\",\"computertypes_id\"]',1,'OCS-NG_WINDOWS_AGENT_v2.1.1.3 ',22,'NA',NULL),(413,411,2975,'RPC95038-BG-2022-01-13-14-38-55',1,'2021-10-11 19:21:36','2021-10-11 19:19:57','2021-10-11 19:19:57','192.168.11.10 ','[\"contact\",\"users_id\",\"groups_id\",\"comment\",\"locations_id\",\"computermodels_id\",\"manufacturers_id\",\"computertypes_id\"]',1,'OCS-NG_WINDOWS_AGENT_v2.1.1.3 ',1,'NA',NULL),(414,412,9068,'RPC96939-BG-2023-09-07-10-03-52',1,'2021-10-12 18:50:33','2021-10-12 18:47:59','2021-10-12 18:50:16','192.168.11.10 ','[\"contact\",\"users_id\",\"comment\",\"groups_id\",\"locations_id\",\"computermodels_id\",\"manufacturers_id\",\"computertypes_id\"]',1,'OCS-NG_WINDOWS_AGENT_v2.1.1.3 ',2,'NA',NULL),(415,413,9079,'RPC97027-BG-2023-09-08-07-44-38',1,'2021-10-13 15:23:38','2021-10-13 14:32:28','2021-10-13 14:32:28','192.168.11.10 ','{\"0\":\"locations_id\",\"1\":\"users_id\",\"3\":\"groups_id\",\"4\":\"comment\",\"5\":\"computermodels_id\",\"6\":\"manufacturers_id\",\"7\":\"computertypes_id\"}',1,'OCS-NG_WINDOWS_AGENT_v2.1.1.3 ',17,'NA',NULL),(416,414,2445,'RPC500904-BC-2021-10-20-14-23-37',1,'2021-10-20 19:34:06','2021-10-20 19:29:44','2021-10-20 19:29:44','192.168.11.10 ','[\"entities_id\",\"date_mod\",\"users_id\",\"groups_id\",\"locations_id\",\"comment\",\"computermodels_id\",\"manufacturers_id\",\"computertypes_id\"]',1,'OCS-NG_WINDOWS_AGENT_v2.1.1.3 ',22,'NA',NULL),(417,415,8932,'RPC93664-ME-2023-08-31-08-29-56',1,'2021-10-22 15:53:26','2021-10-22 15:37:58','2021-10-22 15:37:58','192.168.11.10 ','[\"locations_id\",\"groups_id\",\"comment\",\"computermodels_id\",\"manufacturers_id\",\"computertypes_id\"]',1,'OCS-NG_WINDOWS_AGENT_v2.1.1.3 ',17,'NA',NULL),(418,416,8814,'RPC96060-BG-2023-08-25-15-09-44',1,'2021-10-22 17:06:08','2021-10-22 17:05:40','2021-10-22 17:06:02','192.168.11.10 ','{\"0\":\"users_id\",\"1\":\"locations_id\",\"3\":\"groups_id\",\"4\":\"contact\",\"5\":\"comment\",\"6\":\"computermodels_id\",\"7\":\"manufacturers_id\",\"8\":\"computertypes_id\"}',1,'OCS-NG_WINDOWS_AGENT_v2.1.1.3 ',2,'NA',NULL),(419,417,8361,'RPC94969-BQ-2023-07-27-22-55-29',1,'2021-10-27 15:29:24','2021-10-27 15:29:04','2021-10-27 15:29:10','192.168.11.10 ','[\"entities_id\",\"date_mod\",\"locations_id\",\"users_id\",\"groups_id\",\"contact\",\"comment\",\"name\",\"computermodels_id\",\"manufacturers_id\",\"computertypes_id\"]',1,'OCS-NG_WINDOWS_AGENT_v2.1.1.3 ',22,'NA',NULL),(420,418,4061,'RPC93114-MQ-2022-11-02-17-35-45',1,'2021-10-27 21:37:15','2021-10-27 21:37:02','2021-10-27 21:37:02','192.168.11.10 ','{\"0\":\"users_id\",\"1\":\"locations_id\",\"3\":\"groups_id\",\"4\":\"contact\",\"5\":\"comment\",\"6\":\"computermodels_id\",\"7\":\"manufacturers_id\",\"8\":\"computertypes_id\"}',1,'OCS-NG_WINDOWS_AGENT_v2.1.1.3 ',1,'NA',NULL),(421,419,7451,'RPC94758-BG-2023-06-07-09-48-42',1,'2021-10-28 17:44:49','2021-10-28 17:42:17','2021-10-28 17:42:17','192.168.11.10 ','[\"entities_id\",\"date_mod\",\"users_id\",\"locations_id\",\"groups_id\",\"comment\",\"computermodels_id\",\"manufacturers_id\",\"computertypes_id\"]',1,'OCS-NG_WINDOWS_AGENT_v2.1.1.3 ',21,'NA',NULL),(422,420,2509,'RPC93273-MQ-2021-10-28-11-27-29',1,'2021-10-28 17:44:55','2021-10-28 17:42:28','2021-10-28 17:42:28','192.168.11.10 ','[\"entities_id\",\"date_mod\",\"locations_id\",\"groups_id\",\"comment\",\"computermodels_id\",\"manufacturers_id\",\"computertypes_id\"]',1,'OCS-NG_WINDOWS_AGENT_v2.1.1.3 ',21,'NA',NULL),(423,421,2948,'RPC94355-BG-2022-01-08-11-25-07',1,'2021-10-28 17:45:01','2021-10-28 13:46:24','2021-10-28 13:46:24','192.168.11.10 ','[\"entities_id\",\"date_mod\",\"users_id\",\"groups_id\",\"locations_id\",\"contact\",\"comment\",\"computermodels_id\",\"manufacturers_id\",\"computertypes_id\"]',1,'OCS-NG_WINDOWS_AGENT_v2.1.1.3 ',15,'NA',NULL),(424,422,2798,'RPC97026-ME-2022-08-23-07-35-05',1,'2021-10-29 16:20:10','2021-10-29 16:19:40','2021-10-29 16:20:02','192.168.11.10 ','{\"0\":\"users_id\",\"1\":\"comment\",\"2\":\"groups_id\",\"3\":\"locations_id\",\"5\":\"computermodels_id\",\"6\":\"manufacturers_id\",\"7\":\"computertypes_id\"}',1,'OCS-NG_WINDOWS_AGENT_v2.1.1.3 ',2,'NA',NULL),(425,423,2525,'RPC95278-BG-2021-10-29-17-27-25',1,'2021-11-02 16:35:11','2021-11-02 16:29:18','2021-11-02 16:35:03','192.168.11.10 ','{\"0\":\"contact\",\"1\":\"users_id\",\"2\":\"comment\",\"6\":\"locations_id\",\"7\":\"groups_id\",\"8\":\"name\",\"9\":\"computermodels_id\",\"10\":\"manufacturers_id\",\"11\":\"computertypes_id\"}',1,'OCS-NG_WINDOWS_AGENT_v2.1.1.3 ',15,'NA',NULL),(426,424,2836,'RPC96651-BC-2022-08-29-15-38-26',1,'2021-11-02 19:58:26','2021-11-02 19:54:50','2021-11-02 19:54:50','192.168.11.10 ','[\"users_id\",\"locations_id\",\"groups_id\",\"comment\",\"computermodels_id\",\"manufacturers_id\",\"computertypes_id\"]',1,'OCS-NG_WINDOWS_AGENT_v2.1.1.3 ',2,'NA',NULL),(427,425,5855,'RPC94909-BC-2023-03-05-15-09-00',1,'2021-11-03 20:32:12','2021-11-03 20:32:08','2021-11-03 20:32:10','192.168.11.10 ','[\"locations_id\",\"groups_id\",\"comment\",\"computermodels_id\",\"manufacturers_id\",\"computertypes_id\"]',1,'OCS-NG_WINDOWS_AGENT_v2.1.1.3 ',17,'NA',NULL),(428,426,6570,'RPC97026-ME-2023-04-17-07-29-23',1,'2021-11-04 22:27:37','2021-11-04 22:27:20','2021-11-04 22:27:20','192.168.11.10 ','[\"locations_id\",\"contact\",\"users_id\",\"comment\",\"name\",\"groups_id\",\"computermodels_id\",\"manufacturers_id\",\"computertypes_id\"]',1,'OCS-NG_WINDOWS_AGENT_v2.1.1.3 ',2,'NA',NULL),(429,427,2780,'RPC95038-BG-2022-08-24-20-41-21',1,'2021-11-05 14:33:07','2021-11-05 14:32:59','2021-11-05 14:32:59','192.168.11.10 ','{\"0\":\"users_id\",\"1\":\"comment\",\"3\":\"groups_id\",\"4\":\"name\",\"5\":\"locations_id\",\"6\":\"contact\",\"8\":\"computermodels_id\",\"9\":\"manufacturers_id\",\"10\":\"computertypes_id\"}',1,'OCS-NG_WINDOWS_AGENT_v2.1.1.3 ',15,'NA',NULL),(430,428,3835,'RPC95005-BG-2022-11-01-07-45-40',1,'2021-11-08 20:48:17','2021-11-08 20:48:03','2021-11-08 20:48:03','192.168.11.10 ','[\"users_id\",\"groups_id\",\"locations_id\",\"contact\",\"comment\",\"computermodels_id\",\"manufacturers_id\",\"computertypes_id\"]',1,'OCS-NG_WINDOWS_AGENT_v2.1.1.3 ',1,'NA',NULL),(431,429,2935,'RPC92778-MQ-2022-09-05-14-03-44',1,'2021-11-10 14:49:45','2021-11-08 22:37:17','2021-11-08 22:38:54','192.168.11.10 ','[\"contact\",\"users_id\",\"comment\",\"groups_id\",\"locations_id\",\"computermodels_id\",\"manufacturers_id\",\"computertypes_id\"]',1,'OCS-NG_WINDOWS_AGENT_v2.1.1.3 ',15,'NA',NULL),(432,430,4665,'RPC94521-BC-2022-12-20-13-47-51',1,'2021-11-11 20:23:57','2021-11-11 20:23:31','2021-11-11 20:23:31','192.168.11.10 ','{\"0\":\"users_id\",\"1\":\"contact\",\"3\":\"comment\",\"4\":\"locations_id\",\"5\":\"groups_id\",\"6\":\"computermodels_id\",\"7\":\"manufacturers_id\",\"8\":\"computertypes_id\"}',1,'OCS-NG_WINDOWS_AGENT_v2.1.1.3 ',2,'NA',NULL),(433,431,8742,'RPC96533-BG-2023-08-22-07-35-39',1,'2021-11-12 19:39:11','2021-11-12 19:39:00','2021-11-12 19:39:04','192.168.11.10 ','[\"entities_id\",\"date_mod\",\"users_id\",\"locations_id\",\"contact\",\"groups_id\",\"comment\",\"computermodels_id\",\"manufacturers_id\",\"computertypes_id\"]',1,'OCS-NG_WINDOWS_AGENT_v2.1.1.3 ',21,'NA',NULL),(434,432,2736,'RPC95641-BG-2022-08-23-08-08-25',1,'2021-11-17 21:38:47','2021-11-17 21:22:40','2021-11-17 21:33:47','192.168.11.10 ','{\"0\":\"locations_id\",\"1\":\"users_id\",\"2\":\"groups_id\",\"4\":\"contact\",\"5\":\"comment\",\"6\":\"computermodels_id\",\"7\":\"manufacturers_id\",\"8\":\"computertypes_id\"}',1,'OCS-NG_WINDOWS_AGENT_v2.1.1.3 ',15,'NA',NULL),(435,433,2888,'RPC97105-BC-2022-09-02-07-35-07',1,'2021-11-18 20:20:55','2021-11-18 20:20:47','2021-11-18 20:20:47','192.168.11.10 ','[\"contact\",\"users_id\",\"groups_id\",\"comment\",\"name\",\"locations_id\",\"computermodels_id\",\"manufacturers_id\",\"computertypes_id\"]',1,'OCS-NG_WINDOWS_AGENT_v2.1.1.3 ',1,'NA',NULL),(436,434,2672,'RPC93682-CA-2021-11-25-14-43-25',1,'2021-11-25 20:25:27','2021-11-25 20:25:20','2021-11-25 20:25:22','192.168.11.10 ','[\"groups_id\",\"comment\",\"computermodels_id\",\"manufacturers_id\",\"computertypes_id\"]',1,'OCS-NG_WINDOWS_AGENT_v2.1.1.3 ',2,'NA',NULL),(437,435,8433,'RPC96721-BQ-2023-07-31-12-17-01',1,'2021-11-29 21:49:40','2021-11-29 21:49:20','2021-11-29 21:49:26','192.168.11.10 ','[\"comment\",\"contact\",\"users_id\",\"groups_id\",\"locations_id\",\"computermodels_id\",\"manufacturers_id\",\"computertypes_id\"]',1,'OCS-NG_WINDOWS_AGENT_v2.1.1.3 ',17,'NA',NULL),(438,436,2964,'RPC96860-BC-2022-09-07-08-44-45',1,'2021-12-02 15:30:22','2021-12-02 15:29:28','2021-12-02 15:29:28','192.168.11.10 ','{\"0\":\"name\",\"1\":\"locations_id\",\"2\":\"groups_id\",\"5\":\"contact\",\"6\":\"users_id\",\"7\":\"comment\",\"8\":\"computermodels_id\",\"9\":\"manufacturers_id\",\"10\":\"computertypes_id\"}',1,'OCS-NG_WINDOWS_AGENT_v2.1.1.3 ',2,'NA',NULL),(439,437,2853,'RPC96310-BC-2022-08-30-17-24-25',1,'2021-12-02 15:30:29','2021-12-02 15:26:09','2021-12-02 15:26:09','192.168.11.10 ','[\"users_id\",\"comment\",\"contact\",\"locations_id\",\"groups_id\",\"computermodels_id\",\"manufacturers_id\",\"computertypes_id\"]',1,'OCS-NG_WINDOWS_AGENT_v2.1.1.3 ',2,'NA',NULL),(440,438,2972,'RPC93461-ME-2022-01-12-17-48-22',1,'2021-12-02 19:48:20','2021-12-02 19:47:40','2021-12-02 19:47:40','192.168.11.10 ','[\"users_id\",\"locations_id\",\"groups_id\",\"contact\",\"comment\",\"computermodels_id\",\"manufacturers_id\",\"computertypes_id\"]',1,'OCS-NG_WINDOWS_AGENT_v2.1.1.3 ',1,'NA',NULL),(443,441,7320,'RPC94775-BG-2023-05-27-09-55-17',1,'2021-12-07 17:54:24','2021-12-07 17:53:03','2021-12-07 17:53:03','192.168.11.10 ','[\"users_id\",\"groups_id\",\"locations_id\",\"contact\",\"comment\",\"computermodels_id\",\"manufacturers_id\",\"computertypes_id\"]',1,'OCS-NG_WINDOWS_AGENT_v2.1.1.3 ',2,'NA',NULL),(444,442,2826,'RPC95048-MQ-2021-12-15-15-23-44',1,'2021-12-10 14:54:14','2021-12-10 14:53:50','2021-12-10 14:53:50','192.168.11.10 ','[\"contact\",\"users_id\",\"comment\",\"locations_id\",\"computermodels_id\",\"manufacturers_id\",\"computertypes_id\"]',1,'OCS-NG_WINDOWS_AGENT_v2.1.1.3 ',21,'NA',NULL),(445,443,7401,'ELCMUR5161-BG-2023-06-05-07-31-24',1,'2021-12-14 15:01:44','2021-12-14 15:01:23','2021-12-14 15:01:23','192.168.11.10 ','{\"0\":\"users_id\",\"1\":\"contact\",\"2\":\"groups_id\",\"3\":\"comment\",\"5\":\"locations_id\",\"6\":\"name\",\"7\":\"computermodels_id\",\"8\":\"manufacturers_id\",\"9\":\"computertypes_id\"}',1,'OCS-NG_WINDOWS_AGENT_v2.1.1.3 ',2,'NA',NULL),(446,444,2807,'RPC95641-BG-2022-08-26-13-48-59',1,'2021-12-14 15:01:50','2021-12-14 14:46:19','2021-12-14 14:46:19','192.168.11.10 ','{\"0\":\"groups_id\",\"1\":\"users_id\",\"2\":\"locations_id\",\"3\":\"contact\",\"5\":\"comment\",\"6\":\"computermodels_id\",\"7\":\"manufacturers_id\",\"8\":\"computertypes_id\"}',1,'OCS-NG_WINDOWS_AGENT_v2.1.1.3 ',2,'NA',NULL),(447,445,6679,'RPC96958-ME-2023-04-21-07-37-04',1,'2021-12-15 21:48:47','2021-12-15 21:48:23','2021-12-15 21:48:23','192.168.11.10 ','[\"contact\",\"users_id\",\"comment\",\"locations_id\",\"groups_id\",\"computermodels_id\",\"manufacturers_id\",\"computertypes_id\"]',1,'OCS-NG_WINDOWS_AGENT_v2.1.1.3 ',15,'NA',NULL),(448,446,2946,'RPC94468-BG-2022-01-07-09-34-57',1,'2021-12-20 16:07:29','2021-12-20 16:01:43','2021-12-20 16:01:43','192.168.11.10 ','[\"contact\",\"users_id\",\"comment\",\"locations_id\",\"groups_id\",\"name\",\"computermodels_id\",\"manufacturers_id\",\"computertypes_id\"]',1,'OCS-NG_WINDOWS_AGENT_v2.1.1.3 ',20,'NA',NULL),(449,447,2908,'RPC96638-BG-2022-09-02-14-58-03',1,'2021-12-20 16:16:31','2021-12-20 16:14:42','2021-12-20 16:14:42','192.168.11.10 ','[\"entities_id\",\"date_mod\",\"contact\",\"users_id\",\"comment\",\"locations_id\",\"groups_id\",\"computermodels_id\",\"manufacturers_id\",\"computertypes_id\"]',1,'OCS-NG_WINDOWS_AGENT_v2.1.1.3 ',21,'NA',NULL),(450,448,7896,'RPC96860-BC-2023-07-02-08-52-57',1,'2021-12-21 16:06:38','2021-12-21 15:30:58','2021-12-21 15:30:58','192.168.11.10 ','{\"0\":\"groups_id\",\"1\":\"users_id\",\"2\":\"contact\",\"3\":\"locations_id\",\"5\":\"comment\",\"6\":\"computermodels_id\",\"7\":\"manufacturers_id\",\"8\":\"computertypes_id\"}',1,'OCS-NG_WINDOWS_AGENT_v2.1.1.3 ',2,'NA',NULL),(451,449,2839,'RPC96199-BG-2022-08-30-07-17-14',1,'2021-12-21 16:35:04','2021-12-21 16:23:28','2021-12-21 16:27:31','192.168.11.10 ','{\"0\":\"contact\",\"1\":\"users_id\",\"2\":\"comment\",\"4\":\"locations_id\",\"7\":\"groups_id\",\"8\":\"computermodels_id\",\"9\":\"manufacturers_id\",\"10\":\"computertypes_id\"}',1,'OCS-NG_WINDOWS_AGENT_v2.1.1.3 ',21,'NA',NULL),(452,450,2858,'RPC97026-ME-2022-08-31-07-21-27',1,'2021-12-22 17:07:58','2021-12-22 16:50:45','2021-12-22 17:00:10','192.168.11.10 ','{\"0\":\"users_id\",\"2\":\"groups_id\",\"3\":\"contact\",\"4\":\"comment\",\"5\":\"locations_id\",\"6\":\"computermodels_id\",\"7\":\"manufacturers_id\",\"8\":\"computertypes_id\"}',1,'OCS-NG_WINDOWS_AGENT_v2.1.1.3 ',15,'NA',NULL),(453,451,8637,'RPC97097-BC-2023-08-09-17-36-04',1,'2021-12-23 17:45:30','2021-12-23 01:04:11','2021-12-23 12:34:29','192.168.11.10 ','[\"users_id\",\"locations_id\",\"groups_id\",\"comment\",\"computermodels_id\",\"manufacturers_id\",\"computertypes_id\"]',1,'OCS-NG_WINDOWS_AGENT_v2.1.1.3 ',21,'NA',NULL),(454,452,7267,'RPC94368-BC-2023-05-26-18-35-00',1,'2021-12-29 19:34:15','2021-12-29 19:27:46','2021-12-29 19:27:46','192.168.11.10 ','[\"entities_id\",\"date_mod\",\"users_id\",\"locations_id\",\"contact\",\"groups_id\",\"comment\",\"computermodels_id\",\"manufacturers_id\",\"computertypes_id\"]',1,'OCS-NG_WINDOWS_AGENT_v2.1.1.3 ',21,'NA',NULL),(455,453,5113,'RPC94124-BC-2023-01-21-11-54-19',1,'2021-12-30 21:46:05','2021-12-30 17:14:10','2021-12-30 17:14:10','192.168.11.10 ','[\"locations_id\",\"contact\",\"users_id\",\"groups_id\",\"comment\",\"computermodels_id\",\"manufacturers_id\",\"computertypes_id\"]',1,'OCS-NG_WINDOWS_AGENT_v2.1.1.3 ',17,'NA',NULL),(456,454,2942,'RPC97105-BC-2022-09-06-06-39-32',1,'2021-12-30 21:46:14','2021-12-30 17:04:10','2021-12-30 17:04:10','192.168.11.10 ','{\"0\":\"locations_id\",\"2\":\"contact\",\"3\":\"users_id\",\"4\":\"comment\",\"5\":\"groups_id\",\"6\":\"computermodels_id\",\"7\":\"manufacturers_id\",\"8\":\"computertypes_id\"}',1,'OCS-NG_WINDOWS_AGENT_v2.1.1.3 ',17,'NA',NULL),(457,455,2969,'RPC95038-BG-2022-09-07-08-14-02',1,'2021-12-30 21:46:20','2021-12-30 16:49:34','2021-12-30 16:49:34','192.168.11.10 ','{\"0\":\"groups_id\",\"1\":\"users_id\",\"2\":\"comment\",\"3\":\"name\",\"4\":\"locations_id\",\"5\":\"contact\",\"7\":\"computermodels_id\",\"8\":\"manufacturers_id\",\"9\":\"computertypes_id\"}',1,'OCS-NG_WINDOWS_AGENT_v2.1.1.3 ',2,'NA',NULL),(458,456,3126,'RPC93910-BG-2022-09-14-11-23-35',1,'2021-12-30 21:46:26','2021-12-30 16:15:02','2021-12-30 16:42:43','192.168.11.10 ','{\"0\":\"users_id\",\"2\":\"contact\",\"3\":\"comment\",\"4\":\"locations_id\",\"5\":\"groups_id\",\"6\":\"computermodels_id\",\"7\":\"manufacturers_id\",\"8\":\"computertypes_id\"}',1,'OCS-NG_WINDOWS_AGENT_v2.1.1.3 ',21,'NA',NULL),(459,457,9033,'RPC96245-BC-2023-09-05-17-33-44',1,'2022-01-06 21:21:54','2022-01-06 21:15:18','2022-01-06 21:15:18','192.168.11.10 ','{\"0\":\"locations_id\",\"2\":\"users_id\",\"3\":\"groups_id\",\"4\":\"contact\",\"5\":\"comment\",\"6\":\"computermodels_id\",\"7\":\"manufacturers_id\",\"8\":\"computertypes_id\"}',1,'OCS-NG_WINDOWS_AGENT_v2.1.1.3 ',1,'NA',NULL),(460,458,8812,'RPC97031-BG-2023-08-23-08-25-01',1,'2022-01-06 21:27:31','2022-01-06 21:27:26','2022-01-06 21:27:26','192.168.11.10 ','[\"entities_id\",\"date_mod\",\"groups_id\",\"locations_id\",\"contact\",\"users_id\",\"comment\",\"computermodels_id\",\"manufacturers_id\",\"computertypes_id\"]',1,'OCS-NG_WINDOWS_AGENT_v2.1.1.3 ',22,'NA',NULL),(461,459,2959,'RPC94382-BG-2022-01-07-16-18-27',1,'2022-01-12 13:54:51','2022-01-11 23:08:39','2022-01-11 23:08:39','192.168.11.10 ','{\"0\":\"locations_id\",\"1\":\"contact\",\"2\":\"users_id\",\"5\":\"comment\",\"6\":\"operatingsystems_id\",\"8\":\"groups_id\",\"9\":\"computermodels_id\",\"10\":\"manufacturers_id\",\"11\":\"computertypes_id\"}',1,'OCS-NG_WINDOWS_AGENT_v2.1.1.3 ',15,'',NULL),(462,460,2979,'RPC94006-BG-2022-01-13-15-23-32',1,'2022-01-19 15:48:39','2022-01-19 15:09:16','2022-01-19 15:09:16','192.168.11.10 ','[\"entities_id\",\"date_mod\",\"users_id\",\"groups_id\",\"locations_id\",\"comment\",\"computermodels_id\",\"manufacturers_id\",\"computertypes_id\"]',1,'OCS-NG_WINDOWS_AGENT_v2.1.1.3 ',15,'NA',NULL),(463,461,2978,'RPC96496-BG-2022-01-07-11-48-31',1,'2022-01-17 16:59:15','2022-01-13 20:51:02','2022-01-13 20:51:02','192.168.11.10 ','[\"entities_id\",\"date_mod\",\"contact\",\"users_id\",\"comment\",\"name\",\"locations_id\",\"groups_id\",\"computermodels_id\",\"manufacturers_id\",\"computertypes_id\"]',1,'OCS-NG_WINDOWS_AGENT_v2.1.1.3 ',21,'NA',NULL),(464,462,8392,'RPC95641-BG-2023-07-30-10-09-09',1,'2022-01-18 22:17:28','2022-01-14 19:50:47','2022-01-14 19:52:49','192.168.11.10 ','[\"users_id\",\"groups_id\",\"comment\",\"locations_id\",\"computermodels_id\",\"manufacturers_id\",\"computertypes_id\"]',1,'OCS-NG_WINDOWS_AGENT_v2.1.1.3 ',1,'NA',NULL),(465,463,5073,'RPC93881-BC-2023-01-19-13-24-27',1,'2022-01-18 22:17:36','2022-01-14 19:15:20','2022-01-14 19:15:20','192.168.11.10 ','[\"serial\",\"contact\",\"users_id\",\"comment\",\"groups_id\",\"locations_id\",\"computermodels_id\",\"manufacturers_id\",\"computertypes_id\"]',1,'OCS-NG_WINDOWS_AGENT_v2.1.1.3 ',22,'NA',NULL),(466,464,9057,'RPC97105-BC-2023-09-07-07-46-51',1,'2022-01-18 22:17:41','2022-01-13 22:14:47','2022-01-13 22:14:47','192.168.11.10 ','{\"0\":\"users_id\",\"2\":\"contact\",\"3\":\"groups_id\",\"4\":\"comment\",\"5\":\"locations_id\",\"6\":\"computermodels_id\",\"7\":\"manufacturers_id\",\"8\":\"computertypes_id\"}',1,'OCS-NG_WINDOWS_AGENT_v2.1.1.3 ',1,'NA',NULL),(467,465,8976,'RPC96740-BG-2023-09-04-08-23-58',1,'2022-01-18 22:17:47','2022-01-13 22:13:23','2022-01-13 22:13:23','192.168.11.10 ','[\"entities_id\",\"date_mod\",\"locations_id\",\"comment\",\"users_id\",\"contact\",\"groups_id\",\"computermodels_id\",\"manufacturers_id\",\"computertypes_id\"]',1,'OCS-NG_WINDOWS_AGENT_v2.1.1.3 ',1,'NA',NULL),(468,466,2980,'RPC93881-BC-2022-01-13-15-36-46',1,'2022-01-18 22:17:53','2022-01-13 20:52:55','2022-01-13 20:52:55','192.168.11.10 ','[\"groups_id\",\"name\",\"locations_id\",\"contact\",\"users_id\",\"comment\",\"computermodels_id\",\"manufacturers_id\",\"computertypes_id\"]',1,'OCS-NG_WINDOWS_AGENT_v2.1.1.3 ',1,'NA',NULL),(477,475,9022,'RPC93645-BC-2023-09-05-09-00-52',1,'2022-01-19 15:47:17','2022-01-19 15:46:58','2022-01-19 15:46:58','192.168.11.10 ','[\"groups_id\",\"users_id\",\"comment\",\"contact\",\"locations_id\",\"computermodels_id\",\"manufacturers_id\",\"computertypes_id\"]',1,'OCS-NG_WINDOWS_AGENT_v2.1.1.3 ',2,'NA',NULL),(478,476,5267,'RPC96310-BC-2023-02-01-08-01-03',1,'2022-01-19 15:47:23','2022-01-19 15:05:25','2022-01-19 15:14:31','192.168.11.10 ','[\"groups_id\",\"contact\",\"users_id\",\"comment\",\"locations_id\",\"computermodels_id\",\"manufacturers_id\",\"computertypes_id\"]',1,'OCS-NG_WINDOWS_AGENT_v2.1.1.3 ',2,'NA',NULL),(479,477,7978,'RPC94066-BG-2023-07-06-16-53-21',1,'2022-01-19 15:49:13','2021-09-19 20:38:32','2021-09-20 14:45:24','192.168.11.10 ','[\"users_id\",\"groups_id\",\"computermodels_id\",\"manufacturers_id\",\"computertypes_id\"]',1,'OCS-NG_WINDOWS_AGENT_v2.1.1.3 ',0,'NA',NULL),(480,478,1018,'RPC95278-BC-2022-04-26-17-13-14',1,'2022-01-19 15:49:18','2020-04-22 14:03:31','2020-04-22 14:03:31','192.168.1.100 ','[\"computermodels_id\",\"manufacturers_id\",\"computertypes_id\"]',1,'OCS-NG_WINDOWS_AGENT_v2.1.1.3 ',0,'Bogota',NULL),(481,479,8740,'RPC95278-BC-2023-08-22-14-32-46',1,'2022-01-24 22:06:44','2022-01-24 21:56:28','2022-01-24 21:56:28','192.168.11.10 ','{\"0\":\"users_id\",\"1\":\"name\",\"2\":\"locations_id\",\"3\":\"contact\",\"5\":\"groups_id\",\"6\":\"comment\",\"7\":\"computermodels_id\",\"8\":\"manufacturers_id\",\"9\":\"computertypes_id\"}',1,'OCS-NG_WINDOWS_AGENT_v2.1.1.3 ',1,'NA',NULL),(482,480,8178,'RPC93463-BG-2023-07-18-07-44-10',1,'2022-01-24 22:06:52','2022-01-24 21:33:55','2022-01-24 21:34:56','192.168.11.10 ','{\"0\":\"users_id\",\"1\":\"locations_id\",\"2\":\"contact\",\"4\":\"groups_id\",\"5\":\"comment\",\"6\":\"computermodels_id\",\"7\":\"manufacturers_id\",\"8\":\"computertypes_id\"}',1,'OCS-NG_WINDOWS_AGENT_v2.1.1.3 ',1,'NA',NULL),(483,481,8346,'RPC94727-BG-2023-07-26-22-53-09',1,'2022-01-25 21:41:41','2022-01-25 21:40:20','2022-01-25 21:40:20','192.168.11.10 ','{\"0\":\"users_id\",\"2\":\"groups_id\",\"3\":\"locations_id\",\"4\":\"contact\",\"5\":\"comment\",\"6\":\"computermodels_id\",\"7\":\"manufacturers_id\",\"8\":\"computertypes_id\"}',1,'OCS-NG_WINDOWS_AGENT_v2.1.1.3 ',15,'NA',NULL),(484,482,8943,'RPC96571-BG-2023-09-01-14-07-21',1,'2022-01-27 22:23:59','2022-01-27 22:14:25','2022-01-27 22:14:25','192.168.11.10 ','[\"entities_id\",\"date_mod\",\"users_id\",\"locations_id\",\"contact\",\"groups_id\",\"comment\",\"computermodels_id\",\"manufacturers_id\",\"computertypes_id\"]',1,'OCS-NG_WINDOWS_AGENT_v2.1.1.3 ',21,'NA',NULL),(485,483,38,'RPC93944-BG-2021-10-29-18-17-39',1,'2023-11-18 16:48:01','2022-02-12 15:57:52','2022-02-14 19:00:02','192.168.11.10','[\"users_id\",\"manufacturers_id\",\"computertypes_id\"]',1,'OCS-NG_WINDOWS_AGENT_v2.1.1.3',0,'NA',NULL),(486,484,8968,'RPC96757-BG-2023-09-04-08-33-05',1,'2022-02-03 15:06:41','2022-02-03 15:06:17','2022-02-03 15:06:17','192.168.11.10 ','[\"entities_id\",\"date_mod\",\"locations_id\",\"groups_id\",\"contact\",\"users_id\",\"comment\",\"computermodels_id\",\"manufacturers_id\",\"computertypes_id\"]',1,'OCS-NG_WINDOWS_AGENT_v2.1.1.3 ',20,'NA',NULL),(487,485,4604,'RPC95245-CA-2022-12-19-03-20-38',1,'2022-02-03 15:07:09','2022-02-03 13:51:58','2022-02-03 15:07:03','192.168.11.10 ','{\"0\":\"contact\",\"1\":\"users_id\",\"2\":\"comment\",\"3\":\"groups_id\",\"7\":\"locations_id\",\"8\":\"computermodels_id\",\"9\":\"manufacturers_id\",\"10\":\"computertypes_id\"}',1,'OCS-NG_WINDOWS_AGENT_v2.1.1.3 ',2,'NA',NULL),(488,486,144,'RPC96727-BG-2022-01-31-13-41-22',1,'2022-02-03 20:21:12','2022-02-03 19:49:33','2022-02-03 19:49:33','192.168.11.10 ','{\"0\":\"users_id\",\"1\":\"contact\",\"3\":\"comment\",\"4\":\"groups_id\",\"5\":\"locations_id\",\"6\":\"name\",\"7\":\"computermodels_id\",\"8\":\"manufacturers_id\",\"9\":\"computertypes_id\"}',1,'OCS-NG_WINDOWS_AGENT_v2.1.1.3 ',22,'NA',NULL),(489,487,4317,'RPC96719-BG-2022-11-29-16-00-53',1,'2022-02-03 20:21:39','2022-02-03 17:33:42','2022-02-03 17:33:42','192.168.11.10 ','[\"contact\",\"users_id\",\"groups_id\",\"comment\",\"locations_id\",\"computermodels_id\",\"manufacturers_id\",\"computertypes_id\"]',1,'OCS-NG_WINDOWS_AGENT_v2.1.1.3 ',1,'NA',NULL),(490,488,311,'RPC96733-ME-2022-02-03-16-33-11',1,'2022-02-03 21:37:54','2022-02-03 21:33:16','2022-02-03 21:33:16','192.168.11.10 ','[\"entities_id\",\"date_mod\",\"locations_id\",\"users_id\",\"groups_id\",\"comment\",\"computermodels_id\",\"manufacturers_id\",\"computertypes_id\"]',1,'OCS-NG_WINDOWS_AGENT_v2.1.1.3 ',22,'NA',NULL),(491,489,8521,'RPC96734-BG-2023-08-03-07-13-17',1,'2022-02-07 15:38:59','2022-02-07 15:37:44','2022-02-07 15:37:44','192.168.11.10 ','{\"0\":\"users_id\",\"1\":\"contact\",\"2\":\"comment\",\"3\":\"locations_id\",\"5\":\"groups_id\",\"6\":\"computermodels_id\",\"7\":\"manufacturers_id\",\"8\":\"computertypes_id\"}',1,'OCS-NG_WINDOWS_AGENT_v2.1.1.3 ',17,'NA',NULL),(492,490,9005,'RPC96720-IB-2023-09-05-17-51-55',1,'2022-02-08 14:29:29','2022-02-08 14:25:19','2022-02-08 14:25:19','192.168.11.10 ','[\"entities_id\",\"date_mod\",\"groups_id\",\"locations_id\",\"contact\",\"users_id\",\"comment\",\"computermodels_id\",\"manufacturers_id\",\"computertypes_id\"]',1,'OCS-NG_WINDOWS_AGENT_v2.1.1.3 ',20,'NA',NULL),(493,491,1340,'RPC96721-BQ-2022-05-18-14-43-00',1,'2022-02-08 14:29:56','2022-02-08 14:24:59','2022-02-08 14:25:01','192.168.11.10 ','[\"entities_id\",\"date_mod\",\"locations_id\",\"groups_id\",\"comment\",\"computermodels_id\",\"manufacturers_id\",\"computertypes_id\"]',1,'OCS-NG_WINDOWS_AGENT_v2.1.1.3 ',21,'NA',NULL),(494,492,2634,'RPC96722-MQ-2022-08-09-14-08-18',1,'2022-02-09 13:31:48','2022-02-08 22:24:20','2022-02-08 22:24:20','192.168.11.10 ','{\"0\":\"locations_id\",\"1\":\"groups_id\",\"3\":\"users_id\",\"4\":\"contact\",\"5\":\"comment\",\"7\":\"computermodels_id\",\"8\":\"manufacturers_id\",\"9\":\"computertypes_id\"}',1,'OCS-NG_WINDOWS_AGENT_v2.1.1.3 ',1,'NA',NULL),(495,493,8861,'RPC96739-BG-2023-08-29-07-53-30',1,'2022-02-09 13:32:14','2022-02-08 22:21:07','2022-02-08 22:21:07','192.168.11.10 ','{\"0\":\"users_id\",\"2\":\"locations_id\",\"3\":\"contact\",\"4\":\"groups_id\",\"5\":\"comment\",\"6\":\"computermodels_id\",\"7\":\"manufacturers_id\",\"8\":\"computertypes_id\"}',1,'OCS-NG_WINDOWS_AGENT_v2.1.1.3 ',1,'NA',NULL),(496,494,197,'RPC96725-BG-2022-01-31-12-57-09',1,'2022-02-09 14:26:54','2022-02-09 14:01:24','2022-02-09 14:01:24','192.168.11.10 ','[\"contact\",\"users_id\",\"comment\",\"locations_id\",\"groups_id\",\"computermodels_id\",\"manufacturers_id\",\"computertypes_id\"]',1,'OCS-NG_WINDOWS_AGENT_v2.1.1.3 ',17,'NA',NULL),(497,495,8188,'RPC96744-BG-2023-07-18-10-56-54',1,'2022-02-10 21:43:27','2022-02-10 21:43:08','2022-02-10 21:43:08','192.168.11.10 ','[\"locations_id\",\"contact\",\"users_id\",\"groups_id\",\"comment\",\"computermodels_id\",\"manufacturers_id\",\"computertypes_id\"]',1,'OCS-NG_WINDOWS_AGENT_v2.1.1.3 ',1,'NA',NULL),(498,496,1320,'RPC94279-MQ-2022-05-18-08-09-09',1,'2022-02-11 13:55:46','2022-02-10 23:02:29','2022-02-10 23:02:32','192.168.11.10 ','[\"entities_id\",\"date_mod\",\"users_id\",\"locations_id\",\"contact\",\"groups_id\",\"comment\",\"computermodels_id\",\"manufacturers_id\",\"computertypes_id\"]',1,'OCS-NG_WINDOWS_AGENT_v2.1.1.3 ',21,'NA',NULL),(499,497,907,'RPC96747-BG-2022-04-18-12-42-33',1,'2022-02-11 14:54:47','2022-02-11 14:20:25','2022-02-11 14:20:25','192.168.11.10 ','[\"entities_id\",\"date_mod\",\"users_id\",\"groups_id\",\"locations_id\",\"comment\",\"computermodels_id\",\"manufacturers_id\",\"computertypes_id\"]',1,'OCS-NG_WINDOWS_AGENT_v2.1.1.3 ',15,'NA',NULL),(500,498,439,'RPC96743-BG-2022-02-14-08-58-55',1,'2022-02-14 16:08:34','2022-02-14 15:32:11','2022-02-14 15:32:11','192.168.11.10 ','[\"comment\",\"users_id\",\"contact\",\"locations_id\",\"groups_id\",\"computermodels_id\",\"manufacturers_id\",\"computertypes_id\"]',1,'OCS-NG_WINDOWS_AGENT_v2.1.1.3 ',15,'NA',NULL),(501,499,397,'RPC96730-BG-2022-02-25-07-42-22',1,'2022-02-14 16:09:01','2022-02-14 15:32:10','2022-02-14 15:32:10','192.168.11.10 ','[\"entities_id\",\"date_mod\",\"groups_id\",\"users_id\",\"name\",\"locations_id\",\"contact\",\"comment\",\"computermodels_id\",\"manufacturers_id\",\"computertypes_id\"]',1,'OCS-NG_WINDOWS_AGENT_v2.1.1.3 ',22,'NA',NULL),(502,500,6766,'RPC96752-ME-2023-04-24-07-54-10',1,'2022-02-14 17:10:10','2022-02-14 16:54:23','2022-02-14 16:54:23','192.168.11.10 ','[\"locations_id\",\"contact\",\"users_id\",\"groups_id\",\"comment\",\"computermodels_id\",\"manufacturers_id\",\"computertypes_id\"]',1,'OCS-NG_WINDOWS_AGENT_v2.1.1.3 ',1,'NA',NULL),(503,501,622,'RPC96533-BG-2022-03-22-08-04-11',1,'2022-02-17 20:43:19','2022-02-17 20:42:31','2022-02-17 20:42:34','192.168.11.10 ','[\"entities_id\",\"date_mod\",\"users_id\",\"locations_id\",\"contact\",\"groups_id\",\"comment\",\"computermodels_id\",\"manufacturers_id\",\"computertypes_id\"]',1,'OCS-NG_WINDOWS_AGENT_v2.1.1.3 ',21,'NA',NULL),(504,502,8008,'RPC96745-BG-2023-07-10-07-45-11',1,'2022-02-17 20:43:46','2022-02-17 20:32:48','2022-02-17 20:32:48','192.168.11.10 ','[\"groups_id\",\"contact\",\"users_id\",\"comment\",\"locations_id\",\"computermodels_id\",\"manufacturers_id\",\"computertypes_id\"]',1,'OCS-NG_WINDOWS_AGENT_v2.1.1.3 ',1,'NA',NULL),(505,503,355,'RPC96746-BG-2022-02-18-14-12-15',1,'2022-02-22 13:43:10','2022-02-21 21:24:02','2022-02-21 21:24:02','192.168.11.10 ','[\"contact\",\"users_id\",\"comment\",\"groups_id\",\"locations_id\",\"name\",\"computermodels_id\",\"manufacturers_id\",\"computertypes_id\"]',1,'OCS-NG_WINDOWS_AGENT_v2.1.1.3 ',22,'NA',NULL),(506,504,354,'RPC96735-BG-2022-02-18-08-25-31',1,'2022-02-22 13:43:38','2022-02-21 21:23:42','2022-02-21 21:23:42','192.168.11.10 ','{\"0\":\"users_id\",\"1\":\"contact\",\"3\":\"groups_id\",\"4\":\"comment\",\"5\":\"name\",\"6\":\"locations_id\",\"7\":\"computermodels_id\",\"8\":\"manufacturers_id\",\"9\":\"computertypes_id\"}',1,'OCS-NG_WINDOWS_AGENT_v2.1.1.3 ',1,'NA',NULL),(507,507,1094,'RPC96740-BG-2022-05-02-08-03-49',1,'2022-02-24 21:03:32','2022-02-24 21:02:25','2022-02-24 21:02:25','192.168.11.10 ','[\"entities_id\",\"date_mod\",\"name\",\"locations_id\",\"contact\",\"users_id\",\"comment\",\"groups_id\",\"computermodels_id\",\"manufacturers_id\",\"computertypes_id\"]',1,'OCS-NG_WINDOWS_AGENT_v2.1.1.3 ',21,'NA',NULL),(508,508,391,'RPC96737-BG-2022-02-18-13-29-55',1,'2022-02-24 21:04:03','2022-02-24 21:02:13','2022-02-24 21:02:13','192.168.11.10 ','[\"contact\",\"users_id\",\"groups_id\",\"comment\",\"locations_id\",\"computermodels_id\",\"manufacturers_id\",\"computertypes_id\"]',1,'OCS-NG_WINDOWS_AGENT_v2.1.1.3 ',17,'NA',NULL),(509,509,390,'RPC96748-BG-2022-02-18-10-49-41',1,'2022-02-24 21:04:31','2022-02-24 20:59:10','2022-02-24 20:59:10','192.168.11.10 ','[\"entities_id\",\"date_mod\",\"contact\",\"users_id\",\"comment\",\"locations_id\",\"name\",\"groups_id\",\"computermodels_id\",\"manufacturers_id\",\"computertypes_id\"]',1,'OCS-NG_WINDOWS_AGENT_v2.1.1.3 ',21,'NA',NULL),(510,510,3562,'RPC94101-MQ-2022-10-13-07-17-25',1,'2022-03-02 20:42:15','2022-03-02 20:41:08','2022-03-02 20:41:08','192.168.11.10 ','[\"entities_id\",\"date_mod\",\"users_id\",\"comment\",\"locations_id\",\"groups_id\",\"computermodels_id\",\"manufacturers_id\",\"computertypes_id\"]',1,'OCS-NG_WINDOWS_AGENT_v2.1.1.3 ',21,'NA',NULL),(511,511,7133,'RPC94533-BG-2023-05-12-19-32-53',1,'2022-03-02 21:21:53','2022-03-02 21:20:15','2022-03-02 21:20:15','192.168.11.10 ','[\"locations_id\",\"users_id\",\"groups_id\",\"comment\",\"computermodels_id\",\"manufacturers_id\",\"computertypes_id\"]',1,'OCS-NG_WINDOWS_AGENT_v2.1.1.3 ',17,'NA',NULL),(512,512,1179,'RPC96651-BC-2022-05-07-09-14-41',1,'2022-03-08 15:34:26','2022-03-08 12:47:09','2022-03-08 12:48:10','192.168.11.10 ','[\"groups_id\",\"contact\",\"users_id\",\"comment\",\"locations_id\",\"computermodels_id\",\"manufacturers_id\",\"computertypes_id\"]',1,'OCS-NG_WINDOWS_AGENT_v2.1.1.3 ',22,'NA',NULL),(513,513,1295,'RPC96633-BC-2022-05-16-08-04-25',1,'2022-03-08 15:34:51','2022-03-08 13:13:28','2022-03-08 14:36:43','192.168.11.10 ','[\"users_id\",\"contact\",\"locations_id\",\"groups_id\",\"comment\",\"computermodels_id\",\"manufacturers_id\",\"computertypes_id\"]',1,'OCS-NG_WINDOWS_AGENT_v2.1.1.3 ',1,'NA',NULL),(514,514,9081,'RPC93064-MQ-2023-09-08-11-52-34',1,'2022-03-08 16:09:30','2022-03-08 16:05:40','2022-03-08 16:05:40','192.168.11.10 ','[\"entities_id\",\"date_mod\",\"groups_id\",\"name\",\"contact\",\"users_id\",\"comment\",\"locations_id\",\"computermodels_id\",\"manufacturers_id\",\"computertypes_id\"]',1,'OCS-NG_WINDOWS_AGENT_v2.1.1.3 ',22,'NA',NULL),(515,515,8493,'RPC95548-BG-2023-08-03-16-43-53',1,'2022-03-08 16:09:52','2022-03-04 21:53:40','2022-03-04 21:54:41','192.168.11.10 ','{\"0\":\"users_id\",\"2\":\"contact\",\"3\":\"groups_id\",\"4\":\"comment\",\"5\":\"locations_id\",\"6\":\"computermodels_id\",\"7\":\"manufacturers_id\",\"8\":\"computertypes_id\"}',1,'OCS-NG_WINDOWS_AGENT_v2.1.1.3 ',1,'NA',NULL),(516,516,472,'RPC96639-ME-2022-03-04-15-32-02',1,'2022-03-08 16:10:18','2022-03-04 21:31:20','2022-03-04 21:31:20','192.168.11.10 ','[\"entities_id\",\"date_mod\",\"contact\",\"users_id\",\"comment\",\"name\",\"locations_id\",\"groups_id\",\"computermodels_id\",\"manufacturers_id\",\"computertypes_id\"]',1,'OCS-NG_WINDOWS_AGENT_v2.1.1.3 ',21,'NA',NULL),(517,517,580,'RPC96649-BG-2022-03-14-08-42-41',1,'2022-03-08 16:10:46','2022-03-04 21:21:49','2022-03-04 21:21:49','192.168.11.10 ','{\"0\":\"comment\",\"1\":\"contact\",\"2\":\"users_id\",\"4\":\"locations_id\",\"5\":\"name\",\"6\":\"groups_id\",\"7\":\"computermodels_id\",\"8\":\"manufacturers_id\",\"9\":\"computertypes_id\"}',1,'OCS-NG_WINDOWS_AGENT_v2.1.1.3 ',1,'NA',NULL),(518,518,466,'RPC94858-BC-2022-03-04-09-32-32',1,'2022-03-08 16:11:16','2022-03-07 19:39:04','2022-03-07 20:02:32','192.168.11.10 ','[\"entities_id\",\"date_mod\",\"locations_id\",\"groups_id\",\"users_id\",\"contact\",\"comment\",\"computermodels_id\",\"manufacturers_id\",\"computertypes_id\"]',1,'OCS-NG_WINDOWS_AGENT_v2.1.1.3 ',20,'NA',NULL),(519,519,7942,'RPC96304-BC-2023-07-06-03-05-31',1,'2022-03-08 16:11:42','2022-03-04 16:57:24','2022-03-04 16:57:24','192.168.11.10 ','[\"contact\",\"users_id\",\"comment\",\"groups_id\",\"locations_id\",\"computermodels_id\",\"manufacturers_id\",\"computertypes_id\"]',1,'OCS-NG_WINDOWS_AGENT_v2.1.1.3 ',22,'NA',NULL),(520,520,504,'RPC96571-BG-2022-03-07-11-15-54',1,'2022-03-09 14:31:52','2022-03-09 14:31:42','2022-03-09 14:31:44','192.168.11.10 ','[\"comment\",\"locations_id\",\"groups_id\",\"computermodels_id\",\"manufacturers_id\",\"computertypes_id\"]',1,'OCS-NG_WINDOWS_AGENT_v2.1.1.3 ',1,'NA',NULL),(521,521,6846,'RPC95536-BG-2023-04-29-15-40-05',1,'2022-03-23 18:02:12','2022-03-23 16:50:11','2022-03-23 16:50:11','192.168.11.10 ','[\"users_id\",\"groups_id\",\"locations_id\",\"comment\",\"computermodels_id\",\"manufacturers_id\",\"computertypes_id\"]',1,'OCS-NG_WINDOWS_AGENT_v2.1.1.3 ',1,'NA',NULL),(522,522,5342,'RPC93246-SC-2023-02-03-15-51-22',1,'2022-03-25 19:57:24','2022-03-25 15:27:19','2022-03-25 15:27:25','192.168.11.10 ','{\"0\":\"users_id\",\"1\":\"contact\",\"3\":\"comment\",\"4\":\"groups_id\",\"5\":\"locations_id\",\"6\":\"computermodels_id\",\"7\":\"manufacturers_id\",\"8\":\"computertypes_id\"}',1,'OCS-NG_WINDOWS_AGENT_v2.1.1.3 ',2,'NA',NULL),(523,523,6628,'RPC94619-BG-2023-04-12-13-51-45',1,'2022-04-05 16:21:10','2022-04-05 15:13:30','2022-04-05 15:13:30','192.168.11.10 ','{\"0\":\"users_id\",\"1\":\"comment\",\"3\":\"groups_id\",\"4\":\"locations_id\",\"5\":\"contact\",\"6\":\"computermodels_id\",\"7\":\"manufacturers_id\",\"8\":\"computertypes_id\"}',1,'OCS-NG_WINDOWS_AGENT_v2.1.1.3 ',2,'NA',NULL),(524,524,8799,'RPC94600-MQ-2023-08-25-00-21-36',1,'2022-04-05 16:21:38','2022-04-04 21:24:37','2022-04-04 21:24:37','192.168.11.10 ','{\"0\":\"contact\",\"1\":\"users_id\",\"2\":\"comment\",\"6\":\"locations_id\",\"7\":\"groups_id\",\"8\":\"computermodels_id\",\"9\":\"manufacturers_id\",\"10\":\"computertypes_id\"}',1,'OCS-NG_WINDOWS_AGENT_v2.1.1.3 ',21,'NA',NULL),(525,525,706,'RPC96948-BG-2022-03-30-11-50-13',1,'2022-04-05 16:22:05','2022-03-30 18:33:26','2022-03-30 18:33:26','192.168.11.10 ','[\"entities_id\",\"date_mod\",\"users_id\",\"contact\",\"groups_id\",\"comment\",\"name\",\"locations_id\",\"computermodels_id\",\"manufacturers_id\",\"computertypes_id\"]',1,'OCS-NG_WINDOWS_AGENT_v2.1.1.3 ',21,'NA',NULL),(526,526,7207,'RPC96962-MQ-2023-05-23-15-58-04',1,'2022-04-05 19:39:09','2022-04-05 15:23:51','2022-04-05 15:24:52','192.168.11.10 ','[\"entities_id\",\"date_mod\",\"locations_id\",\"users_id\",\"groups_id\",\"comment\",\"computermodels_id\",\"manufacturers_id\",\"computertypes_id\"]',1,'OCS-NG_WINDOWS_AGENT_v2.1.1.3 ',21,'NA',NULL),(527,527,2519,'RPC94482-BG-2022-08-08-17-34-38',1,'2022-04-05 19:39:34','2022-04-03 14:18:03','2022-04-04 17:51:59','192.168.11.10 ','{\"0\":\"groups_id\",\"1\":\"users_id\",\"3\":\"locations_id\",\"4\":\"comment\",\"5\":\"computermodels_id\",\"6\":\"manufacturers_id\",\"7\":\"computertypes_id\"}',1,'OCS-NG_WINDOWS_AGENT_v2.1.1.3 ',2,'NA',NULL),(528,528,741,'RPC500578-BC-2022-04-01-15-10-36',1,'2022-04-05 19:40:01','2022-04-04 12:45:15','2022-04-04 22:18:02','192.168.11.10 ','{\"0\":\"contact\",\"1\":\"comment\",\"2\":\"users_id\",\"3\":\"groups_id\",\"4\":\"locations_id\",\"7\":\"computermodels_id\",\"8\":\"manufacturers_id\",\"9\":\"computertypes_id\"}',1,'OCS-NG_WINDOWS_AGENT_v2.1.1.3 ',22,'NA',NULL),(529,529,4591,'RPC96960-BG-2022-12-18-20-37-37',1,'2022-04-05 19:40:29','2022-03-31 22:01:12','2022-04-01 15:51:36','192.168.11.10 ','[\"comment\",\"users_id\",\"locations_id\",\"contact\",\"groups_id\",\"name\",\"computermodels_id\",\"manufacturers_id\",\"computertypes_id\"]',1,'OCS-NG_WINDOWS_AGENT_v2.1.1.3 ',1,'NA',NULL),(531,531,5000,'RPC96942-BG-2023-01-10-20-50-29',1,'2022-04-05 19:41:31','2022-03-31 20:14:41','2022-03-31 20:14:41','192.168.11.10 ','[\"locations_id\",\"users_id\",\"groups_id\",\"comment\",\"computermodels_id\",\"manufacturers_id\",\"computertypes_id\"]',1,'OCS-NG_WINDOWS_AGENT_v2.1.1.3 ',17,'NA',NULL),(532,532,806,'RPC96936-BC-2022-04-08-11-53-05',1,'2022-04-05 19:41:56','2022-03-31 19:56:45','2022-03-31 19:56:45','192.168.11.10 ','[\"entities_id\",\"date_mod\",\"groups_id\",\"users_id\",\"locations_id\",\"contact\",\"comment\",\"computermodels_id\",\"manufacturers_id\",\"computertypes_id\"]',1,'OCS-NG_WINDOWS_AGENT_v2.1.1.3 ',22,'NA',NULL),(533,533,9060,'RPC94680-BC-2023-09-05-17-05-40',1,'2022-04-05 19:42:29','2022-03-31 19:42:32','2022-03-31 19:42:32','192.168.11.10 ','{\"0\":\"locations_id\",\"1\":\"groups_id\",\"2\":\"contact\",\"3\":\"users_id\",\"4\":\"comment\",\"6\":\"computermodels_id\",\"7\":\"manufacturers_id\",\"8\":\"computertypes_id\"}',1,'OCS-NG_WINDOWS_AGENT_v2.1.1.3 ',22,'NA',NULL),(534,534,723,'RPC94368-BC-2022-03-31-14-30-58',1,'2022-04-05 19:42:54','2022-03-31 19:42:22','2022-04-05 18:42:35','192.168.11.10 ','[\"groups_id\",\"contact\",\"users_id\",\"comment\",\"locations_id\",\"computermodels_id\",\"manufacturers_id\",\"computertypes_id\"]',1,'OCS-NG_WINDOWS_AGENT_v2.1.1.3 ',22,'NA',NULL),(535,535,1196,'RPC96969-BG-2022-05-09-08-33-46',1,'2022-04-05 19:43:20','2022-03-31 20:00:58','2022-03-31 20:03:00','192.168.11.10 ','{\"0\":\"locations_id\",\"2\":\"contact\",\"3\":\"users_id\",\"4\":\"comment\",\"5\":\"groups_id\",\"6\":\"computermodels_id\",\"7\":\"manufacturers_id\",\"8\":\"computertypes_id\"}',1,'OCS-NG_WINDOWS_AGENT_v2.1.1.3 ',17,'NA',NULL),(536,536,5573,'RPC93998-ME-2023-02-16-19-33-15',1,'2022-04-05 19:43:47','2022-04-04 13:33:18','2022-04-04 20:04:36','192.168.11.10 ','[\"entities_id\",\"date_mod\",\"users_id\",\"locations_id\",\"groups_id\",\"contact\",\"comment\",\"computermodels_id\",\"manufacturers_id\",\"computertypes_id\"]',1,'OCS-NG_WINDOWS_AGENT_v2.1.1.3 ',22,'NA',NULL),(537,537,304,'RPC93944-BG-2022-02-15-14-29-46',1,'2022-04-05 19:44:13','2022-03-29 16:12:28','2022-03-29 20:47:50','192.168.11.10 ','[\"users_id\",\"manufacturers_id\",\"computertypes_id\"]',1,'OCS-NG_WINDOWS_AGENT_v2.1.1.3 ',0,'NA',NULL),(538,538,1316,'RPC96952-BG-2022-05-16-16-48-04',1,'2022-04-06 17:53:06','2022-04-06 16:49:59','2022-04-06 16:49:59','192.168.11.10 ','[\"locations_id\",\"contact\",\"users_id\",\"groups_id\",\"comment\",\"computermodels_id\",\"manufacturers_id\",\"computertypes_id\"]',1,'OCS-NG_WINDOWS_AGENT_v2.1.1.3 ',1,'NA',NULL),(539,539,1301,'RPC92778-MQ-2022-05-16-16-59-09',1,'2022-04-07 16:01:24','2022-04-06 18:15:18','2022-04-06 18:15:18','192.168.11.10 ','{\"0\":\"locations_id\",\"1\":\"users_id\",\"2\":\"contact\",\"3\":\"comment\",\"5\":\"groups_id\",\"6\":\"computermodels_id\",\"7\":\"manufacturers_id\",\"8\":\"computertypes_id\"}',1,'OCS-NG_WINDOWS_AGENT_v2.1.1.3 ',21,'NA',NULL),(540,540,8925,'RPC94912-MQ-2023-09-01-02-01-51',1,'2022-04-07 16:01:50','2022-04-06 18:15:05','2022-04-07 14:08:49','192.168.11.10 ','[\"entities_id\",\"date_mod\",\"users_id\",\"contact\",\"comment\",\"locations_id\",\"groups_id\",\"computermodels_id\",\"manufacturers_id\",\"computertypes_id\"]',1,'OCS-NG_WINDOWS_AGENT_v2.1.1.3 ',21,'NA',NULL),(541,541,1084,'ART10011-BC-2022-04-30-08-23-47',1,'2022-04-08 21:54:17','2022-04-08 20:51:53','2022-04-08 20:51:53','192.168.11.10 ','[\"serial\",\"contact\",\"comment\",\"users_id\",\"groups_id\",\"locations_id\",\"computermodels_id\",\"manufacturers_id\",\"computertypes_id\"]',1,'OCS-NG_WINDOWS_AGENT_v2.1.1.3 ',1,'NA',NULL),(542,555,1550,'RPC97025-BC-2022-06-01-21-03-25',1,'2022-04-19 20:26:57','2022-04-18 20:40:07','2022-04-18 20:58:19','192.168.11.10 ','[\"entities_id\",\"date_mod\",\"groups_id\",\"users_id\",\"contact\",\"comment\",\"locations_id\",\"computermodels_id\",\"manufacturers_id\",\"computertypes_id\"]',1,'OCS-NG_WINDOWS_AGENT_v2.1.1.3 ',22,'NA',NULL),(543,556,1115,'RPC97022-BG-2022-05-03-08-52-49',1,'2022-04-21 20:35:21','2022-04-21 17:42:30','2022-04-21 18:13:18','192.168.11.10 ','[\"contact\",\"users_id\",\"groups_id\",\"comment\",\"locations_id\",\"computermodels_id\",\"manufacturers_id\",\"computertypes_id\"]',1,'OCS-NG_WINDOWS_AGENT_v2.1.1.3 ',1,'NA',NULL),(544,557,940,'RPC97032-ME-2022-04-21-12-55-47',1,'2022-04-21 20:46:44','2022-04-21 19:45:19','2022-04-21 19:45:19','192.168.11.10 ','{\"0\":\"users_id\",\"1\":\"locations_id\",\"2\":\"contact\",\"3\":\"comment\",\"5\":\"groups_id\",\"6\":\"name\",\"7\":\"computermodels_id\",\"8\":\"manufacturers_id\",\"9\":\"computertypes_id\"}',1,'OCS-NG_WINDOWS_AGENT_v2.1.1.3 ',17,'NA',NULL),(545,558,1390,'RPC97031-BG-2022-05-23-07-27-18',1,'2022-04-21 20:47:10','2022-04-21 19:44:41','2022-04-21 19:44:41','192.168.11.10 ','{\"0\":\"users_id\",\"2\":\"contact\",\"3\":\"comment\",\"4\":\"groups_id\",\"5\":\"locations_id\",\"6\":\"computermodels_id\",\"7\":\"manufacturers_id\",\"8\":\"computertypes_id\"}',1,'OCS-NG_WINDOWS_AGENT_v2.1.1.3 ',1,'NA',NULL),(546,559,1738,'RPC91985-ME-2022-06-16-00-09-10',1,'2022-04-25 18:23:34','2022-04-20 21:23:01','2022-04-20 21:23:01','192.168.11.10 ','[\"users_id\",\"groups_id\",\"locations_id\",\"contact\",\"comment\",\"computermodels_id\",\"manufacturers_id\",\"computertypes_id\"]',1,'OCS-NG_WINDOWS_AGENT_v2.1.1.3 ',2,'NA',NULL),(547,560,1118,'RPC97035-BG-2022-05-03-09-01-49',1,'2022-04-25 18:35:06','2022-04-25 12:47:21','2022-04-25 16:05:54','192.168.11.10 ','{\"0\":\"locations_id\",\"1\":\"comment\",\"2\":\"contact\",\"3\":\"users_id\",\"6\":\"groups_id\",\"7\":\"computermodels_id\",\"8\":\"manufacturers_id\",\"9\":\"computertypes_id\"}',1,'OCS-NG_WINDOWS_AGENT_v2.1.1.3 ',15,'NA',NULL),(548,561,1417,'RPC97026-ME-2022-05-23-17-53-33',1,'2022-04-25 18:35:29','2022-04-25 12:48:51','2022-04-25 13:16:11','192.168.11.10 ','{\"0\":\"users_id\",\"1\":\"locations_id\",\"3\":\"groups_id\",\"4\":\"comment\",\"5\":\"computermodels_id\",\"6\":\"manufacturers_id\",\"7\":\"computertypes_id\"}',1,'OCS-NG_WINDOWS_AGENT_v2.1.1.3 ',1,'NA',NULL),(549,562,944,'RPC97016-BG-2022-04-21-16-39-04',1,'2022-04-25 18:36:02','2022-04-25 14:48:24','2022-04-25 14:48:24','192.168.11.10 ','{\"0\":\"users_id\",\"2\":\"contact\",\"3\":\"groups_id\",\"4\":\"comment\",\"5\":\"locations_id\",\"6\":\"computermodels_id\",\"7\":\"manufacturers_id\",\"8\":\"computertypes_id\"}',1,'OCS-NG_WINDOWS_AGENT_v2.1.1.3 ',1,'NA',NULL),(550,563,7326,'RPC97020-BG-2023-05-31-09-47-02',1,'2022-04-25 18:36:26','2022-04-21 16:14:53','2022-04-21 16:14:53','192.168.11.10 ','{\"0\":\"locations_id\",\"1\":\"users_id\",\"3\":\"groups_id\",\"4\":\"comment\",\"5\":\"computermodels_id\",\"6\":\"manufacturers_id\",\"7\":\"computertypes_id\"}',1,'OCS-NG_WINDOWS_AGENT_v2.1.1.3 ',17,'NA',NULL),(551,564,4212,'RPC97019-BG-2022-11-10-07-59-34',1,'2022-04-25 18:36:53','2022-04-21 16:10:13','2022-04-21 16:10:13','192.168.11.10 ','[\"entities_id\",\"date_mod\",\"users_id\",\"locations_id\",\"groups_id\",\"name\",\"contact\",\"comment\",\"computermodels_id\",\"manufacturers_id\",\"computertypes_id\"]',1,'OCS-NG_WINDOWS_AGENT_v2.1.1.3 ',22,'NA',NULL),(552,565,8256,'RPC97029-BC-2023-07-18-16-13-24',1,'2022-04-25 18:37:18','2022-04-25 12:13:10','2022-04-25 12:13:10','192.168.11.10 ','[\"operatingsystemservicepacks_id\",\"date_mod\",\"contact\",\"comment\",\"users_id\",\"locations_id\",\"groups_id\",\"computermodels_id\",\"manufacturers_id\",\"computertypes_id\"]',1,'OCS-NG_WINDOWS_AGENT_v2.1.1.3 ',1,'NA',NULL),(553,566,8268,'RPC97021-MQ-2023-07-21-20-56-35',1,'2022-04-25 18:37:44','2022-04-25 15:52:18','2022-04-25 16:27:54','192.168.11.10 ','[\"entities_id\",\"date_mod\",\"users_id\",\"locations_id\",\"groups_id\",\"comment\",\"computermodels_id\",\"manufacturers_id\",\"computertypes_id\"]',1,'OCS-NG_WINDOWS_AGENT_v2.1.1.3 ',21,'NA',NULL),(554,567,8260,'RPC94244-IB-2023-07-21-16-05-05',1,'2022-04-25 18:38:11','2022-04-18 22:06:46','2022-04-18 22:14:04','192.168.11.10 ','{\"0\":\"users_id\",\"1\":\"comment\",\"3\":\"groups_id\",\"4\":\"contact\",\"6\":\"locations_id\",\"7\":\"computermodels_id\",\"8\":\"manufacturers_id\",\"9\":\"computertypes_id\"}',1,'OCS-NG_WINDOWS_AGENT_v2.1.1.3 ',15,'NA',NULL),(555,568,6841,'RPC94688-ME-2023-04-30-13-35-47',1,'2022-04-25 18:38:34','2022-04-18 20:21:42','2022-04-18 20:21:42','192.168.11.10 ','{\"0\":\"locations_id\",\"1\":\"users_id\",\"2\":\"groups_id\",\"4\":\"comment\",\"5\":\"computermodels_id\",\"6\":\"manufacturers_id\",\"7\":\"computertypes_id\"}',1,'OCS-NG_WINDOWS_AGENT_v2.1.1.3 ',15,'NA',NULL),(556,569,971,'SANDRA-2022-04-23-12-57-03',1,'2022-04-25 18:45:00','2022-04-24 18:12:25','2022-04-24 18:12:25','192.168.11.10 ','{\"0\":\"users_id\",\"2\":\"computermodels_id\",\"3\":\"manufacturers_id\",\"4\":\"computertypes_id\"}',1,'OCS-NG_WINDOWS_AGENT_v2.1.1.3 ',15,'NA',NULL),(557,570,960,'TEC0LCQ-BG-2022-04-22-14-58-26',1,'2022-04-25 18:45:28','2022-04-24 20:44:30','2022-04-24 20:44:30','192.168.11.10 ','{\"0\":\"users_id\",\"2\":\"contact\",\"3\":\"computermodels_id\",\"4\":\"manufacturers_id\",\"5\":\"computertypes_id\"}',1,'OCS-NG_WINDOWS_AGENT_v2.1.1.3 ',15,'NA',NULL),(558,571,1680,'TEC031C-BC-2022-06-13-14-49-14',1,'2022-04-25 18:45:55','2022-04-21 18:48:05','2022-04-25 16:47:45','192.168.11.10 ','{\"0\":\"users_id\",\"1\":\"groups_id\",\"3\":\"contact\",\"4\":\"computermodels_id\",\"5\":\"manufacturers_id\",\"6\":\"computertypes_id\"}',1,'OCS-NG_WINDOWS_AGENT_v2.1.1.3 ',15,'NA',NULL),(559,572,8189,'RPC95011-BG-2023-07-18-07-48-12',1,'2022-04-27 17:21:26','2022-04-27 15:40:43','2022-04-27 15:40:43','192.168.11.10 ','[\"entities_id\",\"date_mod\",\"contact\",\"users_id\",\"comment\",\"name\",\"groups_id\",\"locations_id\",\"computermodels_id\",\"manufacturers_id\",\"computertypes_id\"]',1,'OCS-NG_WINDOWS_AGENT_v2.1.1.3 ',21,'NA',NULL),(560,573,1001,'RPC94537-BG-2022-04-25-13-26-26',1,'2022-04-27 17:21:50','2022-04-26 00:46:37','2022-04-26 00:46:37','192.168.11.10 ','{\"0\":\"users_id\",\"1\":\"locations_id\",\"3\":\"groups_id\",\"4\":\"comment\",\"5\":\"computermodels_id\",\"6\":\"manufacturers_id\",\"7\":\"computertypes_id\"}',1,'OCS-NG_WINDOWS_AGENT_v2.1.1.3 ',17,'NA',NULL),(561,574,6508,'RPC97116-BG-2023-04-14-07-38-28',1,'2022-04-27 17:22:17','2022-04-25 21:29:32','2022-04-25 21:29:32','192.168.11.10 ','{\"0\":\"locations_id\",\"2\":\"contact\",\"3\":\"users_id\",\"4\":\"comment\",\"5\":\"name\",\"6\":\"groups_id\",\"7\":\"computermodels_id\",\"8\":\"manufacturers_id\",\"9\":\"computertypes_id\"}',1,'OCS-NG_WINDOWS_AGENT_v2.1.1.3 ',17,'NA',NULL),(562,575,1026,'RPC97098-ME-2022-04-26-13-51-45',1,'2022-04-27 18:03:19','2022-04-27 16:26:10','2022-04-27 16:26:10','192.168.11.10 ','{\"0\":\"users_id\",\"1\":\"locations_id\",\"2\":\"contact\",\"4\":\"groups_id\",\"5\":\"comment\",\"6\":\"name\",\"7\":\"computermodels_id\",\"8\":\"manufacturers_id\",\"9\":\"computertypes_id\"}',1,'OCS-NG_WINDOWS_AGENT_v2.1.1.3 ',1,'NA',NULL),(563,576,1242,'RPC97105-BG-2022-05-12-07-49-46',1,'2022-04-29 18:32:16','2022-04-29 17:32:09','2022-04-29 17:32:09','192.168.11.10 ','[\"users_id\",\"contact\",\"groups_id\",\"comment\",\"name\",\"locations_id\",\"computermodels_id\",\"manufacturers_id\",\"computertypes_id\"]',1,'OCS-NG_WINDOWS_AGENT_v2.1.1.3 ',1,'',NULL),(564,577,1073,'RPC97132-BC-2022-04-29-11-52-41',1,'2022-04-29 18:32:45','2022-04-29 17:26:43','2022-04-29 17:26:43','192.168.11.10 ','{\"0\":\"users_id\",\"2\":\"contact\",\"3\":\"groups_id\",\"4\":\"comment\",\"5\":\"locations_id\",\"6\":\"computermodels_id\",\"7\":\"manufacturers_id\",\"8\":\"computertypes_id\"}',1,'OCS-NG_WINDOWS_AGENT_v2.1.1.3 ',1,'NA',NULL),(565,578,1595,'RPC97097-BC-2022-06-06-09-39-44',1,'2022-04-29 18:33:10','2022-04-29 17:26:16','2022-04-29 17:26:16','192.168.11.10 ','[\"users_id\",\"groups_id\",\"contact\",\"comment\",\"locations_id\",\"computermodels_id\",\"manufacturers_id\",\"computertypes_id\"]',1,'OCS-NG_WINDOWS_AGENT_v2.1.1.3 ',22,'NA',NULL),(566,579,3905,'RPC97099-BG-2022-11-05-04-46-45',1,'2022-04-29 18:33:33','2022-04-29 14:50:29','2022-04-29 14:50:29','192.168.11.10 ','{\"0\":\"name\",\"1\":\"locations_id\",\"2\":\"contact\",\"3\":\"users_id\",\"4\":\"comment\",\"9\":\"groups_id\",\"11\":\"computermodels_id\",\"12\":\"manufacturers_id\",\"13\":\"computertypes_id\"}',1,'OCS-NG_WINDOWS_AGENT_v2.1.1.3 ',1,'NA',NULL),(567,580,8190,'RPC97023-BC-2023-07-14-17-24-00',1,'2022-04-29 23:05:50','2022-04-29 22:05:51','2022-04-29 22:05:51','192.168.11.10 ','{\"0\":\"groups_id\",\"1\":\"contact\",\"2\":\"users_id\",\"3\":\"comment\",\"5\":\"name\",\"6\":\"locations_id\",\"7\":\"computermodels_id\",\"8\":\"manufacturers_id\",\"9\":\"computertypes_id\"}',1,'OCS-NG_WINDOWS_AGENT_v2.1.1.3 ',22,'NA',NULL),(568,581,1082,'RPC94277-BG-2022-04-29-17-19-47',1,'2022-04-30 14:57:07','2022-04-29 22:30:54','2022-04-29 22:30:54','192.168.11.10 ','{\"0\":\"locations_id\",\"2\":\"contact\",\"3\":\"users_id\",\"4\":\"groups_id\",\"5\":\"comment\",\"6\":\"computermodels_id\",\"7\":\"manufacturers_id\",\"8\":\"computertypes_id\"}',1,'OCS-NG_WINDOWS_AGENT_v2.1.1.3 ',17,'NA',NULL),(569,582,4684,'RPC94177-BG-2022-12-20-14-15-43',1,'2022-04-30 14:57:34','2022-04-29 22:30:03','2022-04-29 22:30:03','192.168.11.10 ','{\"0\":\"locations_id\",\"1\":\"contact\",\"2\":\"groups_id\",\"3\":\"comment\",\"6\":\"users_id\",\"9\":\"computermodels_id\",\"10\":\"manufacturers_id\",\"11\":\"computertypes_id\"}',1,'OCS-NG_WINDOWS_AGENT_v2.1.1.3 ',1,'NA',NULL),(570,583,9024,'RPC94530-BG-2023-09-05-17-30-19',1,'2022-05-03 22:15:31','2022-05-03 16:18:51','2022-05-03 16:18:51','192.168.11.10 ','{\"0\":\"contact\",\"1\":\"users_id\",\"2\":\"comment\",\"6\":\"locations_id\",\"7\":\"groups_id\",\"8\":\"computermodels_id\",\"9\":\"manufacturers_id\",\"10\":\"computertypes_id\"}',1,'OCS-NG_WINDOWS_AGENT_v2.1.1.3 ',15,'NA',NULL),(571,584,1123,'RPC97027-BG-2022-05-03-20-06-04',1,'2022-05-05 18:11:09','2022-05-04 17:48:06','2022-05-04 17:48:06','192.168.11.10 ','{\"0\":\"contact\",\"1\":\"users_id\",\"2\":\"comment\",\"4\":\"groups_id\",\"5\":\"locations_id\",\"7\":\"computermodels_id\",\"8\":\"manufacturers_id\",\"9\":\"computertypes_id\"}',1,'OCS-NG_WINDOWS_AGENT_v2.1.1.3 ',15,'NA',NULL),(572,585,8348,'DESKTOP-8DAPN4A-2023-07-26-10-46-17',1,'2022-05-05 21:03:45','2022-05-05 18:02:05','2022-05-05 18:02:05','192.168.11.10 ','{\"0\":\"groups_id\",\"1\":\"users_id\",\"2\":\"locations_id\",\"4\":\"contact\",\"5\":\"comment\",\"6\":\"computermodels_id\",\"7\":\"manufacturers_id\",\"8\":\"computertypes_id\"}',1,'OCS-NG_WINDOWS_AGENT_v2.1.1.3 ',0,'NA',NULL),(573,586,1155,'ELCMUR0YJ9-BG-2022-05-05-12-53-51',1,'2022-05-05 21:04:14','2022-05-05 17:54:28','2022-05-05 17:54:28','192.168.11.10 ','{\"0\":\"users_id\",\"1\":\"groups_id\",\"3\":\"locations_id\",\"4\":\"contact\",\"5\":\"serial\",\"6\":\"manufacturers_id\",\"7\":\"computertypes_id\"}',1,'OCS-NG_WINDOWS_AGENT_v2.1.1.3 ',19,'NA',NULL),(574,587,8912,'ELCMUR1GWJ-BG-2023-08-31-11-52-53',1,'2022-05-05 21:04:35','2022-05-05 17:43:34','2022-05-05 19:13:04','192.168.11.10 ','{\"0\":\"contact\",\"1\":\"users_id\",\"2\":\"comment\",\"3\":\"groups_id\",\"5\":\"locations_id\",\"8\":\"computermodels_id\",\"9\":\"manufacturers_id\",\"10\":\"computertypes_id\"}',1,'OCS-NG_WINDOWS_AGENT_v2.1.1.3 ',19,'NA',NULL),(575,588,2875,'ELCMUR0182-BG-2022-08-31-16-25-40',1,'2022-05-05 21:05:02','2022-05-05 17:32:31','2022-05-05 17:32:31','192.168.11.10 ','{\"0\":\"users_id\",\"1\":\"groups_id\",\"3\":\"locations_id\",\"4\":\"contact\",\"5\":\"computermodels_id\",\"6\":\"manufacturers_id\",\"7\":\"computertypes_id\"}',1,'OCS-NG_WINDOWS_AGENT_v2.1.1.3 ',19,'NA',NULL),(576,589,2399,'ELCMUR5161-BG-2022-07-29-17-01-10',1,'2022-05-05 21:05:34','2022-05-05 17:07:43','2022-05-05 17:28:55','192.168.11.10 ','{\"0\":\"contact\",\"1\":\"users_id\",\"2\":\"groups_id\",\"3\":\"locations_id\",\"5\":\"computermodels_id\",\"6\":\"manufacturers_id\",\"7\":\"computertypes_id\"}',1,'OCS-NG_WINDOWS_AGENT_v2.1.1.3 ',19,'NA',NULL),(577,590,1150,'ELCMUR715A-BG-2022-05-05-11-55-27',1,'2022-05-05 21:05:59','2022-05-05 16:55:50','2022-05-05 16:55:50','192.168.11.10 ','{\"0\":\"users_id\",\"1\":\"groups_id\",\"3\":\"locations_id\",\"4\":\"contact\",\"5\":\"computermodels_id\",\"6\":\"manufacturers_id\",\"7\":\"computertypes_id\"}',1,'OCS-NG_WINDOWS_AGENT_v2.1.1.3 ',19,'NA',NULL),(578,591,1149,'ELCMUR1173-BG-2022-05-05-11-50-18',1,'2022-05-05 21:06:27','2022-05-05 16:51:23','2022-05-05 17:39:29','192.168.11.10 ','{\"0\":\"locations_id\",\"1\":\"contact\",\"2\":\"users_id\",\"4\":\"groups_id\",\"6\":\"comment\",\"8\":\"computermodels_id\",\"9\":\"manufacturers_id\",\"10\":\"computertypes_id\"}',1,'OCS-NG_WINDOWS_AGENT_v2.1.1.3 ',19,'NA',NULL),(579,592,8021,'ELCMUR7600-BG-2023-07-11-07-26-52',1,'2022-05-05 21:07:12','2022-05-05 16:31:08','2022-05-05 17:01:58','192.168.11.10 ','{\"0\":\"contact\",\"1\":\"users_id\",\"3\":\"groups_id\",\"4\":\"locations_id\",\"6\":\"computermodels_id\",\"7\":\"manufacturers_id\",\"8\":\"computertypes_id\"}',1,'OCS-NG_WINDOWS_AGENT_v2.1.1.3 ',19,'NA',NULL),(580,593,1147,'ELCMUR4824-BG-2022-05-05-11-23-41',1,'2022-05-05 21:07:39','2022-05-05 16:24:21','2022-05-05 16:24:21','192.168.11.10 ','{\"0\":\"contact\",\"1\":\"users_id\",\"2\":\"groups_id\",\"4\":\"locations_id\",\"5\":\"computermodels_id\",\"6\":\"manufacturers_id\",\"7\":\"computertypes_id\"}',1,'OCS-NG_WINDOWS_AGENT_v2.1.1.3 ',19,'NA',NULL),(581,594,1146,'ELCMUR1836-BG-2022-05-05-11-14-49',1,'2022-05-05 21:08:08','2022-05-05 16:15:41','2022-05-05 16:15:41','192.168.11.10 ','{\"0\":\"contact\",\"1\":\"users_id\",\"2\":\"groups_id\",\"5\":\"locations_id\",\"6\":\"computermodels_id\",\"7\":\"manufacturers_id\",\"8\":\"computertypes_id\"}',1,'OCS-NG_WINDOWS_AGENT_v2.1.1.3 ',19,'NA',NULL),(582,595,8410,'ELCMUR0610-BG-2023-07-28-10-47-37',1,'2022-05-05 21:08:37','2022-05-05 16:04:08','2022-05-05 16:04:08','192.168.11.10 ','{\"0\":\"users_id\",\"1\":\"groups_id\",\"3\":\"locations_id\",\"4\":\"contact\",\"5\":\"computermodels_id\",\"6\":\"manufacturers_id\",\"7\":\"computertypes_id\"}',1,'OCS-NG_WINDOWS_AGENT_v2.1.1.3 ',19,'NA',NULL),(583,596,1143,'ELCMUR016F-BG-2022-05-05-10-29-46',1,'2022-05-05 21:09:03','2022-05-05 15:30:44','2022-05-05 15:30:44','192.168.11.10 ','{\"0\":\"users_id\",\"1\":\"groups_id\",\"3\":\"locations_id\",\"4\":\"contact\",\"5\":\"computermodels_id\",\"6\":\"manufacturers_id\",\"7\":\"computertypes_id\"}',1,'OCS-NG_WINDOWS_AGENT_v2.1.1.3 ',19,'NA',NULL),(584,597,5724,'ELCMUR05CS-BG-2023-02-27-09-02-55',1,'2022-05-05 21:09:32','2022-05-05 15:22:34','2022-05-05 19:11:28','192.168.11.10 ','{\"0\":\"users_id\",\"1\":\"groups_id\",\"3\":\"contact\",\"4\":\"locations_id\",\"5\":\"computermodels_id\",\"6\":\"manufacturers_id\",\"7\":\"computertypes_id\"}',1,'OCS-NG_WINDOWS_AGENT_v2.1.1.3 ',19,'NA',NULL),(585,598,4977,'ELCMUR1RCP-BG-2023-01-12-17-52-47',1,'2022-05-05 21:09:55','2022-05-05 15:17:40','2022-05-05 15:17:40','192.168.11.10 ','{\"0\":\"users_id\",\"1\":\"groups_id\",\"3\":\"locations_id\",\"4\":\"contact\",\"5\":\"computermodels_id\",\"6\":\"manufacturers_id\",\"7\":\"computertypes_id\"}',1,'OCS-NG_WINDOWS_AGENT_v2.1.1.3 ',19,'NA',NULL),(586,599,1140,'ELCMUR0243-BG-2022-05-05-10-08-04',1,'2022-05-05 21:10:17','2022-05-05 15:08:50','2022-05-05 16:10:29','192.168.11.10 ','{\"0\":\"contact\",\"1\":\"users_id\",\"2\":\"groups_id\",\"5\":\"comment\",\"6\":\"locations_id\",\"7\":\"computermodels_id\",\"8\":\"manufacturers_id\",\"9\":\"computertypes_id\"}',1,'OCS-NG_WINDOWS_AGENT_v2.1.1.3 ',19,'NA',NULL),(587,600,1359,'ELCMUR0554-BG-2022-05-19-13-17-35',1,'2022-05-06 15:01:39','2022-05-05 22:09:20','2022-05-06 12:02:49','192.168.11.10 ','{\"0\":\"users_id\",\"1\":\"groups_id\",\"2\":\"locations_id\",\"4\":\"contact\",\"5\":\"computermodels_id\",\"6\":\"manufacturers_id\",\"7\":\"computertypes_id\"}',1,'OCS-NG_WINDOWS_AGENT_v2.1.1.3 ',19,'NA',NULL),(588,602,2903,'RPC94558-MQ-2022-09-02-12-53-10',1,'2022-05-10 22:23:29','2022-05-10 13:51:20','2022-05-10 13:51:20','192.168.11.10 ','{\"0\":\"contact\",\"1\":\"users_id\",\"2\":\"comment\",\"6\":\"groups_id\",\"7\":\"locations_id\",\"8\":\"computermodels_id\",\"9\":\"manufacturers_id\",\"10\":\"computertypes_id\"}',1,'OCS-NG_WINDOWS_AGENT_v2.1.1.3 ',21,'NA',NULL),(589,603,4711,'RPC94603-BG-2022-12-26-13-06-22',1,'2022-05-11 15:37:55','2022-05-11 14:35:43','2022-05-11 14:35:43','192.168.11.10 ','{\"0\":\"users_id\",\"1\":\"contact\",\"3\":\"groups_id\",\"4\":\"comment\",\"5\":\"locations_id\",\"6\":\"computermodels_id\",\"7\":\"manufacturers_id\",\"8\":\"computertypes_id\"}',1,'OCS-NG_WINDOWS_AGENT_v2.1.1.3 ',1,'NA',NULL),(590,604,6384,'RPC96226-BG-2023-04-04-07-44-47',1,'2022-05-11 15:38:20','2022-05-10 19:18:56','2022-05-10 19:18:56','192.168.11.10 ','{\"0\":\"locations_id\",\"1\":\"contact\",\"2\":\"users_id\",\"3\":\"comment\",\"5\":\"groups_id\",\"6\":\"computermodels_id\",\"7\":\"manufacturers_id\",\"8\":\"computertypes_id\"}',1,'OCS-NG_WINDOWS_AGENT_v2.1.1.3 ',17,'NA',NULL),(591,605,1219,'RPC93833-BG-2022-05-06-16-54-49',1,'2022-05-11 15:38:50','2022-05-10 17:40:46','2022-05-10 17:44:15','192.168.11.10 ','{\"0\":\"users_id\",\"1\":\"comment\",\"2\":\"contact\",\"4\":\"locations_id\",\"5\":\"groups_id\",\"6\":\"name\",\"7\":\"computermodels_id\",\"8\":\"manufacturers_id\",\"9\":\"computertypes_id\"}',1,'OCS-NG_WINDOWS_AGENT_v2.1.1.3 ',22,'NA',NULL),(592,606,1274,'RPC96937-BG-2022-05-13-15-36-19',1,'2022-05-11 15:39:13','2022-05-11 00:36:06','2022-05-11 00:36:06','192.168.11.10 ','[\"users_id\",\"locations_id\",\"groups_id\",\"comment\",\"computermodels_id\",\"manufacturers_id\",\"computertypes_id\"]',1,'OCS-NG_WINDOWS_AGENT_v2.1.1.3 ',17,'NA',NULL),(593,607,1469,'RPC96245-BC-2022-05-26-07-23-48',1,'2022-05-11 15:39:39','2022-05-09 20:03:29','2022-05-09 20:03:29','192.168.11.10 ','[\"users_id\",\"contact\",\"groups_id\",\"comment\",\"locations_id\",\"computermodels_id\",\"manufacturers_id\",\"computertypes_id\"]',1,'OCS-NG_WINDOWS_AGENT_v2.1.1.3 ',1,'NA',NULL),(594,608,8895,'RPC94918-BC-2023-08-30-11-39-10',1,'2022-05-11 15:40:06','2022-05-09 20:03:10','2022-05-09 20:03:10','192.168.11.10 ','{\"0\":\"contact\",\"1\":\"groups_id\",\"2\":\"comment\",\"3\":\"users_id\",\"6\":\"locations_id\",\"7\":\"computermodels_id\",\"8\":\"manufacturers_id\",\"9\":\"computertypes_id\"}',1,'OCS-NG_WINDOWS_AGENT_v2.1.1.3 ',1,'NA',NULL),(595,609,7277,'ELCMUR2489-BG-2023-05-26-17-05-15',1,'2022-05-12 15:39:40','2022-05-11 22:43:51','2022-05-12 12:49:38','192.168.11.10 ','{\"0\":\"locations_id\",\"1\":\"users_id\",\"2\":\"contact\",\"4\":\"comment\",\"5\":\"groups_id\",\"7\":\"computermodels_id\",\"8\":\"manufacturers_id\",\"9\":\"computertypes_id\"}',1,'OCS-NG_WINDOWS_AGENT_v2.1.1.3 ',19,'NA',NULL),(596,610,2110,'ELCMUR048E-BG-2022-07-11-13-31-56',1,'2022-05-12 15:40:00','2022-05-11 19:34:52','2022-05-12 13:14:21','192.168.11.10 ','[\"entities_id\",\"date_mod\",\"groups_id\",\"users_id\",\"locations_id\",\"contact\",\"computermodels_id\",\"manufacturers_id\",\"computertypes_id\"]',1,'OCS-NG_WINDOWS_AGENT_v2.1.1.3 ',19,'NA',NULL),(597,611,1233,'LAPTOP-7V5Q7IL5-2022-05-11-14-29-41',1,'2022-05-12 15:40:24','2022-05-11 19:29:50','2022-05-11 19:29:50','192.168.11.10 ','[\"computermodels_id\",\"manufacturers_id\",\"computertypes_id\"]',1,'OCS-NG_WINDOWS_AGENT_v2.1.1.3 ',0,'NA',NULL),(598,612,8873,'RPC93907-BC-2023-08-29-17-40-13',1,'2022-05-12 20:23:01','2022-05-12 17:29:31','2022-05-12 17:29:31','192.168.11.10 ','{\"0\":\"users_id\",\"1\":\"locations_id\",\"2\":\"contact\",\"3\":\"comment\",\"5\":\"groups_id\",\"6\":\"computermodels_id\",\"7\":\"manufacturers_id\",\"8\":\"computertypes_id\"}',1,'OCS-NG_WINDOWS_AGENT_v2.1.1.3 ',22,'NA',NULL),(599,613,7057,'RPC94882-BG-2023-05-11-17-10-42',1,'2022-05-16 19:52:28','2022-05-13 20:45:38','2022-05-13 20:45:38','192.168.11.10 ','[\"users_id\",\"locations_id\",\"contact\",\"groups_id\",\"comment\",\"computermodels_id\",\"manufacturers_id\",\"computertypes_id\"]',1,'OCS-NG_WINDOWS_AGENT_v2.1.1.3 ',1,'NA',NULL),(600,614,8702,'RPC94408-CA-2023-08-18-14-54-34',1,'2022-05-17 15:43:49','2022-05-12 22:25:06','2022-05-12 22:25:06','192.168.11.10 ','[\"entities_id\",\"date_mod\",\"contact\",\"users_id\",\"comment\",\"locations_id\",\"groups_id\",\"computermodels_id\",\"manufacturers_id\",\"computertypes_id\"]',1,'OCS-NG_WINDOWS_AGENT_v2.1.1.3 ',21,'NA',NULL),(601,615,1325,'ELCMUR0088-BG-2022-05-18-10-05-31',1,'2022-05-18 16:06:42','2022-05-18 15:06:19','2022-05-18 15:06:31','192.168.11.10 ','{\"0\":\"users_id\",\"1\":\"groups_id\",\"3\":\"locations_id\",\"4\":\"contact\",\"5\":\"computermodels_id\",\"6\":\"manufacturers_id\",\"7\":\"computertypes_id\"}',1,'OCS-NG_WINDOWS_AGENT_v2.1.1.3 ',19,'NA',NULL),(602,616,1326,'ELCMUR04DX-BG-2022-05-18-10-49-07',1,'2022-05-18 16:52:13','2022-05-18 15:51:16','2022-05-18 15:51:16','192.168.11.10 ','{\"0\":\"users_id\",\"1\":\"groups_id\",\"3\":\"locations_id\",\"4\":\"computermodels_id\",\"5\":\"manufacturers_id\",\"6\":\"computertypes_id\"}',1,'OCS-NG_WINDOWS_AGENT_v2.1.1.3 ',19,'NA',NULL),(603,617,8846,'ELCMUR5CD1-BG-2023-08-23-09-47-02',1,'2022-05-18 23:13:42','2022-05-18 22:12:50','2022-05-18 22:13:18','192.168.11.10 ','{\"0\":\"users_id\",\"1\":\"groups_id\",\"2\":\"locations_id\",\"4\":\"contact\",\"5\":\"computermodels_id\",\"6\":\"manufacturers_id\",\"7\":\"computertypes_id\"}',1,'OCS-NG_WINDOWS_AGENT_v2.1.1.3 ',19,'NA',NULL),(604,619,8692,'RPC94091-BG-2023-08-18-07-41-29',1,'2022-05-26 16:06:08','2022-05-25 22:58:28','2022-05-26 13:43:32','192.168.11.10 ','[\"entities_id\",\"date_mod\",\"locations_id\",\"groups_id\",\"users_id\",\"contact\",\"comment\",\"computermodels_id\",\"manufacturers_id\",\"computertypes_id\"]',1,'OCS-NG_WINDOWS_AGENT_v2.1.1.3 ',22,'NA',NULL),(605,620,2235,'RPC94775-BG-2022-07-16-10-10-41',1,'2022-05-26 16:06:36','2022-05-25 18:24:02','2022-05-26 13:36:53','192.168.11.10 ','[\"locations_id\",\"contact\",\"users_id\",\"groups_id\",\"comment\",\"computermodels_id\",\"manufacturers_id\",\"computertypes_id\"]',1,'OCS-NG_WINDOWS_AGENT_v2.1.1.3 ',15,'NA',NULL),(606,621,8062,'RPC94188-BG-2023-06-26-08-31-37',1,'2022-05-26 16:07:02','2022-05-24 19:18:24','2022-05-24 19:18:24','192.168.11.10 ','[\"users_id\",\"contact\",\"comment\",\"locations_id\",\"groups_id\",\"computermodels_id\",\"manufacturers_id\",\"computertypes_id\"]',1,'OCS-NG_WINDOWS_AGENT_v2.1.1.3 ',15,'NA',NULL),(607,622,9008,'RPC94480-BG-2023-09-05-19-19-28',1,'2022-05-26 16:07:26','2022-05-25 20:58:22','2022-05-25 20:58:22','192.168.11.10 ','[\"comment\",\"locations_id\",\"groups_id\",\"computermodels_id\",\"manufacturers_id\",\"computertypes_id\"]',1,'OCS-NG_WINDOWS_AGENT_v2.1.1.3 ',15,'NA',NULL),(608,623,9003,'RPC94017-BG-2023-09-05-14-42-13',1,'2022-05-26 16:07:47','2022-05-25 20:58:15','2022-05-25 20:58:15','192.168.11.10 ','[\"comment\",\"locations_id\",\"groups_id\",\"computermodels_id\",\"manufacturers_id\",\"computertypes_id\"]',1,'OCS-NG_WINDOWS_AGENT_v2.1.1.3 ',15,'NA',NULL),(609,624,1411,'RPC94331-BG-2022-05-23-15-27-09',1,'2022-05-26 16:08:10','2022-05-25 21:01:13','2022-05-25 21:01:13','192.168.11.10 ','[\"locations_id\",\"users_id\",\"groups_id\",\"comment\",\"contact\",\"computermodels_id\",\"manufacturers_id\",\"computertypes_id\"]',1,'OCS-NG_WINDOWS_AGENT_v2.1.1.3 ',15,'NA',NULL),(610,625,1408,'DESKTOP-BTCV383-2022-05-23-14-03-24',1,'2022-05-26 16:08:35','2022-05-23 19:03:33','2022-05-23 19:03:33','192.168.11.10 ','[\"computermodels_id\",\"manufacturers_id\",\"computertypes_id\"]',1,'OCS-NG_WINDOWS_AGENT_v2.1.1.3 ',0,'NA',NULL),(611,626,6343,'RPC94175-BG-2023-03-03-07-50-55',1,'2022-05-26 16:09:03','2022-05-25 21:40:17','2022-05-26 13:39:01','192.168.11.10 ','[\"comment\",\"locations_id\",\"groups_id\",\"computermodels_id\",\"manufacturers_id\",\"computertypes_id\"]',1,'OCS-NG_WINDOWS_AGENT_v2.1.1.3 ',15,'NA',NULL),(612,627,1480,'RPC94553-BG-2022-05-27-13-23-43',1,'2022-05-26 16:09:36','2022-05-24 19:19:03','2022-05-24 19:19:03','192.168.11.10 ','[\"comment\",\"locations_id\",\"groups_id\",\"computermodels_id\",\"manufacturers_id\",\"computertypes_id\"]',1,'OCS-NG_WINDOWS_AGENT_v2.1.1.3 ',15,'NA',NULL),(613,629,1479,'RPC96958-MQ-2022-05-17-16-30-18',1,'2022-05-27 19:06:42','2022-05-27 17:51:19','2022-05-27 17:51:19','192.168.11.10 ','[\"locations_id\",\"name\",\"contact\",\"users_id\",\"groups_id\",\"comment\",\"computermodels_id\",\"manufacturers_id\",\"computertypes_id\"]',1,'OCS-NG_WINDOWS_AGENT_v2.1.1.3 ',1,'NA',NULL),(614,630,1794,'RPC96312-BG-2022-06-20-10-34-55',1,'2022-05-27 19:07:08','2022-05-27 17:40:57','2022-05-27 17:40:57','192.168.11.10 ','[\"locations_id\",\"groups_id\",\"comment\",\"computermodels_id\",\"manufacturers_id\",\"computertypes_id\"]',1,'OCS-NG_WINDOWS_AGENT_v2.1.1.3 ',17,'NA',NULL),(615,631,1545,'ELCMUR3400-BG-2022-06-02-15-09-36',1,'2022-06-02 21:11:16','2022-06-02 20:10:30','2022-06-02 20:10:30','192.168.11.10 ','{\"0\":\"users_id\",\"1\":\"groups_id\",\"3\":\"locations_id\",\"4\":\"contact\",\"5\":\"computermodels_id\",\"6\":\"manufacturers_id\",\"7\":\"computertypes_id\"}',1,'OCS-NG_WINDOWS_AGENT_v2.1.1.3 ',19,'NA',NULL),(616,635,1599,'RPC94915-BC-2022-06-06-11-55-57',1,'2022-06-08 17:36:18','2022-06-06 16:57:06','2022-06-06 16:57:06','192.168.11.10 ','[\"entities_id\",\"date_mod\",\"groups_id\",\"name\",\"locations_id\",\"contact\",\"users_id\",\"comment\",\"computermodels_id\",\"manufacturers_id\",\"computertypes_id\"]',1,'OCS-NG_WINDOWS_AGENT_v2.1.1.3 ',20,'NA',NULL),(617,636,1597,'RPC95013-BG-2022-06-06-10-14-56',1,'2022-06-08 17:36:53','2022-06-06 16:50:13','2022-06-06 16:51:03','192.168.11.10 ','[\"entities_id\",\"date_mod\",\"locations_id\",\"users_id\",\"groups_id\",\"comment\",\"computermodels_id\",\"manufacturers_id\",\"computertypes_id\"]',1,'OCS-NG_WINDOWS_AGENT_v2.1.1.3 ',22,'NA',NULL),(618,637,1568,'RPC95036-BG-2022-06-03-14-40-42',1,'2022-06-08 17:37:29','2022-06-03 19:43:29','2022-06-03 19:43:29','192.168.11.10 ','[\"entities_id\",\"date_mod\",\"groups_id\",\"locations_id\",\"comment\",\"contact\",\"users_id\",\"name\",\"computermodels_id\",\"manufacturers_id\",\"computertypes_id\"]',1,'OCS-NG_WINDOWS_AGENT_v2.1.1.3 ',22,'NA',NULL),(619,638,2676,'RPC94642-MQ-2022-08-18-16-38-16',1,'2022-06-08 17:38:01','2022-06-06 12:17:57','2022-06-06 12:17:57','192.168.11.10 ','{\"0\":\"contact\",\"1\":\"users_id\",\"2\":\"comment\",\"4\":\"locations_id\",\"5\":\"groups_id\",\"7\":\"computermodels_id\",\"8\":\"manufacturers_id\",\"9\":\"computertypes_id\"}',1,'OCS-NG_WINDOWS_AGENT_v2.1.1.3 ',21,'NA',NULL),(620,639,8439,'RPC94859-BC-2023-07-29-12-04-56',1,'2022-06-08 17:38:32','2022-06-06 15:14:45','2022-06-06 15:14:45','192.168.11.10 ','[\"locations_id\",\"contact\",\"users_id\",\"comment\",\"groups_id\",\"computermodels_id\",\"manufacturers_id\",\"computertypes_id\"]',1,'OCS-NG_WINDOWS_AGENT_v2.1.1.3 ',22,'NA',NULL),(621,640,8437,'RPC93978-BG-2023-06-16-07-26-12',1,'2022-06-08 17:39:07','2022-05-31 15:31:13','2022-05-31 15:31:15','192.168.11.10 ','{\"0\":\"locations_id\",\"1\":\"contact\",\"2\":\"users_id\",\"3\":\"comment\",\"5\":\"groups_id\",\"6\":\"computermodels_id\",\"7\":\"manufacturers_id\",\"8\":\"computertypes_id\"}',1,'OCS-NG_WINDOWS_AGENT_v2.1.1.3 ',17,'NA',NULL),(622,645,2330,'ELCMUR3760-BG-2022-07-27-07-22-15',1,'2022-06-09 20:00:26','2022-06-09 18:59:59','2022-06-09 18:59:59','192.168.11.10 ','[\"users_id\",\"groups_id\",\"locations_id\",\"contact\",\"computermodels_id\",\"manufacturers_id\",\"computertypes_id\"]',1,'OCS-NG_WINDOWS_AGENT_v2.1.1.3 ',19,'NA',NULL),(623,647,7185,'RPC94913-CG-2023-05-23-11-37-03',1,'2022-06-10 20:17:34','2022-06-10 19:07:27','2022-06-10 19:11:45','192.168.11.10 ','[\"comment\",\"groups_id\",\"contact\",\"users_id\",\"locations_id\",\"computermodels_id\",\"manufacturers_id\",\"computertypes_id\"]',1,'OCS-NG_WINDOWS_AGENT_v2.1.1.3 ',2,'NA',NULL),(624,648,1676,'RPC95359-BC-2022-06-13-12-30-32',1,'2022-06-13 18:32:21','2022-06-13 17:32:03','2022-06-13 17:32:03','192.168.11.10 ','{\"0\":\"locations_id\",\"1\":\"contact\",\"2\":\"users_id\",\"3\":\"comment\",\"8\":\"name\",\"9\":\"groups_id\",\"10\":\"computermodels_id\",\"11\":\"manufacturers_id\",\"12\":\"computertypes_id\"}',1,'OCS-NG_WINDOWS_AGENT_v2.1.1.3 ',17,'NA',NULL),(625,650,6808,'WOSERVER-2023-04-28-07-27-59',1,'2022-06-16 16:04:14','2022-06-16 15:03:55','2022-06-16 15:03:55','192.168.11.10 ','[\"groups_id\",\"users_id\",\"locations_id\",\"computermodels_id\",\"manufacturers_id\",\"computertypes_id\"]',1,'OCS-NG_WINDOWS_AGENT_v2.1.1.3 ',0,'NA',NULL),(626,651,1777,'RPC94702-BG-2022-06-17-15-51-12',1,'2022-06-17 21:58:41','2022-06-17 20:56:55','2022-06-17 20:57:36','192.168.11.10 ','[\"entities_id\",\"date_mod\",\"groups_id\",\"users_id\",\"locations_id\",\"contact\",\"computermodels_id\",\"manufacturers_id\",\"computertypes_id\"]',1,'OCS-NG_WINDOWS_AGENT_v2.1.1.3 ',19,'NA',NULL),(627,652,2237,'RPC94727-BG-2022-07-21-09-58-03',1,'2022-06-17 22:06:58','2022-06-17 21:06:50','2022-06-17 21:06:50','192.168.11.10 ','[\"users_id\",\"groups_id\",\"comment\",\"locations_id\",\"contact\",\"computermodels_id\",\"manufacturers_id\",\"computertypes_id\"]',1,'OCS-NG_WINDOWS_AGENT_v2.1.1.3 ',19,'NA',NULL),(628,653,8526,'RPC94400-BG-2023-07-05-09-19-58',1,'2022-06-17 22:50:17','2022-06-17 21:50:05','2022-06-17 21:50:05','192.168.11.10 ','[\"users_id\",\"groups_id\",\"comment\",\"locations_id\",\"contact\",\"computermodels_id\",\"manufacturers_id\",\"computertypes_id\"]',1,'OCS-NG_WINDOWS_AGENT_v2.1.1.3 ',19,'NA',NULL),(629,654,4767,'RPC94120-BG-2022-12-28-18-13-40',1,'2022-06-21 15:31:02','2022-06-21 14:30:26','2022-06-21 14:30:40','192.168.11.10 ','[\"users_id\",\"groups_id\",\"comment\",\"contact\",\"locations_id\",\"computermodels_id\",\"manufacturers_id\",\"computertypes_id\"]',1,'OCS-NG_WINDOWS_AGENT_v2.1.1.3 ',19,'NA',NULL),(630,656,1907,'RPC94066-BG-2022-06-28-09-18-37',1,'2022-06-28 15:24:58','2022-06-28 14:23:44','2022-06-28 14:23:53','192.168.11.10 ','[\"users_id\",\"groups_id\",\"comment\",\"locations_id\",\"contact\",\"computermodels_id\",\"manufacturers_id\",\"computertypes_id\"]',1,'OCS-NG_WINDOWS_AGENT_v2.1.1.3 ',19,'NA',NULL),(631,657,8563,'ELCMUR145G-BG-2023-08-09-17-27-47',1,'2022-06-28 16:18:27','2022-06-28 15:13:42','2022-06-28 15:13:42','192.168.11.10 ','{\"0\":\"users_id\",\"1\":\"groups_id\",\"3\":\"locations_id\",\"4\":\"contact\",\"5\":\"computermodels_id\",\"6\":\"manufacturers_id\",\"7\":\"computertypes_id\"}',1,'OCS-NG_WINDOWS_AGENT_v2.1.1.3 ',19,'NA',NULL),(632,658,8622,'RPC96132-ME-2023-08-09-16-34-13',1,'2022-06-29 19:41:23','2022-06-29 12:54:44','2022-06-29 13:39:37','192.168.11.10 ','{\"0\":\"users_id\",\"1\":\"groups_id\",\"2\":\"locations_id\",\"5\":\"comment\",\"6\":\"computermodels_id\",\"7\":\"manufacturers_id\",\"8\":\"computertypes_id\"}',1,'OCS-NG_WINDOWS_AGENT_v2.1.1.3 ',2,'NA',NULL),(633,659,2983,'RPC94595-ME-2022-09-08-13-29-23',1,'2022-06-29 19:42:15','2022-06-22 19:11:52','2022-06-24 20:24:41','192.168.11.10 ','{\"0\":\"contact\",\"1\":\"comment\",\"2\":\"locations_id\",\"5\":\"users_id\",\"6\":\"groups_id\",\"7\":\"computermodels_id\",\"8\":\"manufacturers_id\",\"9\":\"computertypes_id\"}',1,'OCS-NG_WINDOWS_AGENT_v2.1.1.3 ',2,'NA',NULL),(634,660,1958,'RPC500404-BG-2022-06-30-12-54-28',1,'2022-06-30 19:00:17','2022-06-30 17:59:31','2022-06-30 17:59:38','192.168.11.10 ','{\"0\":\"groups_id\",\"1\":\"users_id\",\"2\":\"comment\",\"3\":\"locations_id\",\"5\":\"contact\",\"6\":\"computermodels_id\",\"7\":\"manufacturers_id\",\"8\":\"computertypes_id\"}',1,'OCS-NG_WINDOWS_AGENT_v2.1.1.3 ',2,'NA',NULL),(635,661,8112,'RPC96953-BC-2023-07-10-17-58-19',1,'2022-07-11 22:37:38','2022-07-11 12:55:49','2022-07-11 18:53:05','192.168.11.10 ','[\"contact\",\"users_id\",\"groups_id\",\"comment\",\"locations_id\",\"computermodels_id\",\"manufacturers_id\",\"computertypes_id\"]',1,'OCS-NG_WINDOWS_AGENT_v2.1.1.3 ',1,'NA',NULL),(636,662,2105,'RPC96000-BG-2022-07-11-16-48-06',1,'2022-07-11 22:50:03','2022-07-11 21:49:36','2022-07-11 21:49:36','192.168.11.10 ','[\"entities_id\",\"date_mod\",\"users_id\",\"name\",\"locations_id\",\"contact\",\"groups_id\",\"comment\",\"computermodels_id\",\"manufacturers_id\",\"computertypes_id\"]',1,'OCS-NG_WINDOWS_AGENT_v2.1.1.3 ',21,'NA',NULL),(637,663,8088,'RPC93841-BG-2023-07-12-20-56-36',1,'2022-07-14 16:06:00','2022-07-14 15:04:45','2022-07-14 15:04:45','192.168.11.10 ','[\"users_id\",\"groups_id\",\"comment\",\"contact\",\"locations_id\",\"computermodels_id\",\"manufacturers_id\",\"computertypes_id\"]',1,'OCS-NG_WINDOWS_AGENT_v2.1.1.3 ',19,'NA',NULL),(638,664,7727,'RPC94305-BG-2023-06-23-14-02-25',1,'2022-07-14 16:35:42','2022-07-14 15:35:13','2022-07-14 15:35:13','192.168.11.10 ','[\"groups_id\",\"comment\",\"contact\",\"users_id\",\"locations_id\",\"computermodels_id\",\"manufacturers_id\",\"computertypes_id\"]',1,'OCS-NG_WINDOWS_AGENT_v2.1.1.3 ',19,'NA',NULL),(639,665,2760,'RPC96939-BG-2022-08-24-00-04-46',1,'2022-07-15 18:27:19','2022-07-14 15:48:02','2022-07-14 22:16:43','192.168.11.10 ','{\"0\":\"users_id\",\"2\":\"groups_id\",\"3\":\"locations_id\",\"4\":\"comment\",\"5\":\"computermodels_id\",\"6\":\"manufacturers_id\",\"7\":\"computertypes_id\"}',1,'OCS-NG_WINDOWS_AGENT_v2.1.1.3 ',15,'NA',NULL),(640,666,2856,'RPC96860-BC-2022-08-30-17-24-55',1,'2022-07-21 14:34:37','2022-07-21 12:35:37','2022-07-21 13:20:01','192.168.11.10 ','{\"0\":\"comment\",\"1\":\"users_id\",\"3\":\"contact\",\"4\":\"groups_id\",\"5\":\"locations_id\",\"6\":\"computermodels_id\",\"7\":\"manufacturers_id\",\"8\":\"computertypes_id\"}',1,'OCS-NG_WINDOWS_AGENT_v2.1.1.3 ',1,'NA',NULL),(641,667,3200,'RPC96253-CA-2022-09-22-08-06-32',1,'2022-07-21 14:35:03','2022-07-21 13:29:14','2022-07-21 13:30:15','192.168.11.10 ','[\"users_id\",\"groups_id\",\"name\",\"contact\",\"comment\",\"locations_id\",\"computermodels_id\",\"manufacturers_id\",\"computertypes_id\"]',1,'OCS-NG_WINDOWS_AGENT_v2.1.1.3 ',1,'NA',NULL),(642,668,2670,'RPC96246-BC-2022-08-17-20-24-10',1,'2022-07-21 15:56:23','2022-07-21 14:21:25','2022-07-21 14:25:05','192.168.11.10 ','{\"0\":\"locations_id\",\"1\":\"users_id\",\"2\":\"comment\",\"3\":\"groups_id\",\"5\":\"contact\",\"6\":\"computermodels_id\",\"7\":\"manufacturers_id\",\"8\":\"computertypes_id\"}',1,'OCS-NG_WINDOWS_AGENT_v2.1.1.3 ',15,'NA',NULL),(643,669,2263,'RPC96208-IB-2022-07-21-12-22-16',1,'2022-07-21 17:02:08','2022-07-21 15:56:18','2022-07-21 15:56:18','192.168.11.10 ','[\"entities_id\",\"date_mod\",\"groups_id\",\"users_id\",\"contact\",\"locations_id\",\"comment\",\"computermodels_id\",\"manufacturers_id\",\"computertypes_id\"]',1,'OCS-NG_WINDOWS_AGENT_v2.1.1.3 ',22,'NA',NULL),(644,670,3593,'RPC96943-BG-2022-10-14-15-45-25',1,'2022-07-21 17:02:33','2022-07-21 15:53:45','2022-07-21 15:53:45','192.168.11.10 ','[\"entities_id\",\"date_mod\",\"users_id\",\"locations_id\",\"contact\",\"groups_id\",\"comment\",\"computermodels_id\",\"manufacturers_id\",\"computertypes_id\"]',1,'OCS-NG_WINDOWS_AGENT_v2.1.1.3 ',21,'NA',NULL),(645,671,2238,'RPC96723-BG-2022-07-15-22-41-01',1,'2022-07-21 17:02:59','2022-07-21 15:46:26','2022-07-21 15:46:26','192.168.11.10 ','{\"0\":\"contact\",\"1\":\"users_id\",\"2\":\"comment\",\"6\":\"groups_id\",\"7\":\"locations_id\",\"8\":\"name\",\"9\":\"computermodels_id\",\"10\":\"manufacturers_id\",\"11\":\"computertypes_id\"}',1,'OCS-NG_WINDOWS_AGENT_v2.1.1.3 ',1,'NA',NULL),(646,672,2290,'RPC93463-BG-2022-07-25-11-44-41',1,'2022-07-25 17:51:21','2022-07-25 16:50:34','2022-07-25 16:50:47','192.168.11.10 ','[\"groups_id\",\"contact\",\"users_id\",\"comment\",\"locations_id\",\"computermodels_id\",\"manufacturers_id\",\"computertypes_id\"]',1,'OCS-NG_WINDOWS_AGENT_v2.1.1.3 ',19,'NA',NULL),(647,673,2072,'ELCMUR0YJ9-BG-2022-07-07-08-46-00',1,'2022-07-25 19:34:18','2022-07-22 18:40:54','2022-07-22 18:40:54','192.168.11.10 ','[\"manufacturers_id\",\"computertypes_id\"]',1,'OCS-NG_WINDOWS_AGENT_v2.1.1.3 ',0,'NA',NULL),(648,674,1814,'RPC94660-MQ-2022-06-21-13-03-51',1,'2022-07-25 19:34:38','2022-07-22 18:59:56','2022-07-25 12:30:29','192.168.11.10 ','[\"users_id\",\"computermodels_id\",\"manufacturers_id\",\"computertypes_id\"]',1,'OCS-NG_WINDOWS_AGENT_v2.1.1.3 ',0,'NA',NULL),(649,675,2655,'RPC96310-BC-2022-08-17-07-35-39',1,'2022-07-27 22:54:45','2022-07-26 21:49:53','2022-07-26 21:53:06','192.168.11.10 ','[\"contact\",\"users_id\",\"comment\",\"locations_id\",\"groups_id\",\"name\",\"computermodels_id\",\"manufacturers_id\",\"computertypes_id\"]',1,'OCS-NG_WINDOWS_AGENT_v2.1.1.3 ',1,'NA',NULL),(650,676,8995,'RPC94851-BG-2023-09-05-11-49-05',1,'2022-08-08 20:36:58','2022-08-08 20:36:34','2022-08-08 20:36:34','192.168.11.10 ','{\"0\":\"users_id\",\"2\":\"groups_id\",\"3\":\"comment\",\"4\":\"contact\",\"5\":\"locations_id\",\"6\":\"computermodels_id\",\"7\":\"manufacturers_id\",\"8\":\"computertypes_id\"}',1,'OCS-NG_WINDOWS_AGENT_v2.1.1.3 ',2,'NA',NULL),(651,677,8636,'RPC94741-BG-2023-08-14-19-19-29',1,'2022-08-18 20:15:43','2022-08-18 20:10:52','2022-08-18 20:13:54','192.168.11.10 ','[\"groups_id\",\"comment\",\"locations_id\",\"contact\",\"users_id\",\"computermodels_id\",\"manufacturers_id\",\"computertypes_id\"]',1,'OCS-NG_WINDOWS_AGENT_v2.1.1.3 ',19,'NA',NULL),(652,678,2674,'RPC94758--2022-08-18-16-10-01',1,'2022-08-18 21:16:22','2022-08-18 21:12:43','2022-08-18 21:15:52','192.168.11.10 ','[\"groups_id\",\"comment\",\"contact\",\"users_id\",\"locations_id\",\"name\",\"computermodels_id\",\"manufacturers_id\",\"computertypes_id\"]',1,'OCS-NG_WINDOWS_AGENT_v2.1.1.3 ',19,'NA',NULL),(653,679,2766,'RPC93848-BG-2022-08-24-12-25-10',1,'2022-08-24 17:32:39','2022-08-24 17:32:02','2022-08-24 17:32:02','192.168.11.10 ','[\"groups_id\",\"users_id\",\"contact\",\"comment\",\"locations_id\",\"computermodels_id\",\"manufacturers_id\",\"computertypes_id\"]',1,'OCS-NG_WINDOWS_AGENT_v2.1.1.3 ',19,'NA',NULL),(654,680,2768,'RPC94522-BG-2022-08-24-12-48-20',1,'2022-08-24 17:52:11','2022-08-24 17:49:51','2022-08-24 17:49:51','192.168.11.10 ','[\"users_id\",\"contact\",\"comment\",\"groups_id\",\"locations_id\",\"computermodels_id\",\"manufacturers_id\",\"computertypes_id\"]',1,'OCS-NG_WINDOWS_AGENT_v2.9.2.0 ',1,'NA',NULL),(655,681,2771,'RPC93780--2022-08-24-14-08-00',1,'2022-08-24 19:09:02','2022-08-24 19:08:48','2022-08-24 19:08:48','192.168.11.10 ','[\"groups_id\",\"comment\",\"contact\",\"users_id\",\"locations_id\",\"name\",\"computermodels_id\",\"manufacturers_id\",\"computertypes_id\"]',1,'OCS-NG_WINDOWS_AGENT_v2.1.1.3 ',19,'NA',NULL),(656,682,3052,'RPC93910-BC-2022-09-13-09-41-47',1,'2022-09-13 14:47:10','2022-09-13 14:45:32','2022-09-13 14:45:32','192.168.11.10 ','{\"0\":\"groups_id\",\"1\":\"name\",\"2\":\"locations_id\",\"3\":\"contact\",\"4\":\"users_id\",\"5\":\"comment\",\"7\":\"computermodels_id\",\"8\":\"manufacturers_id\",\"9\":\"computertypes_id\"}',1,'OCS-NG_WINDOWS_AGENT_v2.9.2.0 ',2,'NA',NULL),(657,683,7882,'RPC91715-CS-2023-07-01-09-25-54',1,'2022-09-26 18:08:12','2022-09-26 17:49:10','2022-09-26 17:49:10','192.168.11.10 ','[\"locations_id\",\"groups_id\",\"comment\",\"contact\",\"users_id\",\"computermodels_id\",\"manufacturers_id\",\"computertypes_id\"]',1,'OCS-NG_WINDOWS_AGENT_v2.1.1.3 ',19,'NA',NULL),(658,684,3266,'RPC97598-BG-2022-09-26-12-36-13',1,'2022-09-26 18:08:40','2022-09-26 17:44:59','2022-09-26 17:44:59','192.168.11.10 ','{\"0\":\"users_id\",\"2\":\"groups_id\",\"3\":\"locations_id\",\"4\":\"contact\",\"5\":\"comment\",\"6\":\"name\",\"7\":\"computermodels_id\",\"8\":\"manufacturers_id\",\"9\":\"computertypes_id\"}',1,'OCS-NG_WINDOWS_AGENT_v2.1.1.3 ',15,'NA',NULL),(659,685,6575,'RPC96327-BG-2023-04-16-16-12-08',1,'2022-09-28 17:35:38','2022-09-28 01:08:07','2022-09-28 13:40:17','192.168.11.10 ','[\"users_id\",\"locations_id\",\"groups_id\",\"comment\",\"computermodels_id\",\"manufacturers_id\",\"computertypes_id\"]',1,'OCS-NG_WINDOWS_AGENT_v2.1.1.3 ',1,'NA',NULL),(660,686,9069,'RPC97622-BG-2023-09-08-03-45-40',1,'2022-09-28 17:36:05','2022-09-27 19:37:29','2022-09-27 21:25:42','192.168.11.10 ','[\"groups_id\",\"users_id\",\"locations_id\",\"contact\",\"comment\",\"computermodels_id\",\"manufacturers_id\",\"computertypes_id\"]',1,'OCS-NG_WINDOWS_AGENT_v2.1.1.3 ',15,'NA',NULL),(661,687,3572,'RPC91978-CA-2022-10-13-13-17-56',1,'2022-09-28 17:36:33','2022-09-27 16:26:49','2022-09-27 17:02:56','192.168.11.10 ','[\"entities_id\",\"date_mod\",\"groups_id\",\"users_id\",\"locations_id\",\"comment\",\"computermodels_id\",\"manufacturers_id\",\"computertypes_id\"]',1,'OCS-NG_WINDOWS_AGENT_v2.1.1.3 ',19,'NA',NULL),(662,688,2934,'RPC94025-BG-2022-08-25-13-40-49',1,'2022-09-28 17:36:58','2022-09-05 17:53:59','2022-09-05 17:53:59','192.168.11.10 ','[\"computermodels_id\",\"manufacturers_id\",\"computertypes_id\"]',1,'OCS-NG_WINDOWS_AGENT_v2.1.1.3 ',0,'NA',NULL),(663,689,8589,'RPC94059-ME-2023-08-11-12-31-00',1,'2022-09-29 18:43:53','2022-09-29 17:27:40','2022-09-29 18:34:55','192.168.11.10 ','{\"0\":\"contact\",\"1\":\"comment\",\"2\":\"locations_id\",\"4\":\"groups_id\",\"6\":\"users_id\",\"7\":\"computermodels_id\",\"8\":\"manufacturers_id\",\"9\":\"computertypes_id\"}',1,'OCS-NG_WINDOWS_AGENT_v2.1.1.3 ',15,'NA',NULL),(664,690,3701,'RPC94450-BC-2022-10-25-09-34-09',1,'2022-10-04 16:23:51','2022-10-04 15:59:41','2022-10-04 15:59:41','192.168.11.10 ','{\"0\":\"contact\",\"1\":\"users_id\",\"2\":\"comment\",\"5\":\"groups_id\",\"7\":\"name\",\"8\":\"locations_id\",\"9\":\"computermodels_id\",\"10\":\"manufacturers_id\",\"11\":\"computertypes_id\"}',1,'OCS-NG_WINDOWS_AGENT_v2.1.1.3 ',1,'NA',NULL),(665,691,7044,'RPC91690-CA-2023-05-13-11-41-58',1,'2022-10-07 21:01:08','2022-10-07 19:59:17','2022-10-07 19:59:17','192.168.11.10 ','{\"0\":\"name\",\"1\":\"locations_id\",\"2\":\"contact\",\"3\":\"users_id\",\"4\":\"groups_id\",\"5\":\"comment\",\"11\":\"computermodels_id\",\"12\":\"manufacturers_id\",\"13\":\"computertypes_id\"}',1,'OCS-NG_WINDOWS_AGENT_v2.1.1.3 ',15,'NA',NULL),(666,692,3257,'ELCMUR0YJ9-BG-2022-09-21-17-08-30',1,'2022-10-07 21:01:37','2022-10-06 15:50:15','2022-10-07 17:15:45','192.168.11.10 ','[\"manufacturers_id\",\"computertypes_id\"]',1,'OCS-NG_WINDOWS_AGENT_v2.1.1.3 ',0,'NA',NULL),(667,693,6597,'RPC94753-BG-2023-04-18-08-57-51',1,'2022-10-13 15:54:16','2022-10-12 21:27:15','2022-10-13 13:40:05','192.168.11.10 ','[\"groups_id\",\"locations_id\",\"comment\",\"computermodels_id\",\"manufacturers_id\",\"computertypes_id\"]',1,'OCS-NG_WINDOWS_AGENT_v2.1.1.3 ',2,'NA',NULL),(668,694,3480,'RPC96715-RI-2022-10-07-17-36-54',1,'2022-10-13 15:54:42','2022-10-07 22:39:04','2022-10-07 22:39:04','192.168.11.10 ','[\"groups_id\",\"locations_id\",\"users_id\",\"comment\",\"contact\",\"computermodels_id\",\"manufacturers_id\",\"computertypes_id\"]',1,'OCS-NG_WINDOWS_AGENT_v2.1.1.3 ',19,'NA',NULL),(669,695,3607,'RPC93903-BC-2022-10-18-13-52-19',1,'2022-10-18 19:48:04','2022-10-18 19:47:51','2022-10-18 19:47:51','192.168.11.10 ','[\"entities_id\",\"date_mod\",\"users_id\",\"groups_id\",\"contact\",\"comment\",\"locations_id\",\"computermodels_id\",\"manufacturers_id\",\"computertypes_id\"]',1,'OCS-NG_WINDOWS_AGENT_v2.1.1.3 ',22,'NA',NULL),(670,696,7274,'RPC95194-BG-2023-05-29-03-51-47',1,'2022-11-02 17:01:39','2022-10-31 18:53:44','2022-10-31 18:53:44','192.168.11.10 ','[\"locations_id\",\"users_id\",\"groups_id\",\"comment\",\"computermodels_id\",\"manufacturers_id\",\"computertypes_id\"]',1,'OCS-NG_WINDOWS_AGENT_v2.1.1.3 ',17,'NA',NULL),(671,697,8621,'RPC95537-BC-2023-08-11-14-12-09',1,'2022-11-02 17:02:06','2022-11-02 13:22:51','2022-11-02 13:24:53','192.168.11.10 ','[\"users_id\",\"contact\",\"comment\",\"groups_id\",\"locations_id\",\"computermodels_id\",\"manufacturers_id\",\"computertypes_id\"]',1,'OCS-NG_WINDOWS_AGENT_v2.1.1.3 ',22,'NA',NULL),(672,698,8719,'RPC97697-BG-2023-08-21-12-29-32',1,'2022-11-02 17:02:35','2022-11-01 02:01:03','2022-11-01 02:01:03','192.168.11.10 ','{\"0\":\"locations_id\",\"1\":\"users_id\",\"3\":\"groups_id\",\"4\":\"comment\",\"5\":\"computermodels_id\",\"6\":\"manufacturers_id\",\"7\":\"computertypes_id\"}',1,'OCS-NG_WINDOWS_AGENT_v2.1.1.3 ',17,'NA',NULL),(673,699,3680,'RPC96656-BG-2022-10-24-10-48-41',1,'2022-11-02 17:03:03','2022-10-30 16:45:51','2022-10-30 16:45:51','192.168.11.10 ','[\"entities_id\",\"date_mod\",\"locations_id\",\"groups_id\",\"comment\",\"computermodels_id\",\"manufacturers_id\",\"computertypes_id\"]',1,'OCS-NG_WINDOWS_AGENT_v2.1.1.3 ',17,'NA',NULL),(674,700,8800,'RPC97760-BG-2023-08-25-06-52-01',1,'2022-11-09 17:47:28','2022-11-09 14:27:21','2022-11-09 14:27:21','192.168.11.10 ','[\"locations_id\",\"groups_id\",\"comment\",\"computermodels_id\",\"manufacturers_id\",\"computertypes_id\"]',1,'OCS-NG_WINDOWS_AGENT_v2.1.1.3 ',1,'NA',NULL),(675,701,8942,'RPC94706-ME-2023-08-22-15-59-04',1,'2022-11-09 17:48:34','2022-11-08 15:17:27','2022-11-08 16:27:44','192.168.11.10 ','{\"0\":\"users_id\",\"1\":\"groups_id\",\"2\":\"locations_id\",\"4\":\"contact\",\"5\":\"comment\",\"6\":\"computermodels_id\",\"7\":\"manufacturers_id\",\"8\":\"computertypes_id\"}',1,'OCS-NG_WINDOWS_AGENT_v2.1.1.3 ',2,'NA',NULL),(676,702,4512,'RPC92960-ME-2022-12-09-10-29-42',1,'2022-11-09 17:49:21','2022-11-09 13:00:19','2022-11-09 15:19:18','192.168.11.10 ','{\"0\":\"locations_id\",\"2\":\"users_id\",\"3\":\"groups_id\",\"4\":\"comment\",\"5\":\"computermodels_id\",\"6\":\"manufacturers_id\",\"7\":\"computertypes_id\"}',1,'OCS-NG_WINDOWS_AGENT_v2.1.1.3 ',2,'NA',NULL),(677,703,8984,'RPC94196-ME-2023-09-04-17-35-34',1,'2022-11-11 21:22:03','2022-11-11 21:03:10','2022-11-11 21:03:10','192.168.11.10 ','{\"0\":\"locations_id\",\"1\":\"groups_id\",\"2\":\"contact\",\"3\":\"users_id\",\"4\":\"comment\",\"6\":\"computermodels_id\",\"7\":\"manufacturers_id\",\"8\":\"computertypes_id\"}',1,'OCS-NG_WINDOWS_AGENT_v2.1.1.3 ',15,'NA',NULL),(678,704,4096,'RPC501239-MQ-2022-11-17-17-34-32',1,'2022-11-23 14:30:43','2022-11-17 16:38:42','2022-11-22 01:23:04','192.168.11.10 ','[\"entities_id\",\"date_mod\",\"users_id\",\"locations_id\",\"computertypes_id\",\"groups_id\",\"comment\",\"computermodels_id\",\"manufacturers_id\"]',1,'OCS-NG_WINDOWS_AGENT_v2.1.1.3 ',21,'NA',NULL),(679,705,6431,'RPC91477-CS-2023-04-10-09-57-06',1,'2022-11-23 14:31:25','2022-11-17 15:34:43','2022-11-17 15:34:43','192.168.11.10 ','[\"entities_id\",\"date_mod\",\"groups_id\",\"contact\",\"comment\",\"locations_id\",\"users_id\",\"computermodels_id\",\"manufacturers_id\",\"computertypes_id\"]',1,'OCS-NG_WINDOWS_AGENT_v2.1.1.3 ',19,'NA',NULL),(680,706,9074,'RPC94509-BC-2023-09-08-08-16-28',1,'2022-11-23 14:31:57','2022-11-23 12:36:23','2022-11-23 12:36:23','192.168.11.10 ','[\"locations_id\",\"groups_id\",\"comment\",\"computermodels_id\",\"manufacturers_id\",\"computertypes_id\"]',1,'OCS-NG_WINDOWS_AGENT_v2.1.1.3 ',1,'NA',NULL),(681,707,9072,'RPC96991-BG-2023-09-07-21-23-33',1,'2022-11-23 14:32:23','2022-11-21 12:35:25','2022-11-23 13:13:50','192.168.11.10 ','[\"users_id\",\"locations_id\",\"groups_id\",\"comment\",\"computermodels_id\",\"manufacturers_id\",\"computertypes_id\"]',1,'OCS-NG_WINDOWS_AGENT_v2.1.1.3 ',1,'NA',NULL),(682,708,8838,'RPC93690-BC-2023-08-28-08-38-46',1,'2022-11-25 20:25:21','2022-11-24 16:42:07','2022-11-24 16:42:07','192.168.11.10 ','[\"entities_id\",\"date_mod\",\"groups_id\",\"contact\",\"users_id\",\"comment\",\"locations_id\",\"computermodels_id\",\"manufacturers_id\",\"computertypes_id\"]',1,'OCS-NG_WINDOWS_AGENT_v2.1.1.3 ',22,'NA',NULL),(683,709,6790,'RPC94170-BG-2023-04-27-08-16-29',1,'2022-11-25 20:25:53','2022-11-23 22:02:41','2022-11-24 13:47:45','192.168.11.10 ','[\"groups_id\",\"contact\",\"users_id\",\"comment\",\"locations_id\",\"computermodels_id\",\"manufacturers_id\",\"computertypes_id\"]',1,'OCS-NG_WINDOWS_AGENT_v2.1.1.3 ',19,'NA',NULL),(684,710,4812,'RPC97678-BG-2023-01-02-16-48-58',1,'2022-12-05 23:36:24','2022-12-05 23:35:29','2022-12-05 23:35:29','192.168.11.10 ','{\"0\":\"users_id\",\"1\":\"contact\",\"2\":\"locations_id\",\"4\":\"groups_id\",\"5\":\"comment\",\"6\":\"computermodels_id\",\"7\":\"manufacturers_id\",\"8\":\"computertypes_id\"}',1,'OCS-NG_WINDOWS_AGENT_v2.1.1.3 ',1,'NA',NULL),(685,711,9066,'RPC93957-BG-2023-09-07-17-10-40',1,'2022-12-12 20:58:39','2022-12-12 17:34:38','2022-12-12 17:34:38','192.168.11.10 ','{\"0\":\"users_id\",\"2\":\"contact\",\"3\":\"comment\",\"4\":\"groups_id\",\"5\":\"locations_id\",\"6\":\"computermodels_id\",\"7\":\"manufacturers_id\",\"8\":\"computertypes_id\"}',1,'OCS-NG_WINDOWS_AGENT_v2.1.1.3 ',15,'NA',NULL),(686,712,6340,'RPC94497-BG-2023-04-02-02-34-19',1,'2022-12-12 20:59:08','2022-12-06 23:55:28','2022-12-07 12:55:16','192.168.11.10 ','[\"users_id\",\"locations_id\",\"contact\",\"groups_id\",\"comment\",\"computermodels_id\",\"manufacturers_id\",\"computertypes_id\"]',1,'OCS-NG_WINDOWS_AGENT_v2.1.1.3 ',1,'NA',NULL),(687,713,9044,'RPC97814-BG-2023-09-06-16-25-14',1,'2022-12-23 20:05:53','2022-12-23 13:12:56','2022-12-23 19:29:07','192.168.11.10 ','{\"0\":\"users_id\",\"2\":\"locations_id\",\"3\":\"groups_id\",\"4\":\"comment\",\"5\":\"computermodels_id\",\"6\":\"manufacturers_id\",\"7\":\"computertypes_id\"}',1,'OCS-NG_WINDOWS_AGENT_v2.1.1.3 ',1,'NA',NULL),(688,714,9000,'RPC96405-BG-2023-09-05-10-03-54',1,'2022-12-23 20:06:32','2022-12-23 12:55:32','2022-12-23 19:11:56','192.168.11.10 ','{\"0\":\"users_id\",\"2\":\"comment\",\"3\":\"groups_id\",\"4\":\"locations_id\",\"5\":\"computermodels_id\",\"6\":\"manufacturers_id\",\"7\":\"computertypes_id\"}',1,'OCS-NG_WINDOWS_AGENT_v2.1.1.3 ',15,'NA',NULL),(689,715,5625,'RPC93748-ME-2023-02-21-17-44-50',1,'2022-12-23 20:07:00','2022-12-22 16:27:27','2022-12-22 16:27:27','192.168.11.10 ','{\"0\":\"locations_id\",\"2\":\"users_id\",\"3\":\"groups_id\",\"4\":\"comment\",\"5\":\"computermodels_id\",\"6\":\"manufacturers_id\",\"7\":\"computertypes_id\"}',1,'OCS-NG_WINDOWS_AGENT_v2.1.1.3 ',1,'NA',NULL),(690,716,9019,'RPC94372-BG-2023-09-05-07-57-12',1,'2022-12-23 20:07:30','2022-12-22 16:35:38','2022-12-23 19:27:20','192.168.11.10 ','[\"locations_id\",\"groups_id\",\"users_id\",\"comment\",\"computermodels_id\",\"manufacturers_id\",\"computertypes_id\"]',1,'OCS-NG_WINDOWS_AGENT_v2.1.1.3 ',15,'NA',NULL),(691,717,8339,'RPC93807-BG-2023-07-26-15-02-07',1,'2022-12-23 20:08:11','2022-12-22 16:52:59','2022-12-23 19:09:26','192.168.11.10 ','[\"locations_id\",\"groups_id\",\"comment\",\"computermodels_id\",\"manufacturers_id\",\"computertypes_id\"]',1,'OCS-NG_WINDOWS_AGENT_v2.1.1.3 ',15,'NA',NULL),(692,718,7150,'RPC94472-BG-2023-05-19-10-26-30',1,'2022-12-23 20:08:52','2022-12-21 19:01:48','2022-12-21 19:01:48','192.168.11.10 ','{\"0\":\"users_id\",\"1\":\"locations_id\",\"3\":\"groups_id\",\"4\":\"contact\",\"5\":\"comment\",\"6\":\"computermodels_id\",\"7\":\"manufacturers_id\",\"8\":\"computertypes_id\"}',1,'OCS-NG_WINDOWS_AGENT_v2.1.1.3 ',15,'NA',NULL),(693,719,4543,'RPC95669-MQ-2022-12-14-16-42-15',1,'2023-10-09 16:18:56','2023-06-16 22:03:58','2023-06-16 22:03:58','192.168.11.10 ','[\"users_id\",\"computermodels_id\",\"manufacturers_id\",\"computertypes_id\"]',1,'OCS-NG_WINDOWS_AGENT_v2.1.1.3 ',1,'NA',NULL),(694,720,8623,'RPC97796-BG-2023-08-14-08-19-29',1,'2022-12-30 20:27:01','2022-12-30 16:27:39','2022-12-30 16:55:47','192.168.11.10 ','{\"0\":\"groups_id\",\"1\":\"locations_id\",\"2\":\"users_id\",\"4\":\"comment\",\"5\":\"computermodels_id\",\"6\":\"manufacturers_id\",\"7\":\"computertypes_id\"}',1,'OCS-NG_WINDOWS_AGENT_v2.1.1.3 ',21,'NA',NULL),(695,721,8668,'RPC94178-BG-2023-08-13-22-56-57',1,'2022-12-30 20:27:29','2022-12-28 16:43:23','2022-12-28 16:43:23','192.168.11.10 ','{\"0\":\"locations_id\",\"2\":\"contact\",\"3\":\"users_id\",\"4\":\"comment\",\"5\":\"groups_id\",\"6\":\"computermodels_id\",\"7\":\"manufacturers_id\",\"8\":\"computertypes_id\"}',1,'OCS-NG_WINDOWS_AGENT_v2.1.1.3 ',17,'NA',NULL),(696,722,9031,'RPC94641-BG-2023-09-05-18-20-35',1,'2022-12-30 20:27:53','2022-12-30 09:50:34','2022-12-30 20:22:54','192.168.11.10 ','{\"0\":\"users_id\",\"2\":\"groups_id\",\"3\":\"locations_id\",\"4\":\"contact\",\"5\":\"comment\",\"6\":\"computermodels_id\",\"7\":\"manufacturers_id\",\"8\":\"computertypes_id\"}',1,'OCS-NG_WINDOWS_AGENT_v2.1.1.3 ',15,'NA',NULL),(697,723,8261,'RPC96887-BG-2023-07-21-12-51-08',1,'2023-01-06 20:41:05','2023-01-05 20:14:42','2023-01-06 12:25:56','192.168.11.10 ','[\"users_id\",\"locations_id\",\"groups_id\",\"contact\",\"comment\",\"computermodels_id\",\"manufacturers_id\",\"computertypes_id\"]',1,'OCS-NG_WINDOWS_AGENT_v2.1.1.3 ',15,'NA',NULL),(698,724,8515,'RPC94949-BG-2023-08-04-18-49-15',1,'2023-01-06 20:41:32','2023-01-04 21:58:11','2023-01-04 21:58:11','192.168.11.10 ','[\"locations_id\",\"contact\",\"users_id\",\"groups_id\",\"comment\",\"computermodels_id\",\"manufacturers_id\",\"computertypes_id\"]',1,'OCS-NG_WINDOWS_AGENT_v2.1.1.3 ',17,'NA',NULL),(699,725,5380,'RPC94182-BG-2023-02-06-14-24-03',1,'2023-10-09 16:00:06','2023-02-08 01:48:21','2023-02-08 01:48:21','192.168.11.10 ','[\"contact\",\"users_id\",\"locations_id\",\"comment\",\"name\",\"groups_id\",\"computermodels_id\",\"manufacturers_id\",\"computertypes_id\"]',1,'OCS-NG_WINDOWS_AGENT_v2.1.1.3 ',17,'NA',NULL),(700,726,5424,'RPC95814-BG-2023-02-09-15-33-30',1,'2023-10-09 15:59:39','2023-02-10 13:43:41','2023-02-10 13:43:41','192.168.11.10 ','[\"locations_id\",\"groups_id\",\"comment\",\"computermodels_id\",\"manufacturers_id\",\"computertypes_id\"]',1,'OCS-NG_WINDOWS_AGENT_v2.1.1.3 ',1,'NA',NULL),(701,727,5693,'RPC94695-ME-2023-02-25-10-16-26',1,'2023-10-09 15:59:21','2023-04-13 19:59:17','2023-04-17 12:43:08','192.168.11.10 ','[\"contact\",\"users_id\",\"comment\",\"locations_id\",\"groups_id\",\"computermodels_id\",\"manufacturers_id\",\"computertypes_id\"]',1,'OCS-NG_WINDOWS_AGENT_v2.1.1.3 ',22,'NA',NULL),(702,728,4931,'RPC91959-CA-2023-01-11-13-31-41',1,'2023-10-09 15:58:57','2023-05-15 18:23:48','2023-05-25 20:20:29','192.168.11.10 ','[\"contact\",\"comment\",\"groups_id\",\"users_id\",\"locations_id\",\"computermodels_id\",\"manufacturers_id\",\"computertypes_id\"]',1,'OCS-NG_WINDOWS_AGENT_v2.1.1.3 ',19,'NA',NULL),(703,729,6751,'RPC97135-BG-2023-04-13-14-53-16',1,'2023-02-02 17:25:09','2023-02-02 13:01:52','2023-02-02 13:01:52','192.168.11.10 ','{\"0\":\"users_id\",\"1\":\"contact\",\"2\":\"comment\",\"3\":\"locations_id\",\"5\":\"groups_id\",\"6\":\"computermodels_id\",\"7\":\"manufacturers_id\",\"8\":\"computertypes_id\"}',1,'OCS-NG_WINDOWS_AGENT_v2.1.1.3 ',17,'NA',NULL),(704,730,5257,'RPC93209-BG-2023-01-31-15-28-10',1,'2023-10-09 15:58:37','2023-04-12 17:26:08','2023-04-12 17:27:09','192.168.11.10 ','[\"locations_id\",\"groups_id\",\"users_id\",\"contact\",\"comment\",\"computermodels_id\",\"manufacturers_id\",\"computertypes_id\"]',1,'OCS-NG_WINDOWS_AGENT_v2.1.1.3 ',19,'NA',NULL),(705,731,9052,'RPC93468-BG-2023-09-05-19-09-20',1,'2023-02-02 17:28:33','2023-01-31 18:39:21','2023-01-31 18:40:24','192.168.11.10 ','[\"users_id\",\"groups_id\",\"locations_id\",\"contact\",\"comment\",\"computermodels_id\",\"manufacturers_id\",\"computertypes_id\"]',1,'OCS-NG_WINDOWS_AGENT_v2.1.1.3 ',19,'NA',NULL),(706,732,5717,'RPC92431-ME-2023-02-27-08-16-05',1,'2023-10-09 15:58:14','2023-04-14 16:16:49','2023-04-18 14:15:12','192.168.11.10 ','[\"groups_id\",\"locations_id\",\"comment\",\"computermodels_id\",\"manufacturers_id\",\"computertypes_id\"]',1,'OCS-NG_WINDOWS_AGENT_v2.1.1.3 ',2,'NA',NULL),(707,733,9073,'RPC96620-MQ-2023-09-07-14-05-07',1,'2023-02-02 17:31:27','2023-02-01 14:55:40','2023-02-02 15:05:08','192.168.11.10 ','[\"entities_id\",\"date_mod\",\"comment\",\"contact\",\"users_id\",\"locations_id\",\"computermodels_id\",\"manufacturers_id\",\"computertypes_id\"]',1,'OCS-NG_WINDOWS_AGENT_v2.1.1.3 ',21,'NA',NULL),(708,734,5786,'RPC94311-BG-2023-03-01-15-02-53',1,'2023-10-09 15:57:51','2023-03-13 03:13:49','2023-03-15 02:07:10','192.168.11.10 ','[\"locations_id\",\"contact\",\"users_id\",\"comment\",\"groups_id\",\"computermodels_id\",\"manufacturers_id\",\"computertypes_id\"]',1,'OCS-NG_WINDOWS_AGENT_v2.1.1.3 ',17,'NA',NULL),(709,735,7741,'RPC93961-BG-2023-06-23-20-12-34',1,'2023-02-16 22:56:10','2023-02-16 12:43:52','2023-02-16 19:07:13','192.168.11.10 ','{\"0\":\"groups_id\",\"1\":\"locations_id\",\"2\":\"users_id\",\"4\":\"comment\",\"5\":\"computermodels_id\",\"6\":\"manufacturers_id\",\"7\":\"computertypes_id\"}',1,'OCS-NG_WINDOWS_AGENT_v2.1.1.3 ',15,'NA',NULL),(710,736,8948,'RPC96708-BG-2023-09-02-00-11-55',1,'2023-02-16 22:56:39','2023-02-16 17:14:42','2023-02-16 17:14:42','192.168.11.10 ','[\"locations_id\",\"groups_id\",\"comment\",\"computermodels_id\",\"manufacturers_id\",\"computertypes_id\"]',1,'OCS-NG_WINDOWS_AGENT_v2.1.1.3 ',1,'NA',NULL),(711,737,8871,'RPC94384-BG-2023-08-28-10-10-02',1,'2023-02-16 22:57:10','2023-02-06 22:14:26','2023-02-06 22:14:26','192.168.11.10 ','{\"0\":\"contact\",\"1\":\"users_id\",\"2\":\"comment\",\"6\":\"locations_id\",\"7\":\"groups_id\",\"8\":\"computermodels_id\",\"9\":\"manufacturers_id\",\"10\":\"computertypes_id\"}',1,'OCS-NG_WINDOWS_AGENT_v2.1.1.3 ',15,'NA',NULL),(712,738,8774,'RPC97890-BG-2023-08-24-07-07-15',1,'2023-03-01 23:01:07','2023-02-17 15:41:38','2023-02-17 15:41:38','192.168.11.10 ','[\"locations_id\",\"groups_id\",\"contact\",\"users_id\",\"comment\",\"computermodels_id\",\"manufacturers_id\",\"computertypes_id\"]',1,'OCS-NG_WINDOWS_AGENT_v2.1.1.3 ',21,'NA',NULL),(713,739,6964,'RPC96522-BC-2023-05-09-10-25-37',1,'2023-03-17 19:09:24','2023-03-17 18:51:58','2023-03-17 18:51:58','192.168.11.10 ','[\"name\",\"locations_id\",\"contact\",\"users_id\",\"comment\",\"groups_id\",\"computermodels_id\",\"manufacturers_id\",\"computertypes_id\"]',1,'OCS-NG_WINDOWS_AGENT_v2.1.1.3 ',1,'NA',NULL),(714,740,8823,'RPC95304-BC-2023-08-25-17-09-43',1,'2023-03-17 19:10:31','2023-03-17 14:01:27','2023-03-17 18:22:49','192.168.11.10 ','{\"0\":\"locations_id\",\"1\":\"users_id\",\"2\":\"groups_id\",\"4\":\"comment\",\"5\":\"computermodels_id\",\"6\":\"manufacturers_id\",\"7\":\"computertypes_id\"}',1,'OCS-NG_WINDOWS_AGENT_v2.1.1.3 ',15,'NA',NULL),(715,741,7957,'RPC93691-BG-2023-07-06-15-48-23',1,'2023-03-17 19:11:28','2023-03-09 19:33:43','2023-03-09 19:33:43','192.168.11.10 ','[\"users_id\",\"locations_id\",\"contact\",\"comment\",\"groups_id\",\"computermodels_id\",\"manufacturers_id\",\"computertypes_id\"]',1,'OCS-NG_WINDOWS_AGENT_v2.1.1.3 ',15,'NA',NULL),(716,742,9040,'RPC93444-BC-2023-09-06-06-59-46',1,'2023-03-17 19:12:15','2023-03-13 23:36:20','2023-03-13 23:36:20','192.168.11.10 ','{\"0\":\"comment\",\"1\":\"locations_id\",\"2\":\"contact\",\"3\":\"users_id\",\"5\":\"groups_id\",\"6\":\"computermodels_id\",\"7\":\"manufacturers_id\",\"8\":\"computertypes_id\"}',1,'OCS-NG_WINDOWS_AGENT_v2.1.1.3 ',15,'NA',NULL),(717,743,5815,'RPC93954-BC-2023-03-02-15-32-29',1,'2023-10-09 15:57:29','2023-07-06 19:30:29','2023-07-06 19:30:29','192.168.11.10 ','[\"locations_id\",\"groups_id\",\"users_id\",\"comment\",\"computermodels_id\",\"manufacturers_id\",\"computertypes_id\"]',1,'OCS-NG_WINDOWS_AGENT_v2.1.1.3 ',19,'NA',NULL),(718,744,8684,'RPC94000-BG-2023-08-17-13-34-34',1,'2023-03-17 19:13:57','2023-03-17 14:07:54','2023-03-17 14:07:54','192.168.11.10 ','[\"contact\",\"users_id\",\"comment\",\"groups_id\",\"locations_id\",\"computermodels_id\",\"manufacturers_id\",\"computertypes_id\"]',1,'OCS-NG_WINDOWS_AGENT_v2.1.1.3 ',19,'NA',NULL),(719,745,5699,'RPC94367-SC-2023-02-20-16-06-31',1,'2023-10-09 15:57:11','2023-07-05 00:33:55','2023-07-05 00:33:55','192.168.11.10 ','[\"users_id\",\"groups_id\",\"locations_id\",\"comment\",\"computermodels_id\",\"manufacturers_id\",\"computertypes_id\"]',1,'OCS-NG_WINDOWS_AGENT_v2.1.1.3 ',2,'NA',NULL),(720,746,8928,'RPC96175-BG-2023-08-28-16-55-17',1,'2023-03-21 19:44:14','2023-03-21 19:24:27','2023-03-21 19:26:29','192.168.11.10 ','{\"0\":\"users_id\",\"1\":\"contact\",\"2\":\"comment\",\"4\":\"locations_id\",\"5\":\"groups_id\",\"6\":\"computermodels_id\",\"7\":\"manufacturers_id\",\"8\":\"computertypes_id\"}',1,'OCS-NG_WINDOWS_AGENT_v2.1.1.3 ',21,'NA',NULL),(721,747,7428,'RPC93652-BG-2023-06-05-09-22-54',1,'2023-03-21 19:44:48','2023-03-21 18:20:19','2023-03-21 18:20:19','192.168.11.10 ','{\"0\":\"users_id\",\"1\":\"groups_id\",\"2\":\"contact\",\"4\":\"comment\",\"6\":\"locations_id\",\"7\":\"computermodels_id\",\"8\":\"manufacturers_id\",\"9\":\"computertypes_id\"}',1,'OCS-NG_WINDOWS_AGENT_v2.1.1.3 ',1,'NA',NULL),(722,748,8583,'RPC96079-BQ-2023-08-11-08-59-25',1,'2023-04-04 17:15:58','2023-04-04 15:15:51','2023-04-04 15:36:01','192.168.11.10 ','[\"entities_id\",\"date_mod\",\"locations_id\",\"groups_id\",\"comment\",\"computermodels_id\",\"manufacturers_id\",\"computertypes_id\"]',1,'OCS-NG_WINDOWS_AGENT_v2.1.1.3 ',21,'NA',NULL),(723,749,6352,'RPC94080-ME-2023-04-03-08-55-04',1,'2023-10-09 15:56:51','2023-04-15 16:32:01','2023-04-17 12:52:28','192.168.11.10 ','[\"contact\",\"users_id\",\"comment\",\"groups_id\",\"locations_id\",\"computermodels_id\",\"manufacturers_id\",\"computertypes_id\"]',1,'OCS-NG_WINDOWS_AGENT_v2.1.1.3 ',2,'NA',NULL),(724,750,6771,'RPC95540-ME-2023-04-26-07-56-19',1,'2023-04-04 17:16:55','2023-04-03 13:04:52','2023-04-04 13:53:11','192.168.11.10 ','{\"0\":\"locations_id\",\"1\":\"users_id\",\"4\":\"contact\",\"5\":\"groups_id\",\"6\":\"comment\",\"7\":\"computermodels_id\",\"8\":\"manufacturers_id\",\"9\":\"computertypes_id\"}',1,'OCS-NG_WINDOWS_AGENT_v2.1.1.3 ',1,'NA',NULL),(725,751,8648,'RPC94737-ME-2023-08-15-08-24-49',1,'2023-04-28 14:50:22','2023-04-27 18:27:22','2023-04-27 18:27:22','192.168.11.10 ','[\"comment\",\"computermodels_id\",\"manufacturers_id\",\"computertypes_id\"]',1,'OCS-NG_WINDOWS_AGENT_v2.1.1.3 ',17,'NA',NULL),(726,752,8896,'RPC93754-BC-2023-08-28-17-41-22',1,'2023-04-28 15:07:17','2023-04-27 21:51:00','2023-04-27 21:52:02','192.168.11.10 ','{\"0\":\"users_id\",\"1\":\"comment\",\"2\":\"contact\",\"4\":\"locations_id\",\"5\":\"groups_id\",\"6\":\"computermodels_id\",\"7\":\"manufacturers_id\",\"8\":\"computertypes_id\"}',1,'OCS-NG_WINDOWS_AGENT_v2.1.1.3 ',1,'NA',NULL),(727,753,8472,'RPC96750-BG-2023-08-02-12-00-15',1,'2023-04-28 15:07:49','2023-04-27 19:30:33','2023-04-28 12:42:02','192.168.11.10 ','[\"contact\",\"users_id\",\"groups_id\",\"comment\",\"computermodels_id\",\"manufacturers_id\",\"computertypes_id\"]',1,'OCS-NG_WINDOWS_AGENT_v2.1.1.3 ',15,'NA',NULL),(728,754,8690,'RPC95552-BG-2023-08-18-07-09-50',1,'2023-04-28 15:08:21','2023-04-28 14:46:49','2023-04-28 14:46:49','192.168.11.10 ','[\"groups_id\",\"comment\",\"computermodels_id\",\"manufacturers_id\",\"computertypes_id\"]',1,'OCS-NG_WINDOWS_AGENT_v2.1.1.3 ',15,'NA',NULL),(729,755,7582,'RPC95434-BG-2023-06-13-15-12-04',1,'2023-04-28 15:08:50','2023-04-27 12:48:11','2023-04-27 18:06:44','192.168.11.10 ','[\"locations_id\",\"contact\",\"users_id\",\"groups_id\",\"comment\",\"computermodels_id\",\"manufacturers_id\",\"computertypes_id\"]',1,'OCS-NG_WINDOWS_AGENT_v2.1.1.3 ',1,'NA',NULL),(730,756,8970,'RPC93831-MQ-2023-09-04-09-50-34',1,'2023-04-28 15:09:17','2023-04-25 16:44:43','2023-04-26 18:34:21','192.168.11.10 ','{\"0\":\"contact\",\"1\":\"users_id\",\"2\":\"groups_id\",\"3\":\"comment\",\"4\":\"locations_id\",\"7\":\"computermodels_id\",\"8\":\"manufacturers_id\",\"9\":\"computertypes_id\"}',1,'OCS-NG_WINDOWS_AGENT_v2.1.1.3 ',20,'NA',NULL),(731,757,7487,'RPC93806-BG-2023-06-08-08-44-05',1,'2023-05-12 16:31:02','2023-05-11 21:17:28','2023-05-11 21:17:28','192.168.11.10 ','[\"groups_id\",\"comment\",\"locations_id\",\"computermodels_id\",\"manufacturers_id\",\"computertypes_id\"]',1,'OCS-NG_WINDOWS_AGENT_v2.1.1.3 ',19,'NA',NULL),(732,758,8825,'RPC93873-BG-2023-08-25-19-59-52',1,'2023-05-12 16:31:28','2023-05-10 21:30:43','2023-05-10 21:39:19','192.168.11.10 ','[\"entities_id\",\"date_mod\",\"locations_id\",\"contact\",\"users_id\",\"groups_id\",\"comment\",\"computermodels_id\",\"manufacturers_id\",\"computertypes_id\"]',1,'OCS-NG_WINDOWS_AGENT_v2.1.1.3 ',22,'NA',NULL),(733,759,8731,'RPC94879-BG-2023-08-22-12-19-37',1,'2023-05-12 16:31:58','2023-05-11 12:51:37','2023-05-12 15:11:27','192.168.11.10 ','[\"users_id\",\"locations_id\",\"groups_id\",\"comment\",\"computermodels_id\",\"manufacturers_id\",\"computertypes_id\"]',1,'OCS-NG_WINDOWS_AGENT_v2.1.1.3 ',1,'NA',NULL),(734,760,7542,'RPC97488-BG-2023-06-09-15-53-27',1,'2023-05-12 16:32:27','2023-05-12 16:24:11','2023-05-12 16:25:13','192.168.11.10 ','[\"locations_id\",\"users_id\",\"groups_id\",\"computermodels_id\",\"manufacturers_id\",\"computertypes_id\"]',1,'OCS-NG_WINDOWS_AGENT_v2.1.1.3 ',15,'NA',NULL),(735,761,7467,'RPC94497-BG-2023-05-30-19-36-41',1,'2023-05-12 16:32:59','2023-05-12 02:13:37','2023-05-12 09:35:21','192.168.11.10 ','{\"0\":\"users_id\",\"1\":\"groups_id\",\"2\":\"locations_id\",\"3\":\"name\",\"4\":\"contact\",\"7\":\"comment\",\"8\":\"computermodels_id\",\"9\":\"manufacturers_id\",\"10\":\"computertypes_id\"}',1,'OCS-NG_WINDOWS_AGENT_v2.1.1.3 ',2,'NA',NULL),(736,762,9018,'RPC97135-BG-2023-09-05-19-05-24',1,'2023-05-12 16:33:30','2023-05-12 14:59:40','2023-05-12 14:59:40','192.168.11.10 ','[\"comment\",\"name\",\"computermodels_id\",\"manufacturers_id\",\"computertypes_id\"]',1,'OCS-NG_WINDOWS_AGENT_v2.1.1.3 ',1,'NA',NULL),(737,763,5297,'ELCMUR0YJ9-BG-2023-01-26-17-47-04',1,'2023-05-12 16:34:03','2023-03-17 22:38:23','2023-03-17 22:38:23','192.168.11.10 ','[\"contact\",\"users_id\",\"manufacturers_id\",\"computertypes_id\"]',1,'OCS-NG_WINDOWS_AGENT_v2.1.1.3 ',19,'NA',NULL),(738,776,9054,'RPC93670-BG-2023-09-07-08-46-19',1,'2023-05-29 04:05:22','2023-05-26 21:07:11','2023-05-26 22:53:39','192.168.11.10 ','[\"groups_id\",\"users_id\",\"locations_id\",\"contact\",\"comment\",\"computermodels_id\",\"manufacturers_id\",\"computertypes_id\"]',1,'OCS-NG_WINDOWS_AGENT_v2.1.1.3 ',17,'NA',NULL),(739,777,8918,'RPC93829-BC-2023-08-31-11-25-26',1,'2023-05-29 04:05:50','2023-05-27 13:05:39','2023-05-27 13:05:39','192.168.11.10 ','{\"0\":\"locations_id\",\"2\":\"users_id\",\"3\":\"groups_id\",\"4\":\"comment\",\"5\":\"computermodels_id\",\"6\":\"manufacturers_id\",\"7\":\"computertypes_id\"}',1,'OCS-NG_WINDOWS_AGENT_v2.1.1.3 ',15,'NA',NULL),(740,778,8835,'RPC95675-BG-2023-08-28-07-55-50',1,'2023-05-29 04:06:15','2023-05-26 16:56:51','2023-05-26 16:56:51','192.168.11.10 ','[\"locations_id\",\"users_id\",\"groups_id\",\"comment\",\"computermodels_id\",\"manufacturers_id\",\"computertypes_id\"]',1,'OCS-NG_WINDOWS_AGENT_v2.1.1.3 ',1,'NA',NULL),(741,779,7030,'RPC94753-BG-2023-05-12-12-20-57',1,'2023-05-29 04:06:39','2023-05-16 21:51:21','2023-05-17 13:22:48','192.168.11.10 ','[\"computermodels_id\",\"manufacturers_id\",\"computertypes_id\"]',1,'OCS-NG_WINDOWS_AGENT_v2.1.1.3 ',0,'NA',NULL),(742,780,8879,'RPC94172-BC-2023-08-29-17-53-28',1,'2023-06-08 21:23:59','2023-06-08 20:54:43','2023-06-08 20:56:45','192.168.11.10 ','[\"locations_id\",\"contact\",\"users_id\",\"groups_id\",\"comment\",\"computermodels_id\",\"manufacturers_id\",\"computertypes_id\"]',1,'OCS-NG_WINDOWS_AGENT_v2.1.1.3 ',1,'NA',NULL),(743,781,8677,'RPC93755-BG-2023-08-16-00-28-37',1,'2023-06-08 21:24:26','2023-06-08 19:36:40','2023-06-08 19:42:54','192.168.11.10 ','[\"users_id\",\"locations_id\",\"contact\",\"groups_id\",\"comment\",\"computermodels_id\",\"manufacturers_id\",\"computertypes_id\"]',1,'OCS-NG_WINDOWS_AGENT_v2.1.1.3 ',20,'NA',NULL),(744,782,8917,'RPC94829-MQ-2023-08-31-15-38-00',1,'2023-06-08 21:24:49','2023-06-08 00:21:42','2023-06-08 17:51:53','192.168.11.10 ','[\"entities_id\",\"date_mod\",\"computermodels_id\",\"manufacturers_id\",\"computertypes_id\"]',1,'OCS-NG_WINDOWS_AGENT_v2.1.1.3 ',21,'NA',NULL),(745,783,8956,'RPC96513-BG-2023-09-02-21-18-19',1,'2023-06-08 21:25:11','2023-06-07 16:02:43','2023-06-07 16:12:00','192.168.11.10 ','[\"groups_id\",\"locations_id\",\"contact\",\"users_id\",\"comment\",\"computermodels_id\",\"manufacturers_id\",\"computertypes_id\"]',1,'OCS-NG_WINDOWS_AGENT_v2.1.1.3 ',21,'NA',NULL),(746,784,7414,'RPC97207-MQ-2023-06-05-13-35-12',1,'2023-06-08 21:25:37','2023-06-05 19:09:50','2023-06-05 19:10:51','192.168.11.10 ','[\"locations_id\",\"contact\",\"users_id\",\"groups_id\",\"comment\",\"computermodels_id\",\"manufacturers_id\",\"computertypes_id\"]',1,'OCS-NG_WINDOWS_AGENT_v2.1.1.3 ',21,'NA',NULL),(747,785,7359,'RPC94849-MQ-2023-05-31-18-06-37',1,'2023-10-09 15:56:29','2023-09-06 23:26:31','2023-09-06 23:26:31','192.168.11.10 ','[\"locations_id\",\"users_id\",\"groups_id\",\"comment\",\"computermodels_id\",\"manufacturers_id\",\"computertypes_id\"]',1,'OCS-NG_WINDOWS_AGENT_v2.1.1.3 ',1,'NA',NULL),(748,786,8805,'RPC94338-BC-2023-08-22-17-05-19',1,'2023-06-08 21:26:32','2023-06-08 12:24:54','2023-06-08 20:24:55','192.168.11.10 ','[\"users_id\",\"groups_id\",\"locations_id\",\"contact\",\"comment\",\"computermodels_id\",\"manufacturers_id\",\"computertypes_id\"]',1,'OCS-NG_WINDOWS_AGENT_v2.1.1.3 ',20,'NA',NULL),(749,787,8666,'RPC94016-BG-2023-08-16-13-07-19',1,'2023-06-08 21:26:58','2023-06-08 13:09:36','2023-06-08 18:34:12','192.168.11.10 ','[\"groups_id\",\"comment\",\"locations_id\",\"computermodels_id\",\"manufacturers_id\",\"computertypes_id\"]',1,'OCS-NG_WINDOWS_AGENT_v2.1.1.3 ',22,'NA',NULL),(750,788,9049,'RPC96564-BG-2023-09-06-07-42-51',1,'2023-06-13 03:57:48','2023-06-10 14:49:30','2023-06-13 00:03:06','192.168.11.10 ','[\"locations_id\",\"contact\",\"users_id\",\"groups_id\",\"comment\",\"computermodels_id\",\"manufacturers_id\",\"computertypes_id\"]',1,'OCS-NG_WINDOWS_AGENT_v2.1.1.3 ',1,'NA',NULL),(751,789,8720,'RPC94299-BC-2023-06-09-16-24-18',1,'2023-06-13 03:58:15','2023-06-09 21:24:34','2023-06-09 21:28:42','192.168.11.10 ','{\"0\":\"locations_id\",\"1\":\"serial\",\"2\":\"comment\",\"3\":\"groups_id\",\"5\":\"users_id\",\"6\":\"contact\",\"7\":\"computermodels_id\",\"8\":\"manufacturers_id\",\"9\":\"computertypes_id\"}',1,'OCS-NG_WINDOWS_AGENT_v2.1.1.3 ',22,'NA',NULL),(752,790,7522,'RPC94334-BG-2023-04-21-08-04-03',1,'2023-10-09 15:56:13','2023-09-07 18:58:41','2023-09-07 18:58:41','192.168.11.10 ','[\"locations_id\",\"groups_id\",\"comment\",\"computermodels_id\",\"manufacturers_id\",\"computertypes_id\"]',1,'OCS-NG_WINDOWS_AGENT_v2.1.1.3 ',22,'NA',NULL),(753,791,7513,'RPC95436-BG-2023-06-09-08-46-26',1,'2023-10-09 15:55:49','2023-09-08 01:04:49','2023-09-08 01:04:49','192.168.11.10 ','[\"locations_id\",\"users_id\",\"groups_id\",\"comment\",\"contact\",\"computermodels_id\",\"manufacturers_id\",\"computertypes_id\"]',1,'OCS-NG_WINDOWS_AGENT_v2.1.1.3 ',17,'NA',NULL),(754,792,8953,'RPC96317-BG-2023-09-02-10-54-16',1,'2023-06-15 17:06:46','2023-06-14 20:01:59','2023-06-15 12:48:18','192.168.11.10 ','[\"contact\",\"users_id\",\"comment\",\"computermodels_id\",\"manufacturers_id\",\"computertypes_id\"]',1,'OCS-NG_WINDOWS_AGENT_v2.1.1.3 ',15,'NA',NULL),(755,793,8830,'RPC93995-BG-2023-08-27-00-37-28',1,'2023-08-10 13:44:22','2023-08-09 19:57:41','2023-08-10 12:42:51','192.168.11.10 ','[\"contact\",\"users_id\",\"groups_id\",\"comment\",\"locations_id\",\"computermodels_id\",\"manufacturers_id\",\"computertypes_id\"]',1,'OCS-NG_WINDOWS_AGENT_v2.1.1.3 ',20,'NA',NULL),(756,794,8946,'RPC94168-BC-2023-09-01-15-36-37',1,'2023-08-10 13:44:50','2023-08-10 12:35:13','2023-08-10 12:38:15','192.168.11.10 ','{\"0\":\"groups_id\",\"1\":\"locations_id\",\"3\":\"comment\",\"4\":\"computermodels_id\",\"5\":\"manufacturers_id\",\"6\":\"computertypes_id\"}',1,'OCS-NG_WINDOWS_AGENT_v2.1.1.3 ',22,'NA',NULL),(757,795,8201,'RPC96310-BG-2023-07-18-20-49-20',1,'2023-08-10 13:45:15','2023-07-19 01:49:23','2023-07-19 12:43:44','192.168.11.10 ','[\"computermodels_id\",\"manufacturers_id\",\"computertypes_id\"]',1,'OCS-NG_WINDOWS_AGENT_v2.1.1.3 ',0,'NA',NULL),(758,796,8061,'RPC94585-BC-2023-07-12-08-25-50',1,'2023-10-09 15:55:25','2023-09-06 13:51:36','2023-09-06 13:51:36','192.168.11.10 ','[\"locations_id\",\"comment\",\"computermodels_id\",\"manufacturers_id\",\"computertypes_id\"]',1,'OCS-NG_WINDOWS_AGENT_v2.1.1.3 ',22,'NA',NULL),(759,797,8926,'RPC93972-BG-2023-08-31-17-38-52',1,'2023-08-10 13:46:12','2023-08-08 16:03:16','2023-08-08 16:03:16','192.168.11.10 ','{\"0\":\"locations_id\",\"2\":\"groups_id\",\"3\":\"computermodels_id\",\"4\":\"manufacturers_id\",\"5\":\"computertypes_id\"}',1,'OCS-NG_WINDOWS_AGENT_v2.1.1.3 ',21,'NA',NULL),(760,798,7980,'RPC93313-BC-2023-06-16-13-34-47',1,'2023-10-09 15:55:13','2023-09-08 17:43:29','2023-09-08 18:36:54','192.168.11.10 ','[\"locations_id\",\"comment\",\"computermodels_id\",\"manufacturers_id\",\"computertypes_id\"]',1,'OCS-NG_WINDOWS_AGENT_v2.1.1.3 ',20,'NA',NULL),(761,799,8939,'RPC94318-BG-2023-08-25-19-14-04',1,'2023-08-24 15:14:48','2023-08-24 15:10:50','2023-08-24 15:10:50','192.168.11.10 ','{\"0\":\"users_id\",\"1\":\"locations_id\",\"2\":\"contact\",\"4\":\"groups_id\",\"5\":\"comment\",\"6\":\"computermodels_id\",\"7\":\"manufacturers_id\",\"8\":\"computertypes_id\"}',1,'OCS-NG_WINDOWS_AGENT_v2.1.1.3 ',15,'NA',NULL),(762,800,8867,'DESKTOP-FALS5KB-2023-08-29-13-20-39',1,'2023-08-29 18:23:33','2023-08-29 18:21:04','2023-08-29 18:21:04','192.168.11.10 ','[\"users_id\",\"contact\",\"groups_id\",\"name\",\"locations_id\",\"computermodels_id\",\"manufacturers_id\",\"computertypes_id\"]',1,'OCS-NG_WINDOWS_AGENT_v2.1.1.3 ',19,'NA',NULL),(763,801,8890,'RPC94520-BG-2023-05-19-09-55-32',1,'2023-10-09 15:54:54','2023-09-05 12:58:22','2023-09-05 12:58:22','192.168.11.10 ','[\"locations_id\",\"users_id\",\"groups_id\",\"comment\",\"computermodels_id\",\"manufacturers_id\",\"computertypes_id\"]',1,'OCS-NG_WINDOWS_AGENT_v2.1.1.3 ',21,'NA',NULL),(764,802,9065,'RPC97111-BG-2023-09-07-15-55-48',1,'2023-09-27 17:55:28','2023-09-07 21:12:42','2023-09-08 16:33:04','192.168.11.10 ','[\"groups_id\",\"comment\",\"computermodels_id\",\"manufacturers_id\",\"computertypes_id\"]',1,'OCS-NG_WINDOWS_AGENT_v2.1.1.3 ',15,'NA',NULL),(765,803,9036,'RPC94340-BG-2023-05-26-14-52-53',1,'2023-09-27 17:56:11','2023-09-07 11:58:25','2023-09-07 11:58:25','192.168.11.10 ','[\"groups_id\",\"comment\",\"computermodels_id\",\"manufacturers_id\",\"computertypes_id\"]',1,'OCS-NG_WINDOWS_AGENT_v2.1.1.3 ',20,'NA',NULL),(766,804,8977,'RPC93968-CA-2023-09-04-14-21-27',1,'2023-09-27 17:57:15','2023-09-04 19:34:59','2023-09-04 19:34:59','192.168.11.10 ','[\"locations_id\",\"groups_id\",\"comment\",\"computermodels_id\",\"manufacturers_id\",\"computertypes_id\"]',1,'OCS-NG_WINDOWS_AGENT_v2.1.1.3 ',2,'NA',NULL),(767,805,9032,'RPC94299-BC-2023-09-06-09-49-13',1,'2023-10-06 23:07:05','2023-09-07 16:23:26','2023-09-07 18:13:28','192.168.11.10 ','[\"computermodels_id\",\"manufacturers_id\",\"computertypes_id\"]',1,'OCS-NG_WINDOWS_AGENT_v2.1.1.3 ',0,'NA',NULL),(768,806,8736,'RPC93911-BC-2023-08-22-07-16-10',1,'2023-10-06 23:07:47','2023-09-07 16:26:44','2023-09-08 16:43:06','192.168.11.10 ','[\"computermodels_id\",\"manufacturers_id\",\"computertypes_id\"]',1,'OCS-NG_WINDOWS_AGENT_v2.1.1.3 ',0,'NA',NULL),(769,807,9095,'RPC94567-BC-2023-11-15-10-40-08',1,'2023-10-23 13:25:34','2023-10-23 13:10:43','2023-10-23 13:12:45','192.168.11.10 ','{\"0\":\"comment\",\"1\":\"locations_id\",\"2\":\"contact\",\"3\":\"users_id\",\"4\":\"groups_id\",\"6\":\"computermodels_id\",\"7\":\"manufacturers_id\",\"8\":\"computertypes_id\"}',1,'OCS-NG_WINDOWS_AGENT_v2.1.1.3 ',1,'NA',NULL);

--
