(2376,'Ticket',8037,0,NULL,'&#60;p class=\"MsoNormal\"&#62;Buenos días Yuleima&#60;/p&#62;\r\n&#60;p class=\"MsoNormal\"&#62; &#60;/p&#62;\r\n&#60;p class=\"MsoNormal\"&#62;Los pedidos que vienen de Adatec no pasan por modelo de aprobación porque solo se bajan en las listas de precios, y es en la lista de precios que hace &#60;a id=\"OWAAM7AC36C1CB4094E36805C75FAA5DFAFDE\" href=\"mailto:andres.consuegra@arintia.com\"&#62;@Andres Felipe Consuegra Santamaria&#60;/a&#62; que se debe garantizar el costo y el margen.&#60;/p&#62;\r\n&#60;p class=\"MsoNormal\"&#62; &#60;/p&#62;\r\n&#60;p class=\"MsoNormal\"&#62;El articulo en el circulo esta por debajo del costo.&#60;/p&#62;\r\n&#60;p class=\"MsoNormal\"&#62; &#60;/p&#62;\r\n&#60;p class=\"MsoNormal\"&#62;&#60;!-- [if gte vml 1]&#62;&#60;v:shapetype\r\n id=\"_x0000_t75\" coordsize=\"21600,21600\" o:spt=\"75\" o:preferrelative=\"t\"\r\n path=\"m@4@5l@4@11@9@11@9@5xe\" filled=\"f\" stroked=\"f\"&#62;\r\n &#60;v:stroke joinstyle=\"miter\"/&#62;\r\n &#60;v:formulas&#62;\r\n  &#60;v:f eqn=\"if lineDrawn pixelLineWidth 0\"/&#62;\r\n  &#60;v:f eqn=\"sum @0 1 0\"/&#62;\r\n  &#60;v:f eqn=\"sum 0 0 @1\"/&#62;\r\n  &#60;v:f eqn=\"prod @2 1 2\"/&#62;\r\n  &#60;v:f eqn=\"prod @3 21600 pixelWidth\"/&#62;\r\n  &#60;v:f eqn=\"prod @3 21600 pixelHeight\"/&#62;\r\n  &#60;v:f eqn=\"sum @0 0 1\"/&#62;\r\n  &#60;v:f eqn=\"prod @6 1 2\"/&#62;\r\n  &#60;v:f eqn=\"prod @7 21600 pixelWidth\"/&#62;\r\n  &#60;v:f eqn=\"sum @8 21600 0\"/&#62;\r\n  &#60;v:f eqn=\"prod @7 21600 pixelHeight\"/&#62;\r\n  &#60;v:f eqn=\"sum @10 21600 0\"/&#62;\r\n &#60;/v:formulas&#62;\r\n &#60;v:path o:extrusionok=\"f\" gradientshapeok=\"t\" o:connecttype=\"rect\"/&#62;\r\n &#60;o:lock v:ext=\"edit\" aspectratio=\"t\"/&#62;\r\n&#60;/v:shapetype&#62;&#60;v:shape id=\"Imagen_x0020_3\" o:spid=\"_x0000_i1025\" type=\"#_x0000_t75\"\r\n alt=\"\" style=\'width:662.25pt;height:338.25pt\'&#62;\r\n &#60;v:imagedata src=\"file:///C:/Users/LADY~1.ROJ/AppData/Local/Temp/msohtmlclip1/01/clip_image001.png\"\r\n  o:href=\"cid:image001.png@01DA2389.BFB78CA0\"/&#62;\r\n&#60;/v:shape&#62;&#60;![endif]--&#62;&#60;!-- [if !vml]--&#62;&#60;img src=\"file:///C:/Users/LADY~1.ROJ/AppData/Local/Temp/msohtmlclip1/01/clip_image002.jpg\" width=\"883\" height=\"451\" border=\"0\"&#62;&#60;!--[endif]--&#62;&#60;/p&#62;\r\n&#60;p class=\"MsoNormal\"&#62; &#60;/p&#62;\r\n&#60;p class=\"MsoNormal\"&#62;Para el caso de la factura, no se requiere modelo de aprobación  (excepto las del punto de venta)&#60;/p&#62;\r\n&#60;p class=\"MsoNormal\"&#62; &#60;/p&#62;\r\n&#60;p class=\"MsoNormal\"&#62;Cuando te genere ese error,&#60;/p&#62;\r\n&#60;p class=\"MsoNormal\"&#62; &#60;/p&#62;\r\n&#60;p class=\"MsoNormal\"&#62;En el menú Visualizar -&#38;gt; Campos definidos por el usuario&#60;/p&#62;\r\n&#60;p class=\"MsoNormal\"&#62; &#60;/p&#62;\r\n&#60;p class=\"MsoNormal\"&#62;Te va a habilitar la columna derecha y en el campo “Venta menor al costo=”SI&#60;/p&#62;\r\n&#60;p class=\"MsoNormal\"&#62; &#60;/p&#62;\r\n&#60;p class=\"MsoNormal\"&#62;&#60;!-- [if gte vml 1]&#62;&#60;v:shape\r\n id=\"Imagen_x0020_4\" o:spid=\"_x0000_i1026\" type=\"#_x0000_t75\" alt=\"\" style=\'width:1008.75pt;\r\n height:301.5pt\'&#62;\r\n &#60;v:imagedata src=\"file:///C:/Users/LADY~1.ROJ/AppData/Local/Temp/msohtmlclip1/01/clip_image003.png\"\r\n  o:href=\"cid:image003.png@01DA238A.3BCF47B0\"/&#62;\r\n&#60;/v:shape&#62;&#60;![endif]--&#62;&#60;!-- [if !vml]--&#62;&#60;img src=\"file:///C:/Users/LADY~1.ROJ/AppData/Local/Temp/msohtmlclip1/01/clip_image004.jpg\" width=\"1345\" height=\"402\" border=\"0\"&#62;&#60;!--[endif]--&#62;&#60;/p&#62;\r\n&#60;p class=\"MsoNormal\"&#62; &#60;/p&#62;\r\n&#60;p class=\"MsoNormal\"&#62;&#60;strong&#62;&#60;span lang=\"ES\"&#62; &#60;/span&#62;&#60;/strong&#62;&#60;/p&#62;\r\n&#60;p class=\"MsoNormal\"&#62;&#60;strong&#62;&#60;span lang=\"ES\"&#62;Para tu conocimiento e información&#60;/span&#62;&#60;/strong&#62;&#60;/p&#62;','2023-11-30 17:41:23','2023-11-30 17:41:23',NULL,565,NULL,0,0,NULL,2,NULL),(2377,'Ticket',8034,0,NULL,'&#60;h2&#62;Su Incidente ha sido solucionado&#60;/h2&#62;\r\n&#60;h3&#62;Estimado usuario, le informamos que su solicitud fue solucionada con éxito, a continuación se relaciona el detalle:&#60;/h3&#62;\r\n&#60;p&#62; &#60;/p&#62;\r\n&#60;p&#62;Se da solución a la presentado, gracias.&#60;/p&#62;\r\n&#60;p&#62; &#60;/p&#62;\r\n&#60;p&#62; &#60;/p&#62;\r\n&#60;h3&#62;Si la solución dada no satisface su necesidad, por favor devuelva este correo a gestion.ti@arintia.com y nuestro equipo se pondrá en contacto con usted nuevamente.&#60;/h3&#62;\r\n&#60;h4&#62;Gracias por contactar nuestra mesa de ayuda.&#60;/h4&#62;\r\n&#60;p&#62;&#60;img src=\"http://arintia.com/wp-admin/images/LOGO ARINTIAG.png\" alt=\"\" width=\"900\" height=\"249\"&#62;&#60;/p&#62;','2023-11-30 20:17:58','2023-11-30 20:17:58','2023-12-01 19:21:49',752,NULL,0,1117,NULL,3,NULL),(2378,'Ticket',7992,0,NULL,'&#60;p class=\"MsoNormal\"&#62;Buenas Noches Dana&#60;/p&#62;\r\n&#60;p class=\"MsoNormal\"&#62;Cordial Saludo&#60;/p&#62;\r\n&#60;p class=\"MsoNormal\"&#62; &#60;/p&#62;\r\n&#60;p class=\"MsoNormal\"&#62;Se crea tu usuario de SAP&#60;/p&#62;\r\n&#60;p class=\"MsoNormal\"&#62; &#60;/p&#62;\r\n&#60;p class=\"MsoNormal\"&#62;Usuario: dana.hernandez&#60;/p&#62;\r\n&#60;p class=\"MsoNormal\"&#62;Clave: 12345&#60;/p&#62;\r\n&#60;p class=\"MsoNormal\"&#62; &#60;/p&#62;\r\n&#60;p class=\"MsoNormal\"&#62;Importante, el usuario ha sido creado para el desarrollo de tus funciones y no debe ser cedido o prestado con otro empleado sin notificar al área de TI&#60;/p&#62;\r\n&#60;p class=\"MsoNormal\"&#62; &#60;/p&#62;\r\n&#60;p class=\"MsoNormal\"&#62;PSI&#60;/p&#62;','2023-11-30 23:10:26','2023-11-30 23:10:26',NULL,565,NULL,0,0,NULL,2,NULL),(2379,'Ticket',8046,0,NULL,'&#60;h2&#62;Su Incidente ha sido solucionado&#60;/h2&#62;\r\n&#60;h3&#62;Estimado usuario, le informamos que su solicitud fue solucionada con éxito, a continuación se relaciona el detalle:&#60;/h3&#62;\r\n&#60;p&#62; &#60;/p&#62;\r\n&#60;p&#62; &#60;/p&#62;\r\n&#60;p&#62;Buen dia,&#60;/p&#62;\r\n&#60;p&#62;Se da solución a la incidencia presentada, se brinda el acceso por medio de vpn al sistema erp Sap, está listo para su uso. El usuario está operativo.&#60;/p&#62;\r\n&#60;p&#62; &#60;/p&#62;\r\n&#60;h3&#62;Si la solución dada no satisface su necesidad, por favor devuelva este correo a gestion.ti@arintia.com y nuestro equipo se pondrá en contacto con usted nuevamente.&#60;/h3&#62;\r\n&#60;h4&#62;Gracias por contactar nuestra mesa de ayuda.&#60;/h4&#62;\r\n&#60;p&#62;&#60;img src=\"http://arintia.com/wp-admin/images/LOGO ARINTIAG.png\" alt=\"\" width=\"900\" height=\"249\"&#62;&#60;/p&#62;','2023-12-01 15:25:49','2023-12-01 15:25:49',NULL,752,NULL,0,0,NULL,2,NULL),(2380,'Ticket',7343,0,NULL,'&#60;p&#62;&#60;strong&#62;ORDENES DE VENTAS&#60;/strong&#62;&#60;/p&#62;\r\n&#60;ol&#62;\r\n&#60;li&#62;&#60;strong&#62;Condición de Pago para el Cemento&#60;/strong&#62;&#60;/li&#62;\r\n&#60;/ol&#62;\r\n&#60;p&#62;Se crea búsqueda formateada en el campo condición de pago de los pedidos para que cuando sea un articulo del grupo cemento coloque por defecto contado.&#60;/p&#62;\r\n&#60;p&#62; &#60;/p&#62;\r\n&#60;p&#62;Si es otro grupo de artículos traerá la condición de pago por defecto del cliente.&#60;/p&#62;\r\n&#60;p&#62; &#60;/p&#62;\r\n&#60;p&#62;&#60;strong&#62;ENTREGAS&#60;/strong&#62;&#60;/p&#62;\r\n&#60;ul&#62;\r\n&#60;li&#62;Al hacer una entrega de un pedido de contado se verifica sí existe otra entrega de contado sin facturar o una factura de contado sin pagar pasará a modelo de aprobación.&#60;/li&#62;\r\n&#60;/ul&#62;\r\n&#60;p&#62;Se cierra caso, y en caso que se requieran modificacion se trabajará como una necesidad nueva.&#60;/p&#62;','2023-12-01 16:04:04','2023-12-01 16:04:04',NULL,565,NULL,0,0,NULL,2,NULL),(2381,'Ticket',6426,0,NULL,'&#60;p&#62;Buenos días&#60;/p&#62;\r\n&#60;p&#62;Se solicita a H&#38;amp;CO el layout para implementarlo o ajustarlo a nuestra necesidad.&#60;/p&#62;\r\n&#60;p&#62;PSI&#60;/p&#62;','2023-12-01 16:18:28','2023-12-01 16:18:28','2023-12-01 16:18:57',565,NULL,0,565,NULL,4,NULL),(2382,'Ticket',8053,0,NULL,'&#60;p&#62;Buenos días&#60;/p&#62;\r\n&#60;p&#62;Cordial Saludo&#60;/p&#62;\r\n&#60;p&#62;La nota de credito que estas creando es del mes de noviembre y el periodo ya esta cerrado por parte de contabilidad.&#60;/p&#62;\r\n&#60;p&#62;Debes cambiarle la fecha a diciembre.&#60;/p&#62;\r\n&#60;p&#62;SPI&#60;/p&#62;','2023-12-01 18:47:52','2023-12-01 18:47:52',NULL,565,NULL,0,0,NULL,2,NULL),(2383,'Ticket',8050,0,NULL,'&#60;p&#62;Buenas Tardes&#60;/p&#62;\r\n&#60;p&#62;Se requiere cambiar la fecha de la entrada porque el mes de noviembre ya fue cerrado por contabiloidad.&#60;/p&#62;\r\n&#60;p&#62;PSI&#60;/p&#62;','2023-12-01 19:13:57','2023-12-01 19:13:57',NULL,565,NULL,0,0,NULL,2,NULL),(2384,'Ticket',8055,0,NULL,'&#60;h2&#62;Su Requerimiento ha sido solucionado&#60;/h2&#62;\r\n&#60;h3&#62;A continuación se relaciona el detalle de esta solución:&#60;/h3&#62;\r\n&#60;p&#62; &#60;/p&#62;\r\n&#60;p&#62; &#60;/p&#62;\r\n&#60;p&#62;Se brinda acceso a las carpetas vía sharepoint directamente sincronizado al one drive, se brinda solución explicando como reparar los enlaces mediante la seleccion de origen del documento.&#60;/p&#62;\r\n&#60;h3&#62;Si la solución dada no satisface su necesidad, por favor devuelva este correo a gestion.ti@arintia.com y nuestro equipo se pondrá en contacto con usted nuevamente.&#60;/h3&#62;\r\n&#60;h4&#62;Gracias por contactar nuestra mesa de ayuda.&#60;/h4&#62;\r\n&#60;p&#62;&#60;img src=\"http://arintia.com/wp-admin/images/LOGO ARINTIAG.png\" alt=\"\" width=\"900\" height=\"249\"&#62;&#60;/p&#62;','2023-12-01 19:23:51','2023-12-01 19:23:51',NULL,1117,NULL,0,0,NULL,2,NULL),(2385,'Ticket',8035,0,NULL,'&#60;h2&#62;Su Incidente ha sido solucionado&#60;/h2&#62;\r\n&#60;h3&#62;Estimado usuario, le informamos que su solicitud fue solucionada con éxito, a continuación se relaciona el detalle:&#60;/h3&#62;\r\n&#60;p&#62; &#60;/p&#62;\r\n&#60;p&#62;Se brinda solución en capacitación del manejo de vínculos en excel a cristian arnulfo abril para aplicar el correctivo en los documentos de trabajo colaborativo entre logístico y laboratorio&#60;/p&#62;\r\n&#60;p&#62; &#60;/p&#62;\r\n&#60;p&#62; &#60;/p&#62;\r\n&#60;h3&#62;Si la solución dada no satisface su necesidad, por favor devuelva este correo a gestion.ti@arintia.com y nuestro equipo se pondrá en contacto con usted nuevamente.&#60;/h3&#62;\r\n&#60;h4&#62;Gracias por contactar nuestra mesa de ayuda.&#60;/h4&#62;\r\n&#60;p&#62;&#60;img src=\"http://arintia.com/wp-admin/images/LOGO ARINTIAG.png\" alt=\"\" width=\"900\" height=\"249\"&#62;&#60;/p&#62;','2023-12-01 19:25:10','2023-12-01 19:25:10',NULL,1117,NULL,0,0,NULL,2,NULL),(2386,'Ticket',8054,0,NULL,'&#60;h2&#62;Su Incidente ha sido solucionado&#60;/h2&#62;\r\n&#60;h3&#62;Estimado usuario, le informamos que su solicitud fue solucionada con éxito, a continuación se relaciona el detalle:&#60;/h3&#62;\r\n&#60;p&#62;Buenas tardes.&#60;/p&#62;\r\n&#60;p&#62;Se procede a darle soporte al usuario se revisa OneDrive y se corrige el error, quedando listo para el funcionamiento y uso del usuario. &#60;/p&#62;\r\n&#60;h3&#62;Si la solución dada no satisface su necesidad, por favor devuelva este correo a gestion.ti@arintia.com y nuestro equipo se pondrá en contacto con usted nuevamente.&#60;/h3&#62;\r\n&#60;h4&#62;Gracias por contactar nuestra mesa de ayuda.&#60;/h4&#62;\r\n&#60;p&#62;&#60;img src=\"http://arintia.com/wp-admin/images/LOGO ARINTIAG.png\" alt=\"\" width=\"900\" height=\"249\"&#62;&#60;/p&#62;','2023-12-01 19:32:35','2023-12-01 19:32:35',NULL,802,NULL,0,0,NULL,2,NULL),(2387,'Ticket',8051,0,NULL,'&#60;p&#62;Buenas tardes,&#60;/p&#62;\r\n&#60;p&#62;Ya se realizó el proceso para que generara la requisición de devolución.&#60;/p&#62;\r\n&#60;p&#62;&#60;a href=\"/INTI/front/document.send.php?docid=6951&#38;itemtype=Ticket&#38;items_id=8051\" target=\"_blank\" &#62;&#60;img alt=\"5061abeb-dd7d8ac3-656a38a8f248d0.13602824\" width=\"727\" src=\"/INTI/front/document.send.php?docid=6951&#38;itemtype=Ticket&#38;items_id=8051\" /&#62;&#60;/a&#62;&#60;/p&#62;','2023-12-01 19:51:26','2023-12-01 19:51:26',NULL,1069,NULL,0,0,NULL,2,NULL),(2388,'Ticket',8039,0,NULL,'&#60;p&#62;Buenos tardes,&#60;/p&#62;\r\n&#60;p&#62;La OT 3672-02, ya se encuentra cerrada.&#60;/p&#62;\r\n&#60;p&#62;&#60;a href=\"/INTI/front/document.send.php?docid=6952&#38;itemtype=Ticket&#38;items_id=8039\" target=\"_blank\" &#62;&#60;img alt=\"5061abeb-dd7d8ac3-656a3cc3f06db4.55696112\" width=\"1462\" src=\"/INTI/front/document.send.php?docid=6952&#38;itemtype=Ticket&#38;items_id=8039\" /&#62;&#60;/a&#62;&#60;/p&#62;\r\n&#60;p&#62; &#60;/p&#62;','2023-12-01 20:06:39','2023-12-01 20:06:39',NULL,1069,NULL,0,0,NULL,2,NULL),(2389,'Ticket',8060,0,NULL,'&#60;p&#62;Buenas tardes&#60;/p&#62;\r\n&#60;p&#62; &#60;/p&#62;\r\n&#60;p&#62;Se le proporciona contraseña de Wifi de acuerdo a su requerimiento.&#60;/p&#62;','2023-12-01 21:26:46','2023-12-01 21:26:46',NULL,368,NULL,0,0,NULL,2,NULL),(2390,'Ticket',8056,0,NULL,'&#60;p&#62;Buenos días &#60;/p&#62;\r\n&#60;p&#62;Se le explica a Esneider que el valor de las salidas del inventario es informativa, el valor al que va a hacer la salida es el costo promedio del almacen.&#60;/p&#62;\r\n&#60;p&#62;PSI&#60;/p&#62;','2023-12-01 21:38:12','2023-12-01 21:38:12',NULL,565,NULL,0,0,NULL,2,NULL),(2391,'Ticket',8043,0,NULL,'&#60;p&#62;Se desvincula la redireccion del correo&#60;/p&#62;','2023-12-02 15:36:52','2023-12-02 15:36:52',NULL,860,NULL,0,0,NULL,2,NULL);

--
-- Table structure for table `glpi_knowbaseitemcategories`
--

CREATE TABLE `glpi_knowbaseitemcategories` (
  `id` int unsigned NOT NULL AUTO_INCREMENT,
  `entities_id` int unsigned NOT NULL DEFAULT '0',
  `is_recursive` tinyint(1) NOT NULL DEFAULT '0',
  `knowbaseitemcategories_id` int unsigned NOT NULL DEFAULT '0',
  `name` varchar(255) CHARACTER SET utf8mb4 COLLATE utf8mb4_unicode_ci DEFAULT NULL,
  `completename` mediumtext CHARACTER SET utf8mb4 COLLATE utf8mb4_unicode_ci,
  `comment` mediumtext CHARACTER SET utf8mb4 COLLATE utf8mb4_unicode_ci,
  `level` int NOT NULL DEFAULT '0',
  `sons_cache` longtext CHARACTER SET utf8mb4 COLLATE utf8mb4_unicode_ci,
  `ancestors_cache` longtext CHARACTER SET utf8mb4 COLLATE utf8mb4_unicode_ci,
  `date_mod` timestamp NULL DEFAULT NULL,
  `date_creation` timestamp NULL DEFAULT NULL,
  PRIMARY KEY (`id`),
  UNIQUE KEY `unicity` (`entities_id`,`knowbaseitemcategories_id`,`name`),
  KEY `name` (`name`),
  KEY `is_recursive` (`is_recursive`),
  KEY `date_mod` (`date_mod`),
  KEY `date_creation` (`date_creation`),
  KEY `knowbaseitemcategories_id` (`knowbaseitemcategories_id`),
  KEY `level` (`level`)
) ENGINE=InnoDB AUTO_INCREMENT=3 DEFAULT CHARSET=utf8mb4 COLLATE=utf8mb4_unicode_ci;

--
-- Dumping data for table `glpi_knowbaseitemcategories`
--

INSERT INTO `glpi_knowbaseitemcategories` VALUES (1,0,0,0,'Windows_Update','Windows_Update','Falla componentes post-actualización.',1,NULL,'[]','2020-07-03 15:21:16','2020-07-03 15:21:16'),(2,0,0,0,'Outlook','Outlook','Error Configurar correo exchange',1,NULL,'[]','2020-07-03 18:15:59','2020-07-03 18:15:59');

--
-- Table structure for table `glpi_knowbaseitems`
--

CREATE TABLE `glpi_knowbaseitems` (
  `id` int unsigned NOT NULL AUTO_INCREMENT,
  `name` mediumtext CHARACTER SET utf8mb4 COLLATE utf8mb4_unicode_ci,
  `answer` longtext CHARACTER SET utf8mb4 COLLATE utf8mb4_unicode_ci,
  `is_faq` tinyint(1) NOT NULL DEFAULT '0',
  `users_id` int unsigned NOT NULL DEFAULT '0',
  `view` int NOT NULL DEFAULT '0',
  `date_creation` timestamp NULL DEFAULT NULL,
  `date_mod` timestamp NULL DEFAULT NULL,
  `begin_date` timestamp NULL DEFAULT NULL,
  `end_date` timestamp NULL DEFAULT NULL,
  PRIMARY KEY (`id`),
  KEY `users_id` (`users_id`),
  KEY `is_faq` (`is_faq`),
  KEY `date_mod` (`date_mod`),
  KEY `begin_date` (`begin_date`),
  KEY `end_date` (`end_date`),
  KEY `date_creation` (`date_creation`),
  FULLTEXT KEY `fulltext` (`name`,`answer`),
  FULLTEXT KEY `name` (`name`),
  FULLTEXT KEY `answer` (`answer`)
) ENGINE=InnoDB AUTO_INCREMENT=6 DEFAULT CHARSET=utf8mb4 COLLATE=utf8mb4_unicode_ci;

--
-- Dumping data for table `glpi_knowbaseitems`
--

INSERT INTO `glpi_knowbaseitems` VALUES (1,'Ofimatica - Excel','&lt;p&gt;el equipo no mejoro con la ejecución del check en sistema se procedió a des-instalar la actualización acumulativa del mes de junio el cual coincide con la fecha de logs de fallos en la pagina reportan este tipo de errores en esta actualización &lt;a href=\"https://support.microsoft.com/es-cl/help/4560960/windows-10-update-kb4560960\"&gt;https://support.microsoft.com/es-cl/help/4560960/windows-10-update-kb4560960&lt;/a&gt;&lt;/p&gt;',0,0,3,'2020-07-03 13:33:55','2023-04-24 10:40:34','2020-07-03 12:33:00',NULL),(2,'Nuevo elemento','&lt;p&gt;error al configurar cuentas de 365 en outlook con las siguientes caracteristicas;&lt;/p&gt;&lt;ul&gt;&lt;li&gt;en la ruta \"%temp%\\Inicio de sesión de Outlook\"  el log registra \"ERROR: \"No se puede encontrar el host \'mail.arintia.com\'. Compruebe si ha escrito correctamente el nombre del servidor.\", hr=2148322317\"&lt;/li&gt;&lt;li&gt;permite configuración imap y pop sin embargo estas opciones no conecta contacto ni calendario&lt;/li&gt;&lt;/ul&gt;&lt;p&gt; &lt;/p&gt;&lt;p&gt;Solucion:&lt;/p&gt;&lt;p&gt; registro en la ruta &lt;/p&gt;&lt;p&gt;Equipo\\HKEY_CURRENT_USER\\Software\\Microsoft\\Office\\16.0\\Outlook\\AutoDiscover&lt;/p&gt;&lt;p&gt; &lt;/p&gt;&lt;p&gt;crear un DWORD con nombre  ExcludeHttpsRootDomain y valor 1&lt;/p&gt;&lt;p&gt; &lt;/p&gt;&lt;p&gt;luego de esto volver a configurar.&lt;/p&gt;',0,0,0,'2020-07-03 18:19:57','2023-04-24 10:40:34','2020-07-03 17:16:00',NULL),(3,'ERROR EN WONLINE','&lt;h2&gt;&lt;span style=\"color: #9ec24c;\"&gt;Su Incidente a sido solucionado&lt;/span&gt;&lt;/h2&gt;&lt;h3&gt;&lt;span style=\"color: #fb9013;\"&gt;Se le dá solución a su incidente de la siguiente manera:&lt;/span&gt;&lt;/h3&gt;&lt;p&gt; &lt;/p&gt;&lt;p&gt;Se activa paquete de envió de documentos Radian para la empresa ECOWASHCAR en el World Office.&lt;/p&gt;&lt;p&gt; &lt;/p&gt;&lt;p&gt; &lt;/p&gt;&lt;h4&gt;&lt;span style=\"color: #0000ff;\"&gt;Gracias por contactar nuestra mesa de ayuda.&lt;/span&gt;&lt;/h4&gt;&lt;p&gt;&lt;img src=\"http://helpdesk.arintia.com.co/glpi/front/\" alt=\"Arintia\" width=\"248\" height=\"68\" /&gt;&lt;/p&gt;',1,692,1,'2023-08-11 21:40:36','2023-08-11 21:40:36',NULL,NULL),(4,'GESTION DE PAZ Y SALVO','&lt;h2&gt;&lt;span style=\"color: #9ec24c;\"&gt;Su Requerimiento ha sido solucionado&lt;/span&gt;&lt;/h2&gt;&lt;h3&gt;&lt;span style=\"color: #fb9013;\"&gt;A continuación se relaciona el detalle de esta solución:&lt;/span&gt;&lt;/h3&gt;&lt;p&gt; &lt;/p&gt;&lt;p&gt;Se recibe celular Redmi note 9 de la asesora comercial GARCIA ROJAS MARIA FERNANDA con su respectivo cargador y SIM Card. Se realizan pruebas de funcionalidad siendo estas optimas&lt;/p&gt;&lt;p&gt; &lt;/p&gt;&lt;h3&gt;&lt;span style=\"color: #fb9013;\"&gt;Si la solución dada no satisface su necesidad, por favor devuelva este correo a gestion.ti@arintia.com y nuestro equipo se pondrá en contacto con usted nuevamente.&lt;/span&gt;&lt;/h3&gt;&lt;h4&gt;&lt;span style=\"color: #000080;\"&gt;Gracias por contactar nuestra mesa de ayuda.&lt;/span&gt;&lt;/h4&gt;&lt;p&gt;&lt;img src=\"http://arintia.com/wp-admin/images/LOGO ARINTIAG.png\" alt=\"\" width=\"900\" height=\"249\" /&gt;&lt;/p&gt;',0,692,1,'2023-08-30 21:50:05','2023-08-30 21:50:05',NULL,NULL),(5,'ASIGNAICON CELULAR Y HERRAMIENTAS DE TRABAJO MARIA FERNANDA GARCIA','&lt;h2&gt;&lt;span style=\"color: #9ec24c;\"&gt;Su Requerimiento ha sido solucionado&lt;/span&gt;&lt;/h2&gt;&lt;h3&gt;&lt;span style=\"color: #fb9013;\"&gt;A continuación se relaciona el detalle de esta solución:&lt;/span&gt;&lt;/h3&gt;&lt;p&gt; &lt;/p&gt;&lt;p&gt;Se realiza la entrega del celular a Nelly Johanna el cual le pertenecía a Maria ernanda, se le configuran aplicaciones y correo, el usuario realiza pruebas y funciona correctamente.  &lt;/p&gt;&lt;p&gt; &lt;/p&gt;&lt;h3&gt;&lt;span style=\"color: #fb9013;\"&gt;Si la solución dada no satisface su necesidad, por favor devuelva este correo a gestion.ti@arintia.com y nuestro equipo se pondrá en contacto con usted nuevamente.&lt;/span&gt;&lt;/h3&gt;&lt;h4&gt;&lt;span style=\"color: #000080;\"&gt;Gracias por contactar nuestra mesa de ayuda.&lt;/span&gt;&lt;/h4&gt;&lt;p&gt;&lt;img src=\"http://arintia.com/wp-admin/images/LOGO ARINTIAG.png\" alt=\"\" width=\"900\" height=\"249\" /&gt;&lt;/p&gt;',0,692,1,'2023-08-31 16:54:53','2023-08-31 16:54:53',NULL,NULL);

--
-- Table structure for table `glpi_knowbaseitems_comments`
--

CREATE TABLE `glpi_knowbaseitems_comments` (
  `id` int unsigned NOT NULL AUTO_INCREMENT,
  `knowbaseitems_id` int unsigned NOT NULL,
  `users_id` int unsigned NOT NULL DEFAULT '0',
  `language` varchar(10) CHARACTER SET utf8mb4 COLLATE utf8mb4_unicode_ci DEFAULT NULL,
  `comment` text CHARACTER SET utf8mb4 COLLATE utf8mb4_unicode_ci,
  `parent_comment_id` int unsigned DEFAULT NULL,
  `date_creation` timestamp NULL DEFAULT NULL,
  `date_mod` timestamp NULL DEFAULT NULL,
  PRIMARY KEY (`id`),
  KEY `knowbaseitems_id` (`knowbaseitems_id`),
  KEY `parent_comment_id` (`parent_comment_id`),
  KEY `users_id` (`users_id`),
  KEY `date_creation` (`date_creation`),
  KEY `date_mod` (`date_mod`)
) ENGINE=InnoDB DEFAULT CHARSET=utf8mb4 COLLATE=utf8mb4_unicode_ci;

--
-- Dumping data for table `glpi_knowbaseitems_comments`
--


--
-- Table structure for table `glpi_knowbaseitems_items`
--

CREATE TABLE `glpi_knowbaseitems_items` (
  `id` int unsigned NOT NULL AUTO_INCREMENT,
  `knowbaseitems_id` int unsigned NOT NULL,
  `itemtype` varchar(100) CHARACTER SET utf8mb4 COLLATE utf8mb4_unicode_ci NOT NULL,
  `items_id` int unsigned NOT NULL DEFAULT '0',
  `date_creation` timestamp NULL DEFAULT NULL,
  `date_mod` timestamp NULL DEFAULT NULL,
  PRIMARY KEY (`id`),
  UNIQUE KEY `unicity` (`itemtype`,`items_id`,`knowbaseitems_id`),
  KEY `knowbaseitems_id` (`knowbaseitems_id`),
  KEY `date_creation` (`date_creation`),
  KEY `date_mod` (`date_mod`)
) ENGINE=InnoDB AUTO_INCREMENT=5 DEFAULT CHARSET=utf8mb4 COLLATE=utf8mb4_unicode_ci;

--
-- Dumping data for table `glpi_knowbaseitems_items`
--

INSERT INTO `glpi_knowbaseitems_items` VALUES (1,1,'Ticket',380,'2020-07-03 13:33:55','2020-07-03 13:33:55'),(2,3,'Ticket',6754,'2023-08-11 21:40:36','2023-08-11 21:40:36'),(3,4,'Ticket',7007,'2023-08-30 21:50:05','2023-08-30 21:50:05'),(4,5,'Ticket',7016,'2023-08-31 16:54:53','2023-08-31 16:54:53');

--
-- Table structure for table `glpi_knowbaseitems_knowbaseitemcategories`
--

CREATE TABLE `glpi_knowbaseitems_knowbaseitemcategories` (
  `id` int unsigned NOT NULL AUTO_INCREMENT,
  `knowbaseitems_id` int unsigned NOT NULL DEFAULT '0',
  `knowbaseitemcategories_id` int unsigned NOT NULL DEFAULT '0',
  PRIMARY KEY (`id`),
  KEY `knowbaseitems_id` (`knowbaseitems_id`),
  KEY `knowbaseitemcategories_id` (`knowbaseitemcategories_id`)
) ENGINE=InnoDB AUTO_INCREMENT=3 DEFAULT CHARSET=utf8mb4 COLLATE=utf8mb4_unicode_ci ROW_FORMAT=DYNAMIC;

--
-- Dumping data for table `glpi_knowbaseitems_knowbaseitemcategories`
--

INSERT INTO `glpi_knowbaseitems_knowbaseitemcategories` VALUES (1,1,1),(2,2,2);

--
-- Table structure for table `glpi_knowbaseitems_profiles`
--

CREATE TABLE `glpi_knowbaseitems_profiles` (
  `id` int unsigned NOT NULL AUTO_INCREMENT,
  `knowbaseitems_id` int unsigned NOT NULL DEFAULT '0',
  `profiles_id` int unsigned NOT NULL DEFAULT '0',
  `entities_id` int unsigned DEFAULT NULL,
  `is_recursive` tinyint(1) NOT NULL DEFAULT '0',
  `no_entity_restriction` tinyint NOT NULL DEFAULT '0',
  PRIMARY KEY (`id`),
  KEY `knowbaseitems_id` (`knowbaseitems_id`),
  KEY `profiles_id` (`profiles_id`),
  KEY `entities_id` (`entities_id`),
  KEY `is_recursive` (`is_recursive`)
) ENGINE=InnoDB DEFAULT CHARSET=utf8mb4 COLLATE=utf8mb4_unicode_ci;

--
-- Dumping data for table `glpi_knowbaseitems_profiles`
--


--
-- Table structure for table `glpi_knowbaseitems_revisions`
--

CREATE TABLE `glpi_knowbaseitems_revisions` (
  `id` int unsigned NOT NULL AUTO_INCREMENT,
  `knowbaseitems_id` int unsigned NOT NULL,
  `revision` int NOT NULL,
  `name` mediumtext CHARACTER SET utf8mb4 COLLATE utf8mb4_unicode_ci,
  `answer` longtext CHARACTER SET utf8mb4 COLLATE utf8mb4_unicode_ci,
  `language` varchar(10) CHARACTER SET utf8mb4 COLLATE utf8mb4_unicode_ci DEFAULT NULL,
  `users_id` int unsigned NOT NULL DEFAULT '0',
  `date` timestamp NULL DEFAULT NULL,
  PRIMARY KEY (`id`),
  UNIQUE KEY `unicity` (`knowbaseitems_id`,`revision`,`language`),
  KEY `revision` (`revision`),
  KEY `users_id` (`users_id`),
  KEY `date` (`date`)
) ENGINE=InnoDB AUTO_INCREMENT=4 DEFAULT CHARSET=utf8mb4 COLLATE=utf8mb4_unicode_ci;

--
-- Dumping data for table `glpi_knowbaseitems_revisions`
--

INSERT INTO `glpi_knowbaseitems_revisions` VALUES (1,1,1,'Ofimatica - Excel','&lt;p&gt;el equipo no mejoro con la ejecución del check en sistema se procedió a des-instalar la actualización acumulativa del mes de junio el cual coincide con la fecha de logs de fallos en la pagina reportan este tipo de errores en esta actualización &lt;a href=\"https://support.microsoft.com/es-cl/help/4560960/windows-10-update-kb4560960\"&gt;https://support.microsoft.com/es-cl/help/4560960/windows-10-update-kb4560960&lt;/a&gt;&lt;/p&gt;','',0,'2020-07-03 13:33:55'),(2,1,2,'Ofimatica - Excel','&lt;p&gt;el equipo no mejoro con la ejecución del check en sistema se procedió a des-instalar la actualización acumulativa del mes de junio el cual coincide con la fecha de logs de fallos en la pagina reportan este tipo de errores en esta actualización &lt;a href=\"https://support.microsoft.com/es-cl/help/4560960/windows-10-update-kb4560960\"&gt;https://support.microsoft.com/es-cl/help/4560960/windows-10-update-kb4560960&lt;/a&gt;&lt;/p&gt;','',0,'2020-07-03 18:20:52'),(3,2,1,'Nuevo elemento','&lt;p&gt;error al configurar cuentas de 365 en outlook con las siguientes caracteristicas;&lt;/p&gt;&lt;ul&gt;&lt;li&gt;en la ruta \"%temp%\\Inicio de sesión de Outlook\"  el log registra \"ERROR: \"No se puede encontrar el host \'mail.arintia.com\'. Compruebe si ha escrito correctamente el nombre del servidor.\", hr=2148322317\"&lt;/li&gt;&lt;li&gt;permite configuración imap y pop sin embargo estas opciones no conecta contacto ni calendario&lt;/li&gt;&lt;/ul&gt;&lt;p&gt; &lt;/p&gt;&lt;p&gt;Solucion:&lt;/p&gt;&lt;p&gt; registro en la ruta &lt;/p&gt;&lt;p&gt;Equipo\\HKEY_CURRENT_USER\\Software\\Microsoft\\Office\\16.0\\Outlook\\AutoDiscover&lt;/p&gt;&lt;p&gt; &lt;/p&gt;&lt;p&gt;crear un DWORD con nombre  ExcludeHttpsRootDomain y valor 1&lt;/p&gt;&lt;p&gt; &lt;/p&gt;&lt;p&gt;luego de esto volver a configurar.&lt;/p&gt;','',0,'2020-07-03 18:19:57');

--
-- Table structure for table `glpi_knowbaseitems_users`
--

CREATE TABLE `glpi_knowbaseitems_users` (
  `id` int unsigned NOT NULL AUTO_INCREMENT,
  `knowbaseitems_id` int unsigned NOT NULL DEFAULT '0',
  `users_id` int unsigned NOT NULL DEFAULT '0',
  PRIMARY KEY (`id`),
  KEY `knowbaseitems_id` (`knowbaseitems_id`),
  KEY `users_id` (`users_id`)
) ENGINE=InnoDB DEFAULT CHARSET=utf8mb4 COLLATE=utf8mb4_unicode_ci;

--
-- Dumping data for table `glpi_knowbaseitems_users`
--


--
-- Table structure for table `glpi_knowbaseitemtranslations`
--

CREATE TABLE `glpi_knowbaseitemtranslations` (
  `id` int unsigned NOT NULL AUTO_INCREMENT,
  `knowbaseitems_id` int unsigned NOT NULL DEFAULT '0',
  `language` varchar(10) CHARACTER SET utf8mb4 COLLATE utf8mb4_unicode_ci DEFAULT NULL,
  `name` mediumtext CHARACTER SET utf8mb4 COLLATE utf8mb4_unicode_ci,
  `answer` longtext CHARACTER SET utf8mb4 COLLATE utf8mb4_unicode_ci,
  `users_id` int unsigned NOT NULL DEFAULT '0',
  `date_mod` timestamp NULL DEFAULT NULL,
  `date_creation` timestamp NULL DEFAULT NULL,
  PRIMARY KEY (`id`),
  KEY `item` (`knowbaseitems_id`,`language`),
  KEY `users_id` (`users_id`),
  KEY `date_creation` (`date_creation`),
  KEY `date_mod` (`date_mod`),
  FULLTEXT KEY `fulltext` (`name`,`answer`),
  FULLTEXT KEY `name` (`name`),
  FULLTEXT KEY `answer` (`answer`)
) ENGINE=InnoDB DEFAULT CHARSET=utf8mb4 COLLATE=utf8mb4_unicode_ci;

--
-- Dumping data for table `glpi_knowbaseitemtranslations`
--


--
-- Table structure for table `glpi_lineoperators`
--

CREATE TABLE `glpi_lineoperators` (
  `id` int unsigned NOT NULL AUTO_INCREMENT,
  `name` varchar(255) CHARACTER SET utf8mb4 COLLATE utf8mb4_unicode_ci NOT NULL DEFAULT '',
  `comment` mediumtext CHARACTER SET utf8mb4 COLLATE utf8mb4_unicode_ci,
  `mcc` int DEFAULT NULL,
  `mnc` int DEFAULT NULL,
  `entities_id` int unsigned NOT NULL DEFAULT '0',
  `is_recursive` tinyint(1) NOT NULL DEFAULT '0',
  `date_mod` timestamp NULL DEFAULT NULL,
  `date_creation` timestamp NULL DEFAULT NULL,
  PRIMARY KEY (`id`),
  UNIQUE KEY `unicity` (`mcc`,`mnc`),
  KEY `name` (`name`),
  KEY `entities_id` (`entities_id`),
  KEY `is_recursive` (`is_recursive`),
  KEY `date_mod` (`date_mod`),
  KEY `date_creation` (`date_creation`)
) ENGINE=InnoDB AUTO_INCREMENT=3 DEFAULT CHARSET=utf8mb4 COLLATE=utf8mb4_unicode_ci;

--
-- Dumping data for table `glpi_lineoperators`
--

INSERT INTO `glpi_lineoperators` VALUES (1,'Movistar','',0,0,15,0,'2022-08-02 20:10:57','2022-08-02 20:10:57'),(2,'Tigo Une','',57,57,0,1,'2023-02-03 19:21:35','2023-02-03 19:21:35');

--
-- Table structure for table `glpi_lines`
--

CREATE TABLE `glpi_lines` (
  `id` int unsigned NOT NULL AUTO_INCREMENT,
  `name` varchar(255) CHARACTER SET utf8mb4 COLLATE utf8mb4_unicode_ci NOT NULL DEFAULT '',
  `entities_id` int unsigned NOT NULL DEFAULT '0',
  `is_recursive` tinyint(1) NOT NULL DEFAULT '0',
  `is_deleted` tinyint(1) NOT NULL DEFAULT '0',
  `caller_num` varchar(255) CHARACTER SET utf8mb4 COLLATE utf8mb4_unicode_ci NOT NULL DEFAULT '',
  `caller_name` varchar(255) CHARACTER SET utf8mb4 COLLATE utf8mb4_unicode_ci NOT NULL DEFAULT '',
  `users_id` int unsigned NOT NULL DEFAULT '0',
  `groups_id` int unsigned NOT NULL DEFAULT '0',
  `lineoperators_id` int unsigned NOT NULL DEFAULT '0',
  `locations_id` int unsigned NOT NULL DEFAULT '0',
  `states_id` int unsigned NOT NULL DEFAULT '0',
  `linetypes_id` int unsigned NOT NULL DEFAULT '0',
  `date_creation` timestamp NULL DEFAULT NULL,
  `date_mod` timestamp NULL DEFAULT NULL,
  `comment` text CHARACTER SET utf8mb4 COLLATE utf8mb4_unicode_ci,
  PRIMARY KEY (`id`),
  KEY `entities_id` (`entities_id`),
  KEY `is_recursive` (`is_recursive`),
  KEY `users_id` (`users_id`),
  KEY `lineoperators_id` (`lineoperators_id`),
  KEY `is_deleted` (`is_deleted`),
  KEY `groups_id` (`groups_id`),
  KEY `linetypes_id` (`linetypes_id`),
  KEY `locations_id` (`locations_id`),
  KEY `states_id` (`states_id`),
  KEY `date_creation` (`date_creation`),
  KEY `date_mod` (`date_mod`),
  KEY `name` (`name`)
) ENGINE=InnoDB AUTO_INCREMENT=418 DEFAULT CHARSET=utf8mb4 COLLATE=utf8mb4_unicode_ci;

--
-- Dumping data for table `glpi_lines`
--

INSERT INTO `glpi_lines` VALUES (9,'3102799116',1,1,0,'','Jaramillo Jairo',0,0,0,0,1,1,'2020-03-11 22:18:14','2023-04-24 09:47:15',''),(10,'3104362950',2,1,0,'','londoño Zuleta Sandra',0,19,0,0,1,1,'2020-03-11 22:18:16','2023-04-24 09:16:12',''),(11,'',0,0,1,'','',0,0,0,0,0,0,'2020-03-11 22:18:21','2020-03-11 22:26:02',''),(12,'3104811151',2,1,0,'','Solina Vivian Giselle',953,13,0,37,1,3,'2020-03-11 22:18:45','2023-08-03 16:13:38',''),(15,'3106441096',1,1,0,'','Suarez Conguta Fabian',0,0,0,0,1,1,'2020-03-11 22:18:54','2023-04-24 09:48:20',''),(20,'3108564729',1,1,0,'','Plazas Fernandez Johan Sebastian',0,0,0,0,1,1,'2020-03-11 22:19:11','2023-04-24 09:38:24',''),(25,'3114933725',2,1,0,'','Peña Calderon Ingrid',0,0,0,0,1,1,'2020-03-11 22:19:44','2023-04-24 09:47:15',''),(32,'3125115810',2,1,0,'','Díaz Camacho Camila Fernanda',967,18,0,37,1,3,'2020-03-11 22:20:02','2023-08-03 16:14:23',''),(41,'3142656575',2,0,0,'','Cardenas Bejarano Monica Yiceth',0,13,0,37,1,1,'2020-03-11 22:20:38','2023-04-24 09:21:44',''),(52,'3156487087',2,0,0,'','Burgos Claudia Janneth',968,13,0,37,1,3,'2020-03-11 22:21:11','2023-08-03 16:36:11',''),(59,'3163834378',2,1,0,'','Bejarano Alejandro',0,13,0,0,1,1,'2020-03-11 22:21:38','2023-04-24 10:02:27',''),(63,'3165759746',2,1,0,'','Marisol Angel Garzon',0,13,0,5,2,4,'2020-03-11 22:21:48','2023-04-24 10:02:27',''),(64,'3166155634',1,0,0,'','Rodriguez Acosta Juan Pablo',0,0,0,0,1,1,'2020-03-11 22:21:50','2023-04-24 09:47:15',''),(69,'3168321748',2,0,1,'','Tinoco Rosana',0,0,0,0,1,3,'2020-03-11 22:22:13','2023-04-24 10:06:45',''),(74,'3173714063',2,1,0,'','Melissa Rodriguez',547,19,0,63,1,3,'2020-03-11 22:22:31','2023-08-03 19:14:23',''),(75,'3174305126',2,0,0,'','Matiz Romero Deyanira',0,19,0,43,2,3,'2020-03-11 22:22:35','2023-04-24 10:32:23',''),(76,'3174306558',2,0,0,'','Matiz Romero Deyanira',0,19,0,36,2,3,'2020-03-11 22:22:37','2023-08-03 19:49:17',''),(77,'3174422510',2,0,0,'','Matiz Romero Deyanira',0,19,0,0,2,3,'2020-03-11 22:22:39','2023-04-24 10:32:23',''),(78,'3174423228',2,0,0,'','Matiz Romero Deyanira',0,19,0,0,2,3,'2020-03-11 22:22:42','2023-04-24 10:32:23',''),(79,'3174423348',2,0,0,'','Matiz Romero Deyanira',0,19,0,43,2,3,'2020-03-11 22:22:45','2023-04-24 10:32:23',''),(80,'3174423348',1,1,1,'','',0,0,0,0,0,0,'2020-03-11 22:22:50','2020-03-19 15:55:25',''),(81,'3174423789',2,0,0,'','Matiz Romero Deyanira',0,19,0,0,2,3,'2020-03-11 22:22:53','2023-04-24 10:32:23',''),(82,'3174423877',2,0,1,'','Matiz Romero Deyanira',0,0,0,0,1,3,'2020-03-11 22:22:55','2023-04-24 10:32:23',''),(83,'3174423877',2,1,0,'','',642,19,0,37,1,3,'2020-03-11 22:22:59','2023-11-01 20:44:26',''),(84,'3174424220',2,0,0,'','Matiz Romero Deyanira ',0,19,0,0,2,3,'2020-03-11 22:23:07','2023-04-24 10:32:23',''),(85,'3176387192',2,0,0,'','Bermudez Jaime Andres',0,13,0,37,2,3,'2020-03-11 22:23:10','2023-04-24 09:45:45','Se cancelo la linea por no Uso.'),(86,'3176403945',2,0,0,'','',1140,34,0,37,1,3,'2020-03-11 22:23:13','2023-11-10 21:12:28',''),(88,'3176671170',17,0,0,'','Vargas Alonso Bethsy Ximena',978,37,0,115,1,3,'2020-03-11 22:23:17','2023-05-13 16:39:24',''),(89,'3178934004',2,0,0,'','Matiz Romero Deyanira',0,19,0,2,2,3,'2020-03-11 22:23:21','2023-04-24 10:32:23',''),(90,'3178937577',2,0,0,'','',1084,19,0,2,1,3,'2020-03-11 22:23:27','2023-08-03 19:43:36',''),(93,'3183732905',2,0,0,'','',1086,19,0,63,1,3,'2020-03-11 22:23:36','2023-08-03 19:41:38',''),(98,'3187351876',2,0,0,'','Acosta Aragon John Edinson',0,18,0,0,2,0,'2020-03-11 22:23:50','2023-11-10 21:15:46','Se paso a prepago en el mes de Abril'),(99,'3187351877',2,0,0,'','Jassir Jorge',0,18,0,15,2,1,'2020-03-11 22:23:55','2023-04-24 10:37:55','linea entrada al usuario ya no hace parte de Ecology '),(101,'3187351894',2,0,0,'','Matiz Romero Deyanira',861,19,0,2,1,3,'2020-03-11 22:24:02','2023-08-03 19:42:24',''),(107,'3206441096}',0,0,1,'','',0,0,0,0,0,0,'2020-03-11 22:24:26','2020-03-11 22:26:02',''),(108,'3206441096',1,1,0,'','Tunarosa Torres Cindy Paola',0,0,0,0,1,1,'2020-03-11 22:24:29','2023-04-24 09:51:27',''),(110,'3207383779',1,0,0,'','Diaz Garzon Leonardo Chayan',0,0,0,0,1,1,'2020-03-11 22:24:35','2023-04-24 09:30:29',''),(114,'3214595925',2,1,0,'','Cardenas Rojas Yury Andrea',0,13,0,37,2,3,'2020-03-11 22:24:51','2023-04-24 09:09:57',''),(128,'3005005180',1,1,1,'','La Rotta A. Jean Alejandro',0,13,0,0,1,2,'2020-03-11 22:17:06','2020-07-30 20:32:22',''),(129,'3013230608',22,1,0,'','',1041,62,0,10,1,3,'2020-03-11 22:17:55','2023-10-06 12:53:54',''),(130,'3023187992',1,1,1,'','Leal Torres Cristhian Fernando',0,13,0,0,1,1,'2020-03-11 22:17:58','2023-04-24 09:52:17',''),(131,'3023367506',1,1,0,'','Hernández Luz Myriam',0,13,0,5,2,3,'2020-03-11 22:18:00','2023-04-24 11:36:13','Proceso de dejar en pre pago el 06 de mayo'),(132,'3023367518',15,1,0,'','',1106,52,0,46,1,3,'2020-03-11 22:18:02','2023-11-26 22:32:19',''),(133,'3045405844',1,1,0,'','Llinas Hernandez Rafael Antonio',0,13,0,5,1,1,'2020-03-11 22:18:05','2023-04-24 09:17:18',''),(134,'3053909984',1,1,0,'','Niño Moreno Edwin',0,0,0,41,1,1,'2020-03-11 22:18:08','2023-04-24 09:49:09',''),(135,'3102164546',15,1,0,'','Reyes Rios Yolanda Isabel',950,52,1,38,3,3,'2020-03-11 22:18:11','2023-10-27 13:54:17',''),(136,'3104850737',1,1,0,'','Valdivieso Enrique',1030,16,0,5,1,3,'2020-03-11 22:18:49','2023-06-13 17:03:25',''),(137,'3105825834',1,1,0,'','Moya Cortes Sonia Johanna',0,13,0,5,1,1,'2020-03-11 22:18:52','2023-04-24 09:14:40',''),(138,'3107653517',1,1,0,'','Alfonso Buitrago Jose Nelson',0,13,0,5,1,1,'2020-03-11 22:18:56','2023-04-24 09:47:15',''),(139,'3108363728',1,1,0,'','Cabezas Barreras Jose Luis',0,0,0,0,2,3,'2020-03-11 22:18:59','2023-04-24 10:38:29','Se cancela linea ya que no se pude dejar en Prepago. '),(140,'3108363729',1,1,0,'','',368,28,0,5,1,3,'2020-03-11 22:19:02','2022-08-09 15:15:42',''),(141,'3108363734',15,1,0,'','Gustavo Escobar',950,52,1,38,3,3,'2020-03-11 22:19:08','2023-10-24 21:28:03',''),(142,'3113642589',1,1,0,'','Palacios Ladys',0,13,0,0,2,3,'2020-03-11 22:19:32','2023-04-24 09:35:08','El 05 de mayo la linea pasa a pre-pago'),(143,'3113653871',20,1,0,'','',407,22,0,138,1,3,'2020-03-11 22:19:34','2023-09-06 00:44:46',''),(144,'3113663649',1,1,0,'','Henriquez Yeismer',1032,13,0,5,1,4,'2020-03-11 22:19:36','2023-06-13 17:09:16','Mensajero Bogotá'),(145,'3114778443',1,1,0,'','Diaz Yesenia',0,13,0,5,1,2,'2020-03-11 22:19:38','2023-04-24 09:13:26',''),(146,'3117515082',15,1,0,'','Posada Astrid Elena',869,55,1,110,1,3,'2020-03-11 22:19:47','2023-08-11 16:07:54',''),(147,'3118762845',1,1,0,'','Bayona O\'Meara Soraya Ximena',0,0,0,5,1,2,'2020-03-11 22:19:49','2023-04-24 09:15:34',''),(148,'3123291571',1,1,0,'','Quintero Calderon Lady Yazmin',771,13,0,47,1,3,'2020-03-11 22:19:51','2023-05-13 14:47:42',''),(149,'3123575746',1,1,0,'','Garzón Rodríguez Paola',0,13,0,5,1,1,'2020-03-11 22:19:54','2023-04-24 09:17:32',''),(150,'3123773404',1,1,0,'','Parra Alvarado Gonzalo',0,12,0,41,1,2,'2020-03-11 22:19:57','2023-04-24 09:48:20',''),(151,'3124971001',2,1,0,'','Gomez Betzabe',0,16,0,36,2,4,'2020-03-11 22:20:00','2023-08-03 19:53:34',''),(152,'3125267111',1,1,0,'','Cruz Sergio',0,12,0,0,2,1,'2020-03-11 22:20:12','2023-04-24 09:14:56',''),(153,'3132071961',1,1,0,'','Valdivieso Diego Fernando',890,13,0,5,1,3,'2020-03-11 22:20:16','2023-05-13 14:50:59',''),(154,'3132846593',22,1,0,'','Garcí­a Santos Diego Andres',775,62,0,108,1,3,'2020-03-11 22:20:19','2023-05-13 14:54:46',''),(155,'3133351603',1,1,0,'','Guerrero Ramirez Juliana Andrea',0,0,0,5,1,1,'2020-03-11 22:20:23','2023-04-24 09:44:32',''),(156,'3133505862',1,1,0,'','Palomino Hector Fabio',0,13,0,14,2,3,'2020-03-11 22:20:25','2023-04-24 10:38:57',''),(157,'3142911795',1,1,0,'','Martin Torres Juan Enrique',0,0,0,5,1,2,'2020-03-11 22:20:28','2023-04-24 09:38:05',''),(158,'3142188280',15,1,0,'','Diego Puentes',1138,69,1,46,1,3,'2020-03-11 22:20:32','2023-10-31 16:49:38',''),(159,'3142193360',1,1,0,'','Beltrán Saldaña Jeimmy Natali',0,13,0,5,2,3,'2020-03-11 22:20:35','2023-06-14 00:50:25','El 05 de mayo la linea pasa a pre-pago\r\nSe activa el mismo plan el 07-05-2020'),(160,'3143611094',1,1,0,'','Ariza Edgar',825,13,0,5,1,3,'2020-03-11 22:20:41','2023-05-13 15:02:40',''),(161,'3143826148',1,1,0,'','Valdivieso Nora',1031,16,0,5,1,3,'2020-03-11 22:20:47','2023-06-13 17:06:33',''),(162,'3144133881',1,1,0,'','Roncancio Catalina',891,16,0,5,1,3,'2020-03-11 22:20:52','2023-06-14 00:53:30',''),(163,'3144675653',22,1,0,'','Carlos Vargas',618,62,0,10,1,3,'2020-03-11 22:20:54','2023-05-13 15:08:32',''),(164,'3148873537',1,1,0,'','Gonzalez Andrea',0,12,0,15,2,5,'2020-03-11 22:20:56','2023-04-27 22:16:49',''),(165,'3148873539',15,1,0,'','',330,69,1,38,1,3,'2020-03-11 22:20:59','2023-07-03 23:32:56',''),(166,'3148873541',1,1,0,'','Garcia Usma Cristian Estiven',0,12,0,15,2,3,'2020-03-11 22:21:01','2023-04-24 10:37:22',''),(167,'3148873546',15,1,0,'','Morales Santamaria Alejandra',877,52,1,55,1,3,'2020-03-11 22:21:03','2023-05-13 15:15:04',''),(168,'3148873547',1,1,0,'','Bedoya Agudelo Laura',0,13,0,0,2,5,'2020-03-11 22:21:06','2023-04-24 10:29:39',''),(169,'3154941107',1,1,0,'','Peña Rocio Martha Rocio',836,13,0,5,1,3,'2020-03-11 22:21:09','2023-05-13 15:23:26',''),(170,'3158014457',1,1,0,'','Rojas Ventura Angela Consuelo',0,0,0,5,2,2,'2020-03-11 22:21:14','2023-04-24 10:01:24',''),(171,'3158433930',2,1,0,'','Villamizar Suarez Juan Manuel',1081,16,0,36,1,3,'2020-03-11 22:21:26','2023-08-03 17:44:18',''),(172,'3158434512',2,1,0,'','Villamizar Suarez Juan Manuel',1081,16,0,36,1,3,'2020-03-11 22:21:28','2023-08-03 17:44:39',''),(173,'3158607450',1,1,0,'','Ruiz Gomez Roberto Carlos',0,13,0,5,1,1,'2020-03-11 22:21:30','2023-04-24 09:16:46',''),(174,'3162747114',21,1,0,'','Perez Suarez Fausto',905,12,0,41,1,3,'2020-03-11 22:21:34','2023-05-13 16:09:49',''),(175,'3162755592',1,1,0,'','',0,12,0,41,2,3,'2020-03-11 22:21:36','2023-04-24 09:59:33','SIM deshabilitada. '),(176,'3164300022',1,1,0,'','Restrepo Pardo Daniela',0,12,0,41,1,2,'2020-03-11 22:21:41','2023-04-24 09:50:27',''),(177,'3164478341',1,1,0,'','Cardona Mejia Luis Eduardo',1035,13,0,2,1,4,'2020-03-11 22:21:43','2023-06-14 00:34:14','Mensajero'),(178,'3164989726',1,1,0,'','Manrique Miguel',0,12,0,0,2,2,'2020-03-11 22:21:45','2023-04-24 10:38:57',''),(179,'3166401586',1,1,0,'','',0,43,0,36,2,3,'2020-03-11 22:21:53','2023-06-14 00:57:11','Line enviada a cancelar 5 de junio'),(180,'3166571587',20,1,0,'','',412,22,0,44,1,3,'2020-03-11 22:22:00','2023-09-06 00:48:55',''),(181,'3167143568',22,1,0,'','Daniel Caballero - Conductor de MCP ',1033,13,0,10,1,4,'2020-03-11 22:22:02','2023-10-06 12:54:27','Daniel Caballero - Conductor de MCP '),(182,'3167728535',1,1,0,'','Joya Perez Julian Andres',0,0,0,0,1,1,'2020-03-11 22:22:08','2023-04-24 09:44:32',''),(183,'3168736798',1,1,0,'','Ardila Plata Lida Angelica',0,12,0,41,1,2,'2020-03-11 22:22:14','2023-04-24 09:33:00',''),(184,'3168778500',22,1,0,'','Kelly Johanna Ladron',912,62,0,10,1,3,'2020-03-11 22:22:16','2023-10-06 12:53:54',''),(185,'3172630031',15,1,0,'','',1107,52,1,38,1,3,'2020-03-11 22:22:20','2023-08-31 16:11:18',''),(186,'3173636645',15,1,0,'','',973,52,1,38,1,3,'2020-03-11 22:22:23','2023-11-10 14:10:24',' '),(187,'3176667337',1,1,0,'','Anderson Suarez',0,12,0,9,2,3,'2020-03-11 22:23:15','2023-06-14 00:59:15',''),(188,'3182523233',1,1,0,'','',752,40,0,5,1,6,'2020-03-11 22:23:29','2023-05-13 16:41:57','Lineal pertenece a un Modem  ubicado en Cedritos'),(189,'3182531098',1,1,0,'','Valdivieso de Filippis Natalia',0,16,0,0,2,3,'2020-03-11 22:23:33','2023-04-24 10:38:57',''),(190,'3185171548',1,1,1,'','Zuluaga Cardona Edgar Ivan',0,0,0,0,1,2,'2020-03-11 22:23:39','2023-04-24 09:49:40',''),(191,'3185176440',15,1,0,'','Cristian Garcia',0,69,1,77,1,3,'2020-03-11 22:23:41','2023-11-26 22:20:04','Linea Movil Asignada a Cristian Estiven Garcia\r\nLider de bodega termporal'),(192,'3185570791',1,1,0,'','Osorio Castañeda Cristhian Camilo',0,13,0,5,1,1,'2020-03-11 22:23:44','2023-04-24 09:54:23',''),(193,'3187128430',15,1,0,'','Ortega Judy Jazmin',950,52,1,46,3,3,'2020-03-11 22:23:47','2023-10-27 13:53:27',''),(194,'3187351883',2,1,0,'','Villamizar Armando',1082,16,0,36,1,3,'2020-03-11 22:23:58','2023-08-03 17:45:56',''),(195,'3188894825',15,1,0,'','Escobar Betancourt Gustavo Adolfo',856,52,1,5,1,3,'2020-03-11 22:24:06','2023-05-13 17:04:25',''),(196,'3206947909',1,1,0,'','Cortes Henao Leonardo',0,13,0,5,2,2,'2020-03-11 22:24:15','2023-04-24 10:34:08',''),(197,'3202324057',1,1,0,'','Lemus Luis Alberto',0,0,0,48,1,2,'2020-03-11 22:24:21','2023-04-24 09:29:46',''),(198,'3204997766',1,1,0,'','Duran Alberto',0,13,0,5,1,1,'2020-03-11 22:24:24','2023-04-24 10:37:39',''),(199,'3206715884',1,1,0,'','Rua Sanchez Marta Cecilia',842,13,0,2,1,3,'2020-03-11 22:24:32','2023-05-13 17:07:00',''),(200,'3209134832',15,1,0,'','Jose MIndiola',985,69,1,46,1,3,'2020-03-11 22:24:38','2023-05-13 17:08:49',''),(201,'3212713697',1,1,0,'','Mendez Andres',0,12,0,41,1,2,'2020-03-11 22:24:44','2023-04-24 10:01:33',''),(202,'3214577462',2,1,0,'','Valdivieso Villamizar Juan Pablo',0,16,0,36,2,3,'2020-03-11 22:24:46','2023-08-03 19:58:35',''),(203,'3217510337',1,1,0,'','',0,0,0,0,2,5,'2020-03-11 22:24:57','2023-04-24 10:38:57',''),(204,'3218012844',1,1,0,'','Mera Andres',0,13,0,14,1,1,'2020-03-11 22:24:59','2023-04-24 10:02:23',''),(205,'3218315015',21,1,0,'','',649,12,0,41,1,3,'2020-03-11 22:25:01','2023-07-10 17:17:16','Linea Productividad '),(206,'3218315026',1,1,0,'','resposable Kevin.',0,0,0,5,2,3,'2020-03-11 22:25:04','2023-06-14 01:00:15',''),(207,'3218319026',1,1,0,'','Hijo Diego Valdivieso',890,13,0,5,1,3,'2020-03-11 22:25:06','2023-05-13 17:12:06','Hijo Diego Valdivieso'),(208,'3218319037',15,1,0,'','Leidy Romero',950,55,1,38,3,3,'2020-03-11 22:25:08','2023-09-20 19:04:44',''),(209,'3219460091',1,1,0,'','',329,33,0,5,1,3,'2020-03-11 22:25:11','2023-02-24 17:00:26',''),(210,'3234672986',1,1,0,'','Guerrero Ramirez Juliana Andrea',0,0,0,5,2,0,'2020-03-11 22:25:13','2023-04-24 09:44:32',''),(211,'3235826716',1,1,0,'','Gonzalez Idarraga Karina MarÃ­a',0,0,0,0,2,3,'2020-03-11 22:25:16','2023-04-24 09:40:33','linea q era anteriormente de la practicante de facturación Maria Camila Gutierrez, luego se le asigna a Karina Gonzalez pero la deja en medellin a la hora de irse para Bogota, la tiene Juan Londoño'),(212,'3178834271',1,1,0,'','Adolfo Soto Gutierrez',0,0,0,0,2,0,'2020-03-16 14:02:07','2023-04-24 09:58:43','Se entrega Linea & Celular a Adolfo bajo peticion de el, ya que se va a entregar a una persona fuera de bogota.'),(213,'3212454255',1,1,0,'','',0,0,0,0,1,1,'2020-03-16 17:32:49','2023-04-24 10:14:15',''),(214,'3118841731',1,1,0,'','Leidy Milena Romero Diaz',0,0,0,0,1,1,'2020-03-18 13:13:18','2023-04-24 10:29:39',''),(215,'3005608193',1,1,1,'','Claudia Patricia Bernal Lancheros',0,0,0,0,1,1,'2020-03-18 13:30:23','2023-04-24 08:21:23',''),(216,'3168321748',2,0,0,'','Tinoco Rosana',0,0,0,9,2,4,'2020-03-18 18:34:52','2023-04-24 10:06:45',''),(217,'3173714063',0,1,1,'','Deyanira Matiz',0,18,0,2,0,0,'2020-03-18 18:40:59','2020-03-18 18:42:20',''),(218,'',0,0,1,'','',0,0,0,0,1,4,'2020-03-18 18:41:04','2020-03-18 19:25:02',''),(219,'3214577462',0,0,1,'','Valdivieso Villamizar Juan Pablo',0,13,0,0,1,3,'2020-03-18 19:10:56','2020-07-30 20:32:22',''),(220,'3187351883',0,0,1,'','Villamizar Armando',0,0,0,0,1,3,'2020-03-18 19:14:02','2020-07-30 20:32:22',''),(221,'3185171548',22,1,0,'','',1127,62,0,10,1,3,'2020-03-26 14:14:10','2023-11-02 16:00:33',''),(222,'3214541212',1,1,0,'','',0,13,0,0,1,1,'2020-03-30 15:18:51','2023-04-24 09:26:25',''),(223,'3002236351',1,1,0,'','',770,16,0,86,1,3,'2020-03-31 13:57:34','2023-05-13 14:22:50',''),(224,'3214992727',1,1,0,'','',0,0,0,0,1,1,'2020-04-01 14:58:10','2023-04-24 09:58:43',''),(225,'3148873546',1,0,1,'','',0,0,0,0,1,1,'2020-04-01 14:58:42','2023-04-24 10:37:39',''),(226,'3223703734',1,1,0,'','',0,13,0,0,1,1,'2020-04-01 14:59:01','2023-04-24 09:37:04',''),(227,'3213758497',1,1,0,'','',0,12,0,0,1,1,'2020-04-01 15:00:53','2023-04-24 10:01:33',''),(228,'3003262965',1,1,0,'','',0,13,0,10,1,1,'2020-04-01 15:01:39','2023-04-28 17:40:09',''),(229,'3168383589',1,1,0,'','',0,13,0,10,1,1,'2020-04-01 15:02:06','2023-04-24 10:36:03',''),(230,'3006575053',1,1,0,'','',0,13,0,0,1,1,'2020-04-01 15:02:55','2023-04-24 10:34:08',''),(231,'3186835490',1,1,0,'','',0,12,0,0,1,1,'2020-04-01 15:03:20','2023-04-24 09:28:21',''),(232,'3102405760',1,0,0,'','',0,13,0,10,1,1,'2020-04-01 15:03:44','2023-04-24 09:20:02',''),(233,'3122805198',1,1,0,'','',0,0,0,0,1,1,'2020-04-01 15:04:29','2023-04-24 09:17:32','linea personal, también tiene una corporativa\r\n'),(234,'3123576746',1,1,0,'','',0,13,0,5,1,1,'2020-04-01 15:04:57','2023-04-24 09:17:32',''),(235,'3118651593',1,1,0,'','',0,13,0,0,1,1,'2020-04-01 15:05:24','2023-04-24 09:11:35',''),(236,'3203122140',1,0,0,'','',0,0,0,38,1,2,'2020-06-30 17:32:37','2023-04-24 10:55:31',''),(237,'3175008898',1,0,0,'','Emilia Gonzalez Blanco',0,13,0,0,1,1,'2020-07-06 15:05:49','2023-04-24 11:09:05',''),(238,'3164355780',1,0,0,'','Fabio Lote Portilla',0,13,0,0,1,1,'2020-07-08 16:18:52','2023-04-24 11:11:30',''),(239,'Emilia Gonzalez Blanco',0,0,1,'3175008898','Emilia Gonzalez Blanco',0,0,0,8,1,1,'2020-07-14 15:56:52','2020-07-14 15:58:02',''),(240,'3115605331',1,0,0,'','Nelly Andrea Rodriguez',0,0,0,0,1,1,'2020-07-14 15:59:11','2023-04-24 11:11:30',''),(241,'3012335821',1,0,0,'','Jhonatan Antonio Lozano Galeano',0,0,0,10,2,1,'2020-07-22 12:26:08','2023-04-28 17:40:09','Usuario retirado'),(242,'3185335940',15,0,0,'','',928,52,1,2,1,3,'2020-10-28 18:39:44','2023-05-13 16:58:45','\r\n'),(243,'3183869651',2,1,0,'','',0,13,0,37,2,3,'2020-11-03 17:41:16','2023-04-24 11:44:51',''),(244,'3176378875',1,0,0,'','Anderson Suarez ',0,0,0,10,2,3,'2020-12-03 13:30:44','2023-04-24 10:38:29','En poder Anderson '),(245,'3058560776',1,0,0,'','Augusto Suarez Chaves',0,0,0,38,1,2,'2020-12-10 21:45:36','2023-04-24 11:11:18',''),(246,'3173163014',1,0,0,'','Arnulfo Garcia Saenz',0,12,0,41,1,2,'2020-12-14 14:43:03','2023-04-24 11:13:59',''),(247,'3218961665',1,0,0,'','Iván David Piragauta Correa',0,0,0,38,2,2,'2020-12-14 15:27:14','2023-04-24 11:36:19',''),(248,'3176490814',1,0,0,'','Gustavo Adolfo Vallejo Muñoz',0,13,0,0,1,2,'2020-12-14 15:37:23','2023-04-24 11:13:27',''),(249,'3126435424',2,0,0,'','Eduardo Álvarez Paredes',0,13,0,37,1,2,'2020-12-14 17:17:02','2023-04-24 09:49:09',''),(250,'3106401447',1,0,0,'','Wilmar Jairo Lenis Rodríguez',0,12,0,14,2,2,'2020-12-14 17:53:07','2023-04-24 11:35:07',''),(251,'3022691693',1,0,0,'','Cesar Augusto Bejarano Bejarano',0,12,0,41,2,2,'2020-12-14 18:00:21','2023-04-24 11:40:38',''),(252,'3138886287',2,0,0,'','Ana Maria Convers Murcia',0,13,0,5,1,2,'2020-12-14 18:52:54','2023-04-24 11:34:15',''),(253,'3152016349',1,0,0,'','Iván Dario Herrera Parra',0,0,0,42,1,2,'2020-12-15 17:13:30','2023-04-24 11:36:26',''),(254,'3182616756',1,0,0,'','Carlos Mario Sepúlveda Gutiérrez',0,0,0,0,1,2,'2020-12-15 17:16:44','2023-04-24 11:14:56',''),(255,'3103389529',1,0,0,'','Orlando Benavides Farfan',0,12,0,41,1,2,'2020-12-15 17:24:05','2023-04-24 11:35:07',''),(256,'3118886530',1,0,0,'','Francisco Gallego Ardila',0,12,0,41,1,2,'2020-12-15 17:24:56','2023-04-24 11:36:26',''),(257,'3224356312',1,0,0,'','Wilmer Andrés Gonzalez Ráquira',0,12,0,41,1,2,'2020-12-15 17:29:47','2023-04-24 11:15:10',''),(258,'3185570750',1,1,0,'','',0,12,0,41,1,2,'2020-12-16 21:22:25','2023-04-24 11:38:54',''),(259,'3202150350',1,1,0,'','',0,0,0,38,2,2,'2020-12-16 21:28:59','2023-04-24 11:36:19',''),(260,'3153242632',2,0,0,'','',632,13,0,37,1,3,'2021-01-05 20:22:08','2023-11-01 20:43:55',''),(262,'3157896457',1,1,1,'','',0,13,0,10,3,3,'2021-03-24 21:07:09','2023-04-24 10:38:29','Sim sin activar'),(263,'3183553487',15,1,0,'','',876,69,1,38,1,3,'2021-03-24 21:07:34','2023-05-13 16:47:28',''),(264,'3166932544',1,1,0,'','',862,13,0,78,1,3,'2021-03-24 21:08:09','2023-05-13 16:21:32',''),(265,'3154993877',21,1,0,'','',546,12,0,41,1,3,'2021-03-24 21:08:24','2023-07-03 23:58:33',''),(266,'3178173440',1,1,0,'','',0,12,0,14,2,2,'2021-03-24 22:06:54','2023-04-24 11:50:27',''),(267,'3136038251',1,1,0,'','',0,12,0,0,2,2,'2021-03-24 22:09:25','2023-04-24 11:42:17',''),(268,'3133689517',1,1,0,'','',0,0,0,45,1,2,'2021-03-24 22:10:31','2023-04-24 11:50:27',''),(269,'3186017764',1,0,0,'','',794,13,0,121,1,3,'2021-04-07 21:11:53','2023-11-15 13:31:02',''),(270,'3152539273',21,1,0,'','',903,12,0,41,1,3,'2021-04-08 15:08:54','2023-05-13 15:20:29',''),(271,'3183507997',15,1,0,'','',1061,52,1,44,1,3,'2021-04-13 13:52:08','2023-07-03 23:19:02',''),(272,'3228615126',1,0,0,'','',0,12,0,41,1,2,'2021-04-19 17:19:20','2023-04-24 11:46:38',''),(273,'3152157440',15,0,0,'','',950,52,1,46,3,3,'2021-04-20 15:10:07','2023-10-27 13:53:45',''),(274,'3177202578',15,0,0,'','',1078,52,0,46,1,3,'2021-05-10 21:37:37','2023-10-06 12:50:29',''),(275,'3176824171',1,1,0,'','',0,0,0,5,2,5,'2021-05-14 14:49:12','2023-04-24 10:38:29','En poder Kevin Cruz'),(276,'3167340216',2,1,0,'','',958,13,0,37,1,3,'2021-05-14 21:31:08','2023-08-03 17:18:28',''),(277,'3177212179',15,1,0,'','',873,52,1,45,1,3,'2021-05-19 01:25:10','2023-05-13 16:41:00',''),(278,'3168349277',1,0,0,'','',825,28,0,5,1,6,'2021-05-19 02:13:50','2023-05-13 16:25:07',''),(279,'3153508510',22,0,0,'','',662,62,0,48,1,3,'2021-05-20 14:42:57','2023-10-06 12:48:31',''),(280,'3177212179',1,1,1,'','',0,0,0,5,1,3,'2021-05-20 18:47:59','2023-04-24 10:01:24',''),(281,'3107655874',1,0,0,'','',0,13,0,10,1,2,'2021-06-09 18:47:37','2023-04-24 11:53:27',''),(282,'3155766164',1,0,0,'','',0,13,0,10,1,2,'2021-06-09 18:53:40','2023-04-24 11:52:41',''),(283,'3162943681',1,0,0,'','',0,12,0,14,1,2,'2021-06-09 18:54:26','2023-04-24 11:53:55',''),(284,'3016958992',1,0,0,'','',0,0,0,5,1,2,'2021-06-09 18:56:28','2023-04-24 11:54:10',''),(285,'3153656265',1,0,0,'','',0,0,0,10,2,2,'2021-06-09 18:58:13','2023-04-24 11:54:10','De baja próximo mes.'),(286,'3212063092',1,0,0,'','',0,0,0,10,1,2,'2021-06-09 19:00:54','2023-04-24 11:54:19',''),(287,'3112921763',1,0,0,'','',0,0,0,10,1,2,'2021-06-09 19:03:51','2023-04-24 11:54:46',''),(288,'3165786359',1,0,0,'','',0,0,0,10,1,2,'2021-06-09 19:05:36','2023-04-24 11:56:09',''),(289,'3107637989',1,0,0,'','',0,12,0,41,2,2,'2021-06-09 19:17:00','2023-04-24 11:56:27',''),(290,'3245116388',1,0,0,'','',0,0,0,5,2,2,'2021-06-09 19:23:47','2023-04-24 11:56:09',''),(291,'3164389417',22,1,0,'','',1102,62,0,75,1,3,'2021-06-15 17:33:20','2023-08-31 15:32:47',''),(292,'3186129053',15,1,0,'','Maria Camila Villareal Arias',1116,55,1,77,1,3,'2021-06-15 17:33:45','2023-09-25 14:40:50',''),(293,'3173664378',21,1,0,'','',683,12,0,41,1,3,'2021-06-23 15:11:27','2023-07-03 23:57:12',''),(294,'3118981403',1,0,0,'','',0,12,0,41,2,2,'2021-08-19 20:48:14','2023-04-24 12:02:11',''),(295,'3164597626',1,1,0,'','',0,12,0,14,1,2,'2021-08-20 18:12:29','2023-04-24 12:14:28',''),(296,'3041441337',1,1,0,'','',0,12,0,14,1,2,'2021-08-20 18:13:07','2023-04-24 12:14:28',''),(297,'3204893603',1,1,0,'','Osler Torres',0,12,0,41,1,2,'2021-08-20 18:21:22','2023-04-24 12:15:04',''),(298,'3163265622',1,1,0,'','Emilio Valdivieso.',890,13,0,5,1,3,'2021-09-21 16:05:57','2023-05-13 16:12:01','Emilio Valdivieso.'),(299,'3178173440',0,1,1,'','',0,12,0,14,1,2,'2021-09-21 16:46:35','2021-09-21 16:47:05',''),(300,'3007276439',1,0,0,'','',0,0,0,0,2,2,'2021-09-21 16:53:13','2023-04-24 12:15:04',''),(301,'3175505639',1,1,0,'','',328,12,0,41,1,2,'2021-09-21 16:54:19','2021-09-21 16:56:36',''),(302,'3160170392',15,0,0,'','johanna saldarriaga',1104,52,1,77,1,3,'2022-01-04 14:45:37','2023-08-31 15:22:15',''),(303,'3160170622',15,0,0,'','sebastian florez',1115,52,1,77,1,3,'2022-01-21 19:46:31','2023-09-25 14:41:29',''),(304,'3160170620',15,0,0,'','',950,52,1,38,2,3,'2022-01-21 19:47:43','2023-09-20 21:45:13',''),(305,'3160170624',15,0,0,'','diana rodriguez',950,52,1,46,3,3,'2022-01-21 19:52:27','2023-10-27 13:54:00',''),(306,'3203938172',1,1,0,'','',0,28,0,5,1,2,'2022-01-27 16:59:19','2023-03-13 20:48:57',''),(307,'3194980065',1,1,0,'','',360,12,0,41,1,2,'2022-01-27 17:05:42','2022-01-27 17:41:05',''),(308,'3208011925',1,1,0,'','',0,12,0,41,1,2,'2022-01-27 17:06:42','2023-04-24 11:52:05',''),(309,'3212877534',1,1,0,'','',0,12,0,41,1,2,'2022-01-27 17:07:41','2023-04-28 18:09:04',''),(310,'3103025862',1,1,0,'','',0,12,0,14,1,2,'2022-01-27 17:09:02','2023-04-24 11:55:53',''),(311,'3165342589',1,1,0,'','',0,28,0,48,1,2,'2022-01-27 17:11:13','2023-04-24 12:02:11',''),(312,'3115257657',1,1,0,'','',0,0,0,38,1,2,'2022-01-27 17:11:43','2023-04-24 12:14:13',''),(313,'3223876585',1,1,0,'','',0,0,0,48,1,2,'2022-01-27 17:14:33','2023-04-28 18:00:12',''),(314,'3014305110',1,1,0,'','',0,33,0,5,1,2,'2022-01-27 17:18:37','2023-04-28 18:19:38',''),(315,'3114778388',1,1,0,'','',0,12,0,41,1,2,'2022-01-27 17:20:10','2023-04-28 17:38:31',''),(316,'3053909984',1,1,0,'','',0,12,0,41,1,2,'2022-01-27 17:21:37','2023-04-24 09:49:09',''),(317,'3195070891',1,1,0,'','',352,12,0,41,1,2,'2022-01-27 17:25:34','2022-01-27 17:35:16',''),(318,'3133534759',1,1,0,'','',353,28,0,5,1,2,'2022-01-27 17:29:23','2022-01-27 17:30:06',''),(319,'3135384862',1,1,0,'','',355,12,0,43,1,2,'2022-01-27 17:32:40','2022-01-27 17:39:03',''),(320,'3108797778',1,1,0,'','',0,12,0,41,1,2,'2022-01-27 17:37:12','2023-04-28 23:10:14',''),(321,'3184333865',1,1,0,'','',0,0,0,10,1,2,'2022-01-27 17:39:01','2023-04-24 10:38:29',''),(322,'3225652974',1,1,0,'','',372,12,0,15,1,2,'2022-01-27 17:45:53','2022-01-27 17:51:14',''),(323,'3133254128',1,1,0,'','',0,0,0,38,1,2,'2022-01-27 17:47:16','2023-04-28 17:38:31',''),(327,'3173728517',21,0,0,'','',1068,12,0,41,1,3,'2022-02-10 14:55:53','2023-08-11 20:43:05','Cuenta de gmail: fawproyectos@aritnia.com\r\n     Contra: FawPro2023*'),(328,'3176368284',1,0,0,'','',702,22,0,2,1,3,'2022-02-10 14:56:46','2022-12-29 14:10:24',''),(329,'3186951733',15,0,0,'','Hugo Caballero',2003,52,1,77,1,3,'2022-02-10 14:57:15','2023-11-21 19:48:46',''),(330,'3162712167',22,0,0,'','',954,62,0,48,1,3,'2022-02-10 14:57:41','2023-05-13 16:08:18',''),(331,'3183678618',20,0,0,'','',1131,22,0,71,1,3,'2022-02-10 14:58:20','2023-10-13 14:39:33',''),(332,'3165262121',1,0,0,'','Carlos Alberto Mejia Carvajal',452,22,0,14,1,3,'2022-03-01 19:21:10','2022-09-22 16:39:56',''),(333,'3183589210',15,0,0,'','',987,52,1,38,1,3,'2022-03-01 19:23:20','2023-05-13 16:48:11',''),(334,'3175131386',15,0,0,'','',950,52,0,38,2,3,'2022-03-01 19:23:58','2023-09-20 21:45:00',''),(335,'3162865991',21,0,0,'','',895,12,0,41,1,3,'2022-03-01 19:24:33','2023-05-02 20:25:51',''),(336,'3165239382',1,0,0,'','',0,0,0,48,2,3,'2022-03-01 19:24:59','2023-04-24 10:38:29',''),(337,'3176608988',1,1,0,'','',0,0,0,10,2,3,'2022-03-17 20:32:31','2023-04-24 10:38:29','dada de baja'),(338,'3174422338',22,1,0,'','',954,22,0,135,1,3,'2022-03-17 20:44:46','2023-11-15 20:40:21','Line servicio al cliente de Caria Rosana tinoco\r\n\r\n'),(339,'3183080171',15,1,0,'','',783,55,1,77,1,3,'2022-03-22 23:04:37','2023-05-13 16:44:09',''),(340,'3188603951',1,1,0,'','',0,0,0,5,2,3,'2022-03-22 23:05:43','2023-04-24 10:38:29','En poder de Kevin Cruz'),(341,'3175131386',0,1,1,'','',0,0,0,5,3,3,'2022-04-01 19:03:43','2023-04-24 10:38:29',''),(342,'3160253444',1,0,0,'','',0,0,0,44,2,3,'2022-04-19 19:53:01','2023-04-24 10:38:29',''),(343,'3160253446',1,0,0,'','',0,0,0,48,2,3,'2022-04-21 22:03:02','2023-04-24 10:38:29','En poder de Anderson'),(344,'3160253443',22,1,0,'','',778,62,0,48,1,3,'2022-04-21 22:04:42','2023-05-13 15:37:30','linea para contacto y facturacion MCP'),(345,'3160253442',21,1,0,'','Maryue Kellys',467,12,0,41,1,3,'2022-04-25 19:22:56','2023-11-02 15:57:47',''),(346,'3160107944',15,0,0,'','Yeison David Acosta García',977,52,1,85,1,3,'2022-04-27 20:55:30','2023-05-13 15:29:25',''),(347,'3160107946',15,0,0,'','',1072,52,1,38,3,3,'2022-05-03 18:52:12','2023-11-14 20:38:23','pasar a prepago'),(348,'3160107943',22,0,0,'','',1108,62,0,48,1,3,'2022-05-09 18:30:10','2023-10-06 12:48:57',''),(349,'3160107941',22,0,0,'','omar herrera',1094,62,0,75,1,3,'2022-05-09 18:30:48','2023-08-31 15:24:28',''),(350,'3160107942',15,0,0,'','Dialen Rodrigez',1036,52,1,46,1,3,'2022-05-09 18:31:11','2023-06-14 17:26:42',''),(351,'3160253445',15,0,0,'','Haidy Neslith Urbano Forero',988,52,1,55,1,3,'2022-05-31 18:36:48','2023-05-13 15:38:19',''),(352,'3160277812',21,0,0,'','',413,12,0,82,1,3,'2022-05-31 22:47:25','2023-11-02 15:57:59','SIm se envia a BQ'),(353,'3160277806',20,0,0,'','Luis Andres Ruiz ',1129,22,0,71,1,3,'2022-05-31 22:52:11','2023-10-13 14:36:15','linea provisional'),(354,'3160277813',22,0,0,'','victor hidrobo',1103,62,0,81,1,3,'2022-06-02 20:36:13','2023-08-31 15:23:19',''),(355,'3155421006',1,0,0,'','',0,0,0,5,2,5,'2022-06-03 15:57:23','2023-04-24 10:38:29',''),(356,'3160277800',1,0,0,'','',0,0,0,48,2,5,'2022-06-03 15:57:54','2023-04-28 17:42:25',''),(357,'3160277802',22,0,0,'','cesar duran',920,62,0,99,1,3,'2022-06-03 15:58:14','2023-05-13 15:40:25',''),(358,'3160277804',20,0,0,'','',1132,22,0,71,1,3,'2022-06-03 15:58:37','2023-10-13 14:35:21',''),(359,'3160277808',1,0,0,'','',606,42,0,48,1,3,'2022-06-03 15:58:57','2023-10-13 14:36:48',''),(360,'3160277810',21,0,0,'','',352,12,0,41,1,3,'2022-06-03 15:59:17','2023-10-11 16:12:41',''),(361,'3160277811',20,0,0,'','',1129,22,0,71,1,3,'2022-06-03 16:00:53','2023-10-13 14:37:40',''),(362,'3160277814',22,0,0,'','',636,62,0,84,1,3,'2022-06-03 16:01:14','2023-05-13 16:04:38',''),(363,'3162507470',1,0,0,'','',0,0,0,43,2,5,'2022-06-03 16:01:38','2023-04-24 10:38:29',''),(364,'3153874098',0,0,0,'','',0,0,0,57,1,3,'2022-06-10 16:58:49','2023-05-05 00:42:46','Usuario: Angela Bibiana Echeverry'),(365,'3173715622',0,0,0,'','',0,0,0,0,1,3,'2022-06-13 15:33:15','2023-05-05 00:42:46','Usuario : Cristhian Guerrero'),(366,'3156778970',0,0,0,'','',0,0,0,0,1,3,'2022-06-13 15:34:02','2023-05-05 00:42:46','Usuario: Grece Oliva'),(367,'3188373283',0,0,0,'','',493,0,0,56,1,3,'2022-06-13 15:35:49','2023-05-05 00:42:46','Usuario: Oficina Central'),(368,'3168745488',0,0,0,'','',525,0,0,56,1,3,'2022-06-13 15:36:36','2023-05-05 00:42:46','Usuario: Claudia Cadena - Compras'),(369,'3174341175',0,0,0,'','',509,0,0,56,1,3,'2022-06-13 15:37:45','2023-05-05 00:42:46','Usuario: Jorge Carreño - Gerencia'),(370,'3155348563',0,0,0,'','',0,0,0,56,1,3,'2022-06-13 15:38:36','2023-05-05 00:42:46','Usuario: Beatriz Medrano - Proyecto Altos 29'),(371,'3167433540',0,0,0,'','',529,0,0,56,1,3,'2022-06-13 15:39:19','2023-05-05 00:42:46','Usuario: Alban Cardona - Sub Gerencia'),(372,'3183815742',0,0,0,'','',0,0,0,0,1,3,'2022-06-13 15:40:11','2023-05-05 00:42:46','Usuario: Maria De los Rios - Camino Real'),(373,'3174013640',0,0,0,'','',520,0,0,56,1,3,'2022-06-13 15:41:05','2023-05-05 00:42:46','Usuario: Dora Guerrero - Construcciones'),(374,'3163540614',0,0,0,'','',0,0,0,57,1,3,'2022-06-13 15:43:04','2023-05-05 00:42:46','Usuario: Laura Plata - Altos de San Miguel'),(375,'3160186532',0,0,0,'','',0,0,0,56,1,3,'2022-06-13 15:44:03','2023-05-05 00:42:46','Usuario, confirmar - Altos 29'),(376,'3176581415',0,0,0,'','',0,0,0,56,1,3,'2022-06-13 15:44:56','2023-05-05 00:37:10','Usuario: Lina Rojas - Construcción'),(377,'Doris Andrea Mancipe Sandovall',0,0,1,'3208545453','',0,0,0,55,1,0,'2022-08-01 20:29:38','2023-04-24 08:48:22',''),(378,'3208545453',15,1,0,'','',950,51,1,38,3,3,'2022-08-02 20:11:12','2023-08-31 16:03:33','en poder de Julian Garcia'),(379,'3144640498',15,1,0,'','',526,52,1,38,1,3,'2022-08-02 20:24:49','2023-05-13 15:04:40',''),(380,'3132083280',15,1,0,'','',524,52,1,55,2,3,'2022-08-02 20:34:49','2022-12-05 16:25:39','dada de baja por cesión de contrato '),(381,'3118245394',15,1,0,'','',0,52,1,55,2,3,'2022-08-02 20:41:25','2023-04-28 17:39:06',''),(382,'3102656137',15,1,0,'','',0,52,1,55,2,3,'2022-08-02 20:45:15','2023-04-28 18:00:42',''),(383,'3213328021',15,1,0,'','',510,52,1,55,2,3,'2022-08-02 20:46:25','2022-12-05 16:25:04','dada de baja por cesión de contrato '),(384,'3044624916',15,1,0,'','',507,53,1,38,1,3,'2022-08-02 20:48:11','2023-05-13 14:28:32',''),(385,'3138511275',15,1,0,'','',499,52,1,55,2,3,'2022-08-02 20:50:07','2022-11-09 23:34:19',''),(386,'3208529097',15,1,0,'','',498,52,1,55,2,3,'2022-08-02 20:51:48','2022-11-09 23:34:57',''),(387,'3108120779',15,1,0,'','',491,54,1,38,1,3,'2022-08-02 20:55:04','2023-05-13 14:38:03',''),(388,'3006409605',15,0,0,'','',950,52,1,38,3,3,'2022-08-02 21:15:54','2023-08-11 16:15:48',''),(389,'3127393740',0,0,0,'','',678,28,0,43,1,1,'2022-11-10 17:23:43','2022-11-10 17:23:43',''),(390,'3202580634',22,0,0,'','',337,62,0,8,1,3,'2022-11-17 19:33:49','2023-05-13 17:05:56',''),(391,'3202580636',1,0,0,'','',365,45,0,78,1,3,'2022-11-17 19:42:06','2023-10-06 12:50:50',''),(392,'3117645742',22,0,0,'','',846,62,0,75,2,3,'2022-11-17 19:44:37','2023-06-14 00:47:34','cedida al usuario'),(393,'3122024634',22,0,0,'','',919,62,0,75,1,3,'2022-11-17 19:45:51','2023-05-13 14:46:55',''),(394,'3128018231',22,0,0,'','',955,62,0,49,1,3,'2022-11-17 19:47:35','2023-05-13 14:49:52',''),(395,'3104141996',20,0,0,'','',840,22,0,76,1,3,'2022-11-17 19:48:59','2023-10-06 12:47:55',''),(396,'3222346826',22,0,0,'','Laura Lopez',724,62,0,75,1,3,'2022-11-17 20:06:54','2023-10-06 12:51:06','Auxiliar de Facturación'),(397,'3242711949 ',2,0,0,'','',1087,34,2,2,1,3,'2022-12-13 14:37:13','2023-08-03 20:05:18','plan Pospago Fidelización Negocios 4.9 Plus+\r\n\r\nvalor antes de iva $28.350,00\r\nvalor iva incluido $35.000,00\r\ncontrato 8977444711-85\r\n'),(398,'3242711948 ',2,0,0,'','',1088,34,0,2,1,3,'2022-12-13 15:01:09','2023-08-03 20:05:35','Santafé S3 Plan Tigo'),(399,'3242711950',2,0,0,'','',1089,34,2,2,1,3,'2022-12-13 15:02:00','2023-08-03 20:05:52','plan Pospago Fidelización Negocios 4.9 Plus+\r\nvalor antes de iva $28.350,00\r\nvalor iva incluido $35.000,00\r\ncontrato 8977444711-85\r\n'),(400,'3242711944',2,0,0,'','',835,13,2,2,1,3,'2022-12-13 15:02:38','2023-08-03 20:00:02','plan: Pospago Fidelización Negocios 4.9 Plus+\r\n\r\nvalor antes de iva\r\n$28.350,00\r\nvalor iva incluido\r\n$35.000,00\r\ncontrato\r\n8977444711-85\r\n\r\n'),(401,'3175157303',2,0,0,'','',621,13,0,36,1,3,'2023-01-11 19:59:38','2023-01-11 19:59:38',''),(402,'3153795496',2,0,0,'','',858,19,0,44,1,3,'2023-01-17 20:26:42','2023-08-03 17:47:02',''),(403,'3175738083',2,0,0,'','',969,19,0,116,1,3,'2023-01-17 20:27:52','2023-11-01 21:55:38',''),(404,'3153798243',2,0,0,'','Jesus Padilla',1085,19,0,49,1,3,'2023-01-17 20:28:53','2023-08-03 19:37:06',''),(405,'3166023426',2,0,0,'','',950,19,0,14,2,3,'2023-01-17 20:29:57','2023-09-20 21:37:41','Dada de baja por solicitud de Sol Yannis'),(406,'3160174076',2,0,0,'','',1064,19,0,51,1,3,'2023-01-17 20:31:01','2023-08-03 19:44:13',''),(407,'3184208612',2,0,0,'','',1083,19,0,90,1,3,'2023-01-17 20:32:04','2023-08-03 21:35:06',''),(408,'3244960462',20,1,0,'','',1133,22,0,161,1,3,'2023-10-19 15:48:38','2023-10-19 15:48:38',''),(409,'3156126037',20,1,0,'','',1141,22,0,94,1,3,'2023-11-10 15:01:09','2023-11-10 22:08:37',''),(410,'3162799804',20,1,0,'','',1143,22,0,88,1,3,'2023-11-10 15:01:39','2023-11-11 13:44:50',''),(411,'3166924085',20,1,0,'','',950,22,0,9,3,3,'2023-11-10 15:02:16','2023-11-15 15:43:39','En Poder de Ivan Pedraza'),(412,'3176419091',20,1,0,'','',950,22,0,0,3,3,'2023-11-10 15:03:07','2023-11-15 15:41:29','En Poder de Kevin Cruz'),(413,'3178547529',20,1,0,'','',1142,22,0,0,1,3,'2023-11-10 15:03:27','2023-11-11 13:46:10',''),(414,'3185279378',20,1,0,'','',1144,22,0,0,1,3,'2023-11-10 15:04:06','2023-11-15 13:26:04',''),(415,'3185894980',20,1,0,'','',950,22,0,0,3,3,'2023-11-10 15:04:29','2023-11-15 15:37:55','En poder de Kevin Cruz'),(416,'3187317808',20,1,0,'','',950,22,0,0,3,3,'2023-11-10 15:04:45','2023-11-15 15:42:52','En poder de Kevin Cruz'),(417,'3188010605',20,1,0,'','',1139,22,0,9,1,3,'2023-11-10 15:05:20','2023-11-15 15:36:00','');

--
-- Table structure for table `glpi_linetypes`
--

CREATE TABLE `glpi_linetypes` (
  `id` int unsigned NOT NULL AUTO_INCREMENT,
  `name` varchar(255) CHARACTER SET utf8mb4 COLLATE utf8mb4_unicode_ci DEFAULT NULL,
  `comment` mediumtext CHARACTER SET utf8mb4 COLLATE utf8mb4_unicode_ci,
  `date_mod` timestamp NULL DEFAULT NULL,
  `date_creation` timestamp NULL DEFAULT NULL,
  PRIMARY KEY (`id`),
  KEY `name` (`name`),
  KEY `date_mod` (`date_mod`),
  KEY `date_creation` (`date_creation`)
) ENGINE=InnoDB AUTO_INCREMENT=7 DEFAULT CHARSET=utf8mb4 COLLATE=utf8mb4_unicode_ci;

--
-- Dumping data for table `glpi_linetypes`
--

INSERT INTO `glpi_linetypes` VALUES (1,'Personal','','2020-03-11 22:36:24','2020-03-11 22:36:24'),(2,'Subsidio','','2020-03-11 22:37:12','2020-03-11 22:37:12'),(3,'Plan_Emp_D&V','','2020-03-11 22:51:31','2020-03-11 22:51:31'),(4,'Plan_Emp_V','','2020-03-11 22:51:36','2020-03-11 22:51:36'),(5,'Prepago','','2020-12-10 16:24:17','2020-12-10 16:24:17'),(6,'Plan_Emp_Modem','Plan Datos Modem.','2022-01-24 13:34:04','2022-01-24 13:34:04');

--
-- Table structure for table `glpi_links`
--

CREATE TABLE `glpi_links` (
  `id` int unsigned NOT NULL AUTO_INCREMENT,
  `entities_id` int unsigned NOT NULL DEFAULT '0',
  `is_recursive` tinyint(1) NOT NULL DEFAULT '1',
  `name` varchar(255) CHARACTER SET utf8mb4 COLLATE utf8mb4_unicode_ci DEFAULT NULL,
  `link` varchar(255) CHARACTER SET utf8mb4 COLLATE utf8mb4_unicode_ci DEFAULT NULL,
  `data` mediumtext CHARACTER SET utf8mb4 COLLATE utf8mb4_unicode_ci,
  `open_window` tinyint(1) NOT NULL DEFAULT '1',
  `date_mod` timestamp NULL DEFAULT NULL,
  `date_creation` timestamp NULL DEFAULT NULL,
  PRIMARY KEY (`id`),
  KEY `entities_id` (`entities_id`),
  KEY `date_mod` (`date_mod`),
  KEY `date_creation` (`date_creation`),
  KEY `is_recursive` (`is_recursive`),
  KEY `name` (`name`)
) ENGINE=InnoDB DEFAULT CHARSET=utf8mb4 COLLATE=utf8mb4_unicode_ci;

--
-- Dumping data for table `glpi_links`
--


--
-- Table structure for table `glpi_links_itemtypes`
--

CREATE TABLE `glpi_links_itemtypes` (
  `id` int unsigned NOT NULL AUTO_INCREMENT,
  `links_id` int unsigned NOT NULL DEFAULT '0',
  `itemtype` varchar(100) CHARACTER SET utf8mb4 COLLATE utf8mb4_unicode_ci NOT NULL,
  PRIMARY KEY (`id`),
  UNIQUE KEY `unicity` (`itemtype`,`links_id`),
  KEY `links_id` (`links_id`)
) ENGINE=InnoDB DEFAULT CHARSET=utf8mb4 COLLATE=utf8mb4_unicode_ci;

--
-- Dumping data for table `glpi_links_itemtypes`
--


--
-- Table structure for table `glpi_locations`
--

CREATE TABLE `glpi_locations` (
  `id` int unsigned NOT NULL AUTO_INCREMENT,
  `entities_id` int unsigned NOT NULL DEFAULT '0',
  `is_recursive` tinyint(1) NOT NULL DEFAULT '0',
  `name` varchar(255) CHARACTER SET utf8mb4 COLLATE utf8mb4_unicode_ci DEFAULT NULL,
  `locations_id` int unsigned NOT NULL DEFAULT '0',
  `completename` mediumtext CHARACTER SET utf8mb4 COLLATE utf8mb4_unicode_ci,
  `comment` mediumtext CHARACTER SET utf8mb4 COLLATE utf8mb4_unicode_ci,
  `level` int NOT NULL DEFAULT '0',
  `ancestors_cache` longtext CHARACTER SET utf8mb4 COLLATE utf8mb4_unicode_ci,
  `sons_cache` longtext CHARACTER SET utf8mb4 COLLATE utf8mb4_unicode_ci,
  `address` mediumtext CHARACTER SET utf8mb4 COLLATE utf8mb4_unicode_ci,
  `postcode` varchar(255) CHARACTER SET utf8mb4 COLLATE utf8mb4_unicode_ci DEFAULT NULL,
  `town` varchar(255) CHARACTER SET utf8mb4 COLLATE utf8mb4_unicode_ci DEFAULT NULL,
  `state` varchar(255) CHARACTER SET utf8mb4 COLLATE utf8mb4_unicode_ci DEFAULT NULL,
  `country` varchar(255) CHARACTER SET utf8mb4 COLLATE utf8mb4_unicode_ci DEFAULT NULL,
  `building` varchar(255) CHARACTER SET utf8mb4 COLLATE utf8mb4_unicode_ci DEFAULT NULL,
  `room` varchar(255) CHARACTER SET utf8mb4 COLLATE utf8mb4_unicode_ci DEFAULT NULL,
  `latitude` varchar(255) CHARACTER SET utf8mb4 COLLATE utf8mb4_unicode_ci DEFAULT NULL,
  `longitude` varchar(255) CHARACTER SET utf8mb4 COLLATE utf8mb4_unicode_ci DEFAULT NULL,
  `altitude` varchar(255) CHARACTER SET utf8mb4 COLLATE utf8mb4_unicode_ci DEFAULT NULL,
  `date_mod` timestamp NULL DEFAULT NULL,
  `date_creation` timestamp NULL DEFAULT NULL,
  PRIMARY KEY (`id`),
  UNIQUE KEY `unicity` (`entities_id`,`locations_id`,`name`),
  KEY `locations_id` (`locations_id`),
  KEY `name` (`name`),
  KEY `is_recursive` (`is_recursive`),
  KEY `date_mod` (`date_mod`),
  KEY `date_creation` (`date_creation`),
  KEY `level` (`level`)
) ENGINE=InnoDB AUTO_INCREMENT=171 DEFAULT CHARSET=utf8mb4 COLLATE=utf8mb4_unicode_ci;

--
-- Dumping data for table `glpi_locations`
--

INSERT INTO `glpi_locations` VALUES (2,0,1,'Itagui',0,'Itagui','',1,'[]',NULL,'','','Itagui','Antioquia','Colombia','','','','','','2023-04-27 18:40:41','2020-03-11 17:24:36'),(5,1,1,'Corporativo',36,'Bogotá > Corporativo',NULL,2,'{\"36\":\"36\"}','{\"5\":\"5\"}',NULL,NULL,'Cundinamarca','Bogotá','Colombia','Cra 18A # 143-73 (Cedritos)',NULL,NULL,NULL,NULL,'2023-04-27 22:02:05','2020-03-11 17:29:19'),(8,0,1,'Bucaramanga',0,'Bucaramanga','',1,'[]',NULL,'','','','','','','','','','','2021-02-08 19:56:44','2020-03-11 17:31:31'),(9,20,1,'Caria',8,'Bucaramanga > Caria','',2,'{\"8\":\"8\"}','{\"9\":\"9\"}','','','Bucaramanga','Santander','Colombia','Km. 4 Via Zona Industrial Chimitá (Girón)','','7.228463075690013','-73.10440063476564','','2023-04-27 21:55:38','2020-03-11 18:58:46'),(10,22,1,'Amsa',8,'Bucaramanga > Amsa','',2,'{\"8\":\"8\"}','{\"10\":\"10\"}','','Bucaramanga','Santander','Bucaramanga','Colombia','Parque Industrial Bucaramanga 2da Etapa, Manzana G, Bodega 2A Zona industrial Chimitá','','7.092205005059304','-73.11538696289064','','2023-04-27 21:57:23','2020-03-11 19:00:08'),(14,0,1,'Cali',0,'Cali','Cra 100 # 5-169 C.C Unicentro Torreo Oasis Oficina 509 A',1,'[]','{\"14\":14,\"88\":88,\"86\":86,\"90\":90,\"89\":89,\"87\":87}','','','Valle del cauca ','Cali','Colombia','Cra 100 # 5-169 C.C Unicentro Torreo Oasis Oficina 509 A','','3.432088770852555','-76.5403890742306','','2021-02-15 23:27:24','2020-03-12 13:38:43'),(15,0,1,'Barranquilla',0,'Barranquilla','',1,'[]','{\"15\":15,\"80\":80,\"81\":81,\"82\":82}','','','Atlantico','Barranquilla','Colombia','Av Circunvalar CLL 110 # 4-76.','','','','','2021-02-15 23:22:11','2020-03-12 13:48:07'),(23,5,0,'Bucaramanga',0,'Bucaramanga',NULL,1,'[]',NULL,NULL,NULL,NULL,NULL,NULL,NULL,NULL,NULL,NULL,NULL,'2020-03-18 16:46:06','2020-03-16 14:42:05'),(24,6,0,'Bucaramanga',0,'Bucaramanga',NULL,1,'[]',NULL,NULL,NULL,NULL,NULL,NULL,NULL,NULL,NULL,NULL,NULL,'2020-03-18 16:46:06','2020-03-16 14:46:12'),(25,4,0,'Medellin',0,'Medellin',NULL,1,'[]',NULL,NULL,NULL,NULL,NULL,NULL,NULL,NULL,NULL,NULL,NULL,'2020-03-18 16:46:06','2020-03-16 14:49:05'),(26,4,0,'Bogotá',0,'Bogotá',NULL,1,'[]',NULL,NULL,NULL,NULL,NULL,NULL,NULL,NULL,NULL,NULL,NULL,'2020-03-18 16:46:06','2020-03-16 14:49:05'),(27,4,0,'Bucaramanga',0,'Bucaramanga',NULL,1,'[]',NULL,NULL,NULL,NULL,NULL,NULL,NULL,NULL,NULL,NULL,NULL,'2020-03-18 16:46:06','2020-03-16 14:49:05'),(28,3,0,'Bucaramanga',0,'Bucaramanga',NULL,1,'[]',NULL,NULL,NULL,NULL,NULL,NULL,NULL,NULL,NULL,NULL,NULL,'2020-03-18 16:46:06','2020-03-16 14:51:17'),(29,6,0,'Bogotá',0,'Bogotá',NULL,1,'[]',NULL,NULL,NULL,NULL,NULL,NULL,NULL,NULL,NULL,NULL,NULL,'2020-03-18 16:46:06','2020-03-16 14:52:35'),(32,10,0,'Mosquera',0,'Mosquera',NULL,1,'[]',NULL,NULL,NULL,NULL,NULL,NULL,NULL,NULL,NULL,NULL,NULL,'2020-08-11 15:51:55','2020-08-11 15:23:49'),(33,11,0,'Mosquera',0,'Mosquera',NULL,1,'[]',NULL,NULL,NULL,NULL,NULL,NULL,NULL,NULL,NULL,NULL,NULL,'2020-08-11 15:54:22','2020-08-11 15:26:32'),(34,12,0,'Mosquera',0,'Mosquera',NULL,1,'[]',NULL,NULL,NULL,NULL,NULL,NULL,NULL,NULL,NULL,NULL,NULL,'2020-08-11 15:53:55','2020-08-11 15:28:09'),(35,13,0,'Mosquera',0,'Mosquera',NULL,1,'[]',NULL,NULL,NULL,NULL,NULL,NULL,NULL,NULL,NULL,NULL,NULL,'2020-08-11 15:33:06','2020-08-11 15:33:06'),(36,0,1,'Bogotá',0,'Bogotá',NULL,1,'[]',NULL,NULL,NULL,NULL,NULL,'Colombia',NULL,NULL,NULL,NULL,NULL,'2020-09-22 21:15:15','2020-08-11 17:10:32'),(37,2,1,'Ecology',36,'Bogotá > Ecology','Calle 70A  # 17-27 - Bogota',2,'{\"36\":\"36\"}','{\"37\":37}','','','Cundinamarca','Bogotá','Colombia','Calle 70A # 17-27','','4.6583138','-74.0671219','','2023-04-27 22:02:39','2020-09-22 21:08:36'),(38,15,1,'Techos',36,'Bogotá > Techos','Carrera 116 #19A - 50',2,'{\"36\":\"36\"}','{\"38\":\"38\"}','','','Cundinamarca','Bogotá','Colombia','Cra 116 # 19A - 50 Bodega 3 (Fontibon)','','4.6857451','-74.1540313','','2023-04-27 22:01:25','2020-09-22 21:14:31'),(41,21,1,'Trucks',72,'Sabana > Trucks',NULL,2,'{\"72\":72}','{\"41\":\"41\"}',NULL,NULL,'Cundinamarca','Mosquera','Colombia','Av. Troncal de Occidente Km 1.5 vía Bogotá - Funza, Parque Empresarial de Occidente Bodega 37 (Mosquera)',NULL,NULL,NULL,NULL,'2023-04-27 21:56:53','2020-09-25 23:52:53'),(42,0,1,'Aguazul',0,'Aguazul',NULL,1,'[]','{\"42\":42,\"104\":104}',NULL,NULL,'Aguazul','Casanare','Colombia',NULL,NULL,NULL,NULL,NULL,'2023-05-02 15:46:18','2020-10-08 14:19:30'),(43,22,1,'Amsa',2,'Itagui > Amsa',', ',2,'{\"2\":2}','{\"43\":43}','','','Itagüí','Antioquia','Colombia','Cll 46 42-70 Itagui','','6.166374597862425','-75.61008482318373','','2023-04-27 21:57:23','2020-12-03 14:40:23'),(44,0,1,'Ibague',0,'Ibague','',1,'[]','{\"44\":44,\"94\":94,\"95\":95,\"55\":55}','','','','','Colombia','','','','','','2021-02-08 19:58:03','2021-02-08 19:57:46'),(45,15,1,'Techos',72,'Sabana > Techos','',2,'{\"72\":72}','{\"45\":\"45\"}','','','Zipaquira','Cundinamarca','Colombia','Calle 11 # 37-84 Zona Industrial La Paz Zipaquira','','','','','2023-04-27 22:01:04','2021-02-15 19:15:59'),(46,15,1,'Techos',8,'Bucaramanga > Techos','',2,'{\"8\":8}','{\"46\":46}','','','Bucaramanga','Santander','Colombia','Parque Industrial Bucaramanga 2da Etapa, Manzana G, Bodega 2A Zona industrial Chimitá ','','','','','2023-04-27 22:01:04','2021-02-15 23:30:01'),(47,1,1,'Corporativo',8,'Bucaramanga > Corporativo','',2,'{\"8\":8}','{\"47\":47}','','','Bucaramanga','Santander','Colombia','Km. 4 Via Zona Industrial Chimitá (Girón)','','','','','2023-04-27 22:02:05','2021-02-24 13:27:42'),(48,22,1,'MCP',8,'Bucaramanga > MCP','',2,'{\"8\":8}','{\"48\":48}','','','Bucaramanga','Santander','Colombia','Km. 4 Via Zona Industrial Chimitá (Girón)','','7.0993335','-73.2012929','11.65','2023-04-27 21:56:15','2021-05-18 18:12:49'),(49,0,1,'Santa Marta',0,'Santa Marta','',1,'[]',NULL,'','','','','','','','','','','2021-11-22 21:26:49','2021-11-22 21:23:27'),(51,0,1,'Sincelejo',0,'Sincelejo','',1,'[]','{\"51\":\"51\"}','','','','','','','','','','','2022-01-24 17:39:28','2022-01-24 17:39:28'),(55,15,1,'Techos',44,'Ibague > Techos','',2,'{\"44\":44}','{\"55\":\"55\"}','','','Cundinamarca','Ibague','Colombia','','','','','','2023-04-27 22:01:04','2022-05-10 15:11:15'),(56,19,1,'Elco / Muraglia',36,'Bogotá > Elco / Muraglia','',2,'{\"36\":36}','{\"56\":\"56\"}','','','Bogotá','Cundinamarca','Colombia','Cra. 10 #117a-96','','','','','2023-05-02 15:46:48','2022-05-20 18:33:46'),(57,0,0,'Villa María - Caldas',0,'Villa María - Caldas','',1,'[]','{\"57\":\"57\"}','','','','','','','','','','','2023-05-04 22:20:56','2022-06-10 16:56:59'),(58,0,1,'Cartagena',0,'Cartagena','',1,'[]','{\"58\":58,\"63\":63,\"91\":91}','','','','','','','','','','','2023-04-27 18:33:25','2022-06-10 20:27:45'),(59,0,0,'Casanare',0,'Casanare','',1,'[]','{\"59\":59,\"60\":60}','','','','','','','','','','','2023-05-04 22:20:56','2022-06-21 22:17:23'),(60,0,0,'Agua Azul',59,'Casanare > Agua Azul','',2,'{\"59\":59}','{\"60\":\"60\"}','','','','','','','','','','','2023-05-04 22:20:56','2022-06-21 22:17:41'),(63,2,1,'Ecology',58,'Cartagena > Ecology','',2,'{\"58\":58}','{\"63\":\"63\"}','','','Cartagena','Bolivar','Colombia','','','','','','2023-04-27 22:02:39','2022-07-01 14:56:02'),(64,16,0,'Tunja',0,'Tunja','',1,'[]','{\"64\":\"64\"}','','','','','','','','','','','2023-05-04 22:20:56','2022-07-21 22:15:10'),(65,16,0,'Pasto',0,'Pasto','',1,'[]','{\"65\":\"65\"}','','','','','','','','','','','2023-05-04 22:20:56','2022-07-27 14:26:56'),(66,2,1,'Ecology',2,'Itagui > Ecology','',2,'{\"2\":2}','{\"66\":\"66\"}','','','','','','','','','','','2023-04-27 22:02:39','2022-08-19 21:34:04'),(71,20,1,'Caria',36,'Bogotá > Caria','',2,'{\"36\":36}','{\"71\":71}','','','Cundinamarca','Bogotá','Colombia','Cra. 6 #11 62 Sur','','','','','2023-04-27 21:55:38','2023-04-12 13:42:33'),(72,0,1,'Sabana',0,'Sabana','',1,'[]',NULL,'','','','Cundinamarca','Colombia','','','','','','2023-04-20 22:49:45','2023-04-20 22:41:41'),(73,19,1,'Elco / Muraglia',74,'Pasto > Elco / Muraglia','',2,'{\"74\":74}','{\"73\":73}','','','Funza','Cundinamarca','Colombia','','','','','','2023-05-02 18:13:18','2023-04-20 22:42:30'),(74,0,1,'Pasto',0,'Pasto','',1,'[]','{\"74\":74,\"73\":73}','','','','','','','','','','','2023-04-27 21:31:35','2023-04-20 22:43:30'),(75,22,1,'MCP',2,'Itagui > MCP','',2,'{\"2\":2}','{\"75\":75}','','','Itagui','Antioquia','Colombia','','','','','','2023-04-27 21:56:15','2023-04-21 01:34:25'),(76,20,1,'Caria',2,'Itagui > Caria','',2,'{\"2\":2}','{\"76\":76}','','','','','','','','','','','2023-04-27 21:55:38','2023-04-21 01:36:28'),(77,15,1,'Techos',2,'Itagui > Techos','',2,'{\"2\":2}','{\"77\":77}','','','','','','','','','','','2023-04-27 22:01:04','2023-04-21 01:38:04'),(78,1,1,'Corporativo',2,'Itagui > Corporativo','',2,'{\"2\":2}','{\"78\":78}','','','','','','','','','','','2023-04-27 22:02:05','2023-04-21 01:39:02'),(79,21,1,'Trucks',2,'Itagui > Trucks','',2,'{\"2\":2}','{\"79\":79}','','','','','','','','','','','2023-04-27 21:56:53','2023-04-27 16:26:04'),(80,20,1,'Caria',15,'Barranquilla > Caria','',2,'{\"15\":15}','{\"80\":80}','','','Barranquilla','Atlantico','Colombia','','','','','','2023-04-27 21:55:38','2023-04-27 18:03:57'),(81,22,1,'MCP',15,'Barranquilla > MCP','',2,'{\"15\":15}','{\"81\":81}','','','Barranquilla','Atlantico','Colombia','','','','','','2023-04-27 21:56:15','2023-04-27 18:04:26'),(82,21,1,'Trucks',15,'Barranquilla > Trucks','',2,'{\"15\":15}','{\"82\":82}','','','Barranquilla','Atlantico','Colombia','','','','','','2023-04-27 21:56:53','2023-04-27 18:04:54'),(83,22,1,'Amsa',36,'Bogotá > Amsa','',2,'{\"36\":36}','{\"83\":83}','','','Bogotá','Cundinamarca','Colombia','Cra. 6 #11 62 Sur','','','','','2023-04-27 21:57:23','2023-04-27 18:07:01'),(84,22,1,'MCP',36,'Bogotá > MCP','',2,'{\"36\":36}','{\"84\":84}','','','Bogotá','Cundinamarca','Colombia','Cra. 6 #11 62 Sur','','','','','2023-04-27 21:56:15','2023-04-27 18:07:30'),(85,15,1,'Techos',92,'Duitama > Techos','',2,'{\"92\":92}','{\"85\":85}','','','Duitama','Boyaca','Colombia','','','','','','2023-05-02 15:52:15','2023-04-27 18:12:11'),(86,1,1,'Corporativo',14,'Cali > Corporativo',NULL,2,'{\"14\":14}','{\"86\":86}',NULL,NULL,'Cali','Valle del cauca','Colombia',NULL,NULL,NULL,NULL,NULL,'2023-04-27 22:02:05','2023-04-27 18:13:55'),(87,21,1,'Trucks',14,'Cali > Trucks','',2,'{\"14\":14}','{\"87\":87}','','','Cali','Valle del cauda','Colombia','','','','','','2023-04-27 21:56:53','2023-04-27 18:24:45'),(88,20,1,'Caria',14,'Cali > Caria','',2,'{\"14\":14}','{\"88\":88}','','','Cali','Valle del Cauca','Colombia','','','','','','2023-04-28 19:14:30','2023-04-27 18:26:18'),(89,19,1,'Elco / Muraglia',14,'Cali > Elco / Muraglia','',2,'{\"14\":14}','{\"89\":89}','','','Cali','Valle del Cauca','Colombia','','','','','','2023-05-02 15:50:01','2023-04-27 18:27:33'),(90,2,1,'Ecology',14,'Cali > Ecology','',2,'{\"14\":14}','{\"90\":90}','','','Cali','Valle del Cauca','Colombia','','','','','','2023-04-28 19:14:30','2023-04-27 18:31:44'),(91,17,1,'Protenus',58,'Cartagena > Protenus','',2,'{\"58\":58}','{\"91\":91}','','','Cartagena','Bolivar','Colombia','','','','','','2023-05-02 15:50:34','2023-04-27 18:35:41'),(92,0,1,'Duitama',0,'Duitama','',1,'[]','{\"92\":92,\"93\":93,\"99\":99,\"85\":85}','','','Duitama','Boyaca','Colombia','','','','','','2023-04-28 19:14:30','2023-04-27 18:36:37'),(93,20,1,'Caria',92,'Duitama > Caria','',2,'{\"92\":92}','{\"93\":93}','','','Duitama','Boyaca','Colombia','','','','','','2023-05-02 15:44:57','2023-04-27 18:37:11'),(94,20,1,'Caria',44,'Ibague > Caria','',2,'{\"44\":44}','{\"94\":94}','','','Ibague','Tolima','Colombia','','','','','','2023-04-28 19:14:30','2023-04-27 18:39:47'),(95,2,1,'Ecology',44,'Ibague > Ecology','',2,'{\"44\":44}','{\"95\":95}','','','Ibague','Tolima','Colombia','','','','','','2023-04-28 19:14:30','2023-04-27 18:40:11'),(96,17,1,'Protenus',2,'Itagui > Protenus','',2,'{\"2\":2}','{\"96\":96}','','','Itagui','Antioquia','Colombia','','','','','','2023-05-02 15:54:27','2023-04-27 21:18:26'),(97,0,1,'Tunja',0,'Tunja','',1,'[]','{\"97\":97,\"105\":105}','','','','','','','','','','','2023-04-28 19:14:30','2023-04-27 21:32:28'),(98,0,1,'Villa Maria',0,'Villa Maria','',1,'[]','{\"98\":98,\"106\":106}','','','','','','','','','','','2023-04-28 19:14:30','2023-04-27 21:32:42'),(99,22,1,'MCP',92,'Duitama > MCP',NULL,2,'{\"92\":92}',NULL,NULL,NULL,NULL,NULL,NULL,NULL,NULL,NULL,NULL,NULL,'2023-05-02 15:51:13','2023-04-27 21:55:38'),(100,22,1,'MCP',49,'Santa Marta > MCP',NULL,2,'{\"49\":49}',NULL,NULL,NULL,NULL,NULL,NULL,NULL,NULL,NULL,NULL,NULL,'2023-05-02 18:16:23','2023-04-27 22:01:04'),(101,17,1,'Protenus',36,'Bogotá > Protenus','',2,'{\"36\":36}','{\"101\":101}','','','','','','','','','','','2023-05-02 15:48:48','2023-04-28 19:28:11'),(104,19,1,'Elco / Muraglia',42,'Aguazul > Elco / Muraglia','',2,'{\"42\":42}','{\"104\":104}','','','','','','','','','','','2023-05-02 15:45:56','2023-05-02 14:27:11'),(105,19,0,'Elco / Muraglia',97,'Tunja > Elco / Muraglia','',2,'{\"97\":97}','{\"105\":105}','','','','','','','','','','','2023-05-02 18:12:13','2023-05-02 18:10:56'),(106,19,0,'Elco / Muraglia',98,'Villa Maria > Elco / Muraglia','',2,'{\"98\":98}','{\"106\":106}','','','','','','','','','','','2023-05-02 18:12:13','2023-05-02 18:11:23'),(107,21,0,'MCP',8,'Bucaramanga > MCP',NULL,2,'{\"8\":8}',NULL,NULL,NULL,NULL,NULL,NULL,NULL,NULL,NULL,NULL,NULL,'2023-05-02 19:29:59','2023-05-02 19:29:59'),(108,22,0,'Corporativo',8,'Bucaramanga > Corporativo',NULL,2,'{\"8\":8}',NULL,NULL,NULL,NULL,NULL,NULL,NULL,NULL,NULL,NULL,NULL,'2023-05-02 19:31:44','2023-05-02 19:31:44'),(109,15,0,'Corporativo',36,'Bogotá > Corporativo',NULL,2,'{\"36\":36}',NULL,NULL,NULL,NULL,NULL,NULL,NULL,NULL,NULL,NULL,NULL,'2023-05-02 20:00:20','2023-05-02 20:00:20'),(110,15,0,'Corporativo',2,'Itagui > Corporativo',NULL,2,'{\"2\":2}',NULL,NULL,NULL,NULL,NULL,NULL,NULL,NULL,NULL,NULL,NULL,'2023-05-04 22:20:59','2023-05-04 22:20:59'),(111,15,0,'MCP',8,'Bucaramanga > MCP',NULL,2,'{\"8\":8}',NULL,NULL,NULL,NULL,NULL,NULL,NULL,NULL,NULL,NULL,NULL,'2023-05-05 15:37:44','2023-05-05 15:37:44'),(112,15,0,'Amsa',8,'Bucaramanga > Amsa',NULL,2,'{\"8\":8}',NULL,NULL,NULL,NULL,NULL,NULL,NULL,NULL,NULL,NULL,NULL,'2023-05-05 18:47:48','2023-05-05 18:47:48'),(113,22,0,'Corporativo',36,'Bogotá > Corporativo',NULL,2,'{\"36\":36}',NULL,NULL,NULL,NULL,NULL,NULL,NULL,NULL,NULL,NULL,NULL,'2023-05-10 21:42:36','2023-05-10 21:42:36'),(114,21,0,'Corporativo',36,'Bogotá > Corporativo',NULL,2,'{\"36\":36}',NULL,NULL,NULL,NULL,NULL,NULL,NULL,NULL,NULL,NULL,NULL,'2023-05-11 20:22:50','2023-05-11 20:22:50'),(115,17,0,'Corporativo',36,'Bogotá > Corporativo',NULL,2,'{\"36\":36}',NULL,NULL,NULL,NULL,NULL,NULL,NULL,NULL,NULL,NULL,NULL,'2023-05-11 20:56:58','2023-05-11 20:56:58'),(116,2,0,'Corporativo',36,'Bogotá > Corporativo',NULL,2,'{\"36\":36}',NULL,NULL,NULL,NULL,NULL,NULL,NULL,NULL,NULL,NULL,NULL,'2023-05-12 22:35:42','2023-05-12 22:35:42'),(117,20,0,'Amsa',2,'Itagui > Amsa',NULL,2,'{\"2\":2}',NULL,NULL,NULL,NULL,NULL,NULL,NULL,NULL,NULL,NULL,NULL,'2023-05-13 14:32:28','2023-05-13 14:32:28'),(118,0,0,'Trucks',72,'Sabana > Trucks',NULL,2,'{\"72\":72}',NULL,NULL,NULL,NULL,NULL,NULL,NULL,NULL,NULL,NULL,NULL,'2023-05-13 15:19:44','2023-05-13 15:19:44'),(119,0,0,'Corporativo',36,'Bogotá > Corporativo',NULL,2,'{\"36\":36}',NULL,NULL,NULL,NULL,NULL,NULL,NULL,NULL,NULL,NULL,NULL,'2023-05-25 16:57:07','2023-05-25 16:57:07'),(120,19,0,'Corporativo',36,'Bogotá > Corporativo',NULL,2,'{\"36\":36}',NULL,NULL,NULL,NULL,NULL,NULL,NULL,NULL,NULL,NULL,NULL,'2023-05-25 16:57:24','2023-05-25 16:57:24'),(121,1,0,'MCP',8,'Bucaramanga > MCP',NULL,2,'{\"8\":8}',NULL,NULL,NULL,NULL,NULL,NULL,NULL,NULL,NULL,NULL,NULL,'2023-06-13 14:03:57','2023-06-13 14:03:57'),(122,20,0,'Techos',36,'Bogotá > Techos',NULL,2,'{\"36\":36}',NULL,NULL,NULL,NULL,NULL,NULL,NULL,NULL,NULL,NULL,NULL,'2023-07-02 01:52:04','2023-07-02 01:52:04'),(131,21,0,'Caria',8,'Bucaramanga > Caria',NULL,2,'{\"8\":8}',NULL,NULL,NULL,NULL,NULL,NULL,NULL,NULL,NULL,NULL,NULL,'2023-07-02 19:20:44','2023-07-02 19:20:44'),(132,21,0,'Techos',36,'Bogotá > Techos',NULL,2,'{\"36\":36}',NULL,NULL,NULL,NULL,NULL,NULL,NULL,NULL,NULL,NULL,NULL,'2023-07-02 19:23:53','2023-07-02 19:23:53'),(133,19,0,'Villa María - Caldas',0,'Villa María - Caldas',NULL,1,'[]',NULL,NULL,NULL,NULL,NULL,NULL,NULL,NULL,NULL,NULL,NULL,'2023-07-02 19:44:57','2023-07-02 19:44:57'),(134,20,0,'Elco / Muraglia',36,'Bogotá > Elco / Muraglia',NULL,2,'{\"36\":36}',NULL,NULL,NULL,NULL,NULL,NULL,NULL,NULL,NULL,NULL,NULL,'2023-07-02 19:50:01','2023-07-02 19:50:01'),(135,22,0,'Caria',8,'Bucaramanga > Caria',NULL,2,'{\"8\":8}',NULL,NULL,NULL,NULL,NULL,NULL,NULL,NULL,NULL,NULL,NULL,'2023-07-02 21:18:08','2023-07-02 21:18:08'),(136,22,0,'Techos',36,'Bogotá > Techos',NULL,2,'{\"36\":36}',NULL,NULL,NULL,NULL,NULL,NULL,NULL,NULL,NULL,NULL,NULL,'2023-07-02 21:18:24','2023-07-02 21:18:24'),(137,22,0,'Trucks',72,'Sabana > Trucks',NULL,2,'{\"72\":72}',NULL,NULL,NULL,NULL,NULL,NULL,NULL,NULL,NULL,NULL,NULL,'2023-07-02 21:25:51','2023-07-02 21:25:51'),(138,20,0,'Corporativo',36,'Bogotá > Corporativo',NULL,2,'{\"36\":36}',NULL,NULL,NULL,NULL,NULL,NULL,NULL,NULL,NULL,NULL,NULL,'2023-07-02 21:57:42','2023-07-02 21:57:42'),(139,20,0,'Amsa',8,'Bucaramanga > Amsa',NULL,2,'{\"8\":8}',NULL,NULL,NULL,NULL,NULL,NULL,NULL,NULL,NULL,NULL,NULL,'2023-07-02 21:59:00','2023-07-02 21:59:00'),(140,15,0,'Trucks',72,'Sabana > Trucks',NULL,2,'{\"72\":72}',NULL,NULL,NULL,NULL,NULL,NULL,NULL,NULL,NULL,NULL,NULL,'2023-07-03 02:13:14','2023-07-03 02:13:14'),(141,1,0,'Techos',8,'Bucaramanga > Techos',NULL,2,'{\"8\":8}',NULL,NULL,NULL,NULL,NULL,NULL,NULL,NULL,NULL,NULL,NULL,'2023-07-03 02:31:30','2023-07-03 02:31:30'),(142,20,0,'Trucks',72,'Sabana > Trucks',NULL,2,'{\"72\":72}',NULL,NULL,NULL,NULL,NULL,NULL,NULL,NULL,NULL,NULL,NULL,'2023-07-03 21:24:01','2023-07-03 21:24:01'),(143,15,0,'MCP',2,'Itagui > MCP',NULL,2,'{\"2\":2}',NULL,NULL,NULL,NULL,NULL,NULL,NULL,NULL,NULL,NULL,NULL,'2023-07-04 00:03:51','2023-07-04 00:03:51'),(144,17,0,'Corporativo',8,'Bucaramanga > Corporativo',NULL,2,'{\"8\":8}',NULL,NULL,NULL,NULL,NULL,NULL,NULL,NULL,NULL,NULL,NULL,'2023-07-13 15:14:08','2023-07-13 15:14:08'),(145,1,0,'Protenus',36,'Bogotá > Protenus',NULL,2,'{\"36\":36}',NULL,NULL,NULL,NULL,NULL,NULL,NULL,NULL,NULL,NULL,NULL,'2023-07-18 15:25:36','2023-07-18 15:25:36'),(146,20,0,'Corporativo',2,'Itagui > Corporativo',NULL,2,'{\"2\":2}',NULL,NULL,NULL,NULL,NULL,NULL,NULL,NULL,NULL,NULL,NULL,'2023-07-27 19:19:13','2023-07-27 19:19:13'),(147,20,0,'Corporativo',8,'Bucaramanga > Corporativo',NULL,2,'{\"8\":8}',NULL,NULL,NULL,NULL,NULL,NULL,NULL,NULL,NULL,NULL,NULL,'2023-07-28 15:32:04','2023-07-28 15:32:04'),(148,19,0,'Casanare',0,'Casanare',NULL,1,'[]',NULL,NULL,NULL,NULL,NULL,NULL,NULL,NULL,NULL,NULL,NULL,'2023-08-04 14:09:26','2023-08-04 14:09:26'),(149,19,0,'Agua Azul',148,'Casanare > Agua Azul',NULL,2,'{\"148\":148}',NULL,NULL,NULL,NULL,NULL,NULL,NULL,NULL,NULL,NULL,NULL,'2023-08-04 14:09:26','2023-08-04 14:09:26'),(150,0,0,'Techos',8,'Bucaramanga > Techos',NULL,2,'{\"8\":8}',NULL,NULL,NULL,NULL,NULL,NULL,NULL,NULL,NULL,NULL,NULL,'2023-08-04 21:11:33','2023-08-04 21:11:33'),(151,20,0,'MCP',8,'Bucaramanga > MCP',NULL,2,'{\"8\":8}',NULL,NULL,NULL,NULL,NULL,NULL,NULL,NULL,NULL,NULL,NULL,'2023-08-10 13:34:14','2023-08-10 13:34:14'),(152,22,0,'Caria',36,'Bogotá > Caria',NULL,2,'{\"36\":36}',NULL,NULL,NULL,NULL,NULL,NULL,NULL,NULL,NULL,NULL,NULL,'2023-08-23 19:04:06','2023-08-23 19:04:06'),(153,1,0,'Techos',36,'Bogotá > Techos',NULL,2,'{\"36\":36}',NULL,NULL,NULL,NULL,NULL,NULL,NULL,NULL,NULL,NULL,NULL,'2023-09-04 15:54:37','2023-09-04 15:54:37'),(154,1,0,'Amsa',8,'Bucaramanga > Amsa',NULL,2,'{\"8\":8}',NULL,NULL,NULL,NULL,NULL,NULL,NULL,NULL,NULL,NULL,NULL,'2023-09-15 19:42:44','2023-09-15 19:42:44'),(155,22,0,'Techos',8,'Bucaramanga > Techos',NULL,2,'{\"8\":8}',NULL,NULL,NULL,NULL,NULL,NULL,NULL,NULL,NULL,NULL,NULL,'2023-10-04 16:58:39','2023-10-04 16:58:39'),(156,21,0,'Corporativo',8,'Bucaramanga > Corporativo',NULL,2,'{\"8\":8}',NULL,NULL,NULL,NULL,NULL,NULL,NULL,NULL,NULL,NULL,NULL,'2023-10-04 17:11:37','2023-10-04 17:11:37'),(157,1,0,'Trucks',72,'Sabana > Trucks',NULL,2,'{\"72\":72}',NULL,NULL,NULL,NULL,NULL,NULL,NULL,NULL,NULL,NULL,NULL,'2023-10-06 20:41:33','2023-10-06 20:41:33'),(158,0,0,'Caria',8,'Bucaramanga > Caria',NULL,2,'{\"8\":8}',NULL,NULL,NULL,NULL,NULL,NULL,NULL,NULL,NULL,NULL,NULL,'2023-10-09 15:55:13','2023-10-09 15:55:13'),(159,0,0,'MCP',8,'Bucaramanga > MCP',NULL,2,'{\"8\":8}',NULL,NULL,NULL,NULL,NULL,NULL,NULL,NULL,NULL,NULL,NULL,'2023-10-09 15:55:25','2023-10-09 15:55:25'),(160,0,0,'Elco / Muraglia',36,'Bogotá > Elco / Muraglia',NULL,2,'{\"36\":36}',NULL,NULL,NULL,NULL,NULL,NULL,NULL,NULL,NULL,NULL,NULL,'2023-10-09 15:57:29','2023-10-09 15:57:29'),(161,20,1,'Manizales',0,'Manizales','',1,'[]','{\"161\":\"161\"}','','','Eje Cafetero','','Colombia','','','','','','2023-10-19 15:47:30','2023-10-19 15:47:30'),(162,18,0,'Amsa',8,'Bucaramanga > Amsa',NULL,2,'{\"8\":8}',NULL,NULL,NULL,NULL,NULL,NULL,NULL,NULL,NULL,NULL,NULL,'2023-11-09 17:03:47','2023-11-09 17:03:47'),(163,18,0,'Techos',36,'Bogotá > Techos',NULL,2,'{\"36\":36}',NULL,NULL,NULL,NULL,NULL,NULL,NULL,NULL,NULL,NULL,NULL,'2023-11-09 17:03:47','2023-11-09 17:03:47'),(164,18,0,'Trucks',72,'Sabana > Trucks',NULL,2,'{\"72\":72}',NULL,NULL,NULL,NULL,NULL,NULL,NULL,NULL,NULL,NULL,NULL,'2023-11-09 17:03:47','2023-11-09 17:03:47'),(165,20,0,'MCP',49,'Santa Marta > MCP',NULL,2,'{\"49\":49}',NULL,NULL,NULL,NULL,NULL,NULL,NULL,NULL,NULL,NULL,NULL,'2023-11-15 13:25:07','2023-11-15 13:25:07'),(166,18,0,'MCP',8,'Bucaramanga > MCP',NULL,2,'{\"8\":8}',NULL,NULL,NULL,NULL,NULL,NULL,NULL,NULL,NULL,NULL,NULL,'2023-11-15 17:12:43','2023-11-15 17:12:43'),(167,18,0,'Ecology',36,'Bogotá > Ecology',NULL,2,'{\"36\":36}',NULL,NULL,NULL,NULL,NULL,NULL,NULL,NULL,NULL,NULL,NULL,'2023-11-15 17:46:06','2023-11-15 17:46:06'),(168,18,0,'Elco / Muraglia',36,'Bogotá > Elco / Muraglia',NULL,2,'{\"36\":36}',NULL,NULL,NULL,NULL,NULL,NULL,NULL,NULL,NULL,NULL,NULL,'2023-11-15 17:50:31','2023-11-15 17:50:31'),(169,1,0,'Techos',2,'Itagui > Techos',NULL,2,'{\"2\":2}',NULL,NULL,NULL,NULL,NULL,NULL,NULL,NULL,NULL,NULL,NULL,'2023-11-15 18:04:04','2023-11-15 18:04:04'),(170,22,0,'Elco / Muraglia',36,'Bogotá > Elco / Muraglia',NULL,2,'{\"36\":36}',NULL,NULL,NULL,NULL,NULL,NULL,NULL,NULL,NULL,NULL,NULL,'2023-11-28 16:08:50','2023-11-28 16:08:50');

--
-- Table structure for table `glpi_lockedfields`
--

CREATE TABLE `glpi_lockedfields` (
  `id` int unsigned NOT NULL AUTO_INCREMENT,
  `itemtype` varchar(100) CHARACTER SET utf8mb4 COLLATE utf8mb4_unicode_ci DEFAULT NULL,
  `items_id` int unsigned NOT NULL DEFAULT '0',
  `field` varchar(50) CHARACTER SET utf8mb4 COLLATE utf8mb4_unicode_ci NOT NULL,
  `value` varchar(255) CHARACTER SET utf8mb4 COLLATE utf8mb4_unicode_ci DEFAULT NULL,
  `date_mod` timestamp NULL DEFAULT NULL,
  `date_creation` timestamp NULL DEFAULT NULL,
  `is_global` tinyint NOT NULL DEFAULT '0',
  PRIMARY KEY (`id`),
  UNIQUE KEY `unicity` (`itemtype`,`items_id`,`field`),
  KEY `date_mod` (`date_mod`),
  KEY `date_creation` (`date_creation`),
  KEY `is_global` (`is_global`)
) ENGINE=InnoDB AUTO_INCREMENT=282 DEFAULT CHARSET=utf8mb4 COLLATE=utf8mb4_unicode_ci ROW_FORMAT=DYNAMIC;

--
-- Dumping data for table `glpi_lockedfields`
--

INSERT INTO `glpi_lockedfields` VALUES (1,'Computer',28,'name',NULL,NULL,'2023-11-18 16:41:01',0),(2,'Computer',28,'uuid',NULL,NULL,'2023-11-18 16:41:01',0),(3,'Item_OperatingSystem',28,'operatingsystemversions_id',NULL,NULL,'2023-11-18 16:41:01',0),(4,'Item_OperatingSystem',28,'license_number',NULL,NULL,'2023-11-18 16:41:01',0),(5,'Item_OperatingSystem',28,'licenseid',NULL,NULL,'2023-11-18 16:41:01',0),(6,'Computer',28,'serial',NULL,NULL,'2023-11-18 16:41:01',0),(7,'Item_Disk',38,'totalsize',NULL,NULL,'2023-11-18 16:41:01',0),(8,'Item_Disk',38,'freesize',NULL,NULL,'2023-11-18 16:41:01',0),(9,'Computer',483,'comment',NULL,NULL,'2023-11-18 16:48:01',0),(10,'Computer',483,'users_id',NULL,NULL,'2023-11-18 16:48:01',0),(11,'Computer',80,'contact',NULL,NULL,'2023-11-18 16:54:01',0),(12,'Computer',80,'name',NULL,NULL,'2023-11-18 16:54:01',0),(13,'Computer',80,'uuid',NULL,NULL,'2023-11-18 16:54:01',0),(14,'Monitor',28,'contact',NULL,NULL,'2023-11-18 16:54:01',0),(15,'Monitor',29,'contact',NULL,NULL,'2023-11-18 16:54:01',0),(16,'Monitor',30,'contact',NULL,NULL,'2023-11-18 16:54:01',0),(17,'Monitor',31,'contact',NULL,NULL,'2023-11-18 16:54:01',0),(18,'Monitor',32,'contact',NULL,NULL,'2023-11-18 16:54:01',0),(19,'Monitor',33,'contact',NULL,NULL,'2023-11-18 16:54:01',0),(20,'Monitor',34,'contact',NULL,NULL,'2023-11-18 16:54:01',0),(21,'Monitor',51,'contact',NULL,NULL,'2023-11-18 16:54:01',0),(22,'Monitor',94,'contact',NULL,NULL,'2023-11-18 16:54:01',0),(23,'Monitor',115,'contact',NULL,NULL,'2023-11-18 16:54:01',0),(24,'Monitor',138,'contact',NULL,NULL,'2023-11-18 16:54:01',0),(25,'Computer',80,'serial',NULL,NULL,'2023-11-18 16:54:01',0),(26,'Computer',40,'name',NULL,NULL,'2023-11-18 16:59:01',0),(27,'Computer',40,'uuid',NULL,NULL,'2023-11-18 16:59:01',0),(28,'Computer',40,'users_id',NULL,NULL,'2023-11-18 16:59:01',0),(29,'Item_OperatingSystem',41,'operatingsystemversions_id',NULL,NULL,'2023-11-18 16:59:01',0),(30,'Item_OperatingSystem',41,'license_number',NULL,NULL,'2023-11-18 16:59:01',0),(31,'Item_OperatingSystem',41,'licenseid',NULL,NULL,'2023-11-18 16:59:01',0),(32,'Computer',40,'serial',NULL,NULL,'2023-11-18 16:59:01',0),(33,'Item_Disk',55,'totalsize',NULL,NULL,'2023-11-18 16:59:01',0),(34,'Item_Disk',55,'freesize',NULL,NULL,'2023-11-18 16:59:01',0),(35,'Computer',26,'contact',NULL,NULL,'2023-11-18 17:04:01',0),(36,'Computer',26,'name',NULL,NULL,'2023-11-18 17:04:01',0),(37,'Computer',26,'uuid',NULL,NULL,'2023-11-18 17:04:01',0),(38,'Monitor',16,'contact',NULL,NULL,'2023-11-18 17:04:01',0),(39,'Item_OperatingSystem',26,'operatingsystemversions_id',NULL,NULL,'2023-11-18 17:04:01',0),(40,'Item_OperatingSystem',26,'license_number',NULL,NULL,'2023-11-18 17:04:01',0),(41,'Item_OperatingSystem',26,'licenseid',NULL,NULL,'2023-11-18 17:04:01',0),(42,'Computer',26,'serial',NULL,NULL,'2023-11-18 17:04:01',0),(43,'Item_Disk',35,'totalsize',NULL,NULL,'2023-11-18 17:04:01',0),(44,'Item_Disk',35,'freesize',NULL,NULL,'2023-11-18 17:04:01',0),(45,'Computer',19,'name',NULL,NULL,'2023-11-18 17:09:02',0),(46,'Computer',19,'uuid',NULL,NULL,'2023-11-18 17:09:02',0),(47,'Computer',19,'serial',NULL,NULL,'2023-11-18 17:09:02',0),(48,'Item_Disk',273,'totalsize',NULL,NULL,'2023-11-18 17:09:02',0),(49,'Item_Disk',273,'freesize',NULL,NULL,'2023-11-18 17:09:02',0),(50,'Computer',612,'states_id',NULL,NULL,'2023-11-20 16:34:19',0),(51,'Computer',612,'users_id',NULL,NULL,'2023-11-20 16:34:19',0),(52,'Computer',612,'comment',NULL,NULL,'2023-11-20 16:34:19',0),(53,'Computer',689,'users_id',NULL,NULL,'2023-11-20 17:11:56',0),(54,'Computer',689,'states_id',NULL,NULL,'2023-11-20 17:12:37',0),(55,'Computer',659,'users_id',NULL,NULL,'2023-11-20 17:13:59',0),(56,'Computer',659,'contact',NULL,NULL,'2023-11-20 17:15:16',0),(57,'Computer',659,'comment',NULL,NULL,'2023-11-20 17:15:16',0),(58,'Computer',659,'users_id_tech',NULL,NULL,'2023-11-20 17:15:49',0),(60,'Computer',173,'states_id',NULL,NULL,'2023-11-20 22:13:19',0),(61,'Computer',173,'users_id_tech',NULL,NULL,'2023-11-20 22:13:19',0),(62,'Computer',173,'comment',NULL,NULL,'2023-11-20 22:13:19',0),(63,'Computer',689,'locations_id',NULL,NULL,'2023-11-21 13:28:41',0),(64,'Computer',689,'contact',NULL,NULL,'2023-11-21 13:28:41',0),(65,'Computer',689,'groups_id',NULL,NULL,'2023-11-21 13:28:41',0),(66,'Computer',689,'comment',NULL,NULL,'2023-11-21 13:28:41',0),(67,'Item_DeviceMotherboard',1009,'locations_id',NULL,NULL,'2023-11-21 13:28:41',0),(68,'Item_DeviceFirmware',1121,'locations_id',NULL,NULL,'2023-11-21 13:28:41',0),(69,'Item_DeviceProcessor',1065,'locations_id',NULL,NULL,'2023-11-21 13:28:41',0),(70,'Item_DeviceMemory',2403,'locations_id',NULL,NULL,'2023-11-21 13:28:41',0),(71,'Item_DeviceMemory',2404,'locations_id',NULL,NULL,'2023-11-21 13:28:41',0),(72,'Item_DeviceHardDrive',1311,'locations_id',NULL,NULL,'2023-11-21 13:28:41',0),(73,'Item_DeviceNetworkCard',6907,'locations_id',NULL,NULL,'2023-11-21 13:28:41',0),(74,'Item_DeviceNetworkCard',6908,'locations_id',NULL,NULL,'2023-11-21 13:28:41',0),(75,'Item_DeviceNetworkCard',6909,'locations_id',NULL,NULL,'2023-11-21 13:28:41',0),(76,'Item_DeviceNetworkCard',6910,'locations_id',NULL,NULL,'2023-11-21 13:28:41',0),(77,'Item_DeviceNetworkCard',6911,'locations_id',NULL,NULL,'2023-11-21 13:28:41',0),(78,'Item_DeviceNetworkCard',6912,'locations_id',NULL,NULL,'2023-11-21 13:28:41',0),(79,'Item_DeviceNetworkCard',6913,'locations_id',NULL,NULL,'2023-11-21 13:28:41',0),(80,'Item_DeviceGraphicCard',1199,'locations_id',NULL,NULL,'2023-11-21 13:28:41',0),(81,'Item_DeviceSoundCard',2355,'locations_id',NULL,NULL,'2023-11-21 13:28:41',0),(82,'Item_DeviceSoundCard',2356,'locations_id',NULL,NULL,'2023-11-21 13:28:41',0),(83,'Item_DeviceControl',4800,'locations_id',NULL,NULL,'2023-11-21 13:28:41',0),(84,'Item_DeviceControl',4801,'locations_id',NULL,NULL,'2023-11-21 13:28:41',0),(85,'Item_DeviceControl',4802,'locations_id',NULL,NULL,'2023-11-21 13:28:41',0),(86,'Item_DeviceControl',4803,'locations_id',NULL,NULL,'2023-11-21 13:28:41',0),(87,'Computer',659,'locations_id',NULL,NULL,'2023-11-21 13:34:04',0),(89,'Item_DeviceMotherboard',983,'locations_id',NULL,NULL,'2023-11-21 13:34:04',0),(90,'Item_DeviceFirmware',1091,'locations_id',NULL,NULL,'2023-11-21 13:34:04',0),(91,'Item_DeviceProcessor',1028,'locations_id',NULL,NULL,'2023-11-21 13:34:04',0),(92,'Item_DeviceMemory',2341,'locations_id',NULL,NULL,'2023-11-21 13:34:04',0),(93,'Item_DeviceMemory',2342,'locations_id',NULL,NULL,'2023-11-21 13:34:04',0),(94,'Item_DeviceHardDrive',1280,'locations_id',NULL,NULL,'2023-11-21 13:34:04',0),(95,'Item_DeviceNetworkCard',6716,'locations_id',NULL,NULL,'2023-11-21 13:34:04',0),(96,'Item_DeviceNetworkCard',6717,'locations_id',NULL,NULL,'2023-11-21 13:34:04',0),(97,'Item_DeviceNetworkCard',6718,'locations_id',NULL,NULL,'2023-11-21 13:34:04',0),(98,'Item_DeviceNetworkCard',6719,'locations_id',NULL,NULL,'2023-11-21 13:34:04',0),(99,'Item_DeviceNetworkCard',6720,'locations_id',NULL,NULL,'2023-11-21 13:34:04',0),(100,'Item_DeviceNetworkCard',6721,'locations_id',NULL,NULL,'2023-11-21 13:34:04',0),(101,'Item_DeviceNetworkCard',6722,'locations_id',NULL,NULL,'2023-11-21 13:34:04',0),(102,'Item_DeviceGraphicCard',1160,'locations_id',NULL,NULL,'2023-11-21 13:34:04',0),(103,'Item_DeviceSoundCard',2287,'locations_id',NULL,NULL,'2023-11-21 13:34:04',0),(104,'Item_DeviceControl',4676,'locations_id',NULL,NULL,'2023-11-21 13:34:04',0),(105,'Item_DeviceControl',4677,'locations_id',NULL,NULL,'2023-11-21 13:34:04',0),(106,'Item_DeviceControl',4678,'locations_id',NULL,NULL,'2023-11-21 13:34:04',0),(107,'Item_DeviceControl',4679,'locations_id',NULL,NULL,'2023-11-21 13:34:04',0),(112,'Computer',279,'contact',NULL,NULL,'2023-11-21 20:43:53',0),(113,'Computer',279,'comment',NULL,NULL,'2023-11-21 20:43:53',0),(114,'Computer',279,'users_id_tech',NULL,NULL,'2023-11-21 20:44:06',0),(115,'Computer',517,'states_id',NULL,NULL,'2023-11-21 20:50:17',0),(116,'Computer',517,'contact',NULL,NULL,'2023-11-21 20:53:06',0),(117,'Computer',517,'users_id',NULL,NULL,'2023-11-21 20:53:06',0),(118,'Computer',517,'comment',NULL,NULL,'2023-11-21 20:53:06',0),(119,'Computer',517,'users_id_tech',NULL,NULL,'2023-11-21 20:53:43',0),(120,'Computer',256,'users_id',NULL,NULL,'2023-11-21 20:54:35',0),(124,'Computer',560,'locations_id',NULL,NULL,'2023-11-21 21:01:42',0),(125,'Computer',560,'comment',NULL,NULL,'2023-11-21 21:01:42',0),(126,'Item_DeviceMotherboard',901,'locations_id',NULL,NULL,'2023-11-21 21:01:42',0),(127,'Item_DeviceFirmware',1005,'locations_id',NULL,NULL,'2023-11-21 21:01:42',0),(128,'Item_DeviceProcessor',932,'locations_id',NULL,NULL,'2023-11-21 21:01:42',0),(129,'Item_DeviceMemory',2138,'locations_id',NULL,NULL,'2023-11-21 21:01:42',0),(130,'Item_DeviceMemory',2139,'locations_id',NULL,NULL,'2023-11-21 21:01:42',0),(131,'Item_DeviceHardDrive',1171,'locations_id',NULL,NULL,'2023-11-21 21:01:42',0),(132,'Item_DeviceNetworkCard',6239,'locations_id',NULL,NULL,'2023-11-21 21:01:42',0),(133,'Item_DeviceNetworkCard',6240,'locations_id',NULL,NULL,'2023-11-21 21:01:42',0),(134,'Item_DeviceNetworkCard',6241,'locations_id',NULL,NULL,'2023-11-21 21:01:42',0),(135,'Item_DeviceNetworkCard',6242,'locations_id',NULL,NULL,'2023-11-21 21:01:42',0),(136,'Item_DeviceNetworkCard',6243,'locations_id',NULL,NULL,'2023-11-21 21:01:42',0),(137,'Item_DeviceNetworkCard',6244,'locations_id',NULL,NULL,'2023-11-21 21:01:42',0),(138,'Item_DeviceGraphicCard',1062,'locations_id',NULL,NULL,'2023-11-21 21:01:42',0),(139,'Item_DeviceSoundCard',2086,'locations_id',NULL,NULL,'2023-11-21 21:01:42',0),(140,'Item_DeviceSoundCard',2087,'locations_id',NULL,NULL,'2023-11-21 21:01:42',0),(141,'Item_DeviceSoundCard',2088,'locations_id',NULL,NULL,'2023-11-21 21:01:42',0),(142,'Item_DeviceControl',4253,'locations_id',NULL,NULL,'2023-11-21 21:01:42',0),(143,'Item_DeviceControl',4254,'locations_id',NULL,NULL,'2023-11-21 21:01:42',0),(144,'Item_DeviceControl',4255,'locations_id',NULL,NULL,'2023-11-21 21:01:42',0),(145,'Item_DeviceControl',4256,'locations_id',NULL,NULL,'2023-11-21 21:01:42',0),(146,'Item_DeviceControl',4257,'locations_id',NULL,NULL,'2023-11-21 21:01:42',0),(149,'Computer',361,'states_id',NULL,NULL,'2023-11-22 16:25:04',0),(150,'Computer',361,'locations_id',NULL,NULL,'2023-11-22 16:25:04',0),(151,'Computer',361,'contact',NULL,NULL,'2023-11-22 16:25:04',0),(152,'Computer',361,'users_id',NULL,NULL,'2023-11-22 16:25:04',0),(153,'Computer',361,'comment',NULL,NULL,'2023-11-22 16:25:04',0),(154,'Item_DeviceMotherboard',729,'locations_id',NULL,NULL,'2023-11-22 16:25:04',0),(155,'Item_DeviceFirmware',822,'locations_id',NULL,NULL,'2023-11-22 16:25:04',0),(156,'Item_DeviceProcessor',748,'locations_id',NULL,NULL,'2023-11-22 16:25:04',0),(157,'Item_DeviceMemory',1730,'locations_id',NULL,NULL,'2023-11-22 16:25:04',0),(158,'Item_DeviceHardDrive',946,'locations_id',NULL,NULL,'2023-11-22 16:25:04',0),(159,'Item_DeviceNetworkCard',5039,'locations_id',NULL,NULL,'2023-11-22 16:25:04',0),(160,'Item_DeviceNetworkCard',5040,'locations_id',NULL,NULL,'2023-11-22 16:25:04',0),(161,'Item_DeviceNetworkCard',5041,'locations_id',NULL,NULL,'2023-11-22 16:25:04',0),(162,'Item_DeviceNetworkCard',5042,'locations_id',NULL,NULL,'2023-11-22 16:25:04',0),(163,'Item_DeviceNetworkCard',5043,'locations_id',NULL,NULL,'2023-11-22 16:25:04',0),(164,'Item_DeviceNetworkCard',5044,'locations_id',NULL,NULL,'2023-11-22 16:25:04',0),(165,'Item_DeviceNetworkCard',5045,'locations_id',NULL,NULL,'2023-11-22 16:25:04',0),(166,'Item_DeviceGraphicCard',858,'locations_id',NULL,NULL,'2023-11-22 16:25:04',0),(167,'Item_DeviceGraphicCard',859,'locations_id',NULL,NULL,'2023-11-22 16:25:04',0),(168,'Item_DeviceSoundCard',1653,'locations_id',NULL,NULL,'2023-11-22 16:25:04',0),(169,'Item_DeviceSoundCard',1654,'locations_id',NULL,NULL,'2023-11-22 16:25:04',0),(170,'Item_DeviceControl',3479,'locations_id',NULL,NULL,'2023-11-22 16:25:04',0),(171,'Item_DeviceControl',3480,'locations_id',NULL,NULL,'2023-11-22 16:25:04',0),(172,'Item_DeviceControl',3481,'locations_id',NULL,NULL,'2023-11-22 16:25:04',0),(173,'Item_DeviceControl',3482,'locations_id',NULL,NULL,'2023-11-22 16:25:04',0),(174,'Computer',612,'locations_id',NULL,NULL,'2023-11-22 17:08:36',0),(175,'Computer',612,'contact_num',NULL,NULL,'2023-11-22 17:08:36',0),(176,'Computer',612,'contact',NULL,NULL,'2023-11-22 17:08:36',0),(177,'Computer',612,'otherserial',NULL,NULL,'2023-11-22 17:08:36',0),(179,'Item_DeviceMotherboard',949,'locations_id',NULL,NULL,'2023-11-22 17:08:36',0),(180,'Item_DeviceFirmware',1056,'locations_id',NULL,NULL,'2023-11-22 17:08:36',0),(181,'Item_DeviceProcessor',983,'locations_id',NULL,NULL,'2023-11-22 17:08:36',0),(182,'Item_DeviceMemory',2270,'locations_id',NULL,NULL,'2023-11-22 17:08:36',0),(183,'Item_DeviceMemory',2271,'locations_id',NULL,NULL,'2023-11-22 17:08:36',0),(184,'Item_DeviceHardDrive',1230,'locations_id',NULL,NULL,'2023-11-22 17:08:36',0),(185,'Item_DeviceNetworkCard',6522,'locations_id',NULL,NULL,'2023-11-22 17:08:36',0),(186,'Item_DeviceNetworkCard',6523,'locations_id',NULL,NULL,'2023-11-22 17:08:36',0),(187,'Item_DeviceNetworkCard',6524,'locations_id',NULL,NULL,'2023-11-22 17:08:36',0),(188,'Item_DeviceNetworkCard',6525,'locations_id',NULL,NULL,'2023-11-22 17:08:36',0),(189,'Item_DeviceNetworkCard',6526,'locations_id',NULL,NULL,'2023-11-22 17:08:36',0),(190,'Item_DeviceNetworkCard',6527,'locations_id',NULL,NULL,'2023-11-22 17:08:36',0),(191,'Item_DeviceNetworkCard',6528,'locations_id',NULL,NULL,'2023-11-22 17:08:36',0),(192,'Item_DeviceGraphicCard',1122,'locations_id',NULL,NULL,'2023-11-22 17:08:36',0),(193,'Item_DeviceSoundCard',2205,'locations_id',NULL,NULL,'2023-11-22 17:08:36',0),(194,'Item_DeviceSoundCard',2206,'locations_id',NULL,NULL,'2023-11-22 17:08:36',0),(195,'Item_DeviceControl',4503,'locations_id',NULL,NULL,'2023-11-22 17:08:36',0),(196,'Item_DeviceControl',4504,'locations_id',NULL,NULL,'2023-11-22 17:08:36',0),(197,'Item_DeviceControl',4505,'locations_id',NULL,NULL,'2023-11-22 17:08:36',0),(198,'Item_DeviceControl',4506,'locations_id',NULL,NULL,'2023-11-22 17:08:36',0),(200,'Computer',752,'users_id',NULL,NULL,'2023-11-22 17:14:22',0),(201,'Computer',666,'comment',NULL,NULL,'2023-11-22 17:15:29',0),(202,'Computer',753,'users_id',NULL,NULL,'2023-11-22 18:26:11',0),(203,'Computer',792,'states_id',NULL,NULL,'2023-11-22 22:54:09',0),(204,'Computer',459,'states_id',NULL,NULL,'2023-11-22 22:54:35',0),(205,'Computer',459,'locations_id',NULL,NULL,'2023-11-22 22:54:35',0),(206,'Computer',459,'contact',NULL,NULL,'2023-11-22 22:54:35',0),(207,'Computer',459,'users_id',NULL,NULL,'2023-11-22 22:54:35',0),(208,'Computer',459,'networks_id',NULL,NULL,'2023-11-22 22:54:35',0),(209,'Item_DeviceMotherboard',820,'locations_id',NULL,NULL,'2023-11-22 22:54:35',0),(210,'Item_DeviceFirmware',919,'locations_id',NULL,NULL,'2023-11-22 22:54:35',0),(211,'Item_DeviceProcessor',845,'locations_id',NULL,NULL,'2023-11-22 22:54:35',0),(212,'Item_DeviceMemory',1946,'locations_id',NULL,NULL,'2023-11-22 22:54:35',0),(213,'Item_DeviceMemory',1947,'locations_id',NULL,NULL,'2023-11-22 22:54:35',0),(214,'Item_DeviceHardDrive',1049,'locations_id',NULL,NULL,'2023-11-22 22:54:35',0),(215,'Item_DeviceNetworkCard',5673,'locations_id',NULL,NULL,'2023-11-22 22:54:35',0),(216,'Item_DeviceNetworkCard',5674,'locations_id',NULL,NULL,'2023-11-22 22:54:35',0),(217,'Item_DeviceNetworkCard',5675,'locations_id',NULL,NULL,'2023-11-22 22:54:35',0),(218,'Item_DeviceNetworkCard',5676,'locations_id',NULL,NULL,'2023-11-22 22:54:35',0),(219,'Item_DeviceNetworkCard',5677,'locations_id',NULL,NULL,'2023-11-22 22:54:35',0),(220,'Item_DeviceGraphicCard',973,'locations_id',NULL,NULL,'2023-11-22 22:54:35',0),(221,'Item_DeviceSoundCard',1865,'locations_id',NULL,NULL,'2023-11-22 22:54:35',0),(222,'Item_DeviceSoundCard',1866,'locations_id',NULL,NULL,'2023-11-22 22:54:35',0),(223,'Item_DeviceControl',3867,'locations_id',NULL,NULL,'2023-11-22 22:54:35',0),(224,'Item_DeviceControl',3868,'locations_id',NULL,NULL,'2023-11-22 22:54:35',0),(225,'Item_DeviceControl',3869,'locations_id',NULL,NULL,'2023-11-22 22:54:35',0),(226,'Item_DeviceControl',3870,'locations_id',NULL,NULL,'2023-11-22 22:54:35',0),(227,'Computer',753,'contact',NULL,NULL,'2023-11-22 22:55:15',0),(228,'Computer',753,'networks_id',NULL,NULL,'2023-11-22 22:55:15',0),(229,'Computer',694,'states_id',NULL,NULL,'2023-11-22 22:55:31',0),(230,'Computer',653,'states_id',NULL,NULL,'2023-11-22 22:55:38',0),(231,'Computer',664,'states_id',NULL,NULL,'2023-11-22 22:55:49',0),(232,'Computer',742,'contact',NULL,NULL,'2023-11-27 15:11:57',0),(233,'Computer',742,'otherserial',NULL,NULL,'2023-11-27 15:11:57',0),(234,'Computer',742,'users_id',NULL,NULL,'2023-11-27 15:11:57',0),(235,'Computer',742,'networks_id',NULL,NULL,'2023-11-27 15:11:57',0),(236,'Computer',742,'comment',NULL,NULL,'2023-11-27 15:11:57',0),(237,'Computer',486,'states_id',NULL,NULL,'2023-11-27 20:07:03',0),(238,'Computer',498,'states_id',NULL,NULL,'2023-11-27 20:07:16',0),(241,'Computer',621,'states_id',NULL,NULL,'2023-11-27 20:16:52',0),(244,'Computer',742,'users_id_tech',NULL,NULL,'2023-11-28 19:08:52',0),(247,'Computer',574,'states_id',NULL,NULL,'2023-11-30 21:25:34',0),(248,'Computer',648,'states_id',NULL,NULL,'2023-11-30 21:25:55',0),(249,'Computer',579,'groups_id',NULL,NULL,'2023-12-01 17:01:23',0),(251,'Computer',783,'contact',NULL,NULL,'2023-12-01 19:44:25',0),(252,'Computer',783,'users_id',NULL,NULL,'2023-12-01 19:44:25',0),(253,'Computer',314,'contact',NULL,NULL,'2023-12-01 19:49:44',0),(254,'Computer',314,'users_id',NULL,NULL,'2023-12-01 19:49:44',0),(255,'Computer',385,'states_id',NULL,NULL,'2023-12-01 21:34:39',0),(256,'Computer',385,'locations_id',NULL,NULL,'2023-12-01 21:34:39',0),(257,'Computer',385,'users_id_tech',NULL,NULL,'2023-12-01 21:34:39',0),(258,'Computer',385,'contact',NULL,NULL,'2023-12-01 21:34:39',0),(259,'Computer',385,'users_id',NULL,NULL,'2023-12-01 21:34:39',0),(260,'Computer',385,'groups_id',NULL,NULL,'2023-12-01 21:34:39',0),(261,'Computer',385,'comment',NULL,NULL,'2023-12-01 21:34:39',0),(262,'Item_DeviceMotherboard',752,'locations_id',NULL,NULL,'2023-12-01 21:34:39',0),(263,'Item_DeviceFirmware',846,'locations_id',NULL,NULL,'2023-12-01 21:34:39',0),(264,'Item_DeviceProcessor',772,'locations_id',NULL,NULL,'2023-12-01 21:34:39',0),(265,'Item_DeviceMemory',1783,'locations_id',NULL,NULL,'2023-12-01 21:34:39',0),(266,'Item_DeviceMemory',1784,'locations_id',NULL,NULL,'2023-12-01 21:34:39',0),(267,'Item_DeviceHardDrive',971,'locations_id',NULL,NULL,'2023-12-01 21:34:39',0),(268,'Item_DeviceNetworkCard',5193,'locations_id',NULL,NULL,'2023-12-01 21:34:39',0),(269,'Item_DeviceNetworkCard',5194,'locations_id',NULL,NULL,'2023-12-01 21:34:39',0),(270,'Item_DeviceNetworkCard',5195,'locations_id',NULL,NULL,'2023-12-01 21:34:39',0),(271,'Item_DeviceNetworkCard',5196,'locations_id',NULL,NULL,'2023-12-01 21:34:39',0),(272,'Item_DeviceNetworkCard',5197,'locations_id',NULL,NULL,'2023-12-01 21:34:39',0),(273,'Item_DeviceNetworkCard',5198,'locations_id',NULL,NULL,'2023-12-01 21:34:39',0),(274,'Item_DeviceGraphicCard',891,'locations_id',NULL,NULL,'2023-12-01 21:34:39',0),(275,'Item_DeviceSoundCard',1703,'locations_id',NULL,NULL,'2023-12-01 21:34:39',0),(276,'Item_DeviceSoundCard',1704,'locations_id',NULL,NULL,'2023-12-01 21:34:39',0),(277,'Item_DeviceControl',3576,'locations_id',NULL,NULL,'2023-12-01 21:34:39',0),(278,'Item_DeviceControl',3577,'locations_id',NULL,NULL,'2023-12-01 21:34:39',0),(279,'Item_DeviceControl',3578,'locations_id',NULL,NULL,'2023-12-01 21:34:39',0),(280,'Item_DeviceControl',3579,'locations_id',NULL,NULL,'2023-12-01 21:34:39',0),(281,'Item_DeviceControl',3580,'locations_id',NULL,NULL,'2023-12-01 21:34:39',0);

--
-- Table structure for table `glpi_manuallinks`
--

CREATE TABLE `glpi_manuallinks` (
  `id` int unsigned NOT NULL AUTO_INCREMENT,
  `name` varchar(255) CHARACTER SET utf8mb4 COLLATE utf8mb4_unicode_ci DEFAULT NULL,
  `url` varchar(8096) CHARACTER SET utf8mb4 COLLATE utf8mb4_unicode_ci NOT NULL,
  `open_window` tinyint NOT NULL DEFAULT '1',
  `icon` varchar(255) CHARACTER SET utf8mb4 COLLATE utf8mb4_unicode_ci DEFAULT NULL,
  `comment` text CHARACTER SET utf8mb4 COLLATE utf8mb4_unicode_ci,
  `items_id` int unsigned NOT NULL DEFAULT '0',
  `itemtype` varchar(255) CHARACTER SET utf8mb4 COLLATE utf8mb4_unicode_ci DEFAULT NULL,
  `date_creation` timestamp NULL DEFAULT NULL,
  `date_mod` timestamp NULL DEFAULT NULL,
  PRIMARY KEY (`id`),
  KEY `name` (`name`),
  KEY `item` (`itemtype`,`items_id`),
  KEY `items_id` (`items_id`),
  KEY `date_creation` (`date_creation`),
  KEY `date_mod` (`date_mod`)
) ENGINE=InnoDB DEFAULT CHARSET=utf8mb4 COLLATE=utf8mb4_unicode_ci ROW_FORMAT=DYNAMIC;

--
-- Dumping data for table `glpi_manuallinks`
--


--
-- Table structure for table `glpi_manufacturers`
--

CREATE TABLE `glpi_manufacturers` (
  `id` int unsigned NOT NULL AUTO_INCREMENT,
  `name` varchar(255) CHARACTER SET utf8mb4 COLLATE utf8mb4_unicode_ci DEFAULT NULL,
  `comment` mediumtext CHARACTER SET utf8mb4 COLLATE utf8mb4_unicode_ci,
  `date_mod` timestamp NULL DEFAULT NULL,
  `date_creation` timestamp NULL DEFAULT NULL,
  PRIMARY KEY (`id`),
  KEY `name` (`name`),
  KEY `date_mod` (`date_mod`),
  KEY `date_creation` (`date_creation`)
) ENGINE=InnoDB AUTO_INCREMENT=121 DEFAULT CHARSET=utf8mb4 COLLATE=utf8mb4_unicode_ci;

--
-- Dumping data for table `glpi_manufacturers`
--

INSERT INTO `glpi_manufacturers` VALUES (1,'Hewlett-Packard','','2020-03-11 03:43:05','2020-03-11 03:43:05'),(2,'GenuineIntel','','2020-03-11 03:43:05','2020-03-11 03:43:05'),(3,'(Standard IDE ATA/ATAPI controllers)','','2020-03-11 03:43:05','2020-03-11 03:43:05'),(4,'Microsoft','','2020-03-11 03:43:05','2020-03-11 03:43:05'),(5,'Intel','','2020-03-11 03:43:05','2020-03-11 03:43:05'),(6,'Generic USB xHCI Host Controller','','2020-03-11 03:43:05','2020-03-11 03:43:05'),(7,'Standard SATA AHCI Controller','','2020-03-11 03:43:15','2020-03-11 03:43:15'),(8,'(Standard USB Host Controller)','','2020-03-11 03:43:15','2020-03-11 03:43:15'),(9,'HP','','2020-03-11 03:43:25','2020-03-11 03:43:25'),(10,'Intel Corporation','','2020-03-11 03:43:25','2020-03-11 03:43:25'),(11,'BayHubTech','','2020-03-11 03:43:25','2020-03-11 03:43:25'),(12,'AuthenticAMD','','2020-03-11 03:43:36','2020-03-11 03:43:36'),(13,'PMC-Sierra Company','','2020-03-11 03:44:01','2020-03-11 03:44:01'),(14,'(Tarjetas controladoras estándar IDE ATA/ATAPI)','','2020-03-11 03:44:12','2020-03-11 03:44:12'),(15,'Qualcomm Atheros Communications','','2020-03-11 03:44:12','2020-03-11 03:44:12'),(16,'Acer','','2020-03-11 03:44:30','2020-03-11 03:44:30'),(17,'MSI','','2020-03-11 03:45:21','2020-03-11 03:45:21'),(18,'(Controladora de host USB estándar)','','2020-03-11 03:45:21','2020-03-11 03:45:21'),(19,'VIA','','2020-03-11 03:45:55','2020-03-11 03:45:55'),(20,'Elaborate Bytes AG','','2020-03-11 03:46:16','2020-03-11 03:46:16'),(21,'LENOVO','','2020-03-11 03:47:34','2020-03-11 03:47:34'),(22,'System manufacturer','','2020-03-11 21:22:07','2020-03-11 21:22:07'),(23,'ASUSTeK COMPUTER INC.','','2020-03-11 21:22:07','2020-03-11 21:22:07'),(24,'Intel(R) Corporation','','2020-03-11 21:22:07','2020-03-11 21:22:07'),(25,'Janus','','2020-03-11 21:24:06','2020-03-11 21:24:06'),(26,'Tigo_UNE','','2020-03-11 21:47:59','2020-03-11 21:47:59'),(27,'Linksys','','2020-03-11 22:00:26','2020-03-11 22:00:26'),(28,'Grandstream','','2020-03-12 13:49:38','2020-03-12 13:49:38'),(29,'Yealink','','2020-03-12 13:49:46','2020-03-12 13:49:46'),(30,'Gigabyte Technology Co., Ltd.','','2020-03-13 02:18:12','2020-03-13 02:18:12'),(31,'To Be Filled By O.E.M.','','2020-03-13 02:18:26','2020-03-13 02:18:26'),(32,'ASRock','','2020-03-13 02:18:26','2020-03-13 02:18:26'),(33,'TCL','','2020-03-13 22:09:33','2020-03-13 22:09:33'),(34,'AMD','','2020-03-20 22:01:06','2020-03-20 22:01:06'),(35,'Dell Inc.','','2020-03-20 22:02:37','2020-03-20 22:02:37'),(36,'Controladora SATA AHCI estándar','','2020-03-25 21:12:32','2020-03-25 21:12:32'),(37,'Controladora de host USB genérico xHCI','','2020-03-25 21:12:32','2020-03-25 21:12:32'),(38,'Controladora ATA de serie AHCI 1.0 estándar','','2020-03-29 04:28:33','2020-03-29 04:28:33'),(39,'EPSON','','2020-05-19 19:31:35','2020-05-19 19:31:35'),(40,'SAMSUNG ELECTRONICS CO., LTD.','','2020-06-11 20:18:04','2020-06-11 20:18:04'),(41,'SKL','','2020-06-11 23:39:09','2020-06-11 23:39:09'),(42,'Controladora NVM Express estándar','','2020-06-16 18:34:15','2020-06-16 18:34:15'),(43,'ASMedia Technology Inc','','2020-06-16 19:37:43','2020-06-16 19:37:43'),(44,'Standard NVM Express Controller','','2020-06-24 15:23:39','2020-06-24 15:23:39'),(45,'(Controladores estándar de disquete)','','2020-06-25 15:36:06','2020-06-25 15:36:06'),(46,'INTEL_','','2020-06-25 15:36:14','2020-06-25 15:36:14'),(47,'Renesas Electronics','','2020-06-25 15:36:14','2020-06-25 15:36:14'),(48,'TOSHIBA','','2020-06-26 19:49:50','2020-06-26 19:49:50'),(49,'Type2 - Board Vendor Name1','','2020-07-09 23:01:47','2020-07-09 23:01:47'),(50,'IBM','','2020-07-16 03:43:24','2020-07-16 03:43:24'),(51,'LSI Corporation','','2020-07-16 03:43:24','2020-07-16 03:43:24'),(52,'BIOSTAR Group','','2020-08-26 13:44:23','2020-08-26 13:44:23'),(53,'dvdfab.com','','2020-08-26 13:44:23','2020-08-26 13:44:23'),(54,'CML','','2020-09-02 21:08:25','2020-09-02 21:08:25'),(55,'Claro-Fijo','Proveedor de internet','2020-09-16 18:14:19','2020-09-16 18:14:19'),(56,'Bitdefender','Bitdefender Gravityzone','2020-10-07 14:56:33','2020-10-07 14:56:33'),(57,'KBL','','2020-11-03 21:59:38','2020-11-03 21:59:38'),(58,'Huawei','','2020-11-18 21:05:21','2020-11-18 21:05:21'),(59,'Dispositivo compatible con SCSI conectado por USB (UAS)','','2020-11-20 16:28:03','2020-11-20 16:28:03'),(60,'Hikvision','','2020-11-24 15:18:35','2020-11-24 15:18:35'),(61,'TP-Link','','2020-11-25 16:19:06','2020-11-25 16:19:06'),(62,'ECS','','2020-12-02 15:57:50','2020-12-02 15:57:50'),(63,'FOXCONN','','2020-12-03 13:19:32','2020-12-03 13:19:32'),(64,'NVIDIA Corporation','','2020-12-03 13:19:32','2020-12-03 13:19:32'),(65,'NOKIA','','2020-12-03 17:30:24','2020-12-03 17:30:24'),(66,'Zoiper','','2021-02-16 00:11:36','2021-02-16 00:11:36'),(67,'Ubiquiti','','2021-02-16 17:30:01','2021-02-16 17:30:01'),(68,'Samsung','','2021-03-10 20:17:58','2021-03-10 20:17:58'),(69,'LG Electronics Inc. (GoldStar Technology, Inc.)','','2021-03-10 20:18:35','2021-03-10 20:18:35'),(70,'ViewSonic Corporation','','2021-03-10 20:19:49','2021-03-10 20:19:49'),(71,'Disc Soft Ltd','','2021-03-10 20:22:20','2021-03-10 20:22:20'),(72,'Unknown manufacturer code HKC','','2021-03-10 20:22:20','2021-03-10 20:22:20'),(73,'Lenovo Group Limited','','2021-03-10 20:24:15','2021-03-10 20:24:15'),(74,'Hewlett Packard','','2021-03-10 20:27:02','2021-03-10 20:27:02'),(75,'Sanyo Electric Co.,Ltd.','','2021-03-10 20:29:37','2021-03-10 20:29:37'),(76,'IBM PC Company','','2021-03-10 20:54:54','2021-03-10 20:54:54'),(77,'Xiaomi','','2021-04-25 21:56:25','2021-04-25 21:56:25'),(78,'USB Attached SCSI (UAS) Compatible Device','','2021-05-03 20:57:32','2021-05-03 20:57:32'),(79,'Kyocera','','2021-05-26 16:42:53','2021-05-26 16:42:53'),(80,'ZTE','','2021-09-16 16:01:14','2021-09-16 16:01:14'),(81,'Dahua','','2021-09-17 21:03:34','2021-09-17 21:03:34'),(82,'VieewSonic','','2021-10-29 15:47:06','2021-10-29 15:47:06'),(83,'Kalley','','2022-02-07 17:01:15','2022-02-07 17:01:15'),(84,'Canon','','2022-02-21 19:40:45','2022-02-21 19:40:45'),(85,'Apple','','2022-02-21 20:32:02','2022-02-21 20:32:02'),(86,'Unknown manufacturer code HPN','','2022-04-08 21:54:17','2022-04-08 21:54:17'),(87,'Grandstream Networks','','2022-04-12 22:38:19','2022-04-12 22:38:19'),(88,'Panasonic','','2022-04-18 16:19:04','2022-04-18 16:19:04'),(89,'Routerboard','','2022-04-25 18:55:07','2022-04-25 18:55:07'),(90,'RTCD905_H6W4','','2022-04-26 21:19:20','2022-04-26 21:19:20'),(91,'RAISECOM','','2022-04-26 21:38:56','2022-04-26 21:38:56'),(92,'CISCO','','2022-04-26 21:57:59','2022-04-26 21:57:59'),(93,'Qnap','','2022-04-27 16:36:21','2022-04-27 16:36:21'),(94,'POWERBACK','','2022-04-27 16:45:04','2022-04-27 16:45:04'),(95,'SisteElectro','','2022-04-27 20:37:08','2022-04-27 20:37:08'),(96,'IL','','2022-05-05 21:07:12','2022-05-05 21:07:12'),(97,'PEGATRON CORPORATION','','2022-05-05 21:09:03','2022-05-05 21:09:03'),(98,'Quanta','','2022-05-05 21:09:32','2022-05-05 21:09:32'),(99,'TGL','','2022-06-02 21:11:16','2022-06-02 21:11:16'),(100,'Mikrotik','','2022-06-06 14:45:41','2022-06-06 14:45:41'),(101,'D-LINK','','2022-06-06 15:14:44','2022-06-06 15:14:44'),(102,'McAfee','','2022-06-09 14:34:34','2022-06-09 14:34:34'),(103,'Avast','','2022-06-09 14:47:03','2022-06-09 14:47:03'),(104,'DL','','2022-06-09 20:00:26','2022-06-09 20:00:26'),(105,'STAR TEC','','2022-06-10 20:37:36','2022-06-10 20:37:36'),(106,'RICOH COMPANY','','2022-06-16 14:47:44','2022-06-16 14:47:44'),(107,'HPE','','2022-06-16 16:04:14','2022-06-16 16:04:14'),(108,'Acer Technologies','','2022-06-16 16:04:14','2022-06-16 16:04:14'),(109,'Compaq','','2022-06-21 20:24:30','2022-06-21 20:24:30'),(110,'Redmi','','2022-07-13 21:57:33','2022-07-13 21:57:33'),(111,'Generic','','2022-08-23 21:49:27','2022-08-23 21:49:27'),(112,'Adobe','','2022-09-06 19:28:23','2022-09-06 19:28:23'),(113,'SAP','','2022-09-06 19:52:11','2022-09-06 19:52:11'),(114,'DMS','','2022-09-06 19:53:30','2022-09-06 19:53:30'),(115,'Google','','2022-09-26 17:09:41','2022-09-26 17:09:41'),(116,'BenQ','','2022-10-13 21:13:34','2022-10-13 21:13:34'),(117,'ProDJ','','2022-10-28 20:29:19','2022-10-28 20:29:19'),(119,'ViewSonic','','2022-10-28 20:44:21','2022-10-28 20:44:21'),(120,'Vivo','','2023-08-10 20:47:57','2023-08-10 20:47:57');

--
-- Table structure for table `glpi_monitormodels`
--

CREATE TABLE `glpi_monitormodels` (
  `id` int unsigned NOT NULL AUTO_INCREMENT,
  `name` varchar(255) CHARACTER SET utf8mb4 COLLATE utf8mb4_unicode_ci DEFAULT NULL,
  `comment` mediumtext CHARACTER SET utf8mb4 COLLATE utf8mb4_unicode_ci,
  `product_number` varchar(255) CHARACTER SET utf8mb4 COLLATE utf8mb4_unicode_ci DEFAULT NULL,
  `weight` int NOT NULL DEFAULT '0',
  `required_units` int NOT NULL DEFAULT '1',
  `depth` float NOT NULL DEFAULT '1',
  `power_connections` int NOT NULL DEFAULT '0',
  `power_consumption` int NOT NULL DEFAULT '0',
  `is_half_rack` tinyint(1) NOT NULL DEFAULT '0',
  `picture_front` mediumtext CHARACTER SET utf8mb4 COLLATE utf8mb4_unicode_ci,
  `picture_rear` mediumtext CHARACTER SET utf8mb4 COLLATE utf8mb4_unicode_ci,
  `pictures` text CHARACTER SET utf8mb4 COLLATE utf8mb4_unicode_ci,
  `date_mod` timestamp NULL DEFAULT NULL,
  `date_creation` timestamp NULL DEFAULT NULL,
  PRIMARY KEY (`id`),
  KEY `name` (`name`),
  KEY `date_mod` (`date_mod`),
  KEY `date_creation` (`date_creation`),
  KEY `product_number` (`product_number`)
) ENGINE=InnoDB AUTO_INCREMENT=31 DEFAULT CHARSET=utf8mb4 COLLATE=utf8mb4_unicode_ci;

--
-- Dumping data for table `glpi_monitormodels`
--

INSERT INTO `glpi_monitormodels` VALUES (1,'S22F350','',NULL,0,1,1,0,0,0,NULL,NULL,NULL,'2021-03-10 20:17:58','2021-03-10 20:17:58'),(2,'LG FULL HD','',NULL,0,1,1,0,0,0,NULL,NULL,NULL,'2021-03-10 20:18:35','2021-03-10 20:18:35'),(3,'VA1901 Series','',NULL,0,1,1,0,0,0,NULL,NULL,NULL,'2021-03-10 20:19:49','2021-03-10 20:19:49'),(4,'SyncMaster','',NULL,0,1,1,0,0,0,NULL,NULL,NULL,'2021-03-10 20:20:13','2021-03-10 20:20:13'),(5,'DELL IN2030M','',NULL,0,1,1,0,0,0,NULL,NULL,NULL,'2021-03-10 20:20:32','2021-03-10 20:20:32'),(6,'DELL E176FP','',NULL,0,1,1,0,0,0,NULL,NULL,NULL,'2021-03-10 20:21:04','2021-03-10 20:21:04'),(7,'E1922 Wide','',NULL,0,1,1,0,0,0,NULL,NULL,NULL,'2021-03-10 20:24:15','2021-03-10 20:24:15'),(8,'HP V201','',NULL,0,1,1,0,0,0,NULL,NULL,NULL,'2021-03-10 20:27:02','2021-03-10 20:27:02'),(9,'S20B300','',NULL,0,1,1,0,0,0,NULL,NULL,NULL,'2021-03-10 20:27:06','2021-03-10 20:27:06'),(10,'LED MONITOR','',NULL,0,1,1,0,0,0,NULL,NULL,NULL,'2021-03-10 20:29:37','2021-03-10 20:29:37'),(11,'E1942','',NULL,0,1,1,0,0,0,NULL,NULL,NULL,'2021-03-10 20:29:43','2021-03-10 20:29:43'),(12,'19EN33','',NULL,0,1,1,0,0,0,NULL,NULL,NULL,'2021-03-10 20:31:23','2021-03-10 20:31:23'),(13,'S19C150','',NULL,0,1,1,0,0,0,NULL,NULL,NULL,'2021-03-10 20:38:58','2021-03-10 20:38:58'),(14,'S19B150','',NULL,0,1,1,0,0,0,NULL,NULL,NULL,'2021-03-10 20:39:21','2021-03-10 20:39:21'),(15,'HP S1933','',NULL,0,1,1,0,0,0,NULL,NULL,NULL,'2021-03-10 20:45:21','2021-03-10 20:45:21'),(16,'LG HD PLUS','',NULL,0,1,1,0,0,0,NULL,NULL,NULL,'2021-03-10 20:47:12','2021-03-10 20:47:12'),(17,'IBM RSA2','',NULL,0,1,1,0,0,0,NULL,NULL,NULL,'2021-03-10 20:54:54','2021-03-10 20:54:54'),(18,'VA2246 Series','',NULL,0,1,1,0,0,0,NULL,NULL,NULL,'2021-10-20 19:34:06','2021-10-20 19:34:06'),(19,'vs15451','','',0,1,1,0,0,0,NULL,NULL,NULL,'2021-10-29 15:47:51','2021-10-29 15:47:51'),(20,'VA2261h-2','','',0,1,1,0,0,0,NULL,NULL,NULL,'2022-01-05 15:43:34','2022-01-05 15:43:34'),(21,'HP ALL-in-One','',NULL,0,1,1,0,0,0,NULL,NULL,NULL,'2022-04-08 21:54:17','2022-04-08 21:54:17'),(22,'Lenovo AIO PC','',NULL,0,1,1,0,0,0,NULL,NULL,NULL,'2022-05-05 21:07:39','2022-05-05 21:07:39'),(23,'AL1916W','',NULL,0,1,1,0,0,0,NULL,NULL,NULL,'2022-06-16 16:04:14','2022-06-16 16:04:14'),(24,'W185q','','',0,1,1,0,0,0,NULL,NULL,NULL,'2022-06-21 20:24:48','2022-06-21 20:24:48'),(25,'VS16489','','',0,1,1,0,0,0,NULL,NULL,NULL,'2022-06-30 23:19:34','2022-06-30 23:19:34'),(26,'S24F350','',NULL,0,1,1,0,0,0,NULL,NULL,NULL,'2022-12-23 20:05:59','2022-12-23 20:05:59'),(27,'ICR02701WY','','',0,1,1,0,0,0,NULL,NULL,NULL,'2023-01-20 21:26:22','2023-01-20 21:26:22'),(28,'LF27T35','',NULL,0,1,1,0,0,0,NULL,NULL,NULL,'2023-05-12 16:33:35','2023-05-12 16:33:35'),(29,'DELL E1916HV','',NULL,0,1,1,0,0,0,NULL,NULL,NULL,'2023-09-27 17:56:17','2023-09-27 17:56:17'),(30,'S22A33x','',NULL,0,1,1,0,0,0,NULL,NULL,NULL,'2023-10-09 15:57:29','2023-10-09 15:57:29');

--
-- Table structure for table `glpi_monitors`
--

CREATE TABLE `glpi_monitors` (
  `id` int unsigned NOT NULL AUTO_INCREMENT,
  `entities_id` int unsigned NOT NULL DEFAULT '0',
  `name` varchar(255) CHARACTER SET utf8mb4 COLLATE utf8mb4_unicode_ci DEFAULT NULL,
  `date_mod` timestamp NULL DEFAULT NULL,
  `contact` varchar(255) CHARACTER SET utf8mb4 COLLATE utf8mb4_unicode_ci DEFAULT NULL,
  `contact_num` varchar(255) CHARACTER SET utf8mb4 COLLATE utf8mb4_unicode_ci DEFAULT NULL,
  `users_id_tech` int unsigned NOT NULL DEFAULT '0',
  `groups_id_tech` int unsigned NOT NULL DEFAULT '0',
  `comment` mediumtext CHARACTER SET utf8mb4 COLLATE utf8mb4_unicode_ci,
  `serial` varchar(255) CHARACTER SET utf8mb4 COLLATE utf8mb4_unicode_ci DEFAULT NULL,
  `otherserial` varchar(255) CHARACTER SET utf8mb4 COLLATE utf8mb4_unicode_ci DEFAULT NULL,
  `size` decimal(5,2) NOT NULL DEFAULT '0.00',
  `have_micro` tinyint(1) NOT NULL DEFAULT '0',
  `have_speaker` tinyint(1) NOT NULL DEFAULT '0',
  `have_subd` tinyint(1) NOT NULL DEFAULT '0',
  `have_bnc` tinyint(1) NOT NULL DEFAULT '0',
  `have_dvi` tinyint(1) NOT NULL DEFAULT '0',
  `have_pivot` tinyint(1) NOT NULL DEFAULT '0',
  `have_hdmi` tinyint(1) NOT NULL DEFAULT '0',
  `have_displayport` tinyint(1) NOT NULL DEFAULT '0',
  `locations_id` int unsigned NOT NULL DEFAULT '0',
  `monitortypes_id` int unsigned NOT NULL DEFAULT '0',
  `monitormodels_id` int unsigned NOT NULL DEFAULT '0',
  `manufacturers_id` int unsigned NOT NULL DEFAULT '0',
  `is_global` tinyint(1) NOT NULL DEFAULT '0',
  `is_deleted` tinyint(1) NOT NULL DEFAULT '0',
  `is_template` tinyint(1) NOT NULL DEFAULT '0',
  `template_name` varchar(255) CHARACTER SET utf8mb4 COLLATE utf8mb4_unicode_ci DEFAULT NULL,
  `users_id` int unsigned NOT NULL DEFAULT '0',
  `groups_id` int unsigned NOT NULL DEFAULT '0',
  `states_id` int unsigned NOT NULL DEFAULT '0',
  `ticket_tco` decimal(20,4) DEFAULT '0.0000',
  `is_dynamic` tinyint(1) NOT NULL DEFAULT '0',
  `uuid` varchar(255) CHARACTER SET utf8mb4 COLLATE utf8mb4_unicode_ci DEFAULT NULL,
  `autoupdatesystems_id` int unsigned NOT NULL DEFAULT '0',
  `date_creation` timestamp NULL DEFAULT NULL,
  `is_recursive` tinyint(1) NOT NULL DEFAULT '0',
  `Precio` int DEFAULT NULL,
  PRIMARY KEY (`id`),
  KEY `name` (`name`),
  KEY `is_template` (`is_template`),
  KEY `is_global` (`is_global`),
  KEY `entities_id` (`entities_id`),
  KEY `manufacturers_id` (`manufacturers_id`),
  KEY `groups_id` (`groups_id`),
  KEY `users_id` (`users_id`),
  KEY `locations_id` (`locations_id`),
  KEY `monitormodels_id` (`monitormodels_id`),
  KEY `states_id` (`states_id`),
  KEY `users_id_tech` (`users_id_tech`),
  KEY `monitortypes_id` (`monitortypes_id`),
  KEY `is_deleted` (`is_deleted`),
  KEY `groups_id_tech` (`groups_id_tech`),
  KEY `is_dynamic` (`is_dynamic`),
  KEY `serial` (`serial`),
  KEY `otherserial` (`otherserial`),
  KEY `date_creation` (`date_creation`),
  KEY `is_recursive` (`is_recursive`),
  KEY `autoupdatesystems_id` (`autoupdatesystems_id`),
  KEY `date_mod` (`date_mod`),
  KEY `uuid` (`uuid`)
) ENGINE=InnoDB AUTO_INCREMENT=178 DEFAULT CHARSET=utf8mb4 COLLATE=utf8mb4_unicode_ci;

--
-- Dumping data for table `glpi_monitors`
--

INSERT INTO `glpi_monitors` VALUES (2,1,'RPC194638-CA','2023-09-04 03:00:44','amera',NULL,0,0,'194638','808NTZN0G621',NULL,0.00,0,0,0,0,0,0,0,0,14,2,2,69,0,0,0,NULL,0,44,2,0.0000,1,NULL,0,'2021-03-10 20:18:35',0,NULL),(3,21,'VA1901 Series','2023-07-02 19:24:10','Administrador',NULL,0,28,NULL,'UNN182950816',NULL,0.00,0,0,0,0,0,0,0,0,114,2,3,70,0,0,0,NULL,0,22,2,0.0000,1,NULL,0,'2021-03-10 20:19:49',0,NULL),(4,0,'SyncMaster','2021-03-10 20:20:13','usuario',NULL,0,0,NULL,'H9NP715938',NULL,0.00,0,0,0,0,0,0,0,0,0,1,4,68,0,0,0,NULL,0,0,0,0.0000,1,NULL,0,'2021-03-10 20:20:13',0,NULL),(5,0,'DELL IN2030M','2021-03-10 20:20:32','DELL',NULL,0,0,NULL,'MK7Y42241HLS',NULL,0.00,0,0,0,0,0,0,0,0,0,1,5,35,0,0,0,NULL,0,0,0,0.0000,1,NULL,0,'2021-03-10 20:20:32',0,NULL),(6,0,'SyncMaster','2021-03-10 20:20:55','ACER',NULL,0,0,NULL,'H9NP715535',NULL,0.00,0,0,0,0,0,0,0,0,0,1,4,68,0,0,0,NULL,0,0,0,0.0000,1,NULL,0,'2021-03-10 20:20:55',0,NULL),(7,0,'DELL E176FP','2023-04-27 18:44:48','Administrator',NULL,0,28,NULL,'641805AL4ZUC',NULL,0.00,0,0,0,0,0,0,0,0,2,1,6,35,0,0,0,NULL,0,28,3,0.0000,1,NULL,0,'2021-03-10 20:21:04',0,NULL),(8,1,'Unknown manufacturer code HKC RGB color','2023-04-24 10:38:05','msalgar',NULL,0,0,NULL,'0000000000001',NULL,0.00,0,0,0,0,0,0,0,0,10,1,0,72,0,0,0,NULL,0,12,0,0.0000,1,NULL,0,'2021-03-10 20:22:20',0,NULL),(9,15,'E1922 Wide','2023-07-03 02:13:06','eileen.escobar',NULL,0,0,NULL,'V900PV4Z','201603',0.00,0,0,0,0,0,0,0,0,44,1,7,73,0,0,0,NULL,0,69,2,0.0000,1,NULL,0,'2021-03-10 20:24:15',0,NULL),(10,0,'SyncMaster','2023-04-24 11:36:13',NULL,NULL,0,0,NULL,'H9NQA01318',NULL,0.00,0,0,0,0,0,0,0,0,0,2,4,68,0,0,0,NULL,0,13,2,0.0000,1,NULL,0,'2021-03-10 20:25:51',0,NULL),(11,0,'HP V201','2023-04-24 11:36:13',NULL,NULL,0,0,NULL,'3CQ4112RMR',NULL,0.00,0,0,0,0,0,0,0,0,0,1,8,74,0,0,0,NULL,0,13,2,0.0000,1,NULL,0,'2021-03-10 20:27:02',0,NULL),(12,1,'S20B300','2023-04-24 10:06:21','DSCLIENTE-PC',NULL,0,28,NULL,'HTPC500235',NULL,0.00,0,0,0,0,0,0,0,0,0,1,9,68,0,0,0,NULL,0,69,1,0.0000,1,NULL,0,'2021-03-10 20:27:06',0,NULL),(13,0,'LED MONITOR','2021-03-10 20:44:05','AContabilidad',NULL,0,0,NULL,'000000010000',NULL,0.00,0,0,0,0,0,0,0,0,0,1,10,75,0,0,0,NULL,0,0,0,0.0000,1,NULL,0,'2021-03-10 20:29:37',0,NULL),(14,2,'E1942','2023-08-30 23:48:39','user',NULL,0,0,NULL,'204NDVW40215',NULL,0.00,0,0,0,0,0,0,0,0,0,1,11,69,0,1,0,NULL,0,13,0,0.0000,1,NULL,0,'2021-03-10 20:29:43',0,NULL),(15,0,'VA1901 Series','2023-04-24 11:35:32',NULL,NULL,0,0,NULL,'UNN182950813',NULL,0.00,0,0,0,0,0,0,0,0,0,1,3,70,0,0,0,NULL,0,0,0,0.0000,1,NULL,0,'2021-03-10 20:29:56',0,NULL),(16,15,'VA1901 Series','2023-11-18 17:04:01','vivian.upegui',NULL,0,28,NULL,'UNN182950722',NULL,0.00,0,0,0,0,0,0,0,0,109,1,3,70,0,0,0,NULL,0,69,2,0.0000,1,NULL,0,'2021-03-10 20:30:12',0,NULL),(17,1,'ART1898-ME','2023-04-24 10:38:03',NULL,NULL,0,0,NULL,'305NDDML1898',NULL,0.00,0,0,0,0,0,0,0,0,0,1,12,69,0,0,0,NULL,0,69,3,0.0000,1,NULL,0,'2021-03-10 20:31:23',0,NULL),(18,1,'RPC231241-BC','2023-10-04 16:53:16','paula.silva',NULL,0,13,'cable hdmi\r\ncargador\r\n\r\ndevolución por mancha en pantalla.','231241',NULL,0.00,0,0,0,0,0,0,0,0,121,1,0,68,0,0,0,NULL,0,27,10,0.0000,1,NULL,0,'2021-03-10 20:31:26',0,NULL),(19,22,'RPC121836-BC','2023-10-31 14:31:58','lizeth.muñoz',NULL,1117,62,'Ubicacion, administrativo\r\n\r\nVA11901-A\r\nModelo: VS16489\r\nS/N 182950820\r\n\r\nCable VGA \r\nCable de poder\r\n\r\n','UNN182950820',NULL,0.00,0,0,0,0,0,0,0,1,108,2,3,70,0,0,0,NULL,563,62,2,0.0000,1,NULL,0,'2021-03-10 20:31:29',0,NULL),(20,1,'S19C150','2023-10-04 20:05:42','Arintia Proxy BC',NULL,0,28,'no se encuentra ubicacion','H4LD501524',NULL,0.00,0,0,0,0,0,0,0,0,10,1,13,68,0,0,0,NULL,0,28,0,0.0000,1,NULL,0,'2021-03-10 20:38:58',0,NULL),(21,0,'S19B150','2023-04-24 11:36:13',NULL,NULL,0,0,NULL,'HTHC901112',NULL,0.00,0,0,0,0,0,0,0,0,0,2,14,68,0,0,0,NULL,0,13,2,0.0000,1,NULL,0,'2021-03-10 20:39:21',0,NULL),(22,1,'RPC121441-BC','2023-09-04 01:30:04','Aux EDS',NULL,0,0,NULL,'CNC121QTX9','RPC-121441',0.00,0,0,0,0,0,0,0,0,47,1,15,74,0,0,0,NULL,0,34,2,0.0000,1,NULL,0,'2021-03-10 20:45:21',0,NULL),(23,1,'LG HD PLUS','2023-04-24 10:34:37','USER',NULL,0,0,NULL,'501NDPHE2064',NULL,0.00,0,0,0,0,0,0,0,0,9,1,16,69,0,0,0,NULL,0,69,1,0.0000,1,NULL,0,'2021-03-10 20:47:12',0,NULL),(24,1,'IBM RSA2','2023-04-24 09:40:33','administrador',NULL,0,0,NULL,'Reserved',NULL,0.00,0,0,0,0,0,0,0,0,0,1,17,76,0,0,0,NULL,0,69,0,0.0000,1,NULL,0,'2021-03-10 20:54:54',0,NULL),(25,0,'S22F350','2023-04-24 09:36:23','karina.gonzalez',NULL,0,28,NULL,'H4ZM802702',NULL,0.00,0,0,0,0,0,0,0,0,38,1,1,68,0,0,0,NULL,0,69,2,0.0000,1,NULL,0,'2021-03-10 20:55:18',0,NULL),(27,1,'RPC221192-BC','2023-10-31 14:31:02','diana.moscosso',NULL,1117,27,'En CONTABILIDAD, \r\n\r\nModelo S22350FHLXZL\r\n\r\ncable hdmi\r\ncargador','ZZR0H4TK60027SD','RPC221192-BC',0.00,0,0,0,0,0,0,1,1,154,1,1,68,0,0,0,NULL,1113,27,2,0.0000,1,NULL,0,'2021-08-30 20:42:45',0,NULL),(28,1,'RPC231333-BC','2023-11-18 16:54:01','heidy.rivera',NULL,1117,42,'Ubicacion tesoreria\r\n\r\nMODELO LS22F350FHLXZL\r\n\r\ncable hdmi\r\ncargador','ZZMFH4ZM800730Y','RPC231333-BC',0.00,0,0,0,0,0,0,1,1,47,1,26,68,0,0,0,NULL,339,42,1,0.0000,1,NULL,0,'2021-08-30 20:46:35',0,NULL),(29,1,'RPC231344-BC','2023-11-18 16:54:01','heidy.rivera',NULL,0,13,'Cable hdmi\r\nCargador','231344',NULL,0.00,0,0,0,0,0,0,1,0,47,1,0,68,0,0,0,NULL,838,27,2,0.0000,1,NULL,0,'2021-08-30 20:49:35',0,NULL),(30,1,'RPC231328-BC','2023-11-18 16:54:01','heidy.rivera',NULL,1117,13,'Usuario Jorge Mendez\r\nCable hdmi\r\nCargador','231328','RPC231328-BC',0.00,0,0,0,0,0,0,1,1,8,1,1,68,0,0,0,NULL,853,27,2,0.0000,1,NULL,0,'2021-08-30 20:51:54',0,NULL),(31,1,'RPC221202-BC','2023-11-18 16:54:01','heidy.rivera',NULL,1117,13,'Modelo:\r\nF22350FHL\r\n\r\nCable hdmi\r\nCargador','221202',NULL,0.00,0,0,0,0,0,0,1,1,47,1,1,68,0,0,0,NULL,1050,27,2,0.0000,1,NULL,0,'2021-08-30 20:58:22',0,NULL),(32,1,'RPC221188-BC','2023-11-18 16:54:01','heidy.rivera',NULL,1117,42,'Monitor en Tesoreria\r\n\r\nConectado al equipo  RPC96633-BC\r\n\r\nModelo S22F355FH\r\n\r\nCable hdmi\r\nCargador','ZZR0H4TK600081T','RPC221188-BC',0.00,0,0,0,0,0,0,1,0,47,1,1,68,0,0,0,NULL,961,42,1,0.0000,1,NULL,0,'2021-08-30 21:00:34',0,NULL),(33,1,'RPC231249-BC','2023-11-18 16:54:01','heidy.rivera',NULL,1117,27,'Ubicacion , contabilidad\r\n\r\nCable hdmi\r\nCargador','231249',NULL,0.00,0,0,0,0,0,0,1,1,47,1,0,68,0,0,0,NULL,843,27,2,0.0000,1,NULL,0,'2021-08-30 21:13:22',0,NULL),(34,1,'RPC231226-BC','2023-11-18 16:54:01','heidy.rivera',NULL,0,13,'Pendiente Devolucion\r\nAntiguo usuario mari panzza\r\n\r\nCable hdmi\r\nCargador','231226',NULL,0.00,0,0,0,0,0,0,1,0,47,1,0,68,0,0,0,NULL,950,62,2,0.0000,1,NULL,0,'2021-10-04 16:05:46',0,NULL),(42,22,'VA2246 Series','2023-10-04 18:19:44','',NULL,0,0,'No se encuentra ubicacion','V1W184604784',NULL,0.00,0,0,0,0,0,0,0,0,48,2,18,70,0,0,0,NULL,0,62,3,0.0000,1,NULL,0,'2021-10-20 19:34:06',0,NULL),(43,22,'RPC221284-BC','2023-10-04 18:44:41','Jhon.Guerrero','',1117,13,'Cable VGA\r\nCargador\r\n\r\nMonitor del equipo de laboratorio (Desktop)','V1W184604787','RPC221284-BC',0.00,0,0,0,0,0,0,0,0,48,1,19,82,0,0,0,NULL,643,62,1,0.0000,0,NULL,0,'2021-10-20 19:51:39',0,NULL),(51,1,'RPC231134-BC','2023-11-18 16:54:01','heidy.rivera',NULL,752,28,'Cable hdmi\r\nCargador','231134',NULL,0.00,0,0,0,0,0,0,1,0,47,1,19,70,0,0,0,NULL,472,27,2,0.0000,1,NULL,0,'2021-10-29 15:45:11',0,NULL),(54,15,'RPC221216-BC','2023-10-04 20:41:19','laura.rojas','',0,0,'Cable hdmi\r\nCargador\r\n\r\nMonitor de equipo salitelite a cargo de laura rojas.','221216','',0.00,0,0,0,0,0,0,0,0,46,1,0,68,0,0,0,NULL,982,69,1,0.0000,0,NULL,0,'2021-11-19 14:28:06',0,NULL),(58,1,'RPC231153-BG','2023-10-20 20:51:28','ydiaz','',0,13,'','231153','',21.50,0,0,0,0,0,0,0,0,5,1,20,82,0,0,0,NULL,882,33,2,0.0000,0,NULL,0,'2022-01-05 15:44:09',0,NULL),(59,0,'RPC467001-BC','2023-04-24 12:02:11','rtinoco','',0,13,'Monitor a cargo de Rosana tinoco\r\nOficina de corresponsal bancario','CNC046RHTV','',0.00,0,0,0,0,0,0,0,0,47,1,15,9,0,0,0,NULL,0,13,2,0.0000,0,NULL,0,'2022-01-12 16:26:50',0,NULL),(71,1,'RPC270007-BG','2023-10-20 20:51:22','cristhian.osorio','',0,28,'Cable HDMI\r\nCable de Poder','270007','',0.00,0,0,0,0,0,0,0,0,5,1,0,1,0,0,0,NULL,800,29,2,0.0000,0,NULL,0,'2022-02-07 17:08:33',1,NULL),(92,21,'RPC900349-MQ','2023-10-31 14:36:24','','',0,28,'','900349','',0.00,0,0,0,0,0,0,0,0,132,1,0,0,0,0,0,NULL,441,12,2,0.0000,0,NULL,0,'2022-02-16 17:41:29',0,NULL),(93,21,'RPC900728-MQ','2023-10-31 14:38:38','orlando.benavides','',0,28,'','900728','',0.00,0,0,0,0,0,0,0,0,41,1,0,0,0,0,0,NULL,898,12,2,0.0000,0,NULL,0,'2022-02-16 17:42:36',0,NULL),(94,1,'RPC221229-BC','2023-11-18 16:54:01','heidy.rivera',NULL,1117,13,'Listo para devolucion\r\n\r\ncable hdmi\r\ncargador','231241','RPC221229-BC',0.00,0,0,0,0,0,0,0,0,47,1,0,68,0,0,0,NULL,950,27,2,0.0000,1,NULL,0,'2022-02-18 15:36:13',0,NULL),(95,21,'RPC240005-MQ','2023-10-31 14:38:11','rosa.pardo','',0,28,'','240005','',0.00,0,0,0,0,0,0,0,0,41,1,0,68,0,0,0,NULL,683,12,2,0.0000,0,NULL,0,'2022-02-24 13:24:34',0,NULL),(96,1,'RPC231209-BG','2023-10-31 14:31:32','edgar.ariza','',0,28,'','231209','',23.60,0,0,0,0,0,0,0,0,5,1,0,68,0,0,0,NULL,825,28,2,0.0000,0,NULL,0,'2022-02-28 17:36:58',1,NULL),(97,21,'RPC221166-MQ','2023-10-31 14:38:44','jeferson.cubides','',0,28,'','221166','',0.00,0,0,0,0,0,0,0,0,41,1,0,68,0,0,0,NULL,904,12,2,0.0000,0,NULL,0,'2022-03-09 22:21:36',1,NULL),(98,0,'RPC231326-BG','2023-04-24 11:12:03','sandra.bonilla','',0,28,'','231326','',0.00,0,0,0,0,0,0,0,0,38,1,0,68,0,0,0,NULL,0,69,2,0.0000,0,NULL,0,'2022-03-17 15:07:50',0,NULL),(99,1,'RPC201016-MQ','2023-10-04 19:18:16','','',0,28,'','201016','',0.00,0,0,0,0,0,0,0,0,41,1,0,1,0,0,0,NULL,903,12,2,0.0000,0,NULL,0,'2022-03-17 15:10:12',0,NULL),(100,1,'RPC231160 -BC','2023-10-04 20:29:55','maria.gonzalez','',752,28,'','','',0.00,0,0,0,0,0,0,0,0,48,1,0,82,0,0,0,NULL,574,42,1,0.0000,0,NULL,0,'2022-03-17 15:12:34',0,NULL),(102,17,'RPC270013-BG','2023-09-04 01:40:33','diego.suaza','',0,28,'Cable hdmi + Cargador','270013','',0.00,0,0,0,0,0,0,0,0,115,1,0,9,0,0,0,NULL,1099,37,1,0.0000,0,NULL,0,'2022-03-29 16:16:15',1,NULL),(107,22,'ART10011-BC','2023-10-04 20:04:42','jhon.guerrero',NULL,0,28,'MONITOR DE AIO ART10011-BC\r\n\r\nPantalla integrada de todo en uno','T215HVN05.1','ART10011-BC',0.00,0,0,0,0,0,0,0,0,48,1,21,86,0,0,0,NULL,643,62,1,0.0000,1,NULL,0,'2022-04-08 21:54:17',0,NULL),(108,1,'RPC270022-BG','2023-11-09 20:02:14','laura.duarte','',752,28,'Cable Poder\r\nCable HDMI\r\n\r\nTechos SAS','270022','',0.00,0,0,0,0,0,0,0,0,153,1,0,74,0,0,0,NULL,911,43,2,0.0000,0,NULL,0,'2022-04-21 16:26:53',0,NULL),(109,22,'RPC221169-BC','2023-10-04 21:17:46','administrador.','',752,28,'\r\n\r\nCable hdmi\r\nCargador','','',0.00,0,0,0,0,0,0,0,0,10,1,0,82,0,0,0,NULL,950,62,2,0.0000,0,NULL,0,'2022-04-27 20:34:16',0,NULL),(110,21,'RPC221082-MQ','2023-10-04 19:22:00','arnulfo.garcia','',368,28,'Cable de HDMI\r\nCable de Poder','221082','',0.00,0,0,0,0,0,0,0,0,41,1,0,68,0,0,0,NULL,870,12,2,0.0000,0,NULL,0,'2022-05-03 15:24:25',0,NULL),(111,19,'HP ALL-in-One','2023-09-19 02:00:58','Nicolas Correa',NULL,0,0,NULL,'MV238FHM-N20',NULL,0.00,0,0,0,0,0,0,0,0,0,1,21,86,0,0,0,NULL,950,0,0,0.0000,1,NULL,0,'2022-05-05 21:04:14',0,NULL),(112,19,'Lenovo AIO PC','2023-09-19 02:36:42','Maria Socarras',NULL,0,0,NULL,'M215HTN01.1',NULL,0.00,0,0,0,0,0,0,0,0,36,1,22,73,0,0,0,NULL,950,64,1,0.0000,1,NULL,0,'2022-05-05 21:07:39',0,NULL),(113,19,'HP ALL-in-One','2023-09-19 02:14:53','Carol Jineth Rodriguez',NULL,0,0,NULL,'M215HCA-L3B',NULL,0.00,0,0,0,0,0,0,0,0,36,1,21,86,0,0,0,NULL,950,64,1,0.0000,1,NULL,0,'2022-05-05 21:08:08',0,NULL),(114,19,'HP All-in-One','2023-09-18 22:39:20',NULL,NULL,0,0,NULL,'WLEDLGDLM230W',NULL,0.00,0,0,0,0,0,0,0,0,36,1,21,74,0,0,0,NULL,950,64,1,0.0000,1,NULL,0,'2022-05-18 16:52:13',0,NULL),(115,1,'RPC231306-BC','2023-11-18 16:54:01','heidy.rivera',NULL,1117,13,'Monitor en contabilidad\r\n\r\nModelo:\r\nF22T350FHL\r\n\r\nCable hdmi\r\nCargador','','RPC231306-BC',0.00,0,0,0,0,0,0,1,1,47,1,1,68,0,0,0,NULL,481,27,2,0.0000,1,NULL,0,'2022-06-08 21:12:57',0,NULL),(116,0,'AL1916W','2023-05-05 00:39:23','YulianaG',NULL,0,0,NULL,'6320922B000000004010',NULL,0.00,0,0,0,0,0,0,0,0,56,2,23,108,0,0,0,NULL,508,64,1,0.0000,1,NULL,0,'2022-06-16 16:04:14',0,NULL),(117,0,'ELCMURC2D5-BG','2023-05-05 00:42:22','','',508,64,'','CNT953C2D5','',0.00,0,0,0,0,0,0,0,0,56,1,24,109,0,0,0,NULL,494,64,1,0.0000,0,NULL,0,'2022-06-21 20:25:08',0,NULL),(118,2,'VA1901 Series','2023-07-03 18:12:16','facturacion.nogal',NULL,0,0,NULL,'UNN182950806',NULL,0.00,0,0,0,0,0,0,0,0,37,1,3,70,0,1,0,NULL,958,34,0,0.0000,1,NULL,0,'2022-06-30 19:00:17',0,NULL),(119,2,'RPC121831-BG','2023-07-03 18:12:16','facturacion.nogal','',0,28,'','UNN182950806','',0.00,0,0,0,0,0,0,0,0,37,2,25,70,0,0,0,NULL,958,34,1,0.0000,0,NULL,0,'2022-06-30 23:20:11',0,NULL),(120,0,'RPC-84090','2023-04-24 10:38:29','','',0,28,'Cable de poder.\r\nConvertidor HDMI.','84090','',0.00,0,0,0,0,0,0,0,0,38,1,0,21,0,1,0,NULL,0,0,3,0.0000,0,NULL,0,'2022-06-30 23:33:34',0,NULL),(121,1,'RPC84090-BG','2023-04-24 11:36:50','taller.mosquera','',368,28,'Cable HDMI\r\nCable de Poder','84090','',22.00,0,0,0,0,0,0,0,0,38,1,0,21,0,0,0,NULL,0,12,2,0.0000,0,NULL,0,'2022-07-14 20:46:27',1,NULL),(122,1,'RPC221016-BG','2023-04-24 11:38:54','nina.ramirez','',368,28,'Cable hdmi + Cargador','221016','',21.50,0,0,0,0,0,0,0,0,38,1,0,0,0,0,0,NULL,0,12,2,0.0000,0,NULL,0,'2022-07-14 20:49:39',1,NULL),(123,1,'RPC221159-BC','2023-10-04 17:37:38','juan.arenales','',1117,27,'En Contabilidad\r\n\r\nModelo:  F22350FHL\r\n\r\nCable hdmi + Cargador','','RPC221159-BC',21.50,0,0,0,0,0,0,1,1,48,1,1,68,0,0,0,NULL,456,27,1,0.0000,0,NULL,0,'2022-07-14 22:04:15',1,NULL),(124,1,'RPC900356-BC','2023-09-04 01:35:44','user','',0,28,'Cable hdmi + Cargador','900356','',0.00,0,0,0,0,0,0,0,0,48,1,0,68,0,1,0,NULL,0,27,3,0.0000,0,NULL,0,'2022-07-14 22:04:58',1,NULL),(125,1,'S19350','2023-10-04 18:38:07','',NULL,0,28,'Monitor en Cuarto TI\r\n\r\nFALLA\r\nNo es de RPC , sin placa','H4ZK501950',NULL,0.00,0,0,0,0,0,0,0,0,48,1,13,68,0,0,0,NULL,950,28,2,0.0000,1,NULL,0,'2022-07-21 14:34:37',0,NULL),(126,1,'RPC900356-BC','2023-10-31 14:29:37','',NULL,1117,28,'Ubicación, backoffice arintia bucaramanga Planta de lubricantes-ex usuario jeremy pedraza\r\ncable hdmi\r\ncargador','900356','RPC900356-BC',0.00,0,0,0,0,0,0,1,1,121,1,1,68,0,0,0,NULL,950,28,2,0.0000,1,NULL,0,'2022-08-03 20:04:08',0,NULL),(127,2,'RPC121844-BG','2023-08-30 23:48:45','administrador','',0,28,'','121844','',0.00,0,0,0,0,0,0,0,0,5,1,0,82,0,0,0,NULL,0,13,2,0.0000,0,NULL,0,'2022-08-23 18:42:25',0,NULL),(128,2,'RPC270018-BG','2023-10-04 18:57:17','marisol.angel','',752,13,'Cable HDMI\r\nCable de poder\r\n\r\nMonitor de camaras del nogal.','3CM0500FF4','',27.00,0,0,0,0,0,0,0,0,37,1,0,9,0,0,0,NULL,958,13,1,0.0000,0,NULL,0,'2022-09-30 16:38:28',0,NULL),(129,22,'RPC121848-BC','2023-10-04 19:49:03','','',0,0,'No se encuentra ubicacion\r\n\r\nUsuario antiguo:\r\ntania.pena\r\n\r\nCable de HDMI\r\nCable de Poder','121848','',18.50,0,0,0,0,0,0,0,0,108,2,0,82,0,0,0,NULL,950,0,2,0.0000,0,NULL,0,'2022-10-18 22:27:48',0,NULL),(130,1,'RPC121827-ME','2023-09-04 03:00:59','RPC','',0,28,'Cable de HDMI\r\nCable de Poder','121827','',185.00,0,0,0,0,0,0,0,0,2,2,0,70,0,0,0,NULL,0,69,2,0.0000,0,NULL,0,'2022-10-18 22:29:50',0,NULL),(131,15,'RPC270015-BG','2023-11-01 21:06:45','ricardo.cardenas','',692,28,'Cable de HDMI\r\nCable de Poder','Cable de HDMI Cable de Poder','',27.00,0,0,0,0,0,0,0,0,38,2,0,74,0,0,0,NULL,491,69,1,0.0000,0,NULL,0,'2022-10-18 22:34:50',0,NULL),(132,21,'ART221207-MQ','2023-11-09 20:19:03','diana.rojas','',368,28,'Cable de poder\r\nCable HDMI','221207','',21.50,0,0,0,0,0,0,0,0,41,1,0,68,0,0,0,NULL,684,12,1,0.0000,0,NULL,0,'2022-10-28 22:26:13',0,NULL),(133,1,'RPC231127-MQ','2023-09-04 01:37:06','lady.rojas','',368,28,'Cable de Poder\r\nCable HDMI','231127','',23.60,0,0,0,0,0,0,0,0,41,1,0,68,0,0,0,NULL,565,28,1,0.0000,0,NULL,0,'2022-10-28 22:28:00',0,NULL),(134,1,'RPC240010-MQ','2023-10-31 14:36:18','jose.soler','',368,28,'Cable de Poder\r\nCable HDMI','240010','',24.00,0,0,0,0,0,0,0,0,41,1,0,119,0,0,0,NULL,353,28,2,0.0000,0,NULL,0,'2022-10-28 22:29:10',0,NULL),(135,1,'RPC240143-BC','2023-10-04 18:58:58','claudia.garcia','',1117,42,'Ubicacion , Tesoreria\r\n\r\nModelo F22T350FHL\r\n\r\nCable de Poder\r\nCable HDMI','0B1EHCNT103547A','RPC240143-BC',21.50,0,0,0,0,0,0,1,1,48,1,0,68,0,0,0,NULL,606,42,1,0.0000,0,NULL,0,'2022-10-28 22:30:32',0,NULL),(136,1,'RPC800019-BG','2023-10-31 14:32:27','sonia.moya','',0,28,'Cable de Poder\r\nCable HDMI','800019','',23.60,0,0,0,0,0,0,0,0,5,1,0,9,0,0,0,NULL,886,42,2,0.0000,0,NULL,0,'2022-10-28 22:31:38',0,NULL),(137,17,'SyncMaster','2023-07-02 19:48:03','jesus.herrera',NULL,0,0,NULL,'HVZP436913',NULL,0.00,0,0,0,0,0,0,0,0,115,1,4,68,0,0,0,NULL,673,37,0,0.0000,1,NULL,0,'2022-11-02 17:03:07',0,NULL),(138,1,'RPC240026-BC','2023-11-18 16:54:01','heidy.rivera',NULL,1117,28,'Ubicacion Contabilidad\r\n\r\nModelo \r\nCable hdmi\r\nCargador','','RPC240026-BC',0.00,0,0,0,0,0,0,1,1,47,1,19,68,0,0,0,NULL,669,27,2,0.0000,1,NULL,0,'2022-11-03 21:34:29',0,NULL),(139,17,'S24F350','2023-08-30 20:10:50','diego.suaza',NULL,0,0,NULL,'H4ZKC00632',NULL,0.00,0,0,0,0,0,0,0,0,101,1,26,68,0,0,0,NULL,1099,37,0,0.0000,1,NULL,0,'2022-12-23 20:05:59',0,NULL),(140,1,'RPC270032-CA','2023-04-28 06:12:53','maria.valdivieso','',0,28,'Cable HDMI\r\nCargador + Cable de Poder\r\nSoporte de base.','','',0.00,0,0,0,0,0,0,0,0,14,1,0,68,0,0,0,NULL,770,26,1,0.0000,0,NULL,0,'2023-01-12 23:11:32',0,NULL),(141,17,'RPC270008-BG','2023-07-02 22:38:23','andres.jimenez','',0,28,'Cable de Poder.\r\nCable HDMI\r\n','','270008',0.00,0,0,0,0,0,0,0,0,101,1,27,74,0,0,0,NULL,549,37,1,0.0000,0,NULL,0,'2023-01-20 21:26:32',0,NULL),(142,15,'S22F350','2023-08-30 23:22:15','jaider.quintana',NULL,0,0,NULL,'H4ZM702062',NULL,0.00,0,0,0,0,0,0,0,0,38,1,1,68,0,1,0,NULL,1065,69,0,0.0000,1,NULL,0,'2023-05-12 16:32:30',0,NULL),(143,1,'LF27T35','2023-05-12 16:54:05','yennifer.barrera',NULL,0,0,NULL,'HCNW100397',NULL,0.00,0,0,0,0,0,0,0,0,5,1,28,68,0,0,0,NULL,828,46,0,0.0000,1,NULL,0,'2023-05-12 16:33:35',0,NULL),(144,19,'RPC240260-BG','2023-09-28 17:16:55','jenny.rincon','',752,0,'21.5°','240260','',0.00,0,0,0,0,0,0,1,0,56,2,0,68,0,0,0,NULL,950,65,2,0.0000,0,NULL,0,'2023-05-12 18:21:30',0,NULL),(145,19,'RPC231102-BG','2023-10-06 23:03:48','carol.rodriguez','',752,0,'23,5°','231102','',0.00,0,0,0,0,0,0,1,0,56,2,0,119,0,0,0,NULL,568,64,2,0.0000,0,NULL,0,'2023-05-12 18:22:41',0,NULL),(146,19,'RPC800020-BG','2023-10-31 14:29:30','Administrador.','',752,0,'23,6°','','800020',0.00,0,0,0,0,0,0,1,0,56,2,0,1,0,0,0,NULL,950,64,2,0.0000,0,NULL,0,'2023-05-12 18:24:19',0,NULL),(147,19,'RPC84110-BG','2023-09-28 17:18:12','maria.mendez','',752,0,'22°','','84110',0.00,0,0,0,0,0,0,1,0,56,2,0,21,0,0,0,NULL,1015,64,2,0.0000,0,NULL,0,'2023-05-12 18:27:08',0,NULL),(148,19,'RPC84131-BG','2023-09-28 17:17:43','maria.socarras','',752,0,'22°','','',0.00,0,0,0,0,0,0,1,0,56,2,0,21,0,0,0,NULL,1000,64,2,0.0000,0,NULL,0,'2023-05-12 18:27:47',0,NULL),(149,19,'RPC231106-BG','2023-10-04 16:34:12','brigitte.cordoba','',752,0,'23°','','231106',0.00,0,0,0,0,0,0,1,0,56,2,0,1,0,0,0,NULL,567,64,2,0.0000,0,NULL,0,'2023-05-12 18:31:44',0,NULL),(150,19,'RPC270029-BG','2023-10-06 23:03:57','nelson.galvis','',752,0,'27°','','270029',0.00,0,0,0,0,0,0,1,0,56,2,0,68,0,0,0,NULL,997,64,2,0.0000,0,NULL,0,'2023-05-12 18:32:37',0,NULL),(151,19,'RPC270030-BG','2023-10-06 23:03:55','jenny.amado','',752,0,'27','','270030',0.00,0,0,0,0,0,0,0,0,56,2,0,68,0,0,0,NULL,1006,64,2,0.0000,0,NULL,0,'2023-05-12 18:34:36',0,NULL),(152,19,'RPC270031-BG','2023-10-06 23:03:23','bernardo.cerinza','',752,0,'27°','','270031',0.00,0,0,0,0,0,0,0,0,56,2,0,68,0,0,0,NULL,1018,64,2,0.0000,0,NULL,0,'2023-05-12 18:35:57',0,NULL),(153,19,'RPC270036-BG','2023-10-06 23:03:20','marcos.patiño','',752,0,'27°','','270036',0.00,0,0,0,0,0,0,1,0,56,2,0,68,0,0,0,NULL,936,64,2,0.0000,0,NULL,0,'2023-05-12 18:37:03',0,NULL),(154,19,'RPC900267-BG','2023-10-06 23:03:51','maria.socarras','',752,0,'21,5°','','900267',0.00,0,0,0,0,0,0,1,0,56,2,0,68,0,0,0,NULL,1000,64,2,0.0000,0,NULL,0,'2023-05-12 18:38:20',0,NULL),(155,17,'SyncMaster','2023-11-07 19:15:19','jonathan.duque',NULL,0,0,NULL,'H9NP207138',NULL,0.00,0,0,0,0,0,0,0,0,115,2,4,68,0,0,0,NULL,1137,37,0,0.0000,1,NULL,0,'2023-05-29 04:05:26',0,NULL),(156,1,'S22F350','2023-06-28 21:46:27','viviana.escobar',NULL,0,0,NULL,'H4ZK601602',NULL,0.00,0,0,0,0,0,0,0,0,8,1,1,68,0,0,0,NULL,1050,27,0,0.0000,1,NULL,0,'2023-06-08 21:24:03',0,NULL),(157,22,'S19C150','2023-07-03 00:43:20','rosana.tinoco',NULL,0,0,NULL,'H4LD506422',NULL,0.00,0,0,0,0,0,0,0,0,48,1,13,68,0,0,0,NULL,954,62,0,0.0000,1,NULL,0,'2023-06-08 21:27:02',0,NULL),(158,15,'RPC270023-BG','2023-11-01 21:06:34','jimmy.moyano','',752,59,'Cable de HDMI\r\nCable de Poder','Cable de HDMI Cable de Poder','',0.00,0,0,0,0,0,0,0,0,109,2,0,1,0,0,0,NULL,942,69,2,0.0000,0,NULL,0,'2023-08-30 23:09:02',0,NULL),(159,15,'RPC270025-BG','2023-11-01 21:07:01','jaider.quintana','',752,59,'Cable de HDMI\r\nCable de Poder','Cable de HDMI Cable de Poder','',0.00,0,0,0,0,0,0,0,0,38,2,0,68,0,0,0,NULL,1065,69,1,0.0000,0,NULL,0,'2023-08-30 23:10:19',0,NULL),(160,15,'RPC231260-BG','2023-11-01 21:06:15','jaider.quintana','',752,59,'Cable de HDMI\r\nCable de Poder','Cable de HDMI Cable de Poder','',0.00,0,0,0,0,0,0,0,0,38,2,0,68,0,0,0,NULL,1065,69,2,0.0000,0,NULL,0,'2023-08-30 23:13:35',0,NULL),(161,15,'RPC240033-BG','2023-11-01 21:06:21','karol.portilla','',752,59,'Cable de HDMI\r\nCable de Poder','Cable de HDMI Cable de Poder','',0.00,0,0,0,0,0,0,0,0,38,2,0,68,0,0,0,NULL,1118,69,2,0.0000,0,NULL,0,'2023-08-30 23:21:21',0,NULL),(162,2,'RPC121805-BG','2023-08-30 23:51:38','Administrador.','',0,59,'','121805','',0.00,0,0,0,0,0,0,0,0,37,2,0,68,0,0,0,NULL,0,34,2,0.0000,0,NULL,0,'2023-08-30 23:51:38',0,NULL),(163,21,'RPC800021-MQ','2023-10-31 14:38:49','daniel.ruiz','',368,59,'Cable HDMI\r\nCable Power','800021','',0.00,0,0,0,0,0,0,0,0,41,2,0,1,0,0,0,NULL,360,12,2,0.0000,0,NULL,0,'2023-09-04 01:44:27',0,NULL),(164,1,'RPC270017-MQ','2023-10-04 17:15:13','sala.faw','',368,28,'Cable HDMI\r\nCable Poder','270017','',0.00,0,0,0,0,0,0,0,0,72,2,0,1,0,0,0,NULL,368,28,1,0.0000,0,NULL,0,'2023-09-04 01:50:19',0,NULL),(165,17,'RPC270033-BG','2023-09-04 01:54:49','luisa.ramirez','',752,59,'Cable Poder\r\nCable HDMI','270033','',0.00,0,0,0,0,0,0,0,0,115,2,0,68,0,0,0,NULL,712,37,1,0.0000,0,NULL,0,'2023-09-04 01:54:49',0,NULL),(166,21,'RPC240252-BG','2023-10-31 14:38:07','richard.diaz','',368,59,'Cable HDMI\r\nCable Poder','','',0.00,0,0,0,0,0,0,0,0,41,2,0,68,0,0,0,NULL,897,12,2,0.0000,0,NULL,0,'2023-09-04 02:47:43',0,NULL),(167,21,'RPC240257-BG','2023-10-31 14:36:14','luisa.carrillo','',368,59,'Cable HDMI\r\nCable Poder','240257','',0.00,0,0,0,0,0,0,0,0,41,2,0,68,0,0,0,NULL,352,12,2,0.0000,0,NULL,0,'2023-09-04 02:49:32',0,NULL),(168,1,'RPC270037-BG','2023-11-09 20:05:08','yennifer.barrera','',752,28,'Cable Poder\r\nCable HDMI','270037','',0.00,0,0,0,0,0,0,0,0,36,2,0,68,0,0,0,NULL,828,46,2,0.0000,0,NULL,0,'2023-09-04 02:51:23',0,NULL),(169,21,'RPC200433-MQ','2023-10-31 14:36:08','yaddy.perez','',0,28,'Cable Poder\r\nCable HDMI','200433','',0.00,0,0,0,0,0,0,0,0,41,2,0,68,0,0,0,NULL,428,12,2,0.0000,0,NULL,0,'2023-09-04 02:54:42',0,NULL),(170,21,'RPC201330-BC','2023-10-31 14:38:02','yesmith.pedreros','',752,28,'Cable Poder\r\nCable HDMI','','',0.00,0,0,0,0,0,0,0,0,41,2,0,68,0,0,0,NULL,881,12,2,0.0000,0,NULL,0,'2023-09-04 02:58:24',0,NULL),(171,21,'RPC240259-MQ','2023-10-31 14:36:30','juan.arias','',752,28,'Cable Poder\r\nCable HDMI','240259','',0.00,0,0,0,0,0,0,0,0,41,2,0,68,0,0,0,NULL,1124,12,2,0.0000,0,NULL,0,'2023-09-04 03:00:26',0,NULL),(172,22,'RPC240261-BC','2023-10-31 14:29:10','olga.jaimes','',752,28,'Cable Poder\r\nCable HDMI','240261','',0.00,0,0,0,0,0,0,0,0,155,2,0,68,0,0,0,NULL,337,62,2,0.0000,0,NULL,0,'2023-09-04 03:10:20',0,NULL),(173,17,'RPC240288-BG','2023-10-31 15:43:41','ximena.vargas','',752,59,'Cable Poder\r\nCable HDMI','','',0.00,0,0,0,0,0,0,0,0,101,2,0,68,0,0,0,NULL,978,37,2,0.0000,0,NULL,0,'2023-09-04 03:11:33',0,NULL),(174,1,'RPC240286-BC','2023-10-04 20:56:52','jhoanny.quintero','',1117,0,'jhoanny.quintero\r\nOficina Administrativa Techos\r\n\r\nCable Poder\r\nCable HDMI','','',0.00,0,0,0,0,0,0,0,0,141,2,0,68,0,0,0,NULL,1125,69,1,0.0000,0,NULL,0,'2023-09-04 03:13:29',0,NULL),(175,20,'ARTBA00BC','2023-10-04 20:03:33','samuel.morales','',1117,22,'Usuario SAMUEL MORALES -CARIA-Beg Lubricantes\r\n\r\nMonitor DELL 19.5\" VGA & DISPLAY PORT\r\n\r\nModelo E1916HF\r\nS/N: CN-099WJF-72872-5CA-A4YB-A00','CN-099WJF-72872-5CA-A4YB-A00','ARTBA00BC',19.50,0,0,0,0,1,0,0,1,8,2,11,35,0,0,0,NULL,1057,22,1,0.0000,0,NULL,0,'2023-09-22 16:16:37',1,NULL),(176,20,'DELL E1916HV','2023-10-27 14:04:55','jose.rincon',NULL,0,0,NULL,'HN22V03CANGI',NULL,0.00,0,0,0,0,0,0,0,0,71,1,29,35,0,0,0,NULL,795,22,0,0.0000,1,NULL,0,'2023-09-27 17:56:17',0,NULL),(177,19,'S22A33x','2023-10-09 15:57:29','jenny.rincon',NULL,0,0,NULL,'H4TTC02761',NULL,0.00,0,0,0,0,0,0,0,0,160,1,30,68,0,0,0,NULL,761,64,0,0.0000,1,NULL,0,'2023-10-09 15:57:29',0,NULL);

--
-- Table structure for table `glpi_monitortypes`
--

CREATE TABLE `glpi_monitortypes` (
  `id` int unsigned NOT NULL AUTO_INCREMENT,
  `name` varchar(255) CHARACTER SET utf8mb4 COLLATE utf8mb4_unicode_ci DEFAULT NULL,
  `comment` mediumtext CHARACTER SET utf8mb4 COLLATE utf8mb4_unicode_ci,
  `date_mod` timestamp NULL DEFAULT NULL,
  `date_creation` timestamp NULL DEFAULT NULL,
  PRIMARY KEY (`id`),
  KEY `name` (`name`),
  KEY `date_mod` (`date_mod`),
  KEY `date_creation` (`date_creation`)
) ENGINE=InnoDB AUTO_INCREMENT=4 DEFAULT CHARSET=utf8mb4 COLLATE=utf8mb4_unicode_ci;

--
-- Dumping data for table `glpi_monitortypes`
--

INSERT INTO `glpi_monitortypes` VALUES (1,'RGB color','','2021-03-10 20:17:58','2021-03-10 20:17:58'),(2,'non-RGB multicolor','','2021-03-10 20:18:35','2021-03-10 20:18:35'),(3,'Base + Teclado','','2021-10-19 21:12:36','2021-10-19 21:12:36');

--
-- Table structure for table `glpi_networkaliases`
--

CREATE TABLE `glpi_networkaliases` (
  `id` int unsigned NOT NULL AUTO_INCREMENT,
  `entities_id` int unsigned NOT NULL DEFAULT '0',
  `networknames_id` int unsigned NOT NULL DEFAULT '0',
  `name` varchar(255) CHARACTER SET utf8mb4 COLLATE utf8mb4_unicode_ci DEFAULT NULL,
  `fqdns_id` int unsigned NOT NULL DEFAULT '0',
  `comment` mediumtext CHARACTER SET utf8mb4 COLLATE utf8mb4_unicode_ci,
  PRIMARY KEY (`id`),
  KEY `entities_id` (`entities_id`),
  KEY `name` (`name`),
  KEY `networknames_id` (`networknames_id`),
  KEY `fqdns_id` (`fqdns_id`)
) ENGINE=InnoDB DEFAULT CHARSET=utf8mb4 COLLATE=utf8mb4_unicode_ci;

--
-- Dumping data for table `glpi_networkaliases`
--


--
-- Table structure for table `glpi_networkequipmentmodels`
--

CREATE TABLE `glpi_networkequipmentmodels` (
  `id` int unsigned NOT NULL AUTO_INCREMENT,
  `name` varchar(255) CHARACTER SET utf8mb4 COLLATE utf8mb4_unicode_ci DEFAULT NULL,
  `comment` mediumtext CHARACTER SET utf8mb4 COLLATE utf8mb4_unicode_ci,
  `product_number` varchar(255) CHARACTER SET utf8mb4 COLLATE utf8mb4_unicode_ci DEFAULT NULL,
  `weight` int NOT NULL DEFAULT '0',
  `required_units` int NOT NULL DEFAULT '1',
  `depth` float NOT NULL DEFAULT '1',
  `power_connections` int NOT NULL DEFAULT '0',
  `power_consumption` int NOT NULL DEFAULT '0',
  `is_half_rack` tinyint(1) NOT NULL DEFAULT '0',
  `picture_front` mediumtext CHARACTER SET utf8mb4 COLLATE utf8mb4_unicode_ci,
  `picture_rear` mediumtext CHARACTER SET utf8mb4 COLLATE utf8mb4_unicode_ci,
  `pictures` text CHARACTER SET utf8mb4 COLLATE utf8mb4_unicode_ci,
  `date_mod` timestamp NULL DEFAULT NULL,
  `date_creation` timestamp NULL DEFAULT NULL,
  PRIMARY KEY (`id`),
  KEY `name` (`name`),
  KEY `date_mod` (`date_mod`),
  KEY `date_creation` (`date_creation`),
  KEY `product_number` (`product_number`)
) ENGINE=InnoDB AUTO_INCREMENT=40 DEFAULT CHARSET=utf8mb4 COLLATE=utf8mb4_unicode_ci;

--
-- Dumping data for table `glpi_networkequipmentmodels`
--

INSERT INTO `glpi_networkequipmentmodels` VALUES (1,'60 MB','','',0,1,1,0,0,0,NULL,NULL,NULL,'2020-03-11 21:51:42','2020-03-11 21:51:42'),(2,'20 MB','','',0,1,1,0,0,0,NULL,NULL,NULL,'2020-03-11 21:53:17','2020-03-11 21:53:17'),(3,'EA6350','','',0,1,1,0,0,0,NULL,NULL,NULL,'2020-03-11 22:01:24','2020-03-11 22:01:24'),(4,'HPE1420','','',0,1,1,0,0,0,NULL,NULL,NULL,'2020-03-11 22:03:35','2020-03-11 22:03:35'),(5,'120 MB','','',0,1,1,0,0,0,NULL,NULL,NULL,'2020-06-26 18:53:30','2020-06-26 18:53:03'),(6,'100 MB','','',0,1,1,0,0,0,NULL,NULL,NULL,'2020-09-16 18:14:45','2020-09-16 18:14:45'),(7,'EAP-245','','',0,1,1,0,0,0,NULL,NULL,NULL,'2020-11-25 16:19:49','2020-11-25 16:19:49'),(8,'50 MB','','',0,1,1,0,0,0,NULL,NULL,NULL,'2021-02-16 17:04:08','2021-02-16 17:04:08'),(9,'Unifi AP-LR v2','','',0,1,1,0,0,0,NULL,NULL,NULL,'2021-02-16 17:30:48','2021-02-16 17:30:48'),(10,'Unifi AP-AC Pro','','',0,1,1,0,0,0,NULL,NULL,NULL,'2021-02-16 17:46:05','2021-02-16 17:46:05'),(11,'TL-ER7206','','',0,1,1,0,0,0,NULL,NULL,NULL,'2021-02-18 21:07:30','2021-02-18 21:07:30'),(12,'UAP AC Lite','','',0,1,1,0,0,0,NULL,NULL,NULL,'2021-03-29 22:13:50','2021-03-29 22:13:50'),(13,'ES-24-lite','EdgeSwitch24 Lite','',0,1,1,2,0,0,NULL,NULL,NULL,'2021-06-02 19:00:21','2021-06-02 19:00:21'),(14,'USW-16-POE','','',0,1,1,0,0,0,NULL,NULL,NULL,'2021-09-03 15:34:18','2021-09-03 15:34:18'),(15,'ER-X-SFP','','',0,1,1,0,0,0,NULL,NULL,NULL,'2021-09-15 13:19:39','2021-09-15 13:19:39'),(16,'HP V1910-24G','','',0,1,1,0,0,0,NULL,NULL,NULL,'2022-04-25 18:07:13','2022-04-25 18:07:13'),(17,'RB2011UiAS-RM','','',0,1,1,0,0,0,NULL,NULL,NULL,'2022-04-25 18:53:07','2022-04-25 18:53:07'),(18,'UCM6102','','',0,1,1,0,0,0,NULL,NULL,NULL,'2022-04-25 18:57:44','2022-04-25 18:57:44'),(19,'RTCD905_H6W4','','',0,1,1,0,0,0,NULL,NULL,NULL,'2022-04-26 21:25:33','2022-04-26 21:25:33'),(20,'RC551E-4GE-AC','','',0,1,1,0,0,0,NULL,NULL,NULL,'2022-04-26 21:41:07','2022-04-26 21:41:07'),(21,'860 SERIES','','',0,1,1,0,0,0,NULL,NULL,NULL,'2022-04-26 21:58:47','2022-04-26 21:58:47'),(22,'ProLiant ML110 Gen10','','',0,1,1,0,0,0,NULL,NULL,NULL,'2022-04-27 15:38:21','2022-04-27 15:38:21'),(23,'Ts-231k','','',0,1,1,0,0,0,NULL,NULL,NULL,'2022-04-27 16:36:59','2022-04-27 16:36:59'),(24,'FT1000LCD','','',0,1,1,0,0,0,NULL,NULL,NULL,'2022-04-27 16:43:12','2022-04-27 16:43:12'),(25,'ST-U-3K','','',0,1,1,0,0,0,NULL,NULL,NULL,'2022-04-27 20:37:40','2022-04-27 20:37:40'),(26,'TS-431P','','',0,1,1,0,0,0,NULL,NULL,NULL,'2022-04-29 18:51:48','2022-04-29 18:51:48'),(27,'CCR-1009-8G-15-15+','','',0,1,1,0,0,0,NULL,NULL,NULL,'2022-06-06 14:48:12','2022-06-06 14:48:12'),(28,'CCR-1009-8G-1S-1S+ ','','',0,1,1,0,0,0,NULL,NULL,NULL,'2022-06-06 14:57:23','2022-06-06 14:57:23'),(29,'SG220-26P','','',0,1,1,0,0,0,NULL,NULL,NULL,'2022-06-06 15:04:39','2022-06-06 15:04:39'),(30,'DGS-1500-28','','',0,1,1,0,0,0,NULL,NULL,NULL,'2022-06-06 15:15:22','2022-06-06 15:15:22'),(31,'RB951Ui-2HnD','','',0,1,1,0,0,0,NULL,NULL,NULL,'2022-06-06 15:57:40','2022-06-06 15:57:40'),(32,'RB951Ui-2HnD','','',0,1,1,0,0,0,NULL,NULL,NULL,'2022-06-06 21:52:31','2022-06-06 21:52:31'),(33,'80 MB','','',0,1,1,0,0,0,NULL,NULL,NULL,'2022-06-09 22:18:04','2022-06-09 22:18:04'),(34,'TL-WR840N v6','','',0,1,1,0,0,0,NULL,NULL,NULL,'2022-06-14 19:22:29','2022-06-14 19:22:29'),(35,'TL-WR941ND','','',0,1,1,0,0,0,NULL,NULL,NULL,'2022-06-15 20:55:46','2022-06-15 20:55:46'),(36,'30','','30',0,1,1,0,0,0,NULL,NULL,NULL,'2022-08-19 21:35:29','2022-08-19 21:35:29'),(37,'30','','MB',0,1,1,0,0,0,NULL,NULL,NULL,'2022-08-25 19:19:27','2022-08-25 19:19:27'),(38,'30 MB','','',0,1,1,0,0,0,NULL,NULL,NULL,'2022-08-25 19:23:18','2022-08-25 19:23:18'),(39,'U6-LITE-US','','',0,1,1,0,0,0,NULL,NULL,NULL,'2022-11-09 19:29:24','2022-11-09 19:29:24');

--
-- Table structure for table `glpi_networkequipments`
--

CREATE TABLE `glpi_networkequipments` (
  `id` int unsigned NOT NULL AUTO_INCREMENT,
  `entities_id` int unsigned NOT NULL DEFAULT '0',
  `is_recursive` tinyint(1) NOT NULL DEFAULT '0',
  `name` varchar(255) CHARACTER SET utf8mb4 COLLATE utf8mb4_unicode_ci DEFAULT NULL,
  `ram` int unsigned DEFAULT NULL,
  `serial` varchar(255) CHARACTER SET utf8mb4 COLLATE utf8mb4_unicode_ci DEFAULT NULL,
  `otherserial` varchar(255) CHARACTER SET utf8mb4 COLLATE utf8mb4_unicode_ci DEFAULT NULL,
  `contact` varchar(255) CHARACTER SET utf8mb4 COLLATE utf8mb4_unicode_ci DEFAULT NULL,
  `contact_num` varchar(255) CHARACTER SET utf8mb4 COLLATE utf8mb4_unicode_ci DEFAULT NULL,
  `users_id_tech` int unsigned NOT NULL DEFAULT '0',
  `groups_id_tech` int unsigned NOT NULL DEFAULT '0',
  `date_mod` timestamp NULL DEFAULT NULL,
  `comment` mediumtext CHARACTER SET utf8mb4 COLLATE utf8mb4_unicode_ci,
  `locations_id` int unsigned NOT NULL DEFAULT '0',
  `networks_id` int unsigned NOT NULL DEFAULT '0',
  `networkequipmenttypes_id` int unsigned NOT NULL DEFAULT '0',
  `networkequipmentmodels_id` int unsigned NOT NULL DEFAULT '0',
  `manufacturers_id` int unsigned NOT NULL DEFAULT '0',
  `is_deleted` tinyint(1) NOT NULL DEFAULT '0',
  `is_template` tinyint(1) NOT NULL DEFAULT '0',
  `template_name` varchar(255) CHARACTER SET utf8mb4 COLLATE utf8mb4_unicode_ci DEFAULT NULL,
  `users_id` int unsigned NOT NULL DEFAULT '0',
  `groups_id` int unsigned NOT NULL DEFAULT '0',
  `states_id` int unsigned NOT NULL DEFAULT '0',
  `ticket_tco` decimal(20,4) DEFAULT '0.0000',
  `is_dynamic` tinyint(1) NOT NULL DEFAULT '0',
  `uuid` varchar(255) CHARACTER SET utf8mb4 COLLATE utf8mb4_unicode_ci DEFAULT NULL,
  `date_creation` timestamp NULL DEFAULT NULL,
  `autoupdatesystems_id` int unsigned NOT NULL DEFAULT '0',
  `sysdescr` text CHARACTER SET utf8mb4 COLLATE utf8mb4_unicode_ci,
  `cpu` int NOT NULL DEFAULT '0',
  `uptime` varchar(255) CHARACTER SET utf8mb4 COLLATE utf8mb4_unicode_ci NOT NULL DEFAULT '0',
  `last_inventory_update` timestamp NULL DEFAULT NULL,
  `snmpcredentials_id` int unsigned NOT NULL DEFAULT '0',
  PRIMARY KEY (`id`),
  KEY `name` (`name`),
  KEY `is_template` (`is_template`),
  KEY `entities_id` (`entities_id`),
  KEY `manufacturers_id` (`manufacturers_id`),
  KEY `groups_id` (`groups_id`),
  KEY `users_id` (`users_id`),
  KEY `locations_id` (`locations_id`),
  KEY `networkequipmentmodels_id` (`networkequipmentmodels_id`),
  KEY `networks_id` (`networks_id`),
  KEY `states_id` (`states_id`),
  KEY `users_id_tech` (`users_id_tech`),
  KEY `networkequipmenttypes_id` (`networkequipmenttypes_id`),
  KEY `is_deleted` (`is_deleted`),
  KEY `date_mod` (`date_mod`),
  KEY `groups_id_tech` (`groups_id_tech`),
  KEY `is_dynamic` (`is_dynamic`),
  KEY `serial` (`serial`),
  KEY `otherserial` (`otherserial`),
  KEY `date_creation` (`date_creation`),
  KEY `autoupdatesystems_id` (`autoupdatesystems_id`),
  KEY `snmpcredentials_id` (`snmpcredentials_id`),
  KEY `is_recursive` (`is_recursive`),
  KEY `uuid` (`uuid`)
) ENGINE=InnoDB AUTO_INCREMENT=92 DEFAULT CHARSET=utf8mb4 COLLATE=utf8mb4_unicode_ci;

--
-- Dumping data for table `glpi_networkequipments`
--

INSERT INTO `glpi_networkequipments` VALUES (1,1,0,'17872141',NULL,'','','','',0,0,'2023-04-27 22:19:30','CRA 18 A # 143-73 Cedritos\r\n',5,1,1,5,26,1,0,NULL,0,13,1,0.0000,0,NULL,'2020-03-11 21:49:24',0,NULL,0,'0',NULL,0),(2,1,0,'101084692',NULL,'BUC-BOD 2A y 2B','','','',0,0,'2023-04-24 12:02:11','Canal Internet: BUCARAMANGA CLL 2 CVL 36 BOD 2A y 2B CHIMITA PARQUE INDUSTRIAL II\r\n\r\nIP	181.129.190.210\r\nMASK	255.255.255.248\r\nGATEWAY	181.129.190.209\r\nDNS1	200.13.249.101\r\nDNS2	200.13.224.254\r\n',10,2,1,5,26,0,0,NULL,0,62,1,0.0000,0,NULL,'2020-03-11 21:52:23',0,NULL,0,'0',NULL,0),(3,1,1,'16164802',NULL,'','','','',0,0,'2023-04-24 10:55:31','Dirección: CLL 2 CVL 36 BOD 3 CHIMITA PARQUE INDUSTRIAL 2 - Bodega Producción',10,2,1,2,26,0,0,NULL,0,62,2,0.0000,0,NULL,'2020-03-11 21:56:10',0,NULL,0,'0',NULL,0),(4,1,0,'14270445',NULL,'','','','',0,0,'2023-04-24 12:02:11','CR 17 # 4 -67 Via Chimita Palenque (Km 1) GIRON - SANTANDER\r\n\r\ninternet cedido\r\n\r\nIP	181.129.176.242\r\nMASK	255.255.255.248\r\nGATEWAY	181.129.176.241\r\nDNS1	200.13.249.101\r\nDNS2	200.13.224.254\r\n',9,3,1,1,26,0,0,NULL,0,12,2,0.0000,0,NULL,'2020-03-11 21:57:47',0,NULL,0,'0',NULL,0),(5,1,0,'17165905',NULL,'','','','',0,0,'2023-04-24 09:40:33','CL 10 B SUR CR 51 -67 Canal 120 MB\r\n',0,4,1,5,26,0,0,NULL,0,0,2,0.0000,0,NULL,'2020-03-11 21:59:01',0,NULL,0,'0',NULL,0),(6,1,0,'ARTA680-BC',NULL,'','','','',0,62,'2023-04-24 12:02:11','Clave: Adm1nAP20+\r\nIP Lan: 192.168.21.1\r\nIP_WAN: 181.129.190.211	\r\nMAS: 255.255.255.248	\r\nGW: 181.129.190.209	\r\nDNS1: 200.13.249.101	\r\nDNS2: 200.13.224.254\r\nWifi: wifi_arintia\r\nContraseña: @r1ntiA20*',10,2,2,3,27,0,0,NULL,0,62,2,0.0000,0,NULL,'2020-03-11 22:01:40',0,NULL,0,'0',NULL,0),(7,1,0,'AP-FAW01-MO',NULL,'','','','',0,12,'2023-04-24 11:22:24','Datos configuración\r\nIp: 192.168.10.20\r\nUsuario default linksys\r\nContraseña:   @rint1418*\r\n\r\nFunciona como Router. Wifi deshabilitada. \r\n\r\nIP Publica:\r\nIP: 190.145.23.254\r\nMask: 255.255.255.252\r\nGateway:190.145.23.253\r\nDNS 1: 190.157.8.33\r\nDNS 2: 200.14.207.210\r\n',41,0,2,3,27,0,0,NULL,0,12,1,0.0000,0,NULL,'2020-03-11 22:02:30',0,NULL,0,'0',NULL,0),(8,1,0,'SW-ARG01-BC',NULL,'','','','',0,0,'2023-04-24 11:22:24','SWITCH ARINTIA BUCARAMANGA\r\n',10,2,3,4,9,0,0,NULL,0,13,1,0.0000,0,NULL,'2020-03-11 22:05:00',0,NULL,0,'0',NULL,0),(9,1,0,'SW-FAW01-MO',NULL,'','','','',0,0,'2023-04-24 09:52:17','',0,0,3,4,9,1,0,NULL,0,0,1,0.0000,0,NULL,'2020-03-11 22:05:46',0,NULL,0,'0',NULL,0),(10,1,0,'101081959',NULL,'','','','',0,13,'2023-04-24 12:02:11','Dirección: CR 116 19A-50 BODEGA 3\r\n\r\nIP	201.184.124.194, 201.184.124.195, 201.184.124.196, 201.184.124.197, 201.184.124.198\r\nMASK	255.255.255.248\r\nGATEWAY	201.184.124.193\r\nDNS1	200.13.249.101\r\nDNS2	200.13.224.254\r\n',38,5,1,5,26,0,0,NULL,0,0,1,0.0000,0,NULL,'2020-03-24 23:32:13',0,NULL,0,'0',NULL,0),(11,2,0,'16907472',NULL,'','','','',0,13,'2023-04-27 22:19:30','AV CL 116 # 70C - 22\r\n\r\nIP Publica:\r\nIP: 201.184.111.138\r\nMask: 255.255.255.248\r\nGateway:201.184.2111.137\r\nDNS 1: 200.13.249.101',37,0,1,1,26,0,0,NULL,0,0,2,0.0000,0,NULL,'2020-06-26 19:13:31',0,NULL,0,'0',NULL,0),(12,1,1,'ART1392-BC',NULL,'14Y30J0B811392','','','',0,22,'2023-04-24 11:22:24','Usuario: Administrador\r\nClave: Adm1nAP20+\r\nIP Lan: 192.168.1.1\r\nIP WAN: 181.129.176.242\r\nDNS: 200.13.249.101\r\n\r\n\r\nWifi: Wifi_Flota\r\nContraseña: Fl0tA2020+',9,3,2,3,27,0,0,NULL,0,0,2,0.0000,0,NULL,'2020-07-24 16:29:11',0,NULL,0,'0',NULL,0),(13,0,0,'ARTxxx-ME',NULL,'','','','',0,13,'2023-04-27 22:19:30','Accespoint Tplink Medellin\r\nAdm1nAP20+',0,0,2,0,0,0,0,NULL,0,62,1,0.0000,0,NULL,'2020-08-25 21:39:34',0,NULL,0,'0',NULL,0),(14,1,1,'ART0206-ME',NULL,'','','','',0,0,'2023-04-27 22:19:30','Datos configuración\r\nIP: 192.168.30.20\r\nUsuario: Admin\r\nContraseña: Adm1nAP20+\r\nDatos Wifi:\r\nNombre: Wifi_Arintia\r\nClave: @rint1418*\r\n\r\nWifi_Arintia_Invitado\r\n\r\n201.184.247.20\r\n255.255.255.248\r\n201.184.247.17\r\n200.13.249.101\r\n200.13.224.254\r\n\r\n',0,0,2,3,27,0,0,NULL,0,0,1,0.0000,0,NULL,'2020-08-25 22:18:43',0,NULL,0,'0',NULL,0),(15,1,1,'ART1393-BC',NULL,'','','','',0,13,'2023-04-27 22:19:30','EAP245\r\n\r\nUsuario: Administrador\r\nUsuario: Adm1nAP20+\r\nhttp://192.168.21.12\r\n\r\nSSID: wifi_amsa_1\r\nClave: @r1ntiA19*',10,2,2,7,61,0,0,NULL,0,62,1,0.0000,0,NULL,'2020-09-04 12:52:56',0,NULL,0,'0',NULL,0),(16,1,0,'AMINE05',NULL,'ZIPAQUIRA','','','',0,0,'2023-04-24 12:02:11','Calle 11 # 37 – 84 - ZIPAQUIRA\r\n\r\nIP Publica:\r\nIP: 181.49.233.141\r\nMask: \r\nGateway: 181.49.233.142\r\nDNS 1: 190.157.8.33\r\nDNS 2: 200.14.207.210',45,3,1,8,55,0,0,NULL,0,0,1,0.0000,0,NULL,'2020-09-16 18:16:32',0,NULL,0,'0',NULL,0),(17,1,0,'AP-ZSOCIAL-BG',NULL,'','','','',0,0,'2023-04-24 11:22:24','Controlador Ubiquiti\r\nUsuario: admin\r\nContraseña: P4ssw0rd.997788\r\n\r\nSSID: Wifi_Arintia\r\nContraseña: @r1ntiA19*\r\n\r\nIP: 192.168.11.31\r\nMac: 74:ac:b9:93:e0:86',5,1,2,12,67,0,0,NULL,0,0,1,0.0000,0,NULL,'2021-02-03 15:33:37',0,NULL,0,'0',NULL,0),(18,1,0,'AP-SJUNTAS-NG',NULL,'14111S07800396','','','',0,0,'2023-04-27 22:19:30','58:EF:68:B3:D7:2E\r\n192.168.11.242\r\n\r\nUsuario: admin\r\nPassword: @rint1418*\r\nCluster: Master',5,1,2,0,27,0,0,NULL,0,13,1,0.0000,0,NULL,'2021-02-03 15:41:49',0,NULL,0,'0',NULL,0),(19,2,1,'ECO0893-BG',NULL,'2193789000893','','','',0,28,'2023-04-28 17:44:07','HOST: EAP245-68-FF-7B-B2-53-92\r\nIP: 192.168.1.145\r\nMASCARA: 255.255.255.0\r\nUSUARIO: admin\r\nCONTRASEÑA: Adm1nAP20+\r\n\r\nRED WIFI: Wifi_Ecology\r\nPASSWORD: 3c0l0gycol18\r\n',37,7,2,7,61,0,0,NULL,0,28,1,0.0000,0,NULL,'2021-02-09 19:11:01',0,NULL,0,'0',NULL,0),(20,1,0,'ART6411-BQ',NULL,'14Y30J0B806411','','','',0,12,'2023-04-24 11:22:24','\r\n',15,10,2,3,27,0,0,NULL,0,12,3,0.0000,0,NULL,'2021-02-11 15:12:57',0,NULL,0,'0',NULL,0),(21,1,0,'AMINE07',NULL,'','','','',0,0,'2023-06-08 15:27:01','CALLE 110 # 12 F 29 PISO 1\r\nIP Publica: 181.57.149.177                 \r\nIP: 192.168.32.1\r\nMask: 255.255.255.0\r\nGateway: 192.168.32.1\r\nDNS : 200.13.249.101                                       \r\n           200.13.224.254                                       \r\n           190.157.8.33                                       \r\n            200.14.207.210\r\n\r\nSSID: Arintia\r\nContraseña: Arintia2022* \r\n ',15,3,1,6,55,0,0,NULL,413,12,1,0.0000,0,NULL,'2021-02-15 19:14:14',0,NULL,0,'0',NULL,0),(22,0,0,'Canal-Zipaquira',NULL,'','','','',0,28,'2023-04-24 11:22:24','IP Publica:\r\nIP: 181.49.233.141\r\nMask: \r\nGateway: 181.49.233.142\r\nDNS 1: 190.157.8.33\r\nDNS 2: 200.14.207.210',45,0,1,8,55,1,0,NULL,0,0,1,0.0000,0,NULL,'2021-02-16 17:07:08',0,NULL,0,'0',NULL,0),(23,1,0,'ARTZIP-ZP',NULL,'','','','',0,28,'2023-04-24 11:22:24','Controlador Ubiquiti\r\nUsuario: admin\r\nContraseña: P4ssw0rd.997788\r\n\r\nSSID: Wifi_Arintia\r\nContraseña: @r1ntiA44+\r\n\r\nBackup\r\nSSID: Wifi_Invitados\r\nContraseña: @r1ntiA21*\r\n\r\nIP: 192.168.13.11\r\nMac: fc:ec:da:68:0e:29',45,0,2,9,67,0,0,NULL,0,0,1,0.0000,0,NULL,'2021-02-16 17:35:02',0,NULL,0,'0',NULL,0),(24,1,0,'ARTFAW-MO',NULL,'','','','',0,28,'2023-04-24 11:22:24','Controlador Ubiquiti\r\nUsuario: admin\r\nContraseña: P4ssw0rd.997788\r\n\r\nSSID: Arintia_Faw\r\nContraseña: @r1ntiA20*\r\n\r\nIP: 192.168.10.138\r\nMac: 74:83:c2:c9:55:57\r\n\r\nIP: 192.168.10.140\r\nMac: 74:83:c2:c9:56:5a',41,1,2,10,67,0,0,NULL,0,12,1,0.0000,0,NULL,'2021-02-16 17:46:52',0,NULL,0,'0',NULL,0),(25,1,0,'ART0317-BC',NULL,'22091X8003217','','','',0,13,'2023-04-27 22:19:30','EAP245\r\n\r\nUsuario: Administrador\r\nUsuario: Adm1nAP20+\r\nhttp://192.168.21.13\r\n\r\nWifi: wifi_arintia\r\nContraseña: @r1ntiA20*',8,0,2,7,61,0,0,NULL,0,0,1,0.0000,0,NULL,'2021-02-18 20:52:26',0,NULL,0,'0',NULL,0),(26,1,0,'ART0392-BC',NULL,' 220C4R0000392','','','',0,62,'2023-06-08 16:26:23','Usuario: admin\r\nClave: Adm1nAP20+\r\nIP Lan: 192.168.21.10:9443\r\nIP_WAN: 181.129.190.211	\r\nMAS: 255.255.255.248	\r\nGW: 181.129.190.209	\r\nDNS1: 200.13.249.101	\r\nDNS2: 200.13.224.254\r\n---------------------------------------------------------------\r\n-ip:190.85.166.202\r\ngw:190.85.166.201\r\nDNS:190.157.8.33\r\n        200.14.207.210\r\nMAS:255.255.255.252\r\n',10,2,4,11,61,0,0,NULL,0,62,1,0.0000,0,NULL,'2021-02-18 21:45:05',0,NULL,0,'0',NULL,0),(27,1,0,'ART1545A-MD',NULL,'6545A-UAP','','','',0,13,'2023-04-27 22:19:30','SSID: Wifi_Arintia\r\nContraseña: @r1ntiA44+\r\n\r\nip: 192.168.30.86\r\nmac: 44:d9:e7:7a:b6:39\r\n',0,4,2,10,67,0,0,NULL,368,0,1,0.0000,0,NULL,'2021-03-09 18:21:12',0,NULL,0,'0',NULL,0),(28,1,0,'17872141',NULL,'','','','',0,0,'2023-04-27 22:19:30','',5,1,1,5,26,1,0,NULL,0,13,1,0.0000,0,NULL,'2021-03-24 22:00:38',0,NULL,0,'0',NULL,0),(29,1,0,'100063069',NULL,'BACK-143','','','',0,0,'2023-09-26 17:28:45','CRA 18 A # 143-73 Cedritos\r\n\r\nIP	190.0.13.122, 190.0.13.123, 190.0.13.124, 190.0.13.125, 190.0.13.126\r\nMASK	255.255.255.248\r\nGATEWAY	190.0.13.121\r\nDNS1	200.13.249.101\r\nDNS2	200.13.224.254\r\n',5,1,1,5,26,0,0,NULL,0,13,2,0.0000,0,NULL,'2021-04-28 13:50:04',0,NULL,0,'0',NULL,0),(30,1,0,'AMINE05',NULL,'','','','',0,0,'2023-04-24 11:22:24','CALLE 11 # 37 - 84 PISO 1 // ZIPAQUIRA\r\n\r\nIP Publica:\r\nIP: \r\nMask: \r\nGateway:\r\nDNS 1: \r\nDNS 2: ',45,3,1,8,55,1,0,NULL,0,12,1,0.0000,0,NULL,'2021-04-28 15:08:10',0,NULL,0,'0',NULL,0),(31,1,0,'AMINE03',NULL,'','','','',0,0,'2023-04-24 12:02:11','AV-Troncal de Occidente Km 1.5 vía Bogotá-Funza, Parque empresarial de Occidente Bodega 37\r\n\r\nIP Publica:\r\nIP: 190.145.23.254\r\nMask: 255.255.255.252\r\nGateway:190.145.23.253\r\nDNS 1: 190.157.8.33\r\nDNS 2: 200.14.207.210',41,3,1,6,55,0,0,NULL,0,12,1,0.0000,0,NULL,'2021-04-28 15:18:42',0,NULL,0,'0',NULL,0),(32,1,0,'AMINE08',NULL,'OT16169219','','','',0,28,'2023-04-24 12:02:11','Carrera 5 # 89-95 Piso 1 Barrio El Jardín\r\n\r\nIP Publica:\r\nIP: 181.49.244.112\r\nMask: 255.255.255.252\r\nGateway:181.49.244.113\r\nDNS 1: 190.157.8.33\r\nDNS 2: 200.14.207.210\r\n\r\nContraseña Wifi: @r1ntiA19*',44,8,1,6,55,0,0,NULL,0,0,1,0.0000,0,NULL,'2021-05-11 17:43:55',0,NULL,0,'0',NULL,0),(33,1,0,'ARTZFNW-BC',NULL,'U4ZFNW','','','',0,28,'2023-04-24 12:02:11','WIFI ARINTIA\r\nCLAVE:@r1ntiA44+',48,6,2,12,67,0,0,NULL,0,28,1,0.0000,0,NULL,'2021-06-02 17:26:18',0,NULL,0,'0',NULL,0),(34,1,0,'ARTZCBF-BC',NULL,'KVZCBF','','','',0,28,'2023-04-24 12:02:11','WIFI ARINTIA\r\nCLAVE:@r1ntiA44+',48,6,2,12,67,0,0,NULL,0,28,1,0.0000,0,NULL,'2021-06-02 17:29:13',0,NULL,0,'0',NULL,0),(35,1,0,'ARTD714-BC',NULL,'74ACB95BD714','','','',0,28,'2023-04-24 12:02:11','',48,6,3,13,67,0,0,NULL,0,28,1,0.0000,0,NULL,'2021-06-02 19:02:41',0,NULL,0,'0',NULL,0),(36,1,0,'ART1A78-BC',NULL,'E063DAC11A78','','','',0,28,'2023-04-24 12:02:11','',48,6,3,13,67,0,0,NULL,0,28,1,0.0000,0,NULL,'2021-06-02 19:05:04',0,NULL,0,'0',NULL,0),(37,1,0,'ARTD9E1-BC',NULL,'74ACB95BD9E1','','','',0,28,'2023-04-24 12:02:11','',48,6,3,13,67,0,0,NULL,0,28,1,0.0000,0,NULL,'2021-06-02 19:14:44',0,NULL,0,'0',NULL,0),(38,1,0,'213678826',NULL,'','','','',0,62,'2023-04-27 18:58:04','CL 51 CR 41-113 Canal 120 MB.\r\n\r\nIP: 181.205.30.226 - (227, 228, 229)\r\nMASCARA: 255.255.255.248\r\nGW: 181.205.30.225\r\nDNS: 200.13.249.101\r\n200.13.224.254',2,4,8,5,26,0,0,NULL,0,62,1,0.0000,0,NULL,'2021-08-30 20:19:43',0,NULL,0,'0',NULL,0),(39,1,0,'ART69D2-BC',NULL,'68D79A5B69D2','','','',0,28,'2023-04-24 12:02:11','switch POE camaras planta',48,6,3,14,67,0,0,NULL,0,28,1,0.0000,0,NULL,'2021-09-03 14:15:43',0,NULL,0,'0',NULL,0),(40,1,0,'ART56E5-BC',NULL,'68D79A5B56E5','','','',0,28,'2023-04-24 12:02:11','switch POE camaras planta',48,6,3,14,67,0,0,NULL,0,28,1,0.0000,0,NULL,'2021-09-03 14:36:58',0,NULL,0,'0',NULL,0),(41,1,0,'ART5DBB1-BC',NULL,'2028G74ACB9A5DBB1','','','',0,62,'2023-04-24 12:02:11','Usuario: ubnt\r\nClave: @dm1nFWUQ44+\r\nIP Lan: 192.168.22.10\r\nWAN: https://190.145.117.250:443	\r\n\r\nIP Publica MCP Bucaramanga\r\n190.145.117.250\r\n255.255.255.252\r\n190.145.117.249\r\n',48,0,4,15,67,0,0,NULL,0,62,1,0.0000,0,NULL,'2021-09-15 13:17:38',0,NULL,0,'0',NULL,0),(42,1,0,'AMINE16',NULL,'','','','',0,62,'2023-04-27 18:58:04','CL 51 CR 41-113 Canal 50 MB.\r\n\r\nIP: 190.145.158.206 - (207)\r\nMASCARA: 255.255.255.252\r\nGW: 190.145.158.205\r\nDNS: 190.157.8.33\r\n200.14.207.210',2,0,1,8,55,0,0,NULL,0,62,1,0.0000,0,NULL,'2021-09-16 16:47:22',0,NULL,0,'0',NULL,0),(43,1,0,'AMINE11',NULL,'','','','',0,28,'2023-04-24 12:02:11','kilometro 4 via parque industrial, chimita girón\r\n\r\nIP: 190.145.117.250\r\nPUERTA DE ENLACE: 190.145.117.249\r\nMASCARA SUB RED: 255.255.255.252\r\nDNS PRIMARIO: 190.157.8.33\r\nDNS SECUNDARIO 200.14.207.210 \r\n\r\n',48,8,1,6,55,0,0,NULL,0,62,1,0.0000,0,NULL,'2021-09-23 16:01:20',0,NULL,0,'0',NULL,0),(44,1,0,'AMINE14',NULL,'','','','',0,28,'2023-04-24 12:02:11','BUCARAMANGA//VIA GIRON KILOMETRO 4, 2 ETAPA, MANZANA G,BODEGA 2A PISO 1 ZONA INDUSTRIAL CHIMITA\r\n\r\nIP:190.85.166.202\r\nGW:190.85.166.201\r\nDNS:190.157.8.33\r\n        200.14.207.210\r\nMAS:255.255.255.252',10,8,1,6,55,0,0,NULL,0,0,1,0.0000,0,NULL,'2021-09-23 16:05:15',0,NULL,0,'0',NULL,0),(45,1,0,'AMINE19',NULL,'','OT17061634','','',0,28,'2023-04-24 12:02:11','Canal Backup Fontibon\r\nDirección: CR 116 19A-50 BODEGA 3\r\nIP Publica:190.145.123.144/30\r\nMascara:255.255.255.252\r\nIP Puerta Enlace:190.145.123.145/30\r\nDNS Primario:190.157.8.33                                                 \r\nDNS Secundario: 200.14.207.210                                                             \r\n',38,1,1,8,55,0,0,NULL,0,0,1,0.0000,0,NULL,'2021-09-23 18:39:03',0,NULL,0,'0',NULL,0),(46,1,0,'BKFONT',NULL,'','','','',0,28,'2023-03-13 20:48:57','IP Puerta Enlace:                       190.145.123.145/30\r\nIPs Disponibles Cliente:                190.145.123.146/30  \r\nMascara de red:                         255.255.255.252\r\nDNS Primario: 				190.157.8.33\r\nDNS Secundario:				200.14.207.210',38,0,1,0,55,1,0,NULL,0,0,1,0.0000,0,NULL,'2021-10-29 20:09:33',0,NULL,0,'0',NULL,0),(47,1,0,'AMINE21',NULL,'','OT 17233710','','',0,28,'2023-04-24 12:02:11','CARRERA 51 A # 12B SUR 81 PISO 1\r\n\r\nIP: 181.49.124.86\r\nPUERTA DE ENLACE: 181.49.124.85\r\nMASCARA SUB RED: 255.255.255.252\r\nDNS PRIMARIO: 190.157.8.33\r\nDNS SECUNDARIO 200.14.207.210 \r\n\r\n',2,1,1,8,55,0,0,NULL,0,62,2,0.0000,0,NULL,'2021-11-08 19:28:15',0,NULL,0,'0',NULL,0),(48,1,0,'ARTKQCFZ-BG',NULL,'','','','',368,0,'2023-04-24 08:21:23','Controlador Ubiquiti\r\nUsuario: admin\r\nContraseña: P4ssw0rd.997788\r\n\r\n\r\nContraseña: @r1ntiA44+\r\n',38,5,2,12,67,0,0,NULL,0,0,1,0.0000,0,NULL,'2021-11-23 20:42:07',0,NULL,0,'0',NULL,0),(49,1,0,'ARTSC4RQ-BG',NULL,'2119G245A4C162004SGC4RQ','','','',368,0,'2023-04-24 08:21:23','Usuario: Admin\r\nClave: Adm1nAP20+\r\nIP Lan: 192.168.12.10\r\nIP WAN: 201.184.124.195\r\n\r\n\r\n\r\n',38,0,4,15,67,0,0,NULL,0,0,1,0.0000,0,NULL,'2021-12-16 20:01:39',0,NULL,0,'0',NULL,0),(50,2,0,'ECO4547-BG',NULL,'14Y30J0B804547','','','',0,28,'2023-04-28 17:44:07','RED LOCAL\r\n\r\nDIRECCIÓN IP: 192.168.1.20\r\nMASCARA DE RED: 255.255.255.0\r\nCONTRASEÑA: @rint1418*\r\nDNS 1: 200.13.249.101\r\nDNS 2: 8.8.8.8\r\n______________________________________\r\nETH1: LAN\r\nETH5: WAN\r\n',37,7,4,3,27,0,0,NULL,0,28,1,0.0000,0,NULL,'2022-01-07 15:22:48',0,NULL,0,'0',NULL,0),(51,1,0,'350000084',NULL,'','','','',0,0,'2023-04-24 12:02:11','Canal internet Km 4 via zona industrial chimita girón\r\n\r\nIp:181.204.41.146-150\r\nGw:181.204.41.145\r\nMask:255.255.255.248\r\nDns:200.13.249.101--200.13.224.254',48,2,1,5,26,0,0,NULL,0,62,1,0.0000,0,NULL,'2022-02-18 19:45:39',0,NULL,0,'0',NULL,0),(52,1,0,'18716773',NULL,'2102355246DMF3001262','','','',0,12,'2023-11-01 16:32:23','AV-Troncal de Occidente Km 1.5 vía Bogotá-Funza, Parque empresarial de Occidente Bodega 37\r\n\r\nIP Publica:\r\nIP: 181.204.147.59   rango 58-62\r\nMask: 255.255.255.248\r\nGateway:181.204.147.57\r\nDNS 1: 200.13.249.101\r\nDNS 2: 200.13.224.254',41,0,1,5,26,0,0,NULL,368,12,1,0.0000,0,NULL,'2022-02-22 20:47:28',0,NULL,0,'0',NULL,0),(53,1,0,'ARTGPRO4-ME',NULL,'74:ac:b9:d6:a2:f8','','','',368,28,'2023-04-27 18:58:04','Gateway Medellín\r\nIP: 192.168.31.1\r\nUsuario: admin\r\nContraseña: efJZZTL7\r\n  \r\nCloudKey:    admin\r\ncontraseña:  P4ssw0rd.997788',2,4,4,0,67,0,0,NULL,0,28,1,0.0000,0,NULL,'2022-03-16 18:14:28',0,NULL,0,'0',NULL,0),(54,1,0,'ARTP1-ME',NULL,'','','','',368,28,'2023-04-27 18:58:04','Controlador Ubiquiti\r\nUsuario: admin\r\nContraseña: P4ssw0rd.997788\r\n\r\nSSID: Wifi_Arintia\r\nContraseña: @r1ntiA44+\r\n\r\nIP: 192.168.13.11\r\nMAC: 74:ac:b9:93:e0:6a',2,0,2,12,67,0,0,NULL,368,28,1,0.0000,0,NULL,'2022-03-16 18:22:06',0,NULL,0,'0',NULL,0),(55,1,0,'ARTP2-ME',NULL,'','','','',368,28,'2023-04-27 18:58:04','Controlador Ubiquiti\r\nUsuario: admin\r\nContraseña: P4ssw0rd.997788\r\n\r\nSSID: Wifi_Arintia\r\nContraseña: @r1ntiA44+\r\n\r\nip: 192.168.31.22\r\nmac 74:ac:b9:02:2c:a8',2,0,2,12,67,0,0,NULL,368,28,1,0.0000,0,NULL,'2022-03-16 18:24:44',0,NULL,0,'0',NULL,0),(56,15,0,'TEC24MT-BG',NULL,'CN46BX24MT','','','',0,28,'2023-04-28 17:48:31','CALLE 32A SUR #68A-41 ALQUERIA LA FRAGUA- BOGOTÁ\r\n\r\nTECHOS SAS\r\n\r\n',38,1,3,16,74,0,0,NULL,0,69,1,0.0000,0,NULL,'2022-04-25 18:25:19',0,NULL,0,'0',NULL,0),(57,15,0,'TECAA7E-BG',NULL,'8C1809ADAA7E/836/r2','','MIKROTIK','',0,28,'2023-04-28 17:48:31','CALLE 32A SUR #68A-41 ALQUERÍA LA FRAGUA, BOGOTÁ\r\n\r\nTECHOS SAS\r\n\r\nIP= 192.168.20.1\r\n',38,1,4,17,89,0,0,NULL,0,69,1,0.0000,0,NULL,'2022-04-25 18:55:27',0,NULL,0,'0',NULL,0),(58,15,0,'TECCDB0-BG',NULL,'21AWL8KD7056CDB0','','','',0,28,'2023-04-28 17:48:31','CALLE 32A SUR #68A-41 ALQUERIA LA FRAGUA- BOGOTÁ\r\n\r\nTECHOS SAS',38,1,4,18,87,0,0,NULL,0,69,1,0.0000,0,NULL,'2022-04-26 15:54:33',0,NULL,0,'0',NULL,0),(59,15,0,'TEC7551-BG',NULL,'','','','',0,28,'2023-09-26 17:44:55','CALLE 32A SUR #68A-41 ALQUERÍA LA FRAGUA, BOGOTÁ\r\n\r\nTECHOS SAS',38,1,4,19,55,0,0,NULL,0,69,2,0.0000,0,NULL,'2022-04-26 21:34:21',0,NULL,0,'0',NULL,0),(60,15,0,'TEC0456-BG',NULL,'100504002701S11628S00456','','','',0,28,'2023-04-28 17:48:31','CALLE 32A SUR #68A-41 ALQUERIA LA FRAGUA- BOGOTÁ\r\n\r\nTECHOS SAS\r\n',38,1,3,20,91,0,0,NULL,0,69,1,0.0000,0,NULL,'2022-04-26 21:42:09',0,NULL,0,'0',NULL,0),(61,15,0,'TEC039U-BG',NULL,'GMK1801039U','','','',0,28,'2023-04-28 17:48:31','CALLE 32A SUR #68A-41 ALQUERIA LA FRAGUA- BOGOTÁ\r\n\r\nTECHOS SAS\r\n',38,1,4,21,92,0,0,NULL,0,69,1,0.0000,0,NULL,'2022-04-26 22:03:01',0,NULL,0,'0',NULL,0),(62,15,0,'TEC07TH-BG',NULL,'2M295107TH','','','',0,28,'2023-04-28 17:48:31','CALLE 32A SUR #68A-41 ALQUERIA LA FRAGUA- BOGOTÁ\r\n\r\nTECHOS SAS\r\n\r\nUsuario: Administrator\r\nDNS:     ILO2M295107TH\r\nPassword:   PLNVPQY5',38,1,5,22,74,0,0,NULL,0,69,1,0.0000,0,NULL,'2022-04-27 15:40:29',0,NULL,0,'0',NULL,0),(63,15,0,'TEC0483-BG',NULL,'500110108492E5200483','','','',0,28,'2023-04-28 17:48:31','CALLE 32A SUR #68A-41 ALQUERIA LA FRAGUA- BOGOTÁ\r\n\r\nTECHOS SAS\r\n',38,1,7,24,94,0,0,NULL,0,69,1,0.0000,0,NULL,'2022-04-27 16:43:48',0,NULL,0,'0',NULL,0),(64,1,0,'ART1824-MO',NULL,'Q219F01824','','','',368,13,'2022-04-27 16:45:51','\r\nNombre Host: ART-NAS-BK\r\nIp Local: http://192.168.10.236:8080/cgi-bin/\r\nUsuario: Admin\r\nContraseña: Adm1nPC44$\r\n \r\nAcceso WinSCP: Protocolo: FTP     Cifrado: TLS/SSL explícito \r\n                            Ip: 190.145.23.254       Puerto: 2121\r\n\r\n ',41,9,6,23,93,0,0,NULL,368,13,1,0.0000,0,NULL,'2022-04-27 16:45:51',0,NULL,0,'0',NULL,0),(65,15,0,'TEC0234-BG',NULL,'','83311606100234','','',0,28,'2023-04-28 17:48:31','CALLE 32A SUR #68A-41 ALQUERIA LA FRAGUA- BOGOTÁ\r\n\r\nTECHOS SAS\r\n',38,1,7,25,95,0,0,NULL,0,69,1,0.0000,0,NULL,'2022-04-27 20:38:15',0,NULL,0,'0',NULL,0),(66,15,0,'TEC0290-BG',NULL,'','Q19CB20290','','',752,28,'2023-04-28 20:00:08','Nombre Host: \r\nIP Local: http://192.168.11.146:8080/cgi-bin/\r\nUsuario: adminTI\r\nContraseña: N4sAdTe44$\r\n\r\n',5,0,6,26,93,0,0,NULL,752,13,1,0.0000,0,NULL,'2022-04-29 18:54:47',0,NULL,0,'0',NULL,0),(67,2,0,'ECO2151-BG',NULL,'2151291000005','','','',0,28,'2023-04-28 17:44:07','HOTS:\r\nIP: 192.168.1.146\r\nMASCARA: 255.255.255.0\r\nUSUARIO: admin\r\nCONTRASEÑA: Adm1nAP20\r\n\r\nRED WIFI: WifiP_Ecology\r\nPASSWORD: 3c0l0gycol18',37,7,2,35,61,0,0,NULL,0,28,1,0.0000,0,NULL,'2022-05-02 18:04:30',0,NULL,0,'0',NULL,0),(68,2,0,'18251194',NULL,'48575443FB9420A4','','','',0,28,'2023-08-31 20:53:06','PROVEEDOR GPON\r\n\r\nDIRECCIÓN IP PROVEEDOR: 201.184.63.186\r\nMASCARA DE RED: 255.255.255.248\r\nPUERTA DE ENLACE: 201.184.63.185\r\nCONTRASEÑA: @rint1418*\r\n',37,0,1,6,26,0,0,NULL,0,28,2,0.0000,0,NULL,'2022-05-02 18:07:20',0,NULL,0,'0',NULL,0),(69,1,0,'ART289E-MQ',NULL,'2119G245A4C16289E','','','',368,12,'2023-01-31 13:06:53','Usuario: Admin\r\nClave: Adm1nAP20+\r\nIP Lan: 192.168.10.10\r\n\r\n\r\n',41,10,4,15,67,0,0,NULL,0,12,3,0.0000,0,NULL,'2022-05-19 17:09:31',0,NULL,0,'0',NULL,0),(70,0,0,'ELCMUR2879-BG',NULL,'5A1904682879/446','','','',0,28,'2023-05-04 22:20:56','(Router Principal)\r\nUsuario: adminTI\r\nClave:@dm1nTI2022*+*\r\n_______________________\r\nIP_WAN: 181.49.60.50/29\r\nGW: 181.49.60.48\r\n_______________________\r\nIP LAN: 10.0.0.1/24\r\nMASK: 255.255.255.0\r\n_________________________\r\nETH1: 181.49.60.50\r\nETH5: 10.0.0.1\r\n___________________________\r\nSEGMENTO DE RED:\r\n10.0.0.0/24\r\n10.0.0.1 - 10.0.0.29      (IP`S FUERA DEL DHCP)\r\n10.0.0.30 - 10.0.0.099  (IP`S PARA VPN)\r\n10.0.0.100 - 10.0.0.250  (DHCP)\r\n',56,0,4,28,100,0,0,NULL,0,0,1,0.0000,0,NULL,'2022-06-06 15:00:12',0,NULL,0,'0',NULL,0),(71,0,0,'ELCMUR00WZ-BG',NULL,'DNI215200WZ','','','',0,28,'2023-05-05 00:35:36','',56,0,3,29,92,0,0,NULL,0,65,3,0.0000,0,NULL,'2022-06-06 15:07:47',0,NULL,0,'0',NULL,0),(72,0,0,'ELCMUR0146-BG',NULL,'QBI21E1000146','','','',0,28,'2023-05-05 00:35:36','',56,0,3,30,101,0,0,NULL,0,65,1,0.0000,0,NULL,'2022-06-06 15:16:45',0,NULL,0,'0',NULL,0),(73,0,0,'ELCMUR0148-BG',NULL,'QBI21E1000148','','','',0,28,'2023-05-05 00:35:36','',56,0,3,30,101,0,0,NULL,0,65,1,0.0000,0,NULL,'2022-06-06 15:19:29',0,NULL,0,'0',NULL,0),(74,0,0,'ELCMUR0145-BG',NULL,'QBI21E1000145','','','',0,28,'2023-05-05 00:35:36','',56,0,3,30,101,0,0,NULL,0,65,1,0.0000,0,NULL,'2022-06-06 15:22:54',0,NULL,0,'0',NULL,0),(75,0,0,'ELCMUR00B5-BG',NULL,'5582041900B5/445','','','',0,28,'2023-05-04 22:20:56','\r\n ',56,0,2,31,100,0,0,NULL,0,0,3,0.0000,0,NULL,'2022-06-06 21:58:03',0,NULL,0,'0',NULL,0),(76,0,0,'ELCMURDE31-BG',NULL,'558204A9DE31/443','','','',0,28,'2023-05-04 22:20:56','(Primer piso Recepción)\r\nSSID: WIFIEM\r\nPW: 3mW1f144$\r\n_____________________________\r\nIP: 10.0.0.11\r\nUsuario: admin\r\nContraseña:Elc0@dm1nTI44$\r\n_____________________________\r\nGW: 10.0.0.1\r\nMASK:255.255.255.0/24',56,0,2,31,100,0,0,NULL,0,0,1,0.0000,0,NULL,'2022-06-06 22:00:30',0,NULL,0,'0',NULL,0),(77,0,0,'ELCMUR7E5D-BG',NULL,'558204327E5D/443','','','',0,28,'2023-05-04 22:20:56','(SOTANO CONTABILIDAD)\r\nSSID: WIFIEM\r\nPW: 3mW1f144$\r\n_____________________________\r\nIP: 10.0.0.10\r\nUsuario: admin\r\nContraseña:Elc0@dm1nTI44$\r\n_____________________________\r\nGW: 10.0.0.1\r\nMASK:255.255.255.0/24\r\n\r\n',56,0,2,31,100,0,0,NULL,0,0,1,0.0000,0,NULL,'2022-06-06 22:02:08',0,NULL,0,'0',NULL,0),(78,0,0,'ELCMURBD15-BG',NULL,'55820469BD15/443','','','',0,28,'2023-05-04 22:20:56','(TERCER PISO INGENIERIA)\r\nSSID: WIFIEM\r\nPW: 3mW1f144$\r\n_____________________________\r\nIP: 10.0.0.13\r\nUsuario: admin\r\nContraseña:Elc0@dm1nTI44$\r\n_____________________________\r\nGW: 10.0.0.1\r\nMASK:255.255.255.0/24',56,0,2,31,100,0,0,NULL,0,0,1,0.0000,0,NULL,'2022-06-06 22:04:03',0,NULL,0,'0',NULL,0),(79,0,0,'ELCMUR6205-BG',NULL,'558204036205/443','','','',0,28,'2023-05-04 22:20:56','(TERCER PISO SALA DE JUNTAS)\r\nSSID: WIFIEM\r\nPW: 3mW1f144$\r\n_____________________________\r\nIP: 10.0.0.12\r\nUsuario: admin\r\nContraseña:Elc0@dm1nTI44$\r\n_____________________________\r\nGW: 10.0.0.1\r\nMASK:255.255.255.0/24',56,0,2,31,100,0,0,NULL,0,0,1,0.0000,0,NULL,'2022-06-06 22:05:21',0,NULL,0,'0',NULL,0),(80,0,0,'ELCMUR219D-BG',NULL,'5582044E219D/443','','','',0,28,'2023-05-04 22:20:56','(PENDIENTE ACCESOS)',56,0,2,31,100,0,0,NULL,0,0,3,0.0000,0,NULL,'2022-06-06 22:07:38',0,NULL,0,'0',NULL,0),(81,0,0,'ELCMURC66B-BG',NULL,'55820425C66B/443','','','',0,28,'2023-05-04 22:20:56','(PRIMER PISO SALA DE JUNTAS)\r\nSSID: WIFIEM\r\nPW: 3mW1f144$\r\n_____________________________\r\nIP: 10.0.0.14\r\nUsuario: admin\r\nContraseña:Elc0@dm1nTI44$\r\n_____________________________\r\nGW: 10.0.0.1\r\nMASK:255.255.255.0/24',56,0,2,31,100,0,0,NULL,0,0,1,0.0000,0,NULL,'2022-06-06 22:09:07',0,NULL,0,'0',NULL,0),(82,0,0,'11827269',NULL,'','','','',0,28,'2023-05-05 00:39:33','\r\n_______________________\r\nIP Publica: 181.49.60.50\r\nMask: 255.255.255.248 (/29)\r\nGateway: 181.49.60.49\r\nDNS 1: \r\nDNS 2: ',56,0,1,33,55,0,0,NULL,0,64,1,0.0000,0,NULL,'2022-06-09 22:18:26',0,NULL,0,'0',NULL,0),(83,0,0,'TEC9918-BG',NULL,'2184654009918','','','',0,28,'2023-04-24 10:14:15','Usuario: AdminTI\r\nUsuario: Adm1nAP20+\r\nhttp://192.168.20.5\r\n_______________\r\nSSID: wifi_techos\r\nClave: T3ch0s@22+\r\n\r\nDHCP: 192.168.20.100 - 190/24',38,11,2,34,61,0,0,NULL,0,0,1,0.0000,0,NULL,'2022-06-14 19:24:50',0,NULL,0,'0',NULL,0),(84,2,0,'17756462',NULL,'48575443FB9420A4','','','',0,28,'2023-04-28 17:44:07','PROVEEDOR\r\n\r\nD* CR 25 A CL 1 A SUR -45 (INTERIOR 301 )\r\nBarrio Unico\r\n30 MB',2,0,1,37,26,0,0,NULL,0,28,1,0.0000,0,NULL,'2022-08-19 21:33:11',0,NULL,0,'0',NULL,0),(85,1,0,'AMINE18',NULL,'','OT17061634','','',0,28,'2023-10-17 18:55:51','Canal Backup Cedritos\r\n\r\nIP: 190.145.156.10\r\nPUERTA DE ENLACE: 190.145.156.9\r\nMASCARA SUB RED: 255.255.255.252\r\nDNS PRIMARIO: 190.157.8.33\r\nDNS SECUNDARIO 200.14.207.210 \r\n                                                          \r\n',5,1,1,8,55,0,0,NULL,0,13,2,0.0000,0,NULL,'2022-08-25 15:00:45',0,NULL,0,'0',NULL,0),(86,2,0,'101091968',NULL,'48575443FB9420A4','','','',0,28,'2023-04-24 12:02:11','Datacenter Tigo Une Siberia \r\n\r\nServicios DC World Office.',5,0,5,37,26,1,0,NULL,0,28,1,0.0000,0,NULL,'2022-08-25 19:13:10',0,NULL,0,'0',NULL,0),(87,1,0,'101091968',NULL,'','','','',0,13,'2023-04-24 12:02:11','Datacenter Siberia \r\n\r\nServicios DC World Office\r\n',5,1,5,38,26,0,0,NULL,0,13,1,0.0000,0,NULL,'2022-08-25 19:21:02',0,NULL,0,'0',NULL,0),(88,1,0,'ART1C58-BC',NULL,'70A741D61C58','','','',0,28,'2023-04-24 12:02:11','WIFI ARINTIA\r\nCLAVE:@r1ntiA44+',48,6,2,39,67,0,0,NULL,0,28,1,0.0000,0,NULL,'2022-11-09 19:26:18',0,NULL,0,'0',NULL,0),(89,1,1,'ARTDF1D-MQ',NULL,'','','','',368,12,'2023-02-15 20:52:44','',41,9,2,10,67,0,0,NULL,0,0,1,0.0000,0,NULL,'2023-02-15 20:51:48',0,NULL,0,'0',NULL,0),(90,2,0,'8EE711A7',NULL,'485754438EE711A7','','','',368,34,'2023-08-31 21:16:52','Internet Paseo del Rio\r\n\r\nPOOL ASIGNADO: 201.184.51.90-94\r\nMASCARA: 255.255.255.248\r\nGATEWAY: 201.184.51.89\r\nSERVIDOR DNS: 200.13.249.101 - 200.13.224.254',37,7,1,8,26,0,0,NULL,0,34,1,0.0000,0,NULL,'2023-08-31 21:15:24',0,NULL,0,'0',NULL,0),(91,0,1,'48575443',NULL,'48575443CEB6F5A3','','','',368,0,'2023-09-26 17:43:04','Dirección: CLL 165 # 45-65  PISO 12\r\n\r\nIP	201.184.87.10-14\r\nMASK	255.255.255.248\r\nGATEWAY	201.184.87.9\r\nDNS1	200.13.249.101\r\nDNS2	200.13.224.254\r\n\r\nSERVICIO  DE 500 MB\r\n\r\n',119,1,1,0,26,0,0,NULL,0,0,1,0.0000,0,NULL,'2023-09-26 17:41:56',0,NULL,0,'0',NULL,0);

--
-- Table structure for table `glpi_networkequipmenttypes`
--

CREATE TABLE `glpi_networkequipmenttypes` (
  `id` int unsigned NOT NULL AUTO_INCREMENT,
  `name` varchar(255) CHARACTER SET utf8mb4 COLLATE utf8mb4_unicode_ci DEFAULT NULL,
  `comment` mediumtext CHARACTER SET utf8mb4 COLLATE utf8mb4_unicode_ci,
  `date_mod` timestamp NULL DEFAULT NULL,
  `date_creation` timestamp NULL DEFAULT NULL,
  PRIMARY KEY (`id`),
  KEY `name` (`name`),
  KEY `date_mod` (`date_mod`),
  KEY `date_creation` (`date_creation`)
) ENGINE=InnoDB AUTO_INCREMENT=9 DEFAULT CHARSET=utf8mb4 COLLATE=utf8mb4_unicode_ci;

--
-- Dumping data for table `glpi_networkequipmenttypes`
--

INSERT INTO `glpi_networkequipmenttypes` VALUES (1,'Internet_FOBA','Internet Banda Ancha en Fibra','2022-08-31 16:57:38','2020-03-11 21:49:09'),(2,'Acces Point','','2020-03-11 21:59:45','2020-03-11 21:59:45'),(3,'switch','','2020-03-11 22:03:07','2020-03-11 22:03:07'),(4,'Router','','2021-02-18 21:06:58','2021-02-18 21:06:58'),(5,'Internet_MPLS','Internet Dedicado DC','2022-08-31 16:57:01','2022-04-27 15:36:32'),(6,'Nas','','2022-04-27 16:36:00','2022-04-27 16:36:00'),(7,'UPS','','2022-04-27 16:42:00','2022-04-27 16:42:00'),(8,'Internet_Gpon','','2023-02-03 20:00:46','2023-02-03 20:00:46');

--
-- Table structure for table `glpi_networkinterfaces`
--

CREATE TABLE `glpi_networkinterfaces` (
  `id` int unsigned NOT NULL AUTO_INCREMENT,
  `name` varchar(255) CHARACTER SET utf8mb4 COLLATE utf8mb4_unicode_ci DEFAULT NULL,
  `comment` mediumtext CHARACTER SET utf8mb4 COLLATE utf8mb4_unicode_ci,
  PRIMARY KEY (`id`),
  KEY `name` (`name`)
) ENGINE=InnoDB DEFAULT CHARSET=utf8mb4 COLLATE=utf8mb4_unicode_ci;

--
-- Dumping data for table `glpi_networkinterfaces`
--


--
-- Table structure for table `glpi_networknames`
--

CREATE TABLE `glpi_networknames` (
  `id` int unsigned NOT NULL AUTO_INCREMENT,
  `entities_id` int unsigned NOT NULL DEFAULT '0',
  `items_id` int unsigned NOT NULL DEFAULT '0',
  `itemtype` varchar(100) CHARACTER SET utf8mb4 COLLATE utf8mb4_unicode_ci NOT NULL,
  `name` varchar(255) CHARACTER SET utf8mb4 COLLATE utf8mb4_unicode_ci DEFAULT NULL,
  `comment` mediumtext CHARACTER SET utf8mb4 COLLATE utf8mb4_unicode_ci,
  `fqdns_id` int unsigned NOT NULL DEFAULT '0',
  `ipnetworks_id` int unsigned NOT NULL DEFAULT '0',
  `is_deleted` tinyint(1) NOT NULL DEFAULT '0',
  `is_dynamic` tinyint(1) NOT NULL DEFAULT '0',
  `date_mod` timestamp NULL DEFAULT NULL,
  `date_creation` timestamp NULL DEFAULT NULL,
  PRIMARY KEY (`id`),
  KEY `entities_id` (`entities_id`),
  KEY `FQDN` (`name`,`fqdns_id`),
  KEY `fqdns_id` (`fqdns_id`),
  KEY `is_deleted` (`is_deleted`),
  KEY `is_dynamic` (`is_dynamic`),
  KEY `item` (`itemtype`,`items_id`,`is_deleted`),
  KEY `date_mod` (`date_mod`),
  KEY `date_creation` (`date_creation`),
  KEY `ipnetworks_id` (`ipnetworks_id`)
) ENGINE=InnoDB AUTO_INCREMENT=6181 DEFAULT CHARSET=utf8mb4 COLLATE=utf8mb4_unicode_ci;

--
-- Dumping data for table `glpi_networknames`
--

INSERT INTO `glpi_networknames` VALUES (1,0,1,'NetworkPort','ocs-inventory-ng',NULL,0,0,0,1,'2021-04-20 19:53:36','2020-03-11 03:43:05'),(2,0,2,'NetworkPort','ocs-inventory-ng',NULL,0,0,0,1,'2021-04-20 19:53:36','2020-03-11 03:43:05'),(3,0,3,'NetworkPort','ocs-inventory-ng',NULL,0,0,0,1,'2021-03-10 20:27:00','2020-03-11 03:43:15'),(4,0,4,'NetworkPort','ocs-inventory-ng',NULL,0,0,0,1,'2021-03-10 20:27:00','2020-03-11 03:43:15'),(5,0,5,'NetworkPort','ocs-inventory-ng',NULL,0,0,0,1,'2021-03-10 20:27:00','2020-03-11 03:43:15'),(7,0,7,'NetworkPort','ocs-inventory-ng',NULL,0,0,0,1,'2021-03-10 20:27:00','2020-03-11 03:43:15'),(8,0,8,'NetworkPort','ocs-inventory-ng',NULL,0,0,0,1,'2021-03-10 20:27:00','2020-03-11 03:43:15'),(9,21,9,'NetworkPort','ocs-inventory-ng',NULL,0,0,0,1,'2023-07-02 19:20:39','2020-03-11 03:43:25'),(11,21,11,'NetworkPort','ocs-inventory-ng',NULL,0,0,0,1,'2023-07-02 19:20:39','2020-03-11 03:43:25'),(13,21,13,'NetworkPort','ocs-inventory-ng',NULL,0,0,0,1,'2023-07-02 19:20:39','2020-03-11 03:43:25'),(14,21,14,'NetworkPort','ocs-inventory-ng',NULL,0,0,0,1,'2023-07-02 19:20:39','2020-03-11 03:43:25'),(15,0,15,'NetworkPort','ocs-inventory-ng',NULL,0,0,0,1,'2021-03-10 20:37:11','2020-03-11 03:43:36'),(16,0,16,'NetworkPort','ocs-inventory-ng',NULL,0,0,0,1,'2021-03-10 20:37:11','2020-03-11 03:43:36'),(17,0,17,'NetworkPort','ocs-inventory-ng',NULL,0,0,0,1,'2021-03-10 20:37:11','2020-03-11 03:43:36'),(18,0,18,'NetworkPort','ocs-inventory-ng',NULL,0,0,0,1,'2021-03-10 20:37:11','2020-03-11 03:43:36'),(19,0,19,'NetworkPort','ocs-inventory-ng',NULL,0,0,0,1,'2021-04-20 19:53:36','2020-03-11 03:43:47'),(20,0,20,'NetworkPort','ocs-inventory-ng',NULL,0,0,0,1,'2021-04-20 19:53:36','2020-03-11 03:43:47'),(21,1,21,'NetworkPort','ocs-inventory-ng',NULL,0,0,0,1,'2021-03-10 20:29:26','2020-03-11 03:43:55'),(22,1,22,'NetworkPort','ocs-inventory-ng',NULL,0,0,0,1,'2021-03-10 20:29:26','2020-03-11 03:43:55'),(23,2,23,'NetworkPort','ocs-inventory-ng',NULL,0,0,0,1,'2021-04-13 16:24:07','2020-03-11 03:44:01'),(24,2,24,'NetworkPort','ocs-inventory-ng',NULL,0,0,0,1,'2021-04-13 16:24:07','2020-03-11 03:44:01'),(25,21,25,'NetworkPort','ocs-inventory-ng',NULL,0,0,0,1,'2023-07-02 19:23:55','2020-03-11 03:44:12'),(26,21,26,'NetworkPort','ocs-inventory-ng',NULL,0,0,0,1,'2023-07-02 19:23:55','2020-03-11 03:44:12'),(27,21,27,'NetworkPort','ocs-inventory-ng',NULL,0,0,0,1,'2023-07-02 19:23:55','2020-03-11 03:44:12'),(31,21,31,'NetworkPort','ocs-inventory-ng',NULL,0,0,0,1,'2023-07-02 01:53:35','2020-03-11 03:44:22'),(32,21,32,'NetworkPort','ocs-inventory-ng',NULL,0,0,0,1,'2023-07-02 01:53:35','2020-03-11 03:44:22'),(33,2,33,'NetworkPort','ocs-inventory-ng',NULL,0,0,0,1,'2020-06-25 15:41:55','2020-03-11 03:44:30'),(34,15,34,'NetworkPort','ocs-inventory-ng',NULL,0,0,0,1,'2023-07-03 02:12:52','2020-03-11 03:44:38'),(35,15,35,'NetworkPort','ocs-inventory-ng',NULL,0,0,0,1,'2023-07-03 02:12:52','2020-03-11 03:44:38'),(36,15,36,'NetworkPort','ocs-inventory-ng',NULL,0,0,0,1,'2023-07-03 02:12:52','2020-03-11 03:44:38'),(37,15,37,'NetworkPort','ocs-inventory-ng',NULL,0,0,0,1,'2023-07-03 02:12:52','2020-03-11 03:44:38'),(38,15,38,'NetworkPort','ocs-inventory-ng',NULL,0,0,0,1,'2023-07-03 02:12:52','2020-03-11 03:44:38'),(39,1,39,'NetworkPort','ocs-inventory-ng',NULL,0,0,0,1,'2021-03-10 20:55:05','2020-03-11 03:44:46'),(40,1,40,'NetworkPort','ocs-inventory-ng',NULL,0,0,0,1,'2021-03-10 20:55:05','2020-03-11 03:44:46'),(41,1,41,'NetworkPort','ocs-inventory-ng',NULL,0,0,0,1,'2021-03-10 20:55:05','2020-03-11 03:44:46'),(42,1,42,'NetworkPort','ocs-inventory-ng',NULL,0,0,0,1,'2021-03-10 20:55:05','2020-03-11 03:44:46'),(43,1,43,'NetworkPort','ocs-inventory-ng',NULL,0,0,0,1,'2021-03-10 20:55:05','2020-03-11 03:44:46'),(44,1,44,'NetworkPort','ocs-inventory-ng',NULL,0,0,0,1,'2020-06-25 15:40:12','2020-03-11 03:44:56'),(45,1,45,'NetworkPort','ocs-inventory-ng',NULL,0,0,0,1,'2020-06-25 15:40:13','2020-03-11 03:44:56'),(46,1,46,'NetworkPort','ocs-inventory-ng',NULL,0,0,0,1,'2020-06-25 15:40:12','2020-03-11 03:44:56'),(47,1,47,'NetworkPort','ocs-inventory-ng',NULL,0,0,0,1,'2020-06-25 15:40:13','2020-03-11 03:44:56'),(48,1,48,'NetworkPort','ocs-inventory-ng',NULL,0,0,0,1,'2020-06-25 15:40:12','2020-03-11 03:44:56'),(49,1,49,'NetworkPort','ocs-inventory-ng',NULL,0,0,0,1,'2020-06-25 15:40:13','2020-03-11 03:44:56'),(52,2,52,'NetworkPort','ocs-inventory-ng',NULL,0,0,0,1,'2021-03-10 20:46:38','2020-03-11 03:45:06'),(55,2,55,'NetworkPort','ocs-inventory-ng',NULL,0,0,0,1,'2021-03-10 20:46:38','2020-03-11 03:45:06'),(56,2,56,'NetworkPort','ocs-inventory-ng',NULL,0,0,0,1,'2021-03-10 20:30:04','2020-03-11 03:45:15'),(58,1,58,'NetworkPort','ocs-inventory-ng',NULL,0,0,0,1,'2020-06-25 15:39:57','2020-03-11 03:45:21'),(60,0,60,'NetworkPort','ocs-inventory-ng',NULL,0,0,0,1,'2021-03-10 20:54:51','2020-03-11 03:45:29'),(62,0,62,'NetworkPort','ocs-inventory-ng',NULL,0,0,0,1,'2021-03-10 20:54:51','2020-03-11 03:45:29'),(64,0,64,'NetworkPort','ocs-inventory-ng',NULL,0,0,0,1,'2021-03-10 20:54:51','2020-03-11 03:45:29'),(65,2,65,'NetworkPort','ocs-inventory-ng',NULL,0,0,0,1,'2021-03-10 20:35:20','2020-03-11 03:45:38'),(67,2,67,'NetworkPort','ocs-inventory-ng',NULL,0,0,0,1,'2021-03-10 20:35:20','2020-03-11 03:45:38'),(68,2,68,'NetworkPort','ocs-inventory-ng',NULL,0,0,0,1,'2021-03-10 20:35:20','2020-03-11 03:45:38'),(69,2,69,'NetworkPort','ocs-inventory-ng',NULL,0,0,0,1,'2021-03-10 20:35:20','2020-03-11 03:45:38'),(76,0,76,'NetworkPort','ocs-inventory-ng',NULL,0,0,0,1,'2021-02-15 23:41:23','2020-03-11 03:45:55'),(77,0,77,'NetworkPort','ocs-inventory-ng',NULL,0,0,0,1,'2021-02-15 23:41:23','2020-03-11 03:45:55'),(78,0,78,'NetworkPort','ocs-inventory-ng',NULL,0,0,0,1,'2020-03-11 03:46:07','2020-03-11 03:46:07'),(79,0,79,'NetworkPort','ocs-inventory-ng',NULL,0,0,0,1,'2020-03-11 03:46:07','2020-03-11 03:46:07'),(80,0,80,'NetworkPort','ocs-inventory-ng',NULL,0,0,0,1,'2020-03-11 03:46:07','2020-03-11 03:46:07'),(81,0,81,'NetworkPort','ocs-inventory-ng',NULL,0,0,0,1,'2020-03-11 03:46:07','2020-03-11 03:46:07'),(82,0,82,'NetworkPort','ocs-inventory-ng',NULL,0,0,0,1,'2020-03-11 03:46:07','2020-03-11 03:46:07'),(83,0,83,'NetworkPort','ocs-inventory-ng',NULL,0,0,0,1,'2020-03-11 03:46:07','2020-03-11 03:46:07'),(90,1,90,'NetworkPort','ocs-inventory-ng',NULL,0,0,0,1,'2023-09-04 15:54:42','2020-03-11 03:46:16'),(93,1,93,'NetworkPort','ocs-inventory-ng',NULL,0,0,0,1,'2023-09-04 15:54:42','2020-03-11 03:46:16'),(99,1,99,'NetworkPort','ocs-inventory-ng',NULL,0,0,0,1,'2023-09-04 15:54:42','2020-03-11 03:46:16'),(107,1,107,'NetworkPort','ocs-inventory-ng',NULL,0,0,0,1,'2021-03-10 20:37:13','2020-03-11 03:46:34'),(108,1,108,'NetworkPort','ocs-inventory-ng',NULL,0,0,0,1,'2021-03-10 20:37:13','2020-03-11 03:46:34'),(109,1,109,'NetworkPort','ocs-inventory-ng',NULL,0,0,0,1,'2021-03-10 20:37:13','2020-03-11 03:46:34'),(110,1,110,'NetworkPort','ocs-inventory-ng',NULL,0,0,0,1,'2021-03-10 20:37:13','2020-03-11 03:46:34'),(111,1,111,'NetworkPort','ocs-inventory-ng',NULL,0,0,0,1,'2021-03-10 20:37:13','2020-03-11 03:46:34'),(112,1,112,'NetworkPort','ocs-inventory-ng',NULL,0,0,0,1,'2021-03-10 20:37:13','2020-03-11 03:46:34'),(113,0,113,'NetworkPort','ocs-inventory-ng',NULL,0,0,0,1,'2021-03-10 20:55:01','2020-03-11 03:46:43'),(115,0,115,'NetworkPort','ocs-inventory-ng',NULL,0,0,0,1,'2021-03-10 20:55:01','2020-03-11 03:46:43'),(116,0,116,'NetworkPort','ocs-inventory-ng',NULL,0,0,0,1,'2021-03-10 20:55:01','2020-03-11 03:46:43'),(118,0,118,'NetworkPort','ocs-inventory-ng',NULL,0,0,0,1,'2021-03-10 20:55:01','2020-03-11 03:46:43'),(119,0,119,'NetworkPort','ocs-inventory-ng',NULL,0,0,0,1,'2021-04-20 19:53:36','2020-03-11 03:46:52'),(120,0,120,'NetworkPort','ocs-inventory-ng',NULL,0,0,0,1,'2021-04-20 19:53:36','2020-03-11 03:46:52'),(121,0,121,'NetworkPort','ocs-inventory-ng',NULL,0,0,0,1,'2021-04-20 19:53:36','2020-03-11 03:46:52'),(123,0,123,'NetworkPort','ocs-inventory-ng',NULL,0,0,0,1,'2021-04-20 19:53:36','2020-03-11 03:46:52'),(124,0,124,'NetworkPort','ocs-inventory-ng',NULL,0,0,0,1,'2021-04-20 19:53:36','2020-03-11 03:46:52'),(127,0,127,'NetworkPort','ocs-inventory-ng',NULL,0,0,0,1,'2021-04-20 19:53:36','2020-03-11 03:47:10'),(129,19,129,'NetworkPort','ocs-inventory-ng',NULL,0,0,0,1,'2023-07-02 19:44:47','2020-03-11 03:47:25'),(130,19,130,'NetworkPort','ocs-inventory-ng',NULL,0,0,0,1,'2023-07-02 19:44:47','2020-03-11 03:47:25'),(132,19,132,'NetworkPort','ocs-inventory-ng',NULL,0,0,0,1,'2023-07-02 19:44:47','2020-03-11 03:47:25'),(134,19,134,'NetworkPort','ocs-inventory-ng',NULL,0,0,0,1,'2023-07-02 19:44:47','2020-03-11 03:47:25'),(144,0,144,'NetworkPort','ocs-inventory-ng',NULL,0,0,0,1,'2021-04-20 19:53:36','2020-03-11 03:47:42'),(161,0,161,'NetworkPort','ocs-inventory-ng',NULL,0,0,0,1,'2021-04-20 19:53:36','2020-03-11 03:47:42'),(171,0,171,'NetworkPort','ocs-inventory-ng',NULL,0,0,0,1,'2021-04-20 19:53:36','2020-03-11 03:47:42'),(181,0,181,'NetworkPort','ocs-inventory-ng',NULL,0,0,0,1,'2021-04-20 19:53:36','2020-03-11 03:47:42'),(182,2,182,'NetworkPort','ocs-inventory-ng',NULL,0,0,0,1,'2021-03-10 20:30:18','2020-03-11 21:21:24'),(183,2,183,'NetworkPort','ocs-inventory-ng',NULL,0,0,0,1,'2021-03-10 20:30:18','2020-03-11 21:21:24'),(185,2,185,'NetworkPort','ocs-inventory-ng',NULL,0,0,0,1,'2021-03-10 20:30:18','2020-03-11 21:21:24'),(186,22,186,'NetworkPort','ocs-inventory-ng',NULL,0,0,0,1,'2023-07-02 21:18:02','2020-03-11 21:21:29'),(187,22,187,'NetworkPort','ocs-inventory-ng',NULL,0,0,0,1,'2023-07-02 21:18:02','2020-03-11 21:21:29'),(188,22,188,'NetworkPort','ocs-inventory-ng',NULL,0,0,0,1,'2023-07-02 21:18:02','2020-03-11 21:21:29'),(189,21,189,'NetworkPort','ocs-inventory-ng',NULL,0,0,0,1,'2023-07-02 19:23:57','2020-03-11 21:21:34'),(190,21,190,'NetworkPort','ocs-inventory-ng',NULL,0,0,0,1,'2023-07-02 19:23:57','2020-03-11 21:21:34'),(191,21,191,'NetworkPort','ocs-inventory-ng',NULL,0,0,0,1,'2023-07-02 19:23:57','2020-03-11 21:21:34'),(193,21,193,'NetworkPort','ocs-inventory-ng',NULL,0,0,0,1,'2023-07-02 19:23:57','2020-03-11 21:21:34'),(196,21,196,'NetworkPort','ocs-inventory-ng',NULL,0,0,0,1,'2023-09-01 17:06:11','2020-03-11 21:21:41'),(198,21,198,'NetworkPort','ocs-inventory-ng',NULL,0,0,0,1,'2023-09-01 17:06:11','2020-03-11 21:21:41'),(200,21,200,'NetworkPort','ocs-inventory-ng',NULL,0,0,0,1,'2023-09-01 17:06:11','2020-03-11 21:21:41'),(202,22,202,'NetworkPort','ocs-inventory-ng',NULL,0,0,0,1,'2023-07-02 21:18:04','2020-03-11 21:21:49'),(203,22,203,'NetworkPort','ocs-inventory-ng',NULL,0,0,0,1,'2023-07-02 21:18:04','2020-03-11 21:21:49'),(204,22,204,'NetworkPort','ocs-inventory-ng',NULL,0,0,0,1,'2023-07-02 21:18:04','2020-03-11 21:21:49'),(205,22,205,'NetworkPort','ocs-inventory-ng',NULL,0,0,0,1,'2023-07-02 21:18:04','2020-03-11 21:21:49'),(206,22,206,'NetworkPort','ocs-inventory-ng',NULL,0,0,0,1,'2023-07-02 21:18:04','2020-03-11 21:21:49'),(207,2,207,'NetworkPort','ocs-inventory-ng',NULL,0,0,0,1,'2021-03-10 20:29:45','2020-03-11 21:22:07'),(208,2,208,'NetworkPort','ocs-inventory-ng',NULL,0,0,0,1,'2021-03-10 20:29:45','2020-03-11 21:22:07'),(209,2,209,'NetworkPort','ocs-inventory-ng',NULL,0,0,0,1,'2021-03-10 20:50:00','2020-03-11 21:22:15'),(211,2,211,'NetworkPort','ocs-inventory-ng',NULL,0,0,0,1,'2021-03-10 20:50:00','2020-03-11 21:22:15'),(212,2,212,'NetworkPort','ocs-inventory-ng',NULL,0,0,0,1,'2021-03-10 20:50:00','2020-03-11 21:22:15'),(214,2,214,'NetworkPort','ocs-inventory-ng',NULL,0,0,0,1,'2021-03-10 20:50:00','2020-03-11 21:22:15'),(215,2,215,'NetworkPort','ocs-inventory-ng',NULL,0,0,0,1,'2021-03-10 20:51:16','2020-03-11 21:22:22'),(222,1,222,'NetworkPort','ocs-inventory-ng',NULL,0,0,0,1,'2020-06-25 15:41:10','2020-03-11 21:22:36'),(223,1,223,'NetworkPort','ocs-inventory-ng',NULL,0,0,0,1,'2020-06-25 15:41:11','2020-03-11 21:22:36'),(224,15,224,'NetworkPort','ocs-inventory-ng',NULL,0,0,0,1,'2023-07-03 02:12:55','2020-03-11 21:22:44'),(225,15,225,'NetworkPort','ocs-inventory-ng',NULL,0,0,0,1,'2023-07-03 02:12:55','2020-03-11 21:22:44'),(226,15,226,'NetworkPort','ocs-inventory-ng',NULL,0,0,0,1,'2023-07-03 02:12:55','2020-03-11 21:22:44'),(227,15,227,'NetworkPort','ocs-inventory-ng',NULL,0,0,0,1,'2023-07-03 02:12:55','2020-03-11 21:22:44'),(228,15,228,'NetworkPort','ocs-inventory-ng',NULL,0,0,0,1,'2023-07-03 02:12:55','2020-03-11 21:22:44'),(231,1,231,'NetworkPort','ocs-inventory-ng',NULL,0,0,0,1,'2021-03-10 20:52:33','2020-03-11 21:22:52'),(232,1,232,'NetworkPort','ocs-inventory-ng',NULL,0,0,0,1,'2021-03-10 20:52:33','2020-03-11 21:22:52'),(234,1,234,'NetworkPort','ocs-inventory-ng',NULL,0,0,0,1,'2021-03-10 20:52:33','2020-03-11 21:22:52'),(236,15,236,'NetworkPort','ocs-inventory-ng',NULL,0,0,0,1,'2023-07-03 02:12:57','2020-03-11 21:23:00'),(237,15,237,'NetworkPort','ocs-inventory-ng',NULL,0,0,0,1,'2023-07-03 02:12:57','2020-03-11 21:23:00'),(239,15,239,'NetworkPort','ocs-inventory-ng',NULL,0,0,0,1,'2023-07-03 02:12:57','2020-03-11 21:23:00'),(240,15,240,'NetworkPort','ocs-inventory-ng',NULL,0,0,0,1,'2023-07-03 02:12:57','2020-03-11 21:23:00'),(241,2,241,'NetworkPort','ocs-inventory-ng',NULL,0,0,0,1,'2021-03-10 20:25:51','2020-03-11 21:23:13'),(242,2,242,'NetworkPort','ocs-inventory-ng',NULL,0,0,0,1,'2021-03-10 20:25:51','2020-03-11 21:23:13'),(244,2,244,'NetworkPort','ocs-inventory-ng',NULL,0,0,0,1,'2021-03-10 20:25:51','2020-03-11 21:23:13'),(245,2,245,'NetworkPort','ocs-inventory-ng',NULL,0,0,0,1,'2021-03-10 20:25:51','2020-03-11 21:23:13'),(246,2,246,'NetworkPort','ocs-inventory-ng',NULL,0,0,0,1,'2021-03-10 20:25:51','2020-03-11 21:23:13'),(247,1,247,'NetworkPort','ocs-inventory-ng',NULL,0,0,0,1,'2021-03-10 20:52:07','2020-03-11 21:23:26'),(248,1,248,'NetworkPort','ocs-inventory-ng',NULL,0,0,0,1,'2021-03-10 20:52:07','2020-03-11 21:23:26'),(249,1,249,'NetworkPort','ocs-inventory-ng',NULL,0,0,0,1,'2021-03-10 20:52:07','2020-03-11 21:23:26'),(251,1,251,'NetworkPort','ocs-inventory-ng',NULL,0,0,0,1,'2021-03-10 20:52:07','2020-03-11 21:23:26'),(252,1,252,'NetworkPort','ocs-inventory-ng',NULL,0,0,0,1,'2021-03-10 20:52:07','2020-03-11 21:23:26'),(253,1,253,'NetworkPort','ocs-inventory-ng',NULL,0,0,0,1,'2021-03-10 20:37:23','2020-03-11 21:23:34'),(254,1,254,'NetworkPort','ocs-inventory-ng',NULL,0,0,0,1,'2021-03-10 20:37:23','2020-03-11 21:23:34'),(255,1,255,'NetworkPort','ocs-inventory-ng',NULL,0,0,0,1,'2021-03-10 20:37:23','2020-03-11 21:23:34'),(256,1,256,'NetworkPort','ocs-inventory-ng',NULL,0,0,0,1,'2021-03-10 20:37:23','2020-03-11 21:23:34'),(258,1,258,'NetworkPort','ocs-inventory-ng',NULL,0,0,0,1,'2021-03-10 20:37:23','2020-03-11 21:23:34'),(259,2,259,'NetworkPort','ocs-inventory-ng',NULL,0,0,0,1,'2020-09-29 18:44:48','2020-03-11 21:23:41'),(260,2,260,'NetworkPort','ocs-inventory-ng',NULL,0,0,0,1,'2020-09-29 18:44:48','2020-03-11 21:23:41'),(261,21,261,'NetworkPort','ocs-inventory-ng',NULL,0,0,0,1,'2023-07-02 19:23:58','2020-03-11 21:23:49'),(263,21,263,'NetworkPort','ocs-inventory-ng',NULL,0,0,0,1,'2023-07-02 19:23:58','2020-03-11 21:23:49'),(264,21,264,'NetworkPort','ocs-inventory-ng',NULL,0,0,0,1,'2023-07-02 19:23:58','2020-03-11 21:23:49'),(265,21,265,'NetworkPort','ocs-inventory-ng',NULL,0,0,0,1,'2023-07-02 19:23:58','2020-03-11 21:23:49'),(267,0,267,'NetworkPort','ocs-inventory-ng',NULL,0,0,0,1,'2021-03-10 20:33:29','2020-03-11 21:23:57'),(269,0,269,'NetworkPort','ocs-inventory-ng',NULL,0,0,0,1,'2021-03-10 20:33:29','2020-03-11 21:23:57'),(270,0,270,'NetworkPort','ocs-inventory-ng',NULL,0,0,0,1,'2021-03-10 20:33:29','2020-03-11 21:23:57'),(272,0,272,'NetworkPort','ocs-inventory-ng',NULL,0,0,0,1,'2021-03-10 20:33:29','2020-03-11 21:23:57'),(273,2,273,'NetworkPort','ocs-inventory-ng',NULL,0,0,0,1,'2021-03-10 20:30:46','2020-03-13 02:18:00'),(274,2,274,'NetworkPort','ocs-inventory-ng',NULL,0,0,0,1,'2021-03-10 20:30:46','2020-03-13 02:18:00'),(275,2,275,'NetworkPort','ocs-inventory-ng',NULL,0,0,0,1,'2021-03-10 20:30:46','2020-03-13 02:18:00'),(276,2,276,'NetworkPort','ocs-inventory-ng',NULL,0,0,0,1,'2021-03-10 20:30:46','2020-03-13 02:18:00'),(278,15,278,'NetworkPort','ocs-inventory-ng',NULL,0,0,0,1,'2023-01-19 20:29:49','2020-03-13 02:18:05'),(279,15,279,'NetworkPort','ocs-inventory-ng',NULL,0,0,0,1,'2023-01-19 20:29:49','2020-03-13 02:18:05'),(281,15,281,'NetworkPort','ocs-inventory-ng',NULL,0,0,0,1,'2023-01-19 20:29:49','2020-03-13 02:18:05'),(283,15,283,'NetworkPort','ocs-inventory-ng',NULL,0,0,0,1,'2023-01-19 20:29:49','2020-03-13 02:18:05'),(284,0,284,'NetworkPort','ocs-inventory-ng',NULL,0,0,0,1,'2021-02-15 23:41:23','2020-03-13 02:18:12'),(285,0,285,'NetworkPort','ocs-inventory-ng',NULL,0,0,0,1,'2021-02-15 23:41:23','2020-03-13 02:18:12'),(287,1,287,'NetworkPort','ocs-inventory-ng',NULL,0,0,0,1,'2021-03-10 20:40:20','2020-03-13 02:18:18'),(288,1,288,'NetworkPort','ocs-inventory-ng',NULL,0,0,0,1,'2021-03-10 20:40:20','2020-03-13 02:18:18'),(289,1,289,'NetworkPort','ocs-inventory-ng',NULL,0,0,0,1,'2021-03-10 20:40:20','2020-03-13 02:18:18'),(290,1,290,'NetworkPort','ocs-inventory-ng',NULL,0,0,0,1,'2021-03-10 20:40:20','2020-03-13 02:18:18'),(291,1,291,'NetworkPort','ocs-inventory-ng',NULL,0,0,0,1,'2021-03-10 20:40:20','2020-03-13 02:18:18'),(292,1,292,'NetworkPort','ocs-inventory-ng',NULL,0,0,0,1,'2020-06-25 15:38:56','2020-03-13 02:18:26'),(293,1,293,'NetworkPort','ocs-inventory-ng',NULL,0,0,0,1,'2020-06-25 15:38:56','2020-03-13 02:18:26'),(294,1,294,'NetworkPort','ocs-inventory-ng',NULL,0,0,0,1,'2020-06-25 15:38:56','2020-03-13 02:18:26'),(295,1,295,'NetworkPort','ocs-inventory-ng',NULL,0,0,0,1,'2020-06-25 15:38:56','2020-03-13 02:18:26'),(296,1,296,'NetworkPort','ocs-inventory-ng',NULL,0,0,0,1,'2020-06-25 15:38:56','2020-03-13 02:18:26'),(297,1,297,'NetworkPort','ocs-inventory-ng',NULL,0,0,0,1,'2021-03-10 20:49:35','2020-03-13 02:18:40'),(298,1,298,'NetworkPort','ocs-inventory-ng',NULL,0,0,0,1,'2021-03-10 20:49:35','2020-03-13 02:18:40'),(299,1,299,'NetworkPort','ocs-inventory-ng',NULL,0,0,0,1,'2021-03-10 20:49:35','2020-03-13 02:18:40'),(301,1,301,'NetworkPort','ocs-inventory-ng',NULL,0,0,0,1,'2021-03-10 20:49:35','2020-03-13 02:18:40'),(303,0,303,'NetworkPort','ocs-inventory-ng',NULL,0,0,0,1,'2021-03-10 20:29:43','2020-03-13 02:19:42'),(312,1,312,'NetworkPort','ocs-inventory-ng',NULL,0,0,0,1,'2020-06-25 15:38:44','2020-03-13 22:09:33'),(315,2,315,'NetworkPort','ocs-inventory-ng',NULL,0,0,0,1,'2021-03-10 20:38:40','2020-03-20 22:00:20'),(317,2,317,'NetworkPort','ocs-inventory-ng',NULL,0,0,0,1,'2021-03-10 20:38:40','2020-03-20 22:00:20'),(323,1,323,'NetworkPort','ocs-inventory-ng',NULL,0,0,0,1,'2021-03-10 20:37:35','2020-03-20 22:01:41'),(324,1,324,'NetworkPort','ocs-inventory-ng',NULL,0,0,0,1,'2021-03-10 20:37:35','2020-03-20 22:01:41'),(325,1,325,'NetworkPort','ocs-inventory-ng',NULL,0,0,0,1,'2021-03-10 20:37:35','2020-03-20 22:01:41'),(326,1,326,'NetworkPort','ocs-inventory-ng',NULL,0,0,0,1,'2021-03-10 20:37:35','2020-03-20 22:01:41'),(329,1,329,'NetworkPort','ocs-inventory-ng',NULL,0,0,0,1,'2021-03-10 20:52:21','2020-03-20 22:01:51'),(330,1,330,'NetworkPort','ocs-inventory-ng',NULL,0,0,0,1,'2021-03-10 20:52:21','2020-03-20 22:01:51'),(331,1,331,'NetworkPort','ocs-inventory-ng',NULL,0,0,0,1,'2021-03-10 20:52:21','2020-03-20 22:01:51'),(332,1,332,'NetworkPort','ocs-inventory-ng',NULL,0,0,0,1,'2021-03-10 20:41:55','2020-03-20 22:01:59'),(333,1,333,'NetworkPort','ocs-inventory-ng',NULL,0,0,0,1,'2021-03-10 20:41:55','2020-03-20 22:01:59'),(335,1,335,'NetworkPort','ocs-inventory-ng',NULL,0,0,0,1,'2021-03-10 20:41:55','2020-03-20 22:01:59'),(338,1,338,'NetworkPort','ocs-inventory-ng',NULL,0,0,0,1,'2021-03-10 20:54:35','2020-03-20 22:02:37'),(339,1,339,'NetworkPort','ocs-inventory-ng',NULL,0,0,0,1,'2021-03-10 20:54:35','2020-03-20 22:02:37'),(341,1,341,'NetworkPort','ocs-inventory-ng',NULL,0,0,0,1,'2021-03-10 20:54:35','2020-03-20 22:02:37'),(342,1,342,'NetworkPort','ocs-inventory-ng',NULL,0,0,0,1,'2021-03-10 20:54:35','2020-03-20 22:02:37'),(343,1,343,'NetworkPort','ocs-inventory-ng',NULL,0,0,0,1,'2021-03-10 20:51:25','2020-03-20 22:02:54'),(345,1,345,'NetworkPort','ocs-inventory-ng',NULL,0,0,0,1,'2021-03-10 20:51:25','2020-03-20 22:02:54'),(346,1,346,'NetworkPort','ocs-inventory-ng',NULL,0,0,0,1,'2021-03-10 20:51:25','2020-03-20 22:02:54'),(347,1,347,'NetworkPort','ocs-inventory-ng',NULL,0,0,0,1,'2021-03-10 20:51:25','2020-03-20 22:02:54'),(350,15,350,'NetworkPort','ocs-inventory-ng',NULL,0,0,0,1,'2023-07-03 02:12:58','2020-03-20 22:03:04'),(353,15,353,'NetworkPort','ocs-inventory-ng',NULL,0,0,0,1,'2023-07-03 02:12:58','2020-03-20 22:03:04'),(354,22,354,'NetworkPort','ocs-inventory-ng',NULL,0,0,0,1,'2023-07-02 21:18:06','2020-03-20 22:03:23'),(356,22,356,'NetworkPort','ocs-inventory-ng',NULL,0,0,0,1,'2023-07-02 21:18:06','2020-03-20 22:03:23'),(357,22,357,'NetworkPort','ocs-inventory-ng',NULL,0,0,0,1,'2023-07-02 21:18:06','2020-03-20 22:03:23'),(358,22,358,'NetworkPort','ocs-inventory-ng',NULL,0,0,0,1,'2023-07-02 21:18:06','2020-03-20 22:03:23'),(365,0,365,'NetworkPort','ocs-inventory-ng',NULL,0,0,0,1,'2021-03-10 20:36:01','2020-03-24 13:19:50'),(366,0,366,'NetworkPort','ocs-inventory-ng',NULL,0,0,0,1,'2021-03-10 20:36:01','2020-03-24 13:19:50'),(368,0,368,'NetworkPort','ocs-inventory-ng',NULL,0,0,0,1,'2021-03-10 20:36:01','2020-03-24 13:19:50'),(369,0,369,'NetworkPort','ocs-inventory-ng',NULL,0,0,0,1,'2021-03-10 20:36:01','2020-03-24 13:19:50'),(370,21,370,'NetworkPort','ocs-inventory-ng',NULL,0,0,0,1,'2023-07-02 19:20:42','2020-03-24 13:48:46'),(371,21,371,'NetworkPort','ocs-inventory-ng',NULL,0,0,0,1,'2023-07-02 19:20:42','2020-03-24 13:48:46'),(372,21,372,'NetworkPort','ocs-inventory-ng',NULL,0,0,0,1,'2023-07-02 19:20:42','2020-03-24 13:48:46'),(373,21,373,'NetworkPort','ocs-inventory-ng',NULL,0,0,0,1,'2023-07-02 19:20:42','2020-03-24 13:48:46'),(375,21,375,'NetworkPort','ocs-inventory-ng',NULL,0,0,0,1,'2023-07-02 19:20:42','2020-03-24 13:48:46'),(377,21,377,'NetworkPort','ocs-inventory-ng',NULL,0,0,0,1,'2023-07-02 19:24:00','2020-03-25 13:35:38'),(378,21,378,'NetworkPort','ocs-inventory-ng',NULL,0,0,0,1,'2023-07-02 19:24:00','2020-03-25 13:35:38'),(379,21,379,'NetworkPort','ocs-inventory-ng',NULL,0,0,0,1,'2023-07-02 19:24:00','2020-03-25 13:35:38'),(380,21,380,'NetworkPort','ocs-inventory-ng',NULL,0,0,0,1,'2023-07-02 19:24:00','2020-03-25 13:35:38'),(381,21,381,'NetworkPort','ocs-inventory-ng',NULL,0,0,0,1,'2023-07-02 19:24:00','2020-03-25 13:35:38'),(382,21,382,'NetworkPort','ocs-inventory-ng',NULL,0,0,0,1,'2023-07-02 19:24:00','2020-03-25 13:35:38'),(383,21,383,'NetworkPort','ocs-inventory-ng',NULL,0,0,0,1,'2023-07-02 19:24:00','2020-03-25 13:35:38'),(384,21,384,'NetworkPort','ocs-inventory-ng',NULL,0,0,0,1,'2023-07-02 19:24:00','2020-03-25 13:35:38'),(386,21,386,'NetworkPort','ocs-inventory-ng',NULL,0,0,0,1,'2023-07-02 19:24:00','2020-03-25 13:35:38'),(387,21,387,'NetworkPort','ocs-inventory-ng',NULL,0,0,0,1,'2023-07-02 19:24:00','2020-03-25 13:35:38'),(388,21,388,'NetworkPort','ocs-inventory-ng',NULL,0,0,0,1,'2023-07-02 19:24:00','2020-03-25 13:35:38'),(389,21,389,'NetworkPort','ocs-inventory-ng',NULL,0,0,0,1,'2023-07-02 19:24:00','2020-03-25 13:35:38'),(390,21,390,'NetworkPort','ocs-inventory-ng',NULL,0,0,0,1,'2023-07-02 19:24:00','2020-03-25 13:35:38'),(391,21,391,'NetworkPort','ocs-inventory-ng',NULL,0,0,0,1,'2023-07-02 19:24:00','2020-03-25 13:35:38'),(401,21,401,'NetworkPort','ocs-inventory-ng',NULL,0,0,0,1,'2023-07-02 19:24:00','2020-03-25 13:35:38'),(408,1,408,'NetworkPort','ocs-inventory-ng',NULL,0,0,0,1,'2021-03-10 20:24:57','2020-03-25 21:12:32'),(409,1,409,'NetworkPort','ocs-inventory-ng',NULL,0,0,0,1,'2021-03-10 20:24:57','2020-03-25 21:12:32'),(410,1,410,'NetworkPort','ocs-inventory-ng',NULL,0,0,0,1,'2021-03-10 20:24:57','2020-03-25 21:12:32'),(411,1,411,'NetworkPort','ocs-inventory-ng',NULL,0,0,0,1,'2021-03-10 20:24:57','2020-03-25 21:12:32'),(412,1,412,'NetworkPort','ocs-inventory-ng',NULL,0,0,0,1,'2021-03-10 20:24:57','2020-03-25 21:12:32'),(413,1,413,'NetworkPort','ocs-inventory-ng',NULL,0,0,0,1,'2021-03-10 20:24:57','2020-03-25 21:12:32'),(416,15,416,'NetworkPort','ocs-inventory-ng',NULL,0,0,0,1,'2023-01-19 20:29:56','2020-03-26 16:26:14'),(417,15,417,'NetworkPort','ocs-inventory-ng',NULL,0,0,0,1,'2023-01-19 20:29:56','2020-03-26 16:26:14'),(418,15,418,'NetworkPort','ocs-inventory-ng',NULL,0,0,0,1,'2023-01-19 20:29:56','2020-03-26 16:26:14'),(419,15,419,'NetworkPort','ocs-inventory-ng',NULL,0,0,0,1,'2023-01-19 20:29:56','2020-03-26 16:26:14'),(420,15,420,'NetworkPort','ocs-inventory-ng',NULL,0,0,0,1,'2023-01-19 20:29:56','2020-03-26 16:26:14'),(424,15,424,'NetworkPort','ocs-inventory-ng',NULL,0,0,0,1,'2023-01-19 20:29:56','2020-03-26 16:26:14'),(425,15,425,'NetworkPort','ocs-inventory-ng',NULL,0,0,0,1,'2023-01-19 20:29:56','2020-03-26 16:26:14'),(426,15,426,'NetworkPort','ocs-inventory-ng',NULL,0,0,0,1,'2023-01-19 20:29:56','2020-03-26 16:26:14'),(427,15,427,'NetworkPort','ocs-inventory-ng',NULL,0,0,0,1,'2023-01-19 20:29:56','2020-03-26 16:26:14'),(428,15,428,'NetworkPort','ocs-inventory-ng',NULL,0,0,0,1,'2023-01-19 20:29:56','2020-03-26 16:26:14'),(429,15,429,'NetworkPort','ocs-inventory-ng',NULL,0,0,0,1,'2023-01-19 20:29:56','2020-03-26 16:26:14'),(430,15,430,'NetworkPort','ocs-inventory-ng',NULL,0,0,0,1,'2023-01-19 20:29:56','2020-03-26 16:26:14'),(431,15,431,'NetworkPort','ocs-inventory-ng',NULL,0,0,0,1,'2023-01-19 20:29:56','2020-03-26 16:26:14'),(432,15,432,'NetworkPort','ocs-inventory-ng',NULL,0,0,0,1,'2023-01-19 20:29:56','2020-03-26 16:26:14'),(433,15,433,'NetworkPort','ocs-inventory-ng',NULL,0,0,0,1,'2023-01-19 20:29:56','2020-03-26 16:26:14'),(434,15,434,'NetworkPort','ocs-inventory-ng',NULL,0,0,0,1,'2023-01-19 20:29:56','2020-03-26 16:26:14'),(435,15,435,'NetworkPort','ocs-inventory-ng',NULL,0,0,0,1,'2023-01-19 20:29:56','2020-03-26 16:26:14'),(436,15,436,'NetworkPort','ocs-inventory-ng',NULL,0,0,0,1,'2023-01-19 20:29:56','2020-03-26 16:26:14'),(437,15,437,'NetworkPort','ocs-inventory-ng',NULL,0,0,0,1,'2023-01-19 20:29:56','2020-03-26 16:26:14'),(438,15,438,'NetworkPort','ocs-inventory-ng',NULL,0,0,0,1,'2023-01-19 20:29:56','2020-03-26 16:26:14'),(439,15,439,'NetworkPort','ocs-inventory-ng',NULL,0,0,0,1,'2023-01-19 20:29:56','2020-03-26 16:26:14'),(440,0,440,'NetworkPort','ocs-inventory-ng',NULL,0,0,0,1,'2021-03-10 20:54:59','2020-03-26 17:04:21'),(441,0,441,'NetworkPort','ocs-inventory-ng',NULL,0,0,0,1,'2021-03-10 20:54:59','2020-03-26 17:04:21'),(442,0,442,'NetworkPort','ocs-inventory-ng',NULL,0,0,0,1,'2021-03-10 20:54:59','2020-03-26 17:04:21'),(443,0,443,'NetworkPort','ocs-inventory-ng',NULL,0,0,0,1,'2021-03-10 20:54:59','2020-03-26 17:04:21'),(444,0,444,'NetworkPort','ocs-inventory-ng',NULL,0,0,0,1,'2021-03-10 20:54:59','2020-03-26 17:04:21'),(445,0,445,'NetworkPort','ocs-inventory-ng',NULL,0,0,0,1,'2021-03-10 20:54:59','2020-03-26 17:04:21'),(446,0,446,'NetworkPort','ocs-inventory-ng',NULL,0,0,0,1,'2021-03-10 20:54:59','2020-03-26 17:04:21'),(447,0,447,'NetworkPort','ocs-inventory-ng',NULL,0,0,0,1,'2021-03-10 20:54:59','2020-03-26 17:04:21'),(448,0,448,'NetworkPort','ocs-inventory-ng',NULL,0,0,0,1,'2021-03-10 20:54:59','2020-03-26 17:04:21'),(449,0,449,'NetworkPort','ocs-inventory-ng',NULL,0,0,0,1,'2021-03-10 20:54:59','2020-03-26 17:04:21'),(450,0,450,'NetworkPort','ocs-inventory-ng',NULL,0,0,0,1,'2021-03-10 20:54:59','2020-03-26 17:04:21'),(451,0,451,'NetworkPort','ocs-inventory-ng',NULL,0,0,0,1,'2021-03-10 20:54:59','2020-03-26 17:04:21'),(452,0,452,'NetworkPort','ocs-inventory-ng',NULL,0,0,0,1,'2021-03-10 20:54:59','2020-03-26 17:04:21'),(453,0,453,'NetworkPort','ocs-inventory-ng',NULL,0,0,0,1,'2021-03-10 20:54:59','2020-03-26 17:04:21'),(459,0,459,'NetworkPort','ocs-inventory-ng',NULL,0,0,0,1,'2021-03-10 20:54:59','2020-03-26 17:04:21'),(460,0,460,'NetworkPort','ocs-inventory-ng',NULL,0,0,0,1,'2021-03-10 20:31:23','2020-03-29 04:28:33'),(461,0,461,'NetworkPort','ocs-inventory-ng',NULL,0,0,0,1,'2021-03-10 20:31:23','2020-03-29 04:28:33'),(462,0,462,'NetworkPort','ocs-inventory-ng',NULL,0,0,0,1,'2021-03-10 20:27:02','2020-03-29 04:28:47'),(467,1,467,'NetworkPort','ocs-inventory-ng',NULL,0,0,0,1,'2021-03-10 20:50:55','2020-04-08 15:12:59'),(468,1,468,'NetworkPort','ocs-inventory-ng',NULL,0,0,0,1,'2021-03-10 20:50:55','2020-04-08 15:12:59'),(469,1,469,'NetworkPort','ocs-inventory-ng',NULL,0,0,0,1,'2021-03-10 20:50:55','2020-04-08 15:12:59'),(470,1,470,'NetworkPort','ocs-inventory-ng',NULL,0,0,0,1,'2021-03-10 20:50:55','2020-04-08 15:12:59'),(472,0,472,'NetworkPort','ocs-inventory-ng',NULL,0,0,0,1,'2021-03-10 20:55:01','2020-04-08 15:13:33'),(473,0,473,'NetworkPort','ocs-inventory-ng',NULL,0,0,0,1,'2021-03-10 20:55:01','2020-04-08 15:13:33'),(483,2,483,'NetworkPort','ocs-inventory-ng',NULL,0,0,0,1,'2021-03-10 20:41:30','2020-04-17 12:20:04'),(484,2,484,'NetworkPort','ocs-inventory-ng',NULL,0,0,0,1,'2021-03-10 20:41:30','2020-04-17 12:20:04'),(485,2,485,'NetworkPort','ocs-inventory-ng',NULL,0,0,0,1,'2021-03-10 20:41:30','2020-04-17 12:20:04'),(486,2,486,'NetworkPort','ocs-inventory-ng',NULL,0,0,0,1,'2021-03-10 20:41:30','2020-04-17 12:20:04'),(487,2,487,'NetworkPort','ocs-inventory-ng',NULL,0,0,0,1,'2021-03-10 20:41:30','2020-04-17 12:20:04'),(488,2,488,'NetworkPort','ocs-inventory-ng',NULL,0,0,0,1,'2021-03-10 20:41:30','2020-04-17 12:20:04'),(489,2,489,'NetworkPort','ocs-inventory-ng',NULL,0,0,0,1,'2021-03-10 20:41:30','2020-04-17 12:20:04'),(490,2,490,'NetworkPort','ocs-inventory-ng',NULL,0,0,0,1,'2021-03-10 20:41:30','2020-04-17 12:20:04'),(491,2,491,'NetworkPort','ocs-inventory-ng',NULL,0,0,0,1,'2021-03-10 20:41:30','2020-04-17 12:20:04'),(492,2,492,'NetworkPort','ocs-inventory-ng',NULL,0,0,0,1,'2021-03-10 20:41:30','2020-04-17 12:20:04'),(493,2,493,'NetworkPort','ocs-inventory-ng',NULL,0,0,0,1,'2021-03-10 20:41:30','2020-04-17 12:20:04'),(494,2,494,'NetworkPort','ocs-inventory-ng',NULL,0,0,0,1,'2021-03-10 20:41:30','2020-04-17 12:20:04'),(495,2,495,'NetworkPort','ocs-inventory-ng',NULL,0,0,0,1,'2021-03-10 20:41:30','2020-04-17 12:20:04'),(496,2,496,'NetworkPort','ocs-inventory-ng',NULL,0,0,0,1,'2021-03-10 20:41:30','2020-04-17 12:20:04'),(497,2,497,'NetworkPort','ocs-inventory-ng',NULL,0,0,0,1,'2021-03-10 20:41:30','2020-04-17 12:20:04'),(498,2,498,'NetworkPort','ocs-inventory-ng',NULL,0,0,0,1,'2021-03-10 20:41:30','2020-04-17 12:20:04'),(505,1,505,'NetworkPort','ocs-inventory-ng',NULL,0,0,0,1,'2021-03-10 20:41:01','2020-04-17 12:20:53'),(506,1,506,'NetworkPort','ocs-inventory-ng',NULL,0,0,0,1,'2021-03-10 20:41:01','2020-04-17 12:20:53'),(508,22,508,'NetworkPort','ocs-inventory-ng',NULL,0,0,0,1,'2023-07-02 21:18:07','2020-04-20 15:38:41'),(509,22,509,'NetworkPort','ocs-inventory-ng',NULL,0,0,0,1,'2023-07-02 21:18:07','2020-04-20 15:38:41'),(510,22,510,'NetworkPort','ocs-inventory-ng',NULL,0,0,0,1,'2023-07-02 21:18:07','2020-04-20 15:38:41'),(511,22,511,'NetworkPort','ocs-inventory-ng',NULL,0,0,0,1,'2023-07-02 21:18:07','2020-04-20 15:38:41'),(512,22,512,'NetworkPort','ocs-inventory-ng',NULL,0,0,0,1,'2023-07-02 21:18:07','2020-04-20 15:38:41'),(513,22,513,'NetworkPort','ocs-inventory-ng',NULL,0,0,0,1,'2023-07-02 21:18:07','2020-04-20 15:38:41'),(514,22,514,'NetworkPort','ocs-inventory-ng',NULL,0,0,0,1,'2023-07-02 21:18:07','2020-04-20 15:38:41'),(515,22,515,'NetworkPort','ocs-inventory-ng',NULL,0,0,0,1,'2023-07-02 21:18:07','2020-04-20 15:38:41'),(516,22,516,'NetworkPort','ocs-inventory-ng',NULL,0,0,0,1,'2023-07-02 21:18:07','2020-04-20 15:38:41'),(517,22,517,'NetworkPort','ocs-inventory-ng',NULL,0,0,0,1,'2023-07-02 21:18:07','2020-04-20 15:38:41'),(520,0,520,'NetworkPort','ocs-inventory-ng',NULL,0,0,0,1,'2021-03-10 20:55:01','2020-04-20 15:39:13'),(521,0,521,'NetworkPort','ocs-inventory-ng',NULL,0,0,0,1,'2021-03-10 20:55:01','2020-04-20 15:39:13'),(522,0,522,'NetworkPort','ocs-inventory-ng',NULL,0,0,0,1,'2021-03-10 20:55:01','2020-04-20 15:39:13'),(523,0,523,'NetworkPort','ocs-inventory-ng',NULL,0,0,0,1,'2021-03-10 20:55:01','2020-04-20 15:39:13'),(524,0,524,'NetworkPort','ocs-inventory-ng',NULL,0,0,0,1,'2021-03-10 20:55:01','2020-04-20 15:39:13'),(525,0,525,'NetworkPort','ocs-inventory-ng',NULL,0,0,0,1,'2021-03-10 20:55:01','2020-04-20 15:39:13'),(526,0,526,'NetworkPort','ocs-inventory-ng',NULL,0,0,0,1,'2021-03-10 20:55:01','2020-04-20 15:39:13'),(528,0,528,'NetworkPort','ocs-inventory-ng',NULL,0,0,0,1,'2021-03-10 20:55:01','2020-04-20 15:39:13'),(529,0,529,'NetworkPort','ocs-inventory-ng',NULL,0,0,0,1,'2021-03-10 20:55:01','2020-04-20 15:39:13'),(530,0,530,'NetworkPort','ocs-inventory-ng',NULL,0,0,0,1,'2021-03-10 20:55:01','2020-04-20 15:39:13'),(531,0,531,'NetworkPort','ocs-inventory-ng',NULL,0,0,0,1,'2021-03-10 20:55:01','2020-04-20 15:39:13'),(532,0,532,'NetworkPort','ocs-inventory-ng',NULL,0,0,0,1,'2021-03-10 20:55:01','2020-04-20 15:39:13'),(533,0,533,'NetworkPort','ocs-inventory-ng',NULL,0,0,0,1,'2021-03-10 20:55:01','2020-04-20 15:39:13'),(534,0,534,'NetworkPort','ocs-inventory-ng',NULL,0,0,0,1,'2021-03-10 20:55:01','2020-04-20 15:39:13'),(535,0,535,'NetworkPort','ocs-inventory-ng',NULL,0,0,0,1,'2021-03-10 20:55:01','2020-04-20 15:39:13'),(536,0,536,'NetworkPort','ocs-inventory-ng',NULL,0,0,0,1,'2021-03-10 20:55:01','2020-04-20 15:39:13'),(537,0,537,'NetworkPort','ocs-inventory-ng',NULL,0,0,0,1,'2021-03-10 20:55:01','2020-04-20 15:39:13'),(538,0,538,'NetworkPort','ocs-inventory-ng',NULL,0,0,0,1,'2021-03-10 20:55:01','2020-04-20 15:39:13'),(539,0,539,'NetworkPort','ocs-inventory-ng',NULL,0,0,0,1,'2021-03-10 20:55:01','2020-04-20 15:39:13'),(542,0,542,'NetworkPort','ocs-inventory-ng',NULL,0,0,0,1,'2020-04-22 13:48:26','2020-04-22 13:48:26'),(543,0,543,'NetworkPort','ocs-inventory-ng',NULL,0,0,0,1,'2020-04-22 13:48:26','2020-04-22 13:48:26'),(544,0,544,'NetworkPort','ocs-inventory-ng',NULL,0,0,0,1,'2020-04-22 13:48:26','2020-04-22 13:48:26'),(545,0,545,'NetworkPort','ocs-inventory-ng',NULL,0,0,0,1,'2020-04-22 13:48:26','2020-04-22 13:48:26'),(546,0,546,'NetworkPort','ocs-inventory-ng',NULL,0,0,0,1,'2020-04-22 13:48:26','2020-04-22 13:48:26'),(547,0,547,'NetworkPort','ocs-inventory-ng',NULL,0,0,0,1,'2020-04-22 13:48:26','2020-04-22 13:48:26'),(556,1,556,'NetworkPort','ocs-inventory-ng',NULL,0,0,0,1,'2023-09-04 15:54:42','2020-05-14 20:26:52'),(564,0,564,'NetworkPort','ocs-inventory-ng',NULL,0,0,0,1,'2021-03-10 20:27:00','2020-05-14 20:29:04'),(565,22,565,'NetworkPort','ocs-inventory-ng',NULL,0,0,0,1,'2023-07-02 21:18:02','2020-05-28 22:48:12'),(566,21,566,'NetworkPort','ocs-inventory-ng',NULL,0,0,0,1,'2023-07-02 01:53:35','2020-05-28 22:48:27'),(569,2,569,'NetworkPort','ocs-inventory-ng',NULL,0,0,0,1,'2021-03-10 20:46:38','2020-05-28 22:49:06'),(571,15,571,'NetworkPort','ocs-inventory-ng',NULL,0,0,0,1,'2023-07-03 02:12:55','2020-05-28 22:50:23'),(572,15,572,'NetworkPort','ocs-inventory-ng',NULL,0,0,0,1,'2023-07-03 02:12:55','2020-05-28 22:50:23'),(573,15,573,'NetworkPort','ocs-inventory-ng',NULL,0,0,0,1,'2023-07-03 02:12:55','2020-05-28 22:50:23'),(574,15,574,'NetworkPort','ocs-inventory-ng',NULL,0,0,0,1,'2023-07-03 02:12:55','2020-05-28 22:50:23'),(575,15,575,'NetworkPort','ocs-inventory-ng',NULL,0,0,0,1,'2023-07-03 02:12:55','2020-05-28 22:50:23'),(576,15,576,'NetworkPort','ocs-inventory-ng',NULL,0,0,0,1,'2023-07-03 02:12:55','2020-05-28 22:50:23'),(577,15,577,'NetworkPort','ocs-inventory-ng',NULL,0,0,0,1,'2023-07-03 02:12:55','2020-05-28 22:50:23'),(578,15,578,'NetworkPort','ocs-inventory-ng',NULL,0,0,0,1,'2023-07-03 02:12:55','2020-05-28 22:50:23'),(579,15,579,'NetworkPort','ocs-inventory-ng',NULL,0,0,0,1,'2023-07-03 02:12:55','2020-05-28 22:50:23'),(580,15,580,'NetworkPort','ocs-inventory-ng',NULL,0,0,0,1,'2023-07-03 02:12:55','2020-05-28 22:50:23'),(581,15,581,'NetworkPort','ocs-inventory-ng',NULL,0,0,0,1,'2023-07-03 02:12:55','2020-05-28 22:50:23'),(582,15,582,'NetworkPort','ocs-inventory-ng',NULL,0,0,0,1,'2023-07-03 02:12:55','2020-05-28 22:50:23'),(583,15,583,'NetworkPort','ocs-inventory-ng',NULL,0,0,0,1,'2023-07-03 02:12:55','2020-05-28 22:50:23'),(584,15,584,'NetworkPort','ocs-inventory-ng',NULL,0,0,0,1,'2023-07-03 02:12:55','2020-05-28 22:50:23'),(585,15,585,'NetworkPort','ocs-inventory-ng',NULL,0,0,0,1,'2023-07-03 02:12:55','2020-05-28 22:50:23'),(586,15,586,'NetworkPort','ocs-inventory-ng',NULL,0,0,0,1,'2023-07-03 02:12:55','2020-05-28 22:50:23'),(587,15,587,'NetworkPort','ocs-inventory-ng',NULL,0,0,0,1,'2023-07-03 02:12:55','2020-05-28 22:50:23'),(588,15,588,'NetworkPort','ocs-inventory-ng',NULL,0,0,0,1,'2023-07-03 02:12:55','2020-05-28 22:50:23'),(589,15,589,'NetworkPort','ocs-inventory-ng',NULL,0,0,0,1,'2023-07-03 02:12:55','2020-05-28 22:50:23'),(590,15,590,'NetworkPort','ocs-inventory-ng',NULL,0,0,0,1,'2023-07-03 02:12:55','2020-05-28 22:50:23'),(591,15,591,'NetworkPort','ocs-inventory-ng',NULL,0,0,0,1,'2023-07-03 02:12:55','2020-05-28 22:50:23'),(592,15,592,'NetworkPort','ocs-inventory-ng',NULL,0,0,0,1,'2023-07-03 02:12:55','2020-05-28 22:50:23'),(593,15,593,'NetworkPort','ocs-inventory-ng',NULL,0,0,0,1,'2023-07-03 02:12:55','2020-05-28 22:50:23'),(594,15,594,'NetworkPort','ocs-inventory-ng',NULL,0,0,0,1,'2023-07-03 02:12:55','2020-05-28 22:50:23'),(595,15,595,'NetworkPort','ocs-inventory-ng',NULL,0,0,0,1,'2023-07-03 02:12:55','2020-05-28 22:50:23'),(596,1,596,'NetworkPort','ocs-inventory-ng',NULL,0,0,0,1,'2021-03-10 20:52:33','2020-05-28 22:50:46'),(598,15,598,'NetworkPort','ocs-inventory-ng',NULL,0,0,0,1,'2023-07-03 02:12:58','2020-05-28 22:51:16'),(599,0,599,'NetworkPort','ocs-inventory-ng',NULL,0,0,0,1,'2021-03-10 20:54:51','2020-05-28 22:51:27'),(602,1,602,'NetworkPort','ocs-inventory-ng',NULL,0,0,0,1,'2021-03-10 20:51:06','2020-06-04 20:31:40'),(603,1,603,'NetworkPort','ocs-inventory-ng',NULL,0,0,0,1,'2021-03-10 20:51:06','2020-06-04 20:31:40'),(604,1,604,'NetworkPort','ocs-inventory-ng',NULL,0,0,0,1,'2021-03-10 20:51:06','2020-06-04 20:31:40'),(605,0,605,'NetworkPort','ocs-inventory-ng',NULL,0,0,0,1,'2021-03-10 20:33:29','2020-06-04 20:32:02'),(612,22,612,'NetworkPort','ocs-inventory-ng',NULL,0,0,0,1,'2023-07-02 21:18:02','2020-06-04 20:32:51'),(613,22,613,'NetworkPort','ocs-inventory-ng',NULL,0,0,0,1,'2023-07-02 21:18:02','2020-06-04 20:32:51'),(615,2,615,'NetworkPort','ocs-inventory-ng',NULL,0,0,0,1,'2021-03-10 20:26:23','2020-06-08 01:32:58'),(616,2,616,'NetworkPort','ocs-inventory-ng',NULL,0,0,0,1,'2021-03-10 20:26:23','2020-06-08 01:32:58'),(617,2,617,'NetworkPort','ocs-inventory-ng',NULL,0,0,0,1,'2021-03-10 20:26:23','2020-06-08 01:32:58'),(618,2,618,'NetworkPort','ocs-inventory-ng',NULL,0,0,0,1,'2021-03-10 20:26:23','2020-06-08 01:32:58'),(620,1,620,'NetworkPort','ocs-inventory-ng',NULL,0,0,0,1,'2021-03-10 20:52:07','2020-06-09 21:30:00'),(621,1,621,'NetworkPort','ocs-inventory-ng',NULL,0,0,0,1,'2021-03-10 20:52:21','2020-06-09 21:30:11'),(638,1,638,'NetworkPort','ocs-inventory-ng',NULL,0,0,0,1,'2021-03-10 20:40:29','2020-06-11 04:33:23'),(639,1,639,'NetworkPort','ocs-inventory-ng',NULL,0,0,0,1,'2021-03-10 20:40:29','2020-06-11 04:33:23'),(640,1,640,'NetworkPort','ocs-inventory-ng',NULL,0,0,0,1,'2021-03-10 20:40:29','2020-06-11 04:33:23'),(641,1,641,'NetworkPort','ocs-inventory-ng',NULL,0,0,0,1,'2021-03-10 20:40:29','2020-06-11 04:33:23'),(642,1,642,'NetworkPort','ocs-inventory-ng',NULL,0,0,0,1,'2021-03-10 20:40:29','2020-06-11 04:33:23'),(657,1,657,'NetworkPort','ocs-inventory-ng',NULL,0,0,0,1,'2021-03-10 20:26:13','2020-06-11 20:18:04'),(658,1,658,'NetworkPort','ocs-inventory-ng',NULL,0,0,0,1,'2021-03-10 20:26:13','2020-06-11 20:18:04'),(659,1,659,'NetworkPort','ocs-inventory-ng',NULL,0,0,0,1,'2021-03-10 20:26:13','2020-06-11 20:18:04'),(660,1,660,'NetworkPort','ocs-inventory-ng',NULL,0,0,0,1,'2021-03-10 20:26:13','2020-06-11 20:18:04'),(661,1,661,'NetworkPort','ocs-inventory-ng',NULL,0,0,0,1,'2021-03-10 20:26:13','2020-06-11 20:18:04'),(663,1,663,'NetworkPort','ocs-inventory-ng',NULL,0,0,0,1,'2021-03-10 20:26:13','2020-06-11 20:18:04'),(664,1,664,'NetworkPort','ocs-inventory-ng',NULL,0,0,0,1,'2021-03-10 20:26:13','2020-06-11 20:18:04'),(665,1,665,'NetworkPort','ocs-inventory-ng',NULL,0,0,0,1,'2021-03-10 20:26:13','2020-06-11 20:18:04'),(666,1,666,'NetworkPort','ocs-inventory-ng',NULL,0,0,0,1,'2021-03-10 20:26:13','2020-06-11 20:18:04'),(667,1,667,'NetworkPort','ocs-inventory-ng',NULL,0,0,0,1,'2021-03-10 20:26:13','2020-06-11 20:18:04'),(668,1,668,'NetworkPort','ocs-inventory-ng',NULL,0,0,0,1,'2021-03-10 20:26:13','2020-06-11 20:18:04'),(672,22,672,'NetworkPort','ocs-inventory-ng',NULL,0,0,0,1,'2023-07-02 21:18:04','2020-06-11 21:02:44'),(673,22,673,'NetworkPort','ocs-inventory-ng',NULL,0,0,0,1,'2023-07-02 21:18:04','2020-06-11 21:02:44'),(674,22,674,'NetworkPort','ocs-inventory-ng',NULL,0,0,0,1,'2023-07-02 21:18:04','2020-06-11 21:02:44'),(675,22,675,'NetworkPort','ocs-inventory-ng',NULL,0,0,0,1,'2023-07-02 21:18:04','2020-06-11 21:02:44'),(676,22,676,'NetworkPort','ocs-inventory-ng',NULL,0,0,0,1,'2023-07-02 21:18:04','2020-06-11 21:02:44'),(677,22,677,'NetworkPort','ocs-inventory-ng',NULL,0,0,0,1,'2023-07-02 21:18:04','2020-06-11 21:02:44'),(678,22,678,'NetworkPort','ocs-inventory-ng',NULL,0,0,0,1,'2023-07-02 21:18:04','2020-06-11 21:02:44'),(679,22,679,'NetworkPort','ocs-inventory-ng',NULL,0,0,0,1,'2023-07-02 21:18:04','2020-06-11 21:02:44'),(680,22,680,'NetworkPort','ocs-inventory-ng',NULL,0,0,0,1,'2023-07-02 21:18:04','2020-06-11 21:02:44'),(681,22,681,'NetworkPort','ocs-inventory-ng',NULL,0,0,0,1,'2023-07-02 21:18:04','2020-06-11 21:02:44'),(682,22,682,'NetworkPort','ocs-inventory-ng',NULL,0,0,0,1,'2023-07-02 21:18:04','2020-06-11 21:02:44'),(683,22,683,'NetworkPort','ocs-inventory-ng',NULL,0,0,0,1,'2023-07-02 21:18:04','2020-06-11 21:02:44'),(684,22,684,'NetworkPort','ocs-inventory-ng',NULL,0,0,0,1,'2023-07-02 21:18:04','2020-06-11 21:02:44'),(685,22,685,'NetworkPort','ocs-inventory-ng',NULL,0,0,0,1,'2023-07-02 21:18:04','2020-06-11 21:02:44'),(686,22,686,'NetworkPort','ocs-inventory-ng',NULL,0,0,0,1,'2023-07-02 21:18:04','2020-06-11 21:02:44'),(687,22,687,'NetworkPort','ocs-inventory-ng',NULL,0,0,0,1,'2023-07-02 21:18:04','2020-06-11 21:02:44'),(688,22,688,'NetworkPort','ocs-inventory-ng',NULL,0,0,0,1,'2023-07-02 21:18:04','2020-06-11 21:02:44'),(689,22,689,'NetworkPort','ocs-inventory-ng',NULL,0,0,0,1,'2023-07-02 21:18:04','2020-06-11 21:02:44'),(690,22,690,'NetworkPort','ocs-inventory-ng',NULL,0,0,0,1,'2023-07-02 21:18:04','2020-06-11 21:02:44'),(691,22,691,'NetworkPort','ocs-inventory-ng',NULL,0,0,0,1,'2023-07-02 21:18:04','2020-06-11 21:02:44'),(692,22,692,'NetworkPort','ocs-inventory-ng',NULL,0,0,0,1,'2023-07-02 21:18:04','2020-06-11 21:02:44'),(693,22,693,'NetworkPort','ocs-inventory-ng',NULL,0,0,0,1,'2023-07-02 21:18:04','2020-06-11 21:02:44'),(694,22,694,'NetworkPort','ocs-inventory-ng',NULL,0,0,0,1,'2023-07-02 21:18:04','2020-06-11 21:02:44'),(695,22,695,'NetworkPort','ocs-inventory-ng',NULL,0,0,0,1,'2023-07-02 21:18:04','2020-06-11 21:02:44'),(696,22,696,'NetworkPort','ocs-inventory-ng',NULL,0,0,0,1,'2023-07-02 21:18:04','2020-06-11 21:02:44'),(697,22,697,'NetworkPort','ocs-inventory-ng',NULL,0,0,0,1,'2023-07-02 21:18:04','2020-06-11 21:02:44'),(698,22,698,'NetworkPort','ocs-inventory-ng',NULL,0,0,0,1,'2023-07-02 21:18:04','2020-06-11 21:02:44'),(699,22,699,'NetworkPort','ocs-inventory-ng',NULL,0,0,0,1,'2023-07-02 21:18:04','2020-06-11 21:02:44'),(733,21,733,'NetworkPort','ocs-inventory-ng',NULL,0,0,0,1,'2023-07-02 19:24:02','2020-06-11 22:44:47'),(738,21,738,'NetworkPort','ocs-inventory-ng',NULL,0,0,0,1,'2023-07-02 19:24:02','2020-06-11 22:44:47'),(739,21,739,'NetworkPort','ocs-inventory-ng',NULL,0,0,0,1,'2023-07-02 19:24:02','2020-06-11 22:44:47'),(740,21,740,'NetworkPort','ocs-inventory-ng',NULL,0,0,0,1,'2023-07-02 19:24:02','2020-06-11 22:44:47'),(741,21,741,'NetworkPort','ocs-inventory-ng',NULL,0,0,0,1,'2023-07-02 19:24:02','2020-06-11 22:44:47'),(742,21,742,'NetworkPort','ocs-inventory-ng',NULL,0,0,0,1,'2023-07-02 19:24:02','2020-06-11 22:44:47'),(745,21,745,'NetworkPort','ocs-inventory-ng',NULL,0,0,0,1,'2023-07-02 19:24:02','2020-06-11 22:44:47'),(746,21,746,'NetworkPort','ocs-inventory-ng',NULL,0,0,0,1,'2023-07-02 19:24:02','2020-06-11 22:44:47'),(747,21,747,'NetworkPort','ocs-inventory-ng',NULL,0,0,0,1,'2023-07-02 19:24:02','2020-06-11 22:44:47'),(748,21,748,'NetworkPort','ocs-inventory-ng',NULL,0,0,0,1,'2023-07-02 19:24:02','2020-06-11 22:44:47'),(749,21,749,'NetworkPort','ocs-inventory-ng',NULL,0,0,0,1,'2023-07-02 19:24:02','2020-06-11 22:44:47'),(750,21,750,'NetworkPort','ocs-inventory-ng',NULL,0,0,0,1,'2023-07-02 19:24:02','2020-06-11 22:44:47'),(762,21,762,'NetworkPort','ocs-inventory-ng',NULL,0,0,0,1,'2023-07-02 19:24:02','2020-06-11 22:44:47'),(763,1,763,'NetworkPort','ocs-inventory-ng',NULL,0,0,0,1,'2020-06-11 23:39:09','2020-06-11 23:39:09'),(764,1,764,'NetworkPort','ocs-inventory-ng',NULL,0,0,0,1,'2020-06-11 23:39:09','2020-06-11 23:39:09'),(765,1,765,'NetworkPort','ocs-inventory-ng',NULL,0,0,0,1,'2020-06-11 23:39:09','2020-06-11 23:39:09'),(766,1,766,'NetworkPort','ocs-inventory-ng',NULL,0,0,0,1,'2020-06-11 23:39:09','2020-06-11 23:39:09'),(767,1,767,'NetworkPort','ocs-inventory-ng',NULL,0,0,0,1,'2020-06-11 23:39:09','2020-06-11 23:39:09'),(768,1,768,'NetworkPort','ocs-inventory-ng',NULL,0,0,0,1,'2020-06-11 23:39:09','2020-06-11 23:39:09'),(769,1,769,'NetworkPort','ocs-inventory-ng',NULL,0,0,0,1,'2020-06-11 23:39:09','2020-06-11 23:39:09'),(770,1,770,'NetworkPort','ocs-inventory-ng',NULL,0,0,0,1,'2020-06-11 23:39:09','2020-06-11 23:39:09'),(771,1,771,'NetworkPort','ocs-inventory-ng',NULL,0,0,0,1,'2020-06-11 23:39:09','2020-06-11 23:39:09'),(772,1,772,'NetworkPort','ocs-inventory-ng',NULL,0,0,0,1,'2020-06-11 23:39:09','2020-06-11 23:39:09'),(773,1,773,'NetworkPort','ocs-inventory-ng',NULL,0,0,0,1,'2020-06-11 23:39:09','2020-06-11 23:39:09'),(778,1,778,'NetworkPort','ocs-inventory-ng',NULL,0,0,0,1,'2020-06-11 23:39:09','2020-06-11 23:39:09'),(779,1,779,'NetworkPort','ocs-inventory-ng',NULL,0,0,0,1,'2020-06-11 23:39:09','2020-06-11 23:39:09'),(780,1,780,'NetworkPort','ocs-inventory-ng',NULL,0,0,0,1,'2020-06-11 23:39:09','2020-06-11 23:39:09'),(781,1,781,'NetworkPort','ocs-inventory-ng',NULL,0,0,0,1,'2020-06-11 23:39:09','2020-06-11 23:39:09'),(782,1,782,'NetworkPort','ocs-inventory-ng',NULL,0,0,0,1,'2020-06-11 23:39:09','2020-06-11 23:39:09'),(796,1,796,'NetworkPort','ocs-inventory-ng',NULL,0,0,0,1,'2021-03-10 20:33:10','2020-06-12 02:53:34'),(797,1,797,'NetworkPort','ocs-inventory-ng',NULL,0,0,0,1,'2021-03-10 20:33:10','2020-06-12 02:53:34'),(798,1,798,'NetworkPort','ocs-inventory-ng',NULL,0,0,0,1,'2021-03-10 20:33:10','2020-06-12 02:53:34'),(799,1,799,'NetworkPort','ocs-inventory-ng',NULL,0,0,0,1,'2021-03-10 20:33:10','2020-06-12 02:53:34'),(800,1,800,'NetworkPort','ocs-inventory-ng',NULL,0,0,0,1,'2021-03-10 20:33:10','2020-06-12 02:53:34'),(801,1,801,'NetworkPort','ocs-inventory-ng',NULL,0,0,0,1,'2021-03-10 20:33:10','2020-06-12 02:53:34'),(802,1,802,'NetworkPort','ocs-inventory-ng',NULL,0,0,0,1,'2021-03-10 20:33:10','2020-06-12 02:53:34'),(803,1,803,'NetworkPort','ocs-inventory-ng',NULL,0,0,0,1,'2021-03-10 20:33:10','2020-06-12 02:53:34'),(804,1,804,'NetworkPort','ocs-inventory-ng',NULL,0,0,0,1,'2021-03-10 20:33:10','2020-06-12 02:53:34'),(805,1,805,'NetworkPort','ocs-inventory-ng',NULL,0,0,0,1,'2021-03-10 20:33:10','2020-06-12 02:53:34'),(806,1,806,'NetworkPort','ocs-inventory-ng',NULL,0,0,0,1,'2021-03-10 20:33:10','2020-06-12 02:53:34'),(807,1,807,'NetworkPort','ocs-inventory-ng',NULL,0,0,0,1,'2021-03-10 20:33:10','2020-06-12 02:53:34'),(808,1,808,'NetworkPort','ocs-inventory-ng',NULL,0,0,0,1,'2021-03-10 20:33:10','2020-06-12 02:53:34'),(809,1,809,'NetworkPort','ocs-inventory-ng',NULL,0,0,0,1,'2021-03-10 20:33:10','2020-06-12 02:53:34'),(810,1,810,'NetworkPort','ocs-inventory-ng',NULL,0,0,0,1,'2021-03-10 20:33:10','2020-06-12 02:53:34'),(816,1,816,'NetworkPort','ocs-inventory-ng',NULL,0,0,0,1,'2021-03-10 20:33:10','2020-06-12 02:53:34'),(817,1,817,'NetworkPort','ocs-inventory-ng',NULL,0,0,0,1,'2021-03-10 20:50:10','2020-06-12 14:49:22'),(818,1,818,'NetworkPort','ocs-inventory-ng',NULL,0,0,0,1,'2021-03-10 20:50:10','2020-06-12 14:49:22'),(819,1,819,'NetworkPort','ocs-inventory-ng',NULL,0,0,0,1,'2021-03-10 20:50:10','2020-06-12 14:49:22'),(820,1,820,'NetworkPort','ocs-inventory-ng',NULL,0,0,0,1,'2021-03-10 20:50:10','2020-06-12 14:49:22'),(821,1,821,'NetworkPort','ocs-inventory-ng',NULL,0,0,0,1,'2021-03-10 20:50:10','2020-06-12 14:49:22'),(822,1,822,'NetworkPort','ocs-inventory-ng',NULL,0,0,0,1,'2021-03-10 20:50:10','2020-06-12 14:49:22'),(823,1,823,'NetworkPort','ocs-inventory-ng',NULL,0,0,0,1,'2021-03-10 20:50:10','2020-06-12 14:49:22'),(824,1,824,'NetworkPort','ocs-inventory-ng',NULL,0,0,0,1,'2021-03-10 20:50:10','2020-06-12 14:49:22'),(825,1,825,'NetworkPort','ocs-inventory-ng',NULL,0,0,0,1,'2021-03-10 20:50:10','2020-06-12 14:49:22'),(826,1,826,'NetworkPort','ocs-inventory-ng',NULL,0,0,0,1,'2021-03-10 20:50:10','2020-06-12 14:49:22'),(827,1,827,'NetworkPort','ocs-inventory-ng',NULL,0,0,0,1,'2021-03-10 20:50:10','2020-06-12 14:49:22'),(830,0,830,'NetworkPort','ocs-inventory-ng',NULL,0,0,0,1,'2021-03-10 20:55:18','2020-06-12 20:35:48'),(831,0,831,'NetworkPort','ocs-inventory-ng',NULL,0,0,0,1,'2021-03-10 20:55:18','2020-06-12 20:35:48'),(832,0,832,'NetworkPort','ocs-inventory-ng',NULL,0,0,0,1,'2021-03-10 20:55:18','2020-06-12 20:35:48'),(833,0,833,'NetworkPort','ocs-inventory-ng',NULL,0,0,0,1,'2021-03-10 20:55:18','2020-06-12 20:35:48'),(834,0,834,'NetworkPort','ocs-inventory-ng',NULL,0,0,0,1,'2021-03-10 20:55:18','2020-06-12 20:35:48'),(835,0,835,'NetworkPort','ocs-inventory-ng',NULL,0,0,0,1,'2021-03-10 20:55:18','2020-06-12 20:35:48'),(836,0,836,'NetworkPort','ocs-inventory-ng',NULL,0,0,0,1,'2021-03-10 20:55:18','2020-06-12 20:35:48'),(837,0,837,'NetworkPort','ocs-inventory-ng',NULL,0,0,0,1,'2021-03-10 20:55:18','2020-06-12 20:35:48'),(838,0,838,'NetworkPort','ocs-inventory-ng',NULL,0,0,0,1,'2021-03-10 20:55:18','2020-06-12 20:35:48'),(839,0,839,'NetworkPort','ocs-inventory-ng',NULL,0,0,0,1,'2021-03-10 20:55:18','2020-06-12 20:35:48'),(840,0,840,'NetworkPort','ocs-inventory-ng',NULL,0,0,0,1,'2021-03-10 20:55:18','2020-06-12 20:35:48'),(841,0,841,'NetworkPort','ocs-inventory-ng',NULL,0,0,0,1,'2021-03-10 20:55:18','2020-06-12 20:35:48'),(842,0,842,'NetworkPort','ocs-inventory-ng',NULL,0,0,0,1,'2021-04-20 19:53:36','2020-06-12 20:35:58'),(846,1,846,'NetworkPort','ocs-inventory-ng',NULL,0,0,0,1,'2021-03-10 20:43:50','2020-06-16 16:19:35'),(847,1,847,'NetworkPort','ocs-inventory-ng',NULL,0,0,0,1,'2021-03-10 20:43:50','2020-06-16 16:19:35'),(849,21,849,'NetworkPort','ocs-inventory-ng',NULL,0,0,0,1,'2023-07-02 19:24:04','2020-06-16 18:34:03'),(850,21,850,'NetworkPort','ocs-inventory-ng',NULL,0,0,0,1,'2023-07-02 19:24:04','2020-06-16 18:34:03'),(851,21,851,'NetworkPort','ocs-inventory-ng',NULL,0,0,0,1,'2023-07-02 19:24:04','2020-06-16 18:34:03'),(852,21,852,'NetworkPort','ocs-inventory-ng',NULL,0,0,0,1,'2023-07-02 19:24:04','2020-06-16 18:34:03'),(853,21,853,'NetworkPort','ocs-inventory-ng',NULL,0,0,0,1,'2023-07-02 19:24:04','2020-06-16 18:34:03'),(854,21,854,'NetworkPort','ocs-inventory-ng',NULL,0,0,0,1,'2023-07-02 19:24:04','2020-06-16 18:34:03'),(855,21,855,'NetworkPort','ocs-inventory-ng',NULL,0,0,0,1,'2023-07-02 19:24:04','2020-06-16 18:34:03'),(856,21,856,'NetworkPort','ocs-inventory-ng',NULL,0,0,0,1,'2023-07-02 19:24:04','2020-06-16 18:34:03'),(857,21,857,'NetworkPort','ocs-inventory-ng',NULL,0,0,0,1,'2023-07-02 19:24:04','2020-06-16 18:34:03'),(858,21,858,'NetworkPort','ocs-inventory-ng',NULL,0,0,0,1,'2023-07-02 19:24:04','2020-06-16 18:34:03'),(859,21,859,'NetworkPort','ocs-inventory-ng',NULL,0,0,0,1,'2023-07-02 19:24:04','2020-06-16 18:34:03'),(860,21,860,'NetworkPort','ocs-inventory-ng',NULL,0,0,0,1,'2023-07-02 19:24:04','2020-06-16 18:34:03'),(861,21,861,'NetworkPort','ocs-inventory-ng',NULL,0,0,0,1,'2023-07-02 19:24:04','2020-06-16 18:34:03'),(862,21,862,'NetworkPort','ocs-inventory-ng',NULL,0,0,0,1,'2023-07-02 19:24:04','2020-06-16 18:34:03'),(863,21,863,'NetworkPort','ocs-inventory-ng',NULL,0,0,0,1,'2023-07-02 19:24:04','2020-06-16 18:34:03'),(864,21,864,'NetworkPort','ocs-inventory-ng',NULL,0,0,0,1,'2023-07-02 19:24:04','2020-06-16 18:34:03'),(865,21,865,'NetworkPort','ocs-inventory-ng',NULL,0,0,0,1,'2023-07-02 19:24:04','2020-06-16 18:34:03'),(866,21,866,'NetworkPort','ocs-inventory-ng',NULL,0,0,0,1,'2023-07-02 19:24:04','2020-06-16 18:34:03'),(873,21,873,'NetworkPort','ocs-inventory-ng',NULL,0,0,0,1,'2023-07-02 19:24:04','2020-06-16 18:34:03'),(874,0,874,'NetworkPort','ocs-inventory-ng',NULL,0,0,0,1,'2021-03-10 20:42:20','2020-06-16 18:34:15'),(878,0,878,'NetworkPort','ocs-inventory-ng',NULL,0,0,0,1,'2021-03-10 20:42:20','2020-06-16 18:34:15'),(879,0,879,'NetworkPort','ocs-inventory-ng',NULL,0,0,0,1,'2021-03-10 20:42:20','2020-06-16 18:34:15'),(880,0,880,'NetworkPort','ocs-inventory-ng',NULL,0,0,0,1,'2021-03-10 20:42:20','2020-06-16 18:34:15'),(881,0,881,'NetworkPort','ocs-inventory-ng',NULL,0,0,0,1,'2021-03-10 20:34:11','2020-06-16 19:37:43'),(882,1,882,'NetworkPort','ocs-inventory-ng',NULL,0,0,0,1,'2021-03-10 20:38:47','2020-06-17 15:42:47'),(883,1,883,'NetworkPort','ocs-inventory-ng',NULL,0,0,0,1,'2021-03-10 20:38:47','2020-06-17 15:42:47'),(884,1,884,'NetworkPort','ocs-inventory-ng',NULL,0,0,0,1,'2021-03-10 20:51:06','2020-06-17 22:18:41'),(885,1,885,'NetworkPort','ocs-inventory-ng',NULL,0,0,0,1,'2021-03-10 20:34:13','2020-06-17 22:18:48'),(886,1,886,'NetworkPort','ocs-inventory-ng',NULL,0,0,0,1,'2021-03-10 20:34:13','2020-06-17 22:18:48'),(887,1,887,'NetworkPort','ocs-inventory-ng',NULL,0,0,0,1,'2021-03-10 20:34:13','2020-06-17 22:18:48'),(888,1,888,'NetworkPort','ocs-inventory-ng',NULL,0,0,0,1,'2021-03-10 20:34:13','2020-06-17 22:18:48'),(889,1,889,'NetworkPort','ocs-inventory-ng',NULL,0,0,0,1,'2021-03-10 20:34:13','2020-06-17 22:18:48'),(890,1,890,'NetworkPort','ocs-inventory-ng',NULL,0,0,0,1,'2021-03-10 20:34:13','2020-06-17 22:18:48'),(891,1,891,'NetworkPort','ocs-inventory-ng',NULL,0,0,0,1,'2021-03-10 20:34:13','2020-06-17 22:18:48'),(892,1,892,'NetworkPort','ocs-inventory-ng',NULL,0,0,0,1,'2021-03-10 20:34:13','2020-06-17 22:18:48'),(893,1,893,'NetworkPort','ocs-inventory-ng',NULL,0,0,0,1,'2021-03-10 20:34:13','2020-06-17 22:18:48'),(894,1,894,'NetworkPort','ocs-inventory-ng',NULL,0,0,0,1,'2021-03-10 20:34:13','2020-06-17 22:18:48'),(895,1,895,'NetworkPort','ocs-inventory-ng',NULL,0,0,0,1,'2021-03-10 20:34:13','2020-06-17 22:18:48'),(896,1,896,'NetworkPort','ocs-inventory-ng',NULL,0,0,0,1,'2021-03-10 20:34:13','2020-06-17 22:18:48'),(897,1,897,'NetworkPort','ocs-inventory-ng',NULL,0,0,0,1,'2021-03-10 20:34:13','2020-06-17 22:18:48'),(898,1,898,'NetworkPort','ocs-inventory-ng',NULL,0,0,0,1,'2021-03-10 20:34:13','2020-06-17 22:18:48'),(899,1,899,'NetworkPort','ocs-inventory-ng',NULL,0,0,0,1,'2021-03-10 20:34:13','2020-06-17 22:18:48'),(900,1,900,'NetworkPort','ocs-inventory-ng',NULL,0,0,0,1,'2021-03-10 20:34:13','2020-06-17 22:18:48'),(901,1,901,'NetworkPort','ocs-inventory-ng',NULL,0,0,0,1,'2021-03-10 20:34:13','2020-06-17 22:18:48'),(902,1,902,'NetworkPort','ocs-inventory-ng',NULL,0,0,0,1,'2021-03-10 20:34:13','2020-06-17 22:18:48'),(903,1,903,'NetworkPort','ocs-inventory-ng',NULL,0,0,0,1,'2021-03-10 20:34:13','2020-06-17 22:18:48'),(904,1,904,'NetworkPort','ocs-inventory-ng',NULL,0,0,0,1,'2021-03-10 20:34:13','2020-06-17 22:18:48'),(905,1,905,'NetworkPort','ocs-inventory-ng',NULL,0,0,0,1,'2021-03-10 20:34:13','2020-06-17 22:18:48'),(906,1,906,'NetworkPort','ocs-inventory-ng',NULL,0,0,0,1,'2021-03-10 20:34:13','2020-06-17 22:18:48'),(907,1,907,'NetworkPort','ocs-inventory-ng',NULL,0,0,0,1,'2021-03-10 20:34:13','2020-06-17 22:18:48'),(908,1,908,'NetworkPort','ocs-inventory-ng',NULL,0,0,0,1,'2021-03-10 20:34:13','2020-06-17 22:18:48'),(911,2,911,'NetworkPort','ocs-inventory-ng',NULL,0,0,0,1,'2021-03-10 20:34:39','2020-06-17 22:25:45'),(913,2,913,'NetworkPort','ocs-inventory-ng',NULL,0,0,0,1,'2021-03-10 20:34:39','2020-06-17 22:25:45'),(914,2,914,'NetworkPort','ocs-inventory-ng',NULL,0,0,0,1,'2021-03-10 20:34:39','2020-06-17 22:25:45'),(915,2,915,'NetworkPort','ocs-inventory-ng',NULL,0,0,0,1,'2021-03-10 20:34:39','2020-06-17 22:25:45'),(916,2,916,'NetworkPort','ocs-inventory-ng',NULL,0,0,0,1,'2021-03-10 20:34:39','2020-06-17 22:25:45'),(917,2,917,'NetworkPort','ocs-inventory-ng',NULL,0,0,0,1,'2021-03-10 20:34:39','2020-06-17 22:25:45'),(918,2,918,'NetworkPort','ocs-inventory-ng',NULL,0,0,0,1,'2021-03-10 20:34:39','2020-06-17 22:25:45'),(919,2,919,'NetworkPort','ocs-inventory-ng',NULL,0,0,0,1,'2021-03-10 20:34:39','2020-06-17 22:25:45'),(920,2,920,'NetworkPort','ocs-inventory-ng',NULL,0,0,0,1,'2021-03-10 20:34:39','2020-06-17 22:25:45'),(921,2,921,'NetworkPort','ocs-inventory-ng',NULL,0,0,0,1,'2021-03-10 20:34:39','2020-06-17 22:25:45'),(922,2,922,'NetworkPort','ocs-inventory-ng',NULL,0,0,0,1,'2021-03-10 20:34:39','2020-06-17 22:25:45'),(923,2,923,'NetworkPort','ocs-inventory-ng',NULL,0,0,0,1,'2021-03-10 20:34:39','2020-06-17 22:25:45'),(924,2,924,'NetworkPort','ocs-inventory-ng',NULL,0,0,0,1,'2021-03-10 20:34:39','2020-06-17 22:25:45'),(925,2,925,'NetworkPort','ocs-inventory-ng',NULL,0,0,0,1,'2021-03-10 20:34:39','2020-06-17 22:25:45'),(926,2,926,'NetworkPort','ocs-inventory-ng',NULL,0,0,0,1,'2021-03-10 20:34:39','2020-06-17 22:25:45'),(927,2,927,'NetworkPort','ocs-inventory-ng',NULL,0,0,0,1,'2021-03-10 20:34:39','2020-06-17 22:25:45'),(928,2,928,'NetworkPort','ocs-inventory-ng',NULL,0,0,0,1,'2021-03-10 20:34:39','2020-06-17 22:25:45'),(929,2,929,'NetworkPort','ocs-inventory-ng',NULL,0,0,0,1,'2021-03-10 20:34:39','2020-06-17 22:25:45'),(930,2,930,'NetworkPort','ocs-inventory-ng',NULL,0,0,0,1,'2021-03-10 20:34:39','2020-06-17 22:25:45'),(931,2,931,'NetworkPort','ocs-inventory-ng',NULL,0,0,0,1,'2021-03-10 20:34:39','2020-06-17 22:25:45'),(938,0,938,'NetworkPort','ocs-inventory-ng',NULL,0,0,0,1,'2020-06-18 20:21:59','2020-06-18 20:21:59'),(939,0,939,'NetworkPort','ocs-inventory-ng',NULL,0,0,0,1,'2020-06-18 20:21:59','2020-06-18 20:21:59'),(940,0,940,'NetworkPort','ocs-inventory-ng',NULL,0,0,0,1,'2020-06-18 20:21:59','2020-06-18 20:21:59'),(941,0,941,'NetworkPort','ocs-inventory-ng',NULL,0,0,0,1,'2020-06-18 20:21:59','2020-06-18 20:21:59'),(942,0,942,'NetworkPort','ocs-inventory-ng',NULL,0,0,0,1,'2020-06-18 20:21:59','2020-06-18 20:21:59'),(943,0,943,'NetworkPort','ocs-inventory-ng',NULL,0,0,0,1,'2020-06-18 20:21:59','2020-06-18 20:21:59'),(944,0,944,'NetworkPort','ocs-inventory-ng',NULL,0,0,0,1,'2020-06-18 20:21:59','2020-06-18 20:21:59'),(945,0,945,'NetworkPort','ocs-inventory-ng',NULL,0,0,0,1,'2020-06-18 20:21:59','2020-06-18 20:21:59'),(946,0,946,'NetworkPort','ocs-inventory-ng',NULL,0,0,0,1,'2020-06-18 20:21:59','2020-06-18 20:21:59'),(947,0,947,'NetworkPort','ocs-inventory-ng',NULL,0,0,0,1,'2020-06-18 20:21:59','2020-06-18 20:21:59'),(948,0,948,'NetworkPort','ocs-inventory-ng',NULL,0,0,0,1,'2020-06-18 20:21:59','2020-06-18 20:21:59'),(949,0,949,'NetworkPort','ocs-inventory-ng',NULL,0,0,0,1,'2020-06-18 20:21:59','2020-06-18 20:21:59'),(950,0,950,'NetworkPort','ocs-inventory-ng',NULL,0,0,0,1,'2020-06-18 20:21:59','2020-06-18 20:21:59'),(951,0,951,'NetworkPort','ocs-inventory-ng',NULL,0,0,0,1,'2020-06-18 20:21:59','2020-06-18 20:21:59'),(952,0,952,'NetworkPort','ocs-inventory-ng',NULL,0,0,0,1,'2020-06-18 20:21:59','2020-06-18 20:21:59'),(953,0,953,'NetworkPort','ocs-inventory-ng',NULL,0,0,0,1,'2020-06-18 20:21:59','2020-06-18 20:21:59'),(954,0,954,'NetworkPort','ocs-inventory-ng',NULL,0,0,0,1,'2020-06-18 20:21:59','2020-06-18 20:21:59'),(955,0,955,'NetworkPort','ocs-inventory-ng',NULL,0,0,0,1,'2020-06-18 20:21:59','2020-06-18 20:21:59'),(956,0,956,'NetworkPort','ocs-inventory-ng',NULL,0,0,0,1,'2020-06-18 20:21:59','2020-06-18 20:21:59'),(957,0,957,'NetworkPort','ocs-inventory-ng',NULL,0,0,0,1,'2020-06-18 20:21:59','2020-06-18 20:21:59'),(958,0,958,'NetworkPort','ocs-inventory-ng',NULL,0,0,0,1,'2020-06-18 20:21:59','2020-06-18 20:21:59'),(959,0,959,'NetworkPort','ocs-inventory-ng',NULL,0,0,0,1,'2020-06-18 20:21:59','2020-06-18 20:21:59'),(960,0,960,'NetworkPort','ocs-inventory-ng',NULL,0,0,0,1,'2020-06-18 20:21:59','2020-06-18 20:21:59'),(961,0,961,'NetworkPort','ocs-inventory-ng',NULL,0,0,0,1,'2020-06-18 20:21:59','2020-06-18 20:21:59'),(962,0,962,'NetworkPort','ocs-inventory-ng',NULL,0,0,0,1,'2020-06-18 20:21:59','2020-06-18 20:21:59'),(963,0,963,'NetworkPort','ocs-inventory-ng',NULL,0,0,0,1,'2020-06-18 20:21:59','2020-06-18 20:21:59'),(964,0,964,'NetworkPort','ocs-inventory-ng',NULL,0,0,0,1,'2020-06-18 20:21:59','2020-06-18 20:21:59'),(965,0,965,'NetworkPort','ocs-inventory-ng',NULL,0,0,0,1,'2020-06-18 20:21:59','2020-06-18 20:21:59'),(966,0,966,'NetworkPort','ocs-inventory-ng',NULL,0,0,0,1,'2020-06-18 20:21:59','2020-06-18 20:21:59'),(967,0,967,'NetworkPort','ocs-inventory-ng',NULL,0,0,0,1,'2020-06-18 20:21:59','2020-06-18 20:21:59'),(968,0,968,'NetworkPort','ocs-inventory-ng',NULL,0,0,0,1,'2020-06-18 20:21:59','2020-06-18 20:21:59'),(969,0,969,'NetworkPort','ocs-inventory-ng',NULL,0,0,0,1,'2020-06-18 20:21:59','2020-06-18 20:21:59'),(970,0,970,'NetworkPort','ocs-inventory-ng',NULL,0,0,0,1,'2020-06-18 20:21:59','2020-06-18 20:21:59'),(971,0,971,'NetworkPort','ocs-inventory-ng',NULL,0,0,0,1,'2020-06-18 20:21:59','2020-06-18 20:21:59'),(972,0,972,'NetworkPort','ocs-inventory-ng',NULL,0,0,0,1,'2020-06-18 20:21:59','2020-06-18 20:21:59'),(975,2,975,'NetworkPort','ocs-inventory-ng',NULL,0,0,0,1,'2021-03-10 20:50:00','2020-06-18 20:22:37'),(976,1,976,'NetworkPort','ocs-inventory-ng',NULL,0,0,0,1,'2023-09-04 15:54:42','2020-06-24 15:23:21'),(978,0,978,'NetworkPort','ocs-inventory-ng',NULL,0,0,0,1,'2021-03-10 20:42:20','2020-06-24 15:23:39'),(986,1,986,'NetworkPort','ocs-inventory-ng',NULL,0,0,0,1,'2021-03-10 20:47:12','2020-06-24 15:24:09'),(991,1,991,'NetworkPort','ocs-inventory-ng',NULL,0,0,0,1,'2021-03-10 20:41:55','2020-06-24 15:25:24'),(997,21,997,'NetworkPort','ocs-inventory-ng',NULL,0,0,0,1,'2023-07-02 19:24:04','2020-06-25 15:29:30'),(998,21,998,'NetworkPort','ocs-inventory-ng',NULL,0,0,0,1,'2023-07-02 19:24:04','2020-06-25 15:29:30'),(999,21,999,'NetworkPort','ocs-inventory-ng',NULL,0,0,0,1,'2023-07-02 19:24:04','2020-06-25 15:29:30'),(1000,21,1000,'NetworkPort','ocs-inventory-ng',NULL,0,0,0,1,'2023-07-02 19:24:04','2020-06-25 15:29:30'),(1001,21,1001,'NetworkPort','ocs-inventory-ng',NULL,0,0,0,1,'2023-07-02 19:24:04','2020-06-25 15:29:30'),(1002,21,1002,'NetworkPort','ocs-inventory-ng',NULL,0,0,0,1,'2023-07-02 19:24:04','2020-06-25 15:29:30'),(1003,21,1003,'NetworkPort','ocs-inventory-ng',NULL,0,0,0,1,'2023-07-02 19:24:04','2020-06-25 15:29:30'),(1004,21,1004,'NetworkPort','ocs-inventory-ng',NULL,0,0,0,1,'2023-07-02 19:24:04','2020-06-25 15:29:30'),(1005,21,1005,'NetworkPort','ocs-inventory-ng',NULL,0,0,0,1,'2023-07-02 19:24:04','2020-06-25 15:29:30'),(1006,21,1006,'NetworkPort','ocs-inventory-ng',NULL,0,0,0,1,'2023-07-02 19:24:04','2020-06-25 15:29:30'),(1007,21,1007,'NetworkPort','ocs-inventory-ng',NULL,0,0,0,1,'2023-07-02 19:20:43','2020-06-25 15:30:02'),(1009,21,1009,'NetworkPort','ocs-inventory-ng',NULL,0,0,0,1,'2023-07-02 19:20:43','2020-06-25 15:30:02'),(1010,21,1010,'NetworkPort','ocs-inventory-ng',NULL,0,0,0,1,'2023-07-02 19:20:43','2020-06-25 15:30:02'),(1011,21,1011,'NetworkPort','ocs-inventory-ng',NULL,0,0,0,1,'2023-07-02 19:20:43','2020-06-25 15:30:02'),(1012,21,1012,'NetworkPort','ocs-inventory-ng',NULL,0,0,0,1,'2023-07-02 19:20:43','2020-06-25 15:30:02'),(1014,21,1014,'NetworkPort','ocs-inventory-ng',NULL,0,0,0,1,'2023-07-02 19:24:02','2020-06-25 15:30:51'),(1019,1,1019,'NetworkPort','ocs-inventory-ng',NULL,0,0,0,1,'2021-03-10 20:31:59','2020-06-25 15:33:16'),(1020,1,1020,'NetworkPort','ocs-inventory-ng',NULL,0,0,0,1,'2021-03-10 20:31:59','2020-06-25 15:33:16'),(1021,1,1021,'NetworkPort','ocs-inventory-ng',NULL,0,0,0,1,'2021-03-10 20:31:59','2020-06-25 15:33:16'),(1022,1,1022,'NetworkPort','ocs-inventory-ng',NULL,0,0,0,1,'2021-03-10 20:31:59','2020-06-25 15:33:16'),(1023,1,1023,'NetworkPort','ocs-inventory-ng',NULL,0,0,0,1,'2021-03-10 20:31:59','2020-06-25 15:33:16'),(1024,1,1024,'NetworkPort','ocs-inventory-ng',NULL,0,0,0,1,'2021-03-10 20:31:59','2020-06-25 15:33:16'),(1025,1,1025,'NetworkPort','ocs-inventory-ng',NULL,0,0,0,1,'2021-03-10 20:31:59','2020-06-25 15:33:16'),(1026,1,1026,'NetworkPort','ocs-inventory-ng',NULL,0,0,0,1,'2021-03-10 20:31:59','2020-06-25 15:33:16'),(1027,1,1027,'NetworkPort','ocs-inventory-ng',NULL,0,0,0,1,'2021-03-10 20:31:59','2020-06-25 15:33:16'),(1028,1,1028,'NetworkPort','ocs-inventory-ng',NULL,0,0,0,1,'2021-03-10 20:31:59','2020-06-25 15:33:16'),(1029,1,1029,'NetworkPort','ocs-inventory-ng',NULL,0,0,0,1,'2021-03-10 20:31:59','2020-06-25 15:33:16'),(1030,1,1030,'NetworkPort','ocs-inventory-ng',NULL,0,0,0,1,'2021-03-10 20:31:59','2020-06-25 15:33:16'),(1031,1,1031,'NetworkPort','ocs-inventory-ng',NULL,0,0,0,1,'2021-03-10 20:31:59','2020-06-25 15:33:16'),(1032,1,1032,'NetworkPort','ocs-inventory-ng',NULL,0,0,0,1,'2021-03-10 20:31:59','2020-06-25 15:33:16'),(1033,1,1033,'NetworkPort','ocs-inventory-ng',NULL,0,0,0,1,'2021-03-10 20:31:59','2020-06-25 15:33:16'),(1035,1,1035,'NetworkPort','ocs-inventory-ng',NULL,0,0,0,1,'2021-03-10 20:31:59','2020-06-25 15:33:16'),(1036,1,1036,'NetworkPort','ocs-inventory-ng',NULL,0,0,0,1,'2021-03-10 20:31:59','2020-06-25 15:33:16'),(1037,1,1037,'NetworkPort','ocs-inventory-ng',NULL,0,0,0,1,'2021-03-10 20:31:59','2020-06-25 15:33:16'),(1038,1,1038,'NetworkPort','ocs-inventory-ng',NULL,0,0,0,1,'2021-03-10 20:31:59','2020-06-25 15:33:16'),(1039,1,1039,'NetworkPort','ocs-inventory-ng',NULL,0,0,0,1,'2021-03-10 20:31:59','2020-06-25 15:33:16'),(1040,1,1040,'NetworkPort','ocs-inventory-ng',NULL,0,0,0,1,'2021-03-10 20:31:59','2020-06-25 15:33:16'),(1046,1,1046,'NetworkPort','ocs-inventory-ng',NULL,0,0,0,1,'2021-03-10 20:31:59','2020-06-25 15:33:16'),(1047,22,1047,'NetworkPort','ocs-inventory-ng',NULL,0,0,0,1,'2023-07-02 21:18:02','2020-06-25 15:33:34'),(1048,1,1048,'NetworkPort','ocs-inventory-ng',NULL,0,0,0,1,'2021-03-10 20:26:33','2020-06-25 15:33:47'),(1053,1,1053,'NetworkPort','ocs-inventory-ng',NULL,0,0,0,1,'2021-03-10 20:26:33','2020-06-25 15:33:47'),(1054,1,1054,'NetworkPort','ocs-inventory-ng',NULL,0,0,0,1,'2021-03-10 20:26:33','2020-06-25 15:33:47'),(1055,1,1055,'NetworkPort','ocs-inventory-ng',NULL,0,0,0,1,'2021-03-10 20:26:33','2020-06-25 15:33:47'),(1056,1,1056,'NetworkPort','ocs-inventory-ng',NULL,0,0,0,1,'2021-03-10 20:26:33','2020-06-25 15:33:47'),(1057,1,1057,'NetworkPort','ocs-inventory-ng',NULL,0,0,0,1,'2021-03-10 20:26:33','2020-06-25 15:33:47'),(1058,1,1058,'NetworkPort','ocs-inventory-ng',NULL,0,0,0,1,'2021-03-10 20:26:33','2020-06-25 15:33:47'),(1059,1,1059,'NetworkPort','ocs-inventory-ng',NULL,0,0,0,1,'2021-03-10 20:26:33','2020-06-25 15:33:47'),(1060,1,1060,'NetworkPort','ocs-inventory-ng',NULL,0,0,0,1,'2021-03-10 20:26:33','2020-06-25 15:33:47'),(1061,1,1061,'NetworkPort','ocs-inventory-ng',NULL,0,0,0,1,'2021-03-10 20:26:33','2020-06-25 15:33:47'),(1062,1,1062,'NetworkPort','ocs-inventory-ng',NULL,0,0,0,1,'2021-03-10 20:26:33','2020-06-25 15:33:47'),(1068,1,1068,'NetworkPort','ocs-inventory-ng',NULL,0,0,0,1,'2021-03-10 20:26:33','2020-06-25 15:33:47'),(1069,22,1069,'NetworkPort','ocs-inventory-ng',NULL,0,0,0,1,'2023-07-02 21:18:07','2020-06-25 15:34:54'),(1070,22,1070,'NetworkPort','ocs-inventory-ng',NULL,0,0,0,1,'2023-07-02 21:18:07','2020-06-25 15:34:54'),(1071,22,1071,'NetworkPort','ocs-inventory-ng',NULL,0,0,0,1,'2023-07-02 21:18:07','2020-06-25 15:34:54'),(1072,22,1072,'NetworkPort','ocs-inventory-ng',NULL,0,0,0,1,'2023-07-02 21:18:07','2020-06-25 15:34:54'),(1073,22,1073,'NetworkPort','ocs-inventory-ng',NULL,0,0,0,1,'2023-07-02 21:18:07','2020-06-25 15:34:54'),(1074,22,1074,'NetworkPort','ocs-inventory-ng',NULL,0,0,0,1,'2023-07-02 21:18:07','2020-06-25 15:34:54'),(1075,0,1075,'NetworkPort','ocs-inventory-ng',NULL,0,0,0,1,'2021-03-10 20:31:23','2020-06-25 15:36:01'),(1076,0,1076,'NetworkPort','ocs-inventory-ng',NULL,0,0,0,1,'2021-03-10 20:31:21','2020-06-25 15:36:06'),(1077,0,1077,'NetworkPort','ocs-inventory-ng',NULL,0,0,0,1,'2021-03-10 20:27:06','2020-06-25 15:36:14'),(1078,0,1078,'NetworkPort','ocs-inventory-ng',NULL,0,0,0,1,'2021-03-10 20:27:06','2020-06-25 15:36:14'),(1079,15,1079,'NetworkPort','ocs-inventory-ng',NULL,0,0,0,1,'2023-01-19 20:29:56','2020-06-25 15:36:35'),(1080,15,1080,'NetworkPort','ocs-inventory-ng',NULL,0,0,0,1,'2023-01-19 20:29:56','2020-06-25 15:36:35'),(1081,15,1081,'NetworkPort','ocs-inventory-ng',NULL,0,0,0,1,'2023-01-19 20:29:56','2020-06-25 15:36:35'),(1082,15,1082,'NetworkPort','ocs-inventory-ng',NULL,0,0,0,1,'2023-01-19 20:29:56','2020-06-25 15:36:35'),(1083,15,1083,'NetworkPort','ocs-inventory-ng',NULL,0,0,0,1,'2023-01-19 20:29:56','2020-06-25 15:36:35'),(1084,15,1084,'NetworkPort','ocs-inventory-ng',NULL,0,0,0,1,'2023-01-19 20:29:56','2020-06-25 15:36:35'),(1091,15,1091,'NetworkPort','ocs-inventory-ng',NULL,0,0,0,1,'2023-01-19 20:29:56','2020-06-25 15:36:35'),(1092,15,1092,'NetworkPort','ocs-inventory-ng',NULL,0,0,0,1,'2023-01-19 20:29:56','2020-06-25 15:36:35'),(1094,21,1094,'NetworkPort','ocs-inventory-ng',NULL,0,0,0,1,'2023-07-02 19:20:42','2020-06-25 15:37:29'),(1095,22,1095,'NetworkPort','ocs-inventory-ng',NULL,0,0,0,1,'2023-07-02 21:18:06','2020-06-25 15:37:43'),(1123,2,1123,'NetworkPort','ocs-inventory-ng',NULL,0,0,0,1,'2021-03-10 20:30:18','2020-06-25 15:39:23'),(1124,2,1124,'NetworkPort','ocs-inventory-ng',NULL,0,0,0,1,'2021-03-10 20:30:18','2020-06-25 15:39:23'),(1125,2,1125,'NetworkPort','ocs-inventory-ng',NULL,0,0,0,1,'2021-03-10 20:30:18','2020-06-25 15:39:23'),(1127,2,1127,'NetworkPort','ocs-inventory-ng',NULL,0,0,0,1,'2021-03-10 20:30:18','2020-06-25 15:39:23'),(1128,2,1128,'NetworkPort','ocs-inventory-ng',NULL,0,0,0,1,'2021-03-10 20:30:18','2020-06-25 15:39:23'),(1129,2,1129,'NetworkPort','ocs-inventory-ng',NULL,0,0,0,1,'2021-03-10 20:30:18','2020-06-25 15:39:23'),(1130,2,1130,'NetworkPort','ocs-inventory-ng',NULL,0,0,0,1,'2021-03-10 20:30:18','2020-06-25 15:39:23'),(1131,2,1131,'NetworkPort','ocs-inventory-ng',NULL,0,0,0,1,'2021-03-10 20:30:18','2020-06-25 15:39:23'),(1132,2,1132,'NetworkPort','ocs-inventory-ng',NULL,0,0,0,1,'2021-03-10 20:30:18','2020-06-25 15:39:23'),(1133,2,1133,'NetworkPort','ocs-inventory-ng',NULL,0,0,0,1,'2021-03-10 20:30:18','2020-06-25 15:39:23'),(1134,2,1134,'NetworkPort','ocs-inventory-ng',NULL,0,0,0,1,'2021-03-10 20:30:18','2020-06-25 15:39:23'),(1135,2,1135,'NetworkPort','ocs-inventory-ng',NULL,0,0,0,1,'2021-03-10 20:30:18','2020-06-25 15:39:23'),(1140,0,1140,'NetworkPort','ocs-inventory-ng',NULL,0,0,0,1,'2021-04-20 19:53:36','2020-06-25 15:40:29'),(1141,2,1141,'NetworkPort','ocs-inventory-ng',NULL,0,0,0,1,'2021-03-10 20:29:45','2020-06-25 15:40:51'),(1142,2,1142,'NetworkPort','ocs-inventory-ng',NULL,0,0,0,1,'2021-03-10 20:29:45','2020-06-25 15:40:51'),(1143,2,1143,'NetworkPort','ocs-inventory-ng',NULL,0,0,0,1,'2021-03-10 20:29:45','2020-06-25 15:40:51'),(1144,2,1144,'NetworkPort','ocs-inventory-ng',NULL,0,0,0,1,'2021-03-10 20:29:45','2020-06-25 15:40:51'),(1146,1,1146,'NetworkPort','ocs-inventory-ng',NULL,0,0,0,1,'2021-03-10 20:28:33','2020-06-25 20:03:48'),(1147,1,1147,'NetworkPort','ocs-inventory-ng',NULL,0,0,0,1,'2021-03-10 20:28:33','2020-06-25 20:03:48'),(1148,1,1148,'NetworkPort','ocs-inventory-ng',NULL,0,0,0,1,'2021-03-10 20:28:33','2020-06-25 20:03:48'),(1149,1,1149,'NetworkPort','ocs-inventory-ng',NULL,0,0,0,1,'2021-03-10 20:28:33','2020-06-25 20:03:48'),(1150,1,1150,'NetworkPort','ocs-inventory-ng',NULL,0,0,0,1,'2021-03-10 20:28:33','2020-06-25 20:03:48'),(1151,1,1151,'NetworkPort','ocs-inventory-ng',NULL,0,0,0,1,'2021-03-10 20:28:33','2020-06-25 20:03:48'),(1156,1,1156,'NetworkPort','ocs-inventory-ng',NULL,0,0,0,1,'2021-03-10 20:28:33','2020-06-25 20:03:48'),(1158,1,1158,'NetworkPort','ocs-inventory-ng',NULL,0,0,0,1,'2021-03-10 20:28:33','2020-06-25 20:03:48'),(1159,1,1159,'NetworkPort','ocs-inventory-ng',NULL,0,0,0,1,'2021-03-10 20:28:33','2020-06-25 20:03:48'),(1160,1,1160,'NetworkPort','ocs-inventory-ng',NULL,0,0,0,1,'2021-03-10 20:28:33','2020-06-25 20:03:48'),(1161,1,1161,'NetworkPort','ocs-inventory-ng',NULL,0,0,0,1,'2021-03-10 20:28:33','2020-06-25 20:03:48'),(1162,1,1162,'NetworkPort','ocs-inventory-ng',NULL,0,0,0,1,'2021-03-10 20:28:33','2020-06-25 20:03:48'),(1163,1,1163,'NetworkPort','ocs-inventory-ng',NULL,0,0,0,1,'2021-03-10 20:28:33','2020-06-25 20:03:48'),(1164,1,1164,'NetworkPort','ocs-inventory-ng',NULL,0,0,0,1,'2021-03-10 20:28:33','2020-06-25 20:03:48'),(1165,1,1165,'NetworkPort','ocs-inventory-ng',NULL,0,0,0,1,'2021-03-10 20:28:33','2020-06-25 20:03:48'),(1166,1,1166,'NetworkPort','ocs-inventory-ng',NULL,0,0,0,1,'2021-03-10 20:28:33','2020-06-25 20:03:48'),(1167,1,1167,'NetworkPort','ocs-inventory-ng',NULL,0,0,0,1,'2021-03-10 20:28:33','2020-06-25 20:03:48'),(1168,1,1168,'NetworkPort','ocs-inventory-ng',NULL,0,0,0,1,'2021-03-10 20:28:33','2020-06-25 20:03:48'),(1175,15,1175,'NetworkPort','ocs-inventory-ng',NULL,0,0,0,1,'2023-07-03 02:12:58','2020-06-25 22:53:20'),(1176,15,1176,'NetworkPort','ocs-inventory-ng',NULL,0,0,0,1,'2023-07-03 02:12:58','2020-06-25 22:53:20'),(1177,15,1177,'NetworkPort','ocs-inventory-ng',NULL,0,0,0,1,'2023-07-03 02:12:58','2020-06-25 22:53:20'),(1178,15,1178,'NetworkPort','ocs-inventory-ng',NULL,0,0,0,1,'2023-07-03 02:12:58','2020-06-25 22:53:20'),(1179,15,1179,'NetworkPort','ocs-inventory-ng',NULL,0,0,0,1,'2023-07-03 02:12:58','2020-06-25 22:53:20'),(1180,15,1180,'NetworkPort','ocs-inventory-ng',NULL,0,0,0,1,'2023-07-03 02:12:58','2020-06-25 22:53:20'),(1181,15,1181,'NetworkPort','ocs-inventory-ng',NULL,0,0,0,1,'2023-07-03 02:12:58','2020-06-25 22:53:20'),(1182,15,1182,'NetworkPort','ocs-inventory-ng',NULL,0,0,0,1,'2023-07-03 02:12:58','2020-06-25 22:53:20'),(1183,15,1183,'NetworkPort','ocs-inventory-ng',NULL,0,0,0,1,'2023-07-03 02:12:58','2020-06-25 22:53:20'),(1229,1,1229,'NetworkPort','ocs-inventory-ng',NULL,0,0,0,1,'2021-03-10 20:28:13','2020-06-25 23:07:01'),(1230,15,1230,'NetworkPort','ocs-inventory-ng',NULL,0,0,0,1,'2023-07-03 02:13:00','2020-06-26 04:43:30'),(1231,15,1231,'NetworkPort','ocs-inventory-ng',NULL,0,0,0,1,'2023-07-03 02:13:00','2020-06-26 04:43:30'),(1232,15,1232,'NetworkPort','ocs-inventory-ng',NULL,0,0,0,1,'2023-07-03 02:13:00','2020-06-26 04:43:30'),(1233,15,1233,'NetworkPort','ocs-inventory-ng',NULL,0,0,0,1,'2023-07-03 02:13:00','2020-06-26 04:43:30'),(1234,15,1234,'NetworkPort','ocs-inventory-ng',NULL,0,0,0,1,'2023-07-03 02:13:00','2020-06-26 04:43:30'),(1235,15,1235,'NetworkPort','ocs-inventory-ng',NULL,0,0,0,1,'2023-07-03 02:13:00','2020-06-26 04:43:30'),(1236,15,1236,'NetworkPort','ocs-inventory-ng',NULL,0,0,0,1,'2023-07-03 02:13:00','2020-06-26 04:43:30'),(1237,15,1237,'NetworkPort','ocs-inventory-ng',NULL,0,0,0,1,'2023-07-03 02:13:00','2020-06-26 04:43:30'),(1238,15,1238,'NetworkPort','ocs-inventory-ng',NULL,0,0,0,1,'2023-07-03 02:13:00','2020-06-26 04:43:30'),(1239,15,1239,'NetworkPort','ocs-inventory-ng',NULL,0,0,0,1,'2023-07-03 02:13:00','2020-06-26 04:43:30'),(1240,15,1240,'NetworkPort','ocs-inventory-ng',NULL,0,0,0,1,'2023-07-03 02:13:00','2020-06-26 04:43:30'),(1241,15,1241,'NetworkPort','ocs-inventory-ng',NULL,0,0,0,1,'2023-07-03 02:13:00','2020-06-26 04:43:30'),(1242,15,1242,'NetworkPort','ocs-inventory-ng',NULL,0,0,0,1,'2023-07-03 02:13:00','2020-06-26 04:43:30'),(1243,15,1243,'NetworkPort','ocs-inventory-ng',NULL,0,0,0,1,'2023-07-03 02:13:00','2020-06-26 04:43:30'),(1244,15,1244,'NetworkPort','ocs-inventory-ng',NULL,0,0,0,1,'2023-07-03 02:13:00','2020-06-26 04:43:30'),(1245,15,1245,'NetworkPort','ocs-inventory-ng',NULL,0,0,0,1,'2023-07-03 02:13:00','2020-06-26 04:43:30'),(1246,15,1246,'NetworkPort','ocs-inventory-ng',NULL,0,0,0,1,'2023-07-03 02:13:00','2020-06-26 04:43:30'),(1247,15,1247,'NetworkPort','ocs-inventory-ng',NULL,0,0,0,1,'2023-07-03 02:13:00','2020-06-26 04:43:30'),(1248,15,1248,'NetworkPort','ocs-inventory-ng',NULL,0,0,0,1,'2023-07-03 02:13:00','2020-06-26 04:43:30'),(1249,15,1249,'NetworkPort','ocs-inventory-ng',NULL,0,0,0,1,'2023-07-03 02:13:00','2020-06-26 04:43:30'),(1250,15,1250,'NetworkPort','ocs-inventory-ng',NULL,0,0,0,1,'2023-07-03 02:13:00','2020-06-26 04:43:30'),(1251,15,1251,'NetworkPort','ocs-inventory-ng',NULL,0,0,0,1,'2023-07-03 02:13:00','2020-06-26 04:43:30'),(1252,15,1252,'NetworkPort','ocs-inventory-ng',NULL,0,0,0,1,'2023-07-03 02:13:00','2020-06-26 04:43:30'),(1253,15,1253,'NetworkPort','ocs-inventory-ng',NULL,0,0,0,1,'2023-07-03 02:13:00','2020-06-26 04:43:30'),(1254,15,1254,'NetworkPort','ocs-inventory-ng',NULL,0,0,0,1,'2023-07-03 02:13:00','2020-06-26 04:43:30'),(1255,15,1255,'NetworkPort','ocs-inventory-ng',NULL,0,0,0,1,'2023-07-03 02:13:00','2020-06-26 04:43:30'),(1256,15,1256,'NetworkPort','ocs-inventory-ng',NULL,0,0,0,1,'2023-07-03 02:13:00','2020-06-26 04:43:30'),(1257,15,1257,'NetworkPort','ocs-inventory-ng',NULL,0,0,0,1,'2023-07-03 02:13:00','2020-06-26 04:43:30'),(1258,15,1258,'NetworkPort','ocs-inventory-ng',NULL,0,0,0,1,'2023-07-03 02:13:00','2020-06-26 04:43:30'),(1259,15,1259,'NetworkPort','ocs-inventory-ng',NULL,0,0,0,1,'2023-07-03 02:13:00','2020-06-26 04:43:30'),(1260,1,1260,'NetworkPort','ocs-inventory-ng',NULL,0,0,0,1,'2020-06-26 16:21:20','2020-06-26 16:21:20'),(1261,1,1261,'NetworkPort','ocs-inventory-ng',NULL,0,0,0,1,'2020-06-26 16:21:20','2020-06-26 16:21:20'),(1262,1,1262,'NetworkPort','ocs-inventory-ng',NULL,0,0,0,1,'2020-06-26 16:21:20','2020-06-26 16:21:20'),(1263,1,1263,'NetworkPort','ocs-inventory-ng',NULL,0,0,0,1,'2020-06-26 16:21:20','2020-06-26 16:21:20'),(1264,1,1264,'NetworkPort','ocs-inventory-ng',NULL,0,0,0,1,'2020-06-26 16:21:20','2020-06-26 16:21:20'),(1265,1,1265,'NetworkPort','ocs-inventory-ng',NULL,0,0,0,1,'2020-06-26 16:21:20','2020-06-26 16:21:20'),(1266,1,1266,'NetworkPort','ocs-inventory-ng',NULL,0,0,0,1,'2020-06-26 16:21:20','2020-06-26 16:21:20'),(1267,1,1267,'NetworkPort','ocs-inventory-ng',NULL,0,0,0,1,'2020-06-26 16:21:20','2020-06-26 16:21:20'),(1268,1,1268,'NetworkPort','ocs-inventory-ng',NULL,0,0,0,1,'2020-06-26 16:21:20','2020-06-26 16:21:20'),(1269,1,1269,'NetworkPort','ocs-inventory-ng',NULL,0,0,0,1,'2020-06-26 16:21:20','2020-06-26 16:21:20'),(1270,1,1270,'NetworkPort','ocs-inventory-ng',NULL,0,0,0,1,'2020-06-26 16:21:20','2020-06-26 16:21:20'),(1271,1,1271,'NetworkPort','ocs-inventory-ng',NULL,0,0,0,1,'2020-06-26 16:21:20','2020-06-26 16:21:20'),(1272,1,1272,'NetworkPort','ocs-inventory-ng',NULL,0,0,0,1,'2020-06-26 16:21:20','2020-06-26 16:21:20'),(1273,1,1273,'NetworkPort','ocs-inventory-ng',NULL,0,0,0,1,'2020-06-26 16:21:20','2020-06-26 16:21:20'),(1275,0,1275,'NetworkPort','ocs-inventory-ng',NULL,0,0,0,1,'2021-04-20 19:53:36','2020-06-26 16:21:38'),(1276,0,1276,'NetworkPort','ocs-inventory-ng',NULL,0,0,0,1,'2021-04-20 19:53:36','2020-06-26 16:21:38'),(1277,0,1277,'NetworkPort','ocs-inventory-ng',NULL,0,0,0,1,'2021-03-10 20:33:29','2020-06-26 16:24:58'),(1280,21,1280,'NetworkPort','ocs-inventory-ng',NULL,0,0,0,1,'2023-07-02 19:30:42','2020-06-26 17:55:43'),(1282,21,1282,'NetworkPort','ocs-inventory-ng',NULL,0,0,0,1,'2023-07-02 19:30:42','2020-06-26 17:55:43'),(1283,21,1283,'NetworkPort','ocs-inventory-ng',NULL,0,0,0,1,'2023-07-02 19:30:42','2020-06-26 17:55:43'),(1286,1,1286,'NetworkPort','ocs-inventory-ng',NULL,0,0,0,1,'2021-03-10 20:44:41','2020-06-26 18:09:39'),(1287,1,1287,'NetworkPort','ocs-inventory-ng',NULL,0,0,0,1,'2021-03-10 20:44:41','2020-06-26 18:09:39'),(1289,1,1289,'NetworkPort','ocs-inventory-ng',NULL,0,0,0,1,'2021-03-10 20:44:41','2020-06-26 18:09:39'),(1291,0,1291,'NetworkPort','ocs-inventory-ng',NULL,0,0,0,1,'2020-06-26 19:49:50','2020-06-26 19:49:50'),(1292,0,1292,'NetworkPort','ocs-inventory-ng',NULL,0,0,0,1,'2020-06-26 19:49:50','2020-06-26 19:49:50'),(1293,0,1293,'NetworkPort','ocs-inventory-ng',NULL,0,0,0,1,'2020-06-26 19:49:50','2020-06-26 19:49:50'),(1294,0,1294,'NetworkPort','ocs-inventory-ng',NULL,0,0,0,1,'2020-06-26 19:49:50','2020-06-26 19:49:50'),(1295,15,1295,'NetworkPort','ocs-inventory-ng',NULL,0,0,0,1,'2023-07-03 02:13:02','2020-06-26 20:11:57'),(1296,15,1296,'NetworkPort','ocs-inventory-ng',NULL,0,0,0,1,'2023-07-03 02:13:02','2020-06-26 20:11:57'),(1297,15,1297,'NetworkPort','ocs-inventory-ng',NULL,0,0,0,1,'2023-07-03 02:13:02','2020-06-26 20:11:57'),(1298,15,1298,'NetworkPort','ocs-inventory-ng',NULL,0,0,0,1,'2023-07-03 02:13:02','2020-06-26 20:11:57'),(1299,15,1299,'NetworkPort','ocs-inventory-ng',NULL,0,0,0,1,'2023-07-03 02:13:02','2020-06-26 20:11:57'),(1300,15,1300,'NetworkPort','ocs-inventory-ng',NULL,0,0,0,1,'2023-07-03 02:13:02','2020-06-26 20:11:57'),(1305,15,1305,'NetworkPort','ocs-inventory-ng',NULL,0,0,0,1,'2023-07-03 02:13:02','2020-06-26 20:11:57'),(1306,15,1306,'NetworkPort','ocs-inventory-ng',NULL,0,0,0,1,'2023-07-03 02:13:02','2020-06-26 20:11:57'),(1307,15,1307,'NetworkPort','ocs-inventory-ng',NULL,0,0,0,1,'2023-07-03 02:13:02','2020-06-26 20:11:57'),(1308,15,1308,'NetworkPort','ocs-inventory-ng',NULL,0,0,0,1,'2023-07-03 02:13:02','2020-06-26 20:11:57'),(1309,15,1309,'NetworkPort','ocs-inventory-ng',NULL,0,0,0,1,'2023-07-03 02:13:02','2020-06-26 20:11:57'),(1310,15,1310,'NetworkPort','ocs-inventory-ng',NULL,0,0,0,1,'2023-07-03 02:13:02','2020-06-26 20:11:57'),(1311,15,1311,'NetworkPort','ocs-inventory-ng',NULL,0,0,0,1,'2023-07-03 02:13:02','2020-06-26 20:11:57'),(1312,15,1312,'NetworkPort','ocs-inventory-ng',NULL,0,0,0,1,'2023-07-03 02:13:02','2020-06-26 20:11:57'),(1313,15,1313,'NetworkPort','ocs-inventory-ng',NULL,0,0,0,1,'2023-07-03 02:13:02','2020-06-26 20:11:57'),(1314,15,1314,'NetworkPort','ocs-inventory-ng',NULL,0,0,0,1,'2023-07-03 02:13:02','2020-06-26 20:11:57'),(1315,15,1315,'NetworkPort','ocs-inventory-ng',NULL,0,0,0,1,'2023-07-03 02:13:02','2020-06-26 20:11:57'),(1316,15,1316,'NetworkPort','ocs-inventory-ng',NULL,0,0,0,1,'2023-07-03 02:13:02','2020-06-26 20:11:57'),(1317,15,1317,'NetworkPort','ocs-inventory-ng',NULL,0,0,0,1,'2023-07-03 02:13:02','2020-06-26 20:11:57'),(1318,15,1318,'NetworkPort','ocs-inventory-ng',NULL,0,0,0,1,'2023-07-03 02:13:02','2020-06-26 20:11:57'),(1319,15,1319,'NetworkPort','ocs-inventory-ng',NULL,0,0,0,1,'2023-07-03 02:13:02','2020-06-26 20:11:57'),(1320,15,1320,'NetworkPort','ocs-inventory-ng',NULL,0,0,0,1,'2023-07-03 02:13:02','2020-06-26 20:11:57'),(1321,15,1321,'NetworkPort','ocs-inventory-ng',NULL,0,0,0,1,'2023-07-03 02:13:02','2020-06-26 20:11:57'),(1322,15,1322,'NetworkPort','ocs-inventory-ng',NULL,0,0,0,1,'2023-07-03 02:13:02','2020-06-26 20:11:57'),(1323,15,1323,'NetworkPort','ocs-inventory-ng',NULL,0,0,0,1,'2023-07-03 02:13:02','2020-06-26 20:11:57'),(1347,0,1347,'NetworkPort','ocs-inventory-ng',NULL,0,0,0,1,'2021-03-10 20:36:01','2020-06-30 13:52:45'),(1348,0,1348,'NetworkPort','ocs-inventory-ng',NULL,0,0,0,1,'2021-03-10 20:36:01','2020-06-30 13:52:45'),(1349,0,1349,'NetworkPort','ocs-inventory-ng',NULL,0,0,0,1,'2021-03-10 20:36:01','2020-06-30 13:52:45'),(1350,0,1350,'NetworkPort','ocs-inventory-ng',NULL,0,0,0,1,'2021-03-10 20:36:01','2020-06-30 13:52:45'),(1351,0,1351,'NetworkPort','ocs-inventory-ng',NULL,0,0,0,1,'2021-03-10 20:36:01','2020-06-30 13:52:45'),(1352,0,1352,'NetworkPort','ocs-inventory-ng',NULL,0,0,0,1,'2021-03-10 20:36:01','2020-06-30 13:52:45'),(1353,0,1353,'NetworkPort','ocs-inventory-ng',NULL,0,0,0,1,'2021-03-10 20:36:01','2020-06-30 13:52:45'),(1354,0,1354,'NetworkPort','ocs-inventory-ng',NULL,0,0,0,1,'2021-03-10 20:36:01','2020-06-30 13:52:45'),(1355,0,1355,'NetworkPort','ocs-inventory-ng',NULL,0,0,0,1,'2021-03-10 20:36:01','2020-06-30 13:52:45'),(1356,0,1356,'NetworkPort','ocs-inventory-ng',NULL,0,0,0,1,'2021-03-10 20:36:01','2020-06-30 13:52:45'),(1357,0,1357,'NetworkPort','ocs-inventory-ng',NULL,0,0,0,1,'2021-03-10 20:36:01','2020-06-30 13:52:45'),(1358,0,1358,'NetworkPort','ocs-inventory-ng',NULL,0,0,0,1,'2021-03-10 20:36:01','2020-06-30 13:52:45'),(1359,0,1359,'NetworkPort','ocs-inventory-ng',NULL,0,0,0,1,'2021-03-10 20:36:01','2020-06-30 13:52:45'),(1360,0,1360,'NetworkPort','ocs-inventory-ng',NULL,0,0,0,1,'2021-03-10 20:36:01','2020-06-30 13:52:45'),(1361,0,1361,'NetworkPort','ocs-inventory-ng',NULL,0,0,0,1,'2021-03-10 20:36:01','2020-06-30 13:52:45'),(1362,0,1362,'NetworkPort','ocs-inventory-ng',NULL,0,0,0,1,'2021-03-10 20:36:01','2020-06-30 13:52:45'),(1363,0,1363,'NetworkPort','ocs-inventory-ng',NULL,0,0,0,1,'2021-03-10 20:36:01','2020-06-30 13:52:45'),(1364,0,1364,'NetworkPort','ocs-inventory-ng',NULL,0,0,0,1,'2021-03-10 20:36:01','2020-06-30 13:52:45'),(1365,0,1365,'NetworkPort','ocs-inventory-ng',NULL,0,0,0,1,'2021-03-10 20:36:01','2020-06-30 13:52:45'),(1366,0,1366,'NetworkPort','ocs-inventory-ng',NULL,0,0,0,1,'2021-03-10 20:36:01','2020-06-30 13:52:45'),(1367,0,1367,'NetworkPort','ocs-inventory-ng',NULL,0,0,0,1,'2021-03-10 20:36:01','2020-06-30 13:52:45'),(1370,1,1370,'NetworkPort','ocs-inventory-ng',NULL,0,0,0,1,'2021-03-10 20:36:04','2020-06-30 14:58:18'),(1371,1,1371,'NetworkPort','ocs-inventory-ng',NULL,0,0,0,1,'2021-03-10 20:36:04','2020-06-30 14:58:18'),(1372,1,1372,'NetworkPort','ocs-inventory-ng',NULL,0,0,0,1,'2021-03-10 20:36:04','2020-06-30 14:58:18'),(1373,1,1373,'NetworkPort','ocs-inventory-ng',NULL,0,0,0,1,'2021-03-10 20:36:04','2020-06-30 14:58:18'),(1375,1,1375,'NetworkPort','ocs-inventory-ng',NULL,0,0,0,1,'2021-03-10 20:36:04','2020-06-30 14:58:18'),(1376,21,1376,'NetworkPort','ocs-inventory-ng',NULL,0,0,0,1,'2023-07-02 19:20:43','2020-07-03 20:05:49'),(1377,21,1377,'NetworkPort','ocs-inventory-ng',NULL,0,0,0,1,'2023-07-02 19:20:43','2020-07-03 20:05:49'),(1378,21,1378,'NetworkPort','ocs-inventory-ng',NULL,0,0,0,1,'2023-07-02 19:20:43','2020-07-03 20:05:49'),(1379,21,1379,'NetworkPort','ocs-inventory-ng',NULL,0,0,0,1,'2023-07-02 19:20:43','2020-07-03 20:05:49'),(1380,21,1380,'NetworkPort','ocs-inventory-ng',NULL,0,0,0,1,'2023-07-02 19:20:43','2020-07-03 20:05:49'),(1381,21,1381,'NetworkPort','ocs-inventory-ng',NULL,0,0,0,1,'2023-07-02 19:20:43','2020-07-03 20:05:49'),(1382,21,1382,'NetworkPort','ocs-inventory-ng',NULL,0,0,0,1,'2023-07-02 19:20:43','2020-07-03 20:05:49'),(1383,21,1383,'NetworkPort','ocs-inventory-ng',NULL,0,0,0,1,'2023-07-02 19:20:43','2020-07-03 20:05:49'),(1384,21,1384,'NetworkPort','ocs-inventory-ng',NULL,0,0,0,1,'2023-07-02 19:20:43','2020-07-03 20:05:49'),(1385,21,1385,'NetworkPort','ocs-inventory-ng',NULL,0,0,0,1,'2023-07-02 19:20:43','2020-07-03 20:05:49'),(1386,21,1386,'NetworkPort','ocs-inventory-ng',NULL,0,0,0,1,'2023-07-02 19:20:43','2020-07-03 20:05:49'),(1387,21,1387,'NetworkPort','ocs-inventory-ng',NULL,0,0,0,1,'2023-07-02 19:20:43','2020-07-03 20:05:49'),(1388,21,1388,'NetworkPort','ocs-inventory-ng',NULL,0,0,0,1,'2023-07-02 19:20:43','2020-07-03 20:05:49'),(1389,21,1389,'NetworkPort','ocs-inventory-ng',NULL,0,0,0,1,'2023-07-02 19:20:43','2020-07-03 20:05:49'),(1404,1,1404,'NetworkPort','ocs-inventory-ng',NULL,0,0,0,1,'2021-03-10 20:53:55','2020-07-06 21:22:30'),(1405,1,1405,'NetworkPort','ocs-inventory-ng',NULL,0,0,0,1,'2021-03-10 20:53:55','2020-07-06 21:22:30'),(1406,1,1406,'NetworkPort','ocs-inventory-ng',NULL,0,0,0,1,'2021-03-10 20:53:55','2020-07-06 21:22:30'),(1407,1,1407,'NetworkPort','ocs-inventory-ng',NULL,0,0,0,1,'2021-03-10 20:53:55','2020-07-06 21:22:30'),(1411,2,1411,'NetworkPort','ocs-inventory-ng',NULL,0,0,0,1,'2021-11-10 14:44:56','2020-07-07 21:12:57'),(1412,2,1412,'NetworkPort','ocs-inventory-ng',NULL,0,0,0,1,'2021-11-10 14:44:56','2020-07-07 21:12:57'),(1414,2,1414,'NetworkPort','ocs-inventory-ng',NULL,0,0,0,1,'2021-11-10 14:44:56','2020-07-07 21:12:57'),(1415,2,1415,'NetworkPort','ocs-inventory-ng',NULL,0,0,0,1,'2021-11-10 14:44:56','2020-07-07 21:12:57'),(1416,2,1416,'NetworkPort','ocs-inventory-ng',NULL,0,0,0,1,'2021-11-10 14:44:56','2020-07-07 21:12:57'),(1423,15,1423,'NetworkPort','ocs-inventory-ng',NULL,0,0,0,1,'2023-07-03 02:13:05','2020-07-09 14:57:18'),(1424,15,1424,'NetworkPort','ocs-inventory-ng',NULL,0,0,0,1,'2023-07-03 02:13:05','2020-07-09 14:57:18'),(1425,15,1425,'NetworkPort','ocs-inventory-ng',NULL,0,0,0,1,'2023-07-03 02:13:05','2020-07-09 14:57:18'),(1426,15,1426,'NetworkPort','ocs-inventory-ng',NULL,0,0,0,1,'2023-07-03 02:13:05','2020-07-09 14:57:18'),(1427,15,1427,'NetworkPort','ocs-inventory-ng',NULL,0,0,0,1,'2023-07-03 02:13:05','2020-07-09 14:57:18'),(1428,15,1428,'NetworkPort','ocs-inventory-ng',NULL,0,0,0,1,'2023-07-03 02:13:05','2020-07-09 14:57:18'),(1429,15,1429,'NetworkPort','ocs-inventory-ng',NULL,0,0,0,1,'2023-07-03 02:13:05','2020-07-09 14:57:18'),(1430,15,1430,'NetworkPort','ocs-inventory-ng',NULL,0,0,0,1,'2023-07-03 02:13:05','2020-07-09 14:57:18'),(1431,15,1431,'NetworkPort','ocs-inventory-ng',NULL,0,0,0,1,'2023-07-03 02:13:05','2020-07-09 14:57:18'),(1432,15,1432,'NetworkPort','ocs-inventory-ng',NULL,0,0,0,1,'2023-07-03 02:13:05','2020-07-09 14:57:18'),(1433,15,1433,'NetworkPort','ocs-inventory-ng',NULL,0,0,0,1,'2023-07-03 02:13:05','2020-07-09 14:57:18'),(1434,15,1434,'NetworkPort','ocs-inventory-ng',NULL,0,0,0,1,'2023-07-03 02:13:05','2020-07-09 14:57:18'),(1435,15,1435,'NetworkPort','ocs-inventory-ng',NULL,0,0,0,1,'2023-07-03 02:13:05','2020-07-09 14:57:18'),(1436,15,1436,'NetworkPort','ocs-inventory-ng',NULL,0,0,0,1,'2023-07-03 02:13:05','2020-07-09 14:57:18'),(1437,15,1437,'NetworkPort','ocs-inventory-ng',NULL,0,0,0,1,'2023-07-03 02:13:05','2020-07-09 14:57:18'),(1443,15,1443,'NetworkPort','ocs-inventory-ng',NULL,0,0,0,1,'2023-07-03 02:13:05','2020-07-09 14:57:18'),(1444,15,1444,'NetworkPort','ocs-inventory-ng',NULL,0,0,0,1,'2023-07-03 02:13:05','2020-07-09 14:57:18'),(1445,0,1445,'NetworkPort','ocs-inventory-ng',NULL,0,0,0,1,'2021-03-10 20:37:11','2020-07-09 14:57:50'),(1446,0,1446,'NetworkPort','ocs-inventory-ng',NULL,0,0,0,1,'2021-03-10 20:44:32','2020-07-09 23:01:47'),(1447,0,1447,'NetworkPort','ocs-inventory-ng',NULL,0,0,0,1,'2021-03-10 20:44:32','2020-07-09 23:01:47'),(1448,0,1448,'NetworkPort','ocs-inventory-ng',NULL,0,0,0,1,'2021-03-10 20:44:32','2020-07-09 23:01:47'),(1449,0,1449,'NetworkPort','ocs-inventory-ng',NULL,0,0,0,1,'2021-03-10 20:44:32','2020-07-09 23:01:47'),(1450,1,1450,'NetworkPort','ocs-inventory-ng',NULL,0,0,0,1,'2021-03-10 20:49:11','2020-07-10 15:06:12'),(1451,1,1451,'NetworkPort','ocs-inventory-ng',NULL,0,0,0,1,'2021-03-10 20:49:11','2020-07-10 15:06:12'),(1452,1,1452,'NetworkPort','ocs-inventory-ng',NULL,0,0,0,1,'2021-03-10 20:49:11','2020-07-10 15:06:12'),(1453,1,1453,'NetworkPort','ocs-inventory-ng',NULL,0,0,0,1,'2021-03-10 20:49:11','2020-07-10 15:06:12'),(1455,1,1455,'NetworkPort','ocs-inventory-ng',NULL,0,0,0,1,'2021-03-10 20:49:11','2020-07-10 15:06:12'),(1456,0,1456,'NetworkPort','ocs-inventory-ng',NULL,0,0,0,1,'2020-07-10 15:06:18','2020-07-10 15:06:18'),(1457,0,1457,'NetworkPort','ocs-inventory-ng',NULL,0,0,0,1,'2020-07-10 15:06:18','2020-07-10 15:06:18'),(1458,0,1458,'NetworkPort','ocs-inventory-ng',NULL,0,0,0,1,'2020-07-10 15:06:18','2020-07-10 15:06:18'),(1459,0,1459,'NetworkPort','ocs-inventory-ng',NULL,0,0,0,1,'2020-07-10 15:06:18','2020-07-10 15:06:18'),(1460,0,1460,'NetworkPort','ocs-inventory-ng',NULL,0,0,0,1,'2020-07-10 15:06:18','2020-07-10 15:06:18'),(1461,0,1461,'NetworkPort','ocs-inventory-ng',NULL,0,0,0,1,'2020-07-10 15:06:18','2020-07-10 15:06:18'),(1468,1,1468,'NetworkPort','ocs-inventory-ng',NULL,0,0,0,1,'2021-03-10 20:54:35','2020-07-13 13:01:29'),(1470,1,1470,'NetworkPort','ocs-inventory-ng',NULL,0,0,0,1,'2021-03-10 20:37:13','2020-07-13 13:02:32'),(1471,1,1471,'NetworkPort','ocs-inventory-ng',NULL,0,0,0,1,'2021-03-10 20:37:23','2020-07-13 13:02:45'),(1472,0,1472,'NetworkPort','ocs-inventory-ng',NULL,0,0,0,1,'2021-03-10 20:54:54','2020-07-16 03:43:24'),(1473,1,1473,'NetworkPort','ocs-inventory-ng',NULL,0,0,0,1,'2021-03-10 20:37:35','2020-07-16 03:43:40'),(1474,1,1474,'NetworkPort','ocs-inventory-ng',NULL,0,0,0,1,'2021-03-10 20:37:35','2020-07-16 03:43:40'),(1475,1,1475,'NetworkPort','ocs-inventory-ng',NULL,0,0,0,1,'2021-03-10 20:37:35','2020-07-16 03:43:40'),(1476,1,1476,'NetworkPort','ocs-inventory-ng',NULL,0,0,0,1,'2021-03-10 20:37:35','2020-07-16 03:43:40'),(1477,1,1477,'NetworkPort','ocs-inventory-ng',NULL,0,0,0,1,'2021-03-10 20:37:35','2020-07-16 03:43:40'),(1478,1,1478,'NetworkPort','ocs-inventory-ng',NULL,0,0,0,1,'2021-03-10 20:37:35','2020-07-16 03:43:40'),(1479,1,1479,'NetworkPort','ocs-inventory-ng',NULL,0,0,0,1,'2021-03-10 20:37:35','2020-07-16 03:43:40'),(1480,1,1480,'NetworkPort','ocs-inventory-ng',NULL,0,0,0,1,'2021-03-10 20:37:35','2020-07-16 03:43:40'),(1481,1,1481,'NetworkPort','ocs-inventory-ng',NULL,0,0,0,1,'2021-03-10 20:37:35','2020-07-16 03:43:40'),(1482,1,1482,'NetworkPort','ocs-inventory-ng',NULL,0,0,0,1,'2021-03-10 20:37:35','2020-07-16 03:43:40'),(1483,1,1483,'NetworkPort','ocs-inventory-ng',NULL,0,0,0,1,'2021-03-10 20:37:35','2020-07-16 03:43:40'),(1484,1,1484,'NetworkPort','ocs-inventory-ng',NULL,0,0,0,1,'2021-03-10 20:37:35','2020-07-16 03:43:40'),(1485,1,1485,'NetworkPort','ocs-inventory-ng',NULL,0,0,0,1,'2021-03-10 20:37:35','2020-07-16 03:43:40'),(1486,1,1486,'NetworkPort','ocs-inventory-ng',NULL,0,0,0,1,'2021-03-10 20:37:35','2020-07-16 03:43:40'),(1487,1,1487,'NetworkPort','ocs-inventory-ng',NULL,0,0,0,1,'2021-03-10 20:37:35','2020-07-16 03:43:40'),(1493,2,1493,'NetworkPort','ocs-inventory-ng',NULL,0,0,0,1,'2021-03-10 20:38:10','2020-07-16 15:24:21'),(1494,2,1494,'NetworkPort','ocs-inventory-ng',NULL,0,0,0,1,'2021-03-10 20:38:10','2020-07-16 15:24:21'),(1495,2,1495,'NetworkPort','ocs-inventory-ng',NULL,0,0,0,1,'2021-03-10 20:38:10','2020-07-16 15:24:21'),(1496,2,1496,'NetworkPort','ocs-inventory-ng',NULL,0,0,0,1,'2021-03-10 20:38:10','2020-07-16 15:24:21'),(1497,2,1497,'NetworkPort','ocs-inventory-ng',NULL,0,0,0,1,'2021-03-10 20:38:10','2020-07-16 15:24:21'),(1498,2,1498,'NetworkPort','ocs-inventory-ng',NULL,0,0,0,1,'2021-03-10 20:38:10','2020-07-16 15:24:21'),(1499,2,1499,'NetworkPort','ocs-inventory-ng',NULL,0,0,0,1,'2021-03-10 20:38:10','2020-07-16 15:24:21'),(1500,2,1500,'NetworkPort','ocs-inventory-ng',NULL,0,0,0,1,'2021-03-10 20:38:10','2020-07-16 15:24:21'),(1501,2,1501,'NetworkPort','ocs-inventory-ng',NULL,0,0,0,1,'2021-03-10 20:38:10','2020-07-16 15:24:21'),(1502,2,1502,'NetworkPort','ocs-inventory-ng',NULL,0,0,0,1,'2021-03-10 20:38:10','2020-07-16 15:24:21'),(1503,2,1503,'NetworkPort','ocs-inventory-ng',NULL,0,0,0,1,'2021-03-10 20:38:10','2020-07-16 15:24:21'),(1504,2,1504,'NetworkPort','ocs-inventory-ng',NULL,0,0,0,1,'2021-03-10 20:38:10','2020-07-16 15:24:21'),(1505,2,1505,'NetworkPort','ocs-inventory-ng',NULL,0,0,0,1,'2021-03-10 20:38:10','2020-07-16 15:24:21'),(1506,2,1506,'NetworkPort','ocs-inventory-ng',NULL,0,0,0,1,'2021-03-10 20:38:10','2020-07-16 15:24:21'),(1507,2,1507,'NetworkPort','ocs-inventory-ng',NULL,0,0,0,1,'2021-03-10 20:38:10','2020-07-16 15:24:21'),(1508,2,1508,'NetworkPort','ocs-inventory-ng',NULL,0,0,0,1,'2021-03-10 20:38:10','2020-07-16 15:24:21'),(1509,2,1509,'NetworkPort','ocs-inventory-ng',NULL,0,0,0,1,'2021-03-10 20:38:10','2020-07-16 15:24:21'),(1510,2,1510,'NetworkPort','ocs-inventory-ng',NULL,0,0,0,1,'2021-03-10 20:38:10','2020-07-16 15:24:21'),(1511,2,1511,'NetworkPort','ocs-inventory-ng',NULL,0,0,0,1,'2021-03-10 20:38:10','2020-07-16 15:24:21'),(1512,2,1512,'NetworkPort','ocs-inventory-ng',NULL,0,0,0,1,'2021-03-10 20:38:10','2020-07-16 15:24:21'),(1513,2,1513,'NetworkPort','ocs-inventory-ng',NULL,0,0,0,1,'2021-03-10 20:38:10','2020-07-16 15:24:21'),(1514,2,1514,'NetworkPort','ocs-inventory-ng',NULL,0,0,0,1,'2021-03-10 20:38:10','2020-07-16 15:24:21'),(1515,2,1515,'NetworkPort','ocs-inventory-ng',NULL,0,0,0,1,'2021-03-10 20:38:10','2020-07-16 15:24:21'),(1516,2,1516,'NetworkPort','ocs-inventory-ng',NULL,0,0,0,1,'2021-03-10 20:38:10','2020-07-16 15:24:21'),(1517,2,1517,'NetworkPort','ocs-inventory-ng',NULL,0,0,0,1,'2021-03-10 20:38:10','2020-07-16 15:24:21'),(1521,1,1521,'NetworkPort','ocs-inventory-ng',NULL,0,0,0,1,'2021-03-10 20:48:58','2020-07-21 15:45:26'),(1524,1,1524,'NetworkPort','ocs-inventory-ng',NULL,0,0,0,1,'2021-03-10 20:48:58','2020-07-21 15:45:26'),(1525,1,1525,'NetworkPort','ocs-inventory-ng',NULL,0,0,0,1,'2021-03-10 20:48:58','2020-07-21 15:45:26'),(1526,22,1526,'NetworkPort','ocs-inventory-ng',NULL,0,0,0,1,'2023-07-02 21:18:09','2020-07-22 12:22:30'),(1527,22,1527,'NetworkPort','ocs-inventory-ng',NULL,0,0,0,1,'2023-07-02 21:18:09','2020-07-22 12:22:30'),(1528,22,1528,'NetworkPort','ocs-inventory-ng',NULL,0,0,0,1,'2023-07-02 21:18:09','2020-07-22 12:22:30'),(1529,22,1529,'NetworkPort','ocs-inventory-ng',NULL,0,0,0,1,'2023-07-02 21:18:09','2020-07-22 12:22:30'),(1530,22,1530,'NetworkPort','ocs-inventory-ng',NULL,0,0,0,1,'2023-07-02 21:18:09','2020-07-22 12:22:30'),(1531,21,1531,'NetworkPort','ocs-inventory-ng',NULL,0,0,0,1,'2023-07-02 19:24:06','2020-07-22 14:34:04'),(1532,21,1532,'NetworkPort','ocs-inventory-ng',NULL,0,0,0,1,'2023-07-02 19:24:06','2020-07-22 14:34:04'),(1533,21,1533,'NetworkPort','ocs-inventory-ng',NULL,0,0,0,1,'2023-07-02 19:24:06','2020-07-22 14:34:04'),(1534,21,1534,'NetworkPort','ocs-inventory-ng',NULL,0,0,0,1,'2023-07-02 19:24:06','2020-07-22 14:34:04'),(1535,21,1535,'NetworkPort','ocs-inventory-ng',NULL,0,0,0,1,'2023-07-02 19:24:06','2020-07-22 14:34:04'),(1537,1,1537,'NetworkPort','ocs-inventory-ng',NULL,0,0,0,1,'2021-03-10 20:44:20','2020-07-23 13:43:35'),(1538,1,1538,'NetworkPort','ocs-inventory-ng',NULL,0,0,0,1,'2021-03-10 20:44:20','2020-07-23 13:43:35'),(1539,1,1539,'NetworkPort','ocs-inventory-ng',NULL,0,0,0,1,'2021-03-10 20:44:20','2020-07-23 13:43:35'),(1541,1,1541,'NetworkPort','ocs-inventory-ng',NULL,0,0,0,1,'2021-03-10 20:44:20','2020-07-23 13:43:35'),(1545,1,1545,'NetworkPort','ocs-inventory-ng',NULL,0,0,0,1,'2021-03-10 20:38:47','2020-07-23 16:32:01'),(1546,1,1546,'NetworkPort','ocs-inventory-ng',NULL,0,0,0,1,'2021-03-10 20:38:47','2020-07-23 16:32:01'),(1547,1,1547,'NetworkPort','ocs-inventory-ng',NULL,0,0,0,1,'2021-03-10 20:38:58','2020-07-24 16:59:52'),(1548,1,1548,'NetworkPort','ocs-inventory-ng',NULL,0,0,0,1,'2021-03-10 20:38:58','2020-07-24 16:59:52'),(1549,1,1549,'NetworkPort','ocs-inventory-ng',NULL,0,0,0,1,'2021-03-10 20:38:58','2020-07-24 16:59:52'),(1550,1,1550,'NetworkPort','ocs-inventory-ng',NULL,0,0,0,1,'2021-03-10 20:38:58','2020-07-24 16:59:52'),(1551,1,1551,'NetworkPort','ocs-inventory-ng',NULL,0,0,0,1,'2021-03-10 20:38:58','2020-07-24 16:59:52'),(1552,1,1552,'NetworkPort','ocs-inventory-ng',NULL,0,0,0,1,'2021-03-10 20:38:58','2020-07-24 16:59:52'),(1553,1,1553,'NetworkPort','ocs-inventory-ng',NULL,0,0,0,1,'2021-03-10 20:38:58','2020-07-24 16:59:52'),(1554,1,1554,'NetworkPort','ocs-inventory-ng',NULL,0,0,0,1,'2021-03-10 20:38:58','2020-07-24 16:59:52'),(1555,1,1555,'NetworkPort','ocs-inventory-ng',NULL,0,0,0,1,'2021-03-10 20:38:58','2020-07-24 16:59:52'),(1556,1,1556,'NetworkPort','ocs-inventory-ng',NULL,0,0,0,1,'2021-03-10 20:38:58','2020-07-24 16:59:52'),(1557,1,1557,'NetworkPort','ocs-inventory-ng',NULL,0,0,0,1,'2021-03-10 20:38:58','2020-07-24 16:59:52'),(1563,1,1563,'NetworkPort','ocs-inventory-ng',NULL,0,0,0,1,'2021-03-10 20:38:58','2020-07-24 16:59:52'),(1565,20,1565,'NetworkPort','ocs-inventory-ng',NULL,0,0,0,1,'2023-07-03 00:45:29','2020-07-28 15:42:34'),(1566,20,1566,'NetworkPort','ocs-inventory-ng',NULL,0,0,0,1,'2023-07-03 00:45:29','2020-07-28 15:42:34'),(1567,20,1567,'NetworkPort','ocs-inventory-ng',NULL,0,0,0,1,'2023-07-03 00:45:29','2020-07-28 15:42:34'),(1568,20,1568,'NetworkPort','ocs-inventory-ng',NULL,0,0,0,1,'2023-07-03 00:45:29','2020-07-28 15:42:34'),(1569,20,1569,'NetworkPort','ocs-inventory-ng',NULL,0,0,0,1,'2023-07-03 00:45:29','2020-07-28 15:42:34'),(1570,20,1570,'NetworkPort','ocs-inventory-ng',NULL,0,0,0,1,'2023-07-03 00:45:29','2020-07-28 15:42:34'),(1571,20,1571,'NetworkPort','ocs-inventory-ng',NULL,0,0,0,1,'2023-07-03 00:45:29','2020-07-28 15:42:34'),(1572,20,1572,'NetworkPort','ocs-inventory-ng',NULL,0,0,0,1,'2023-07-03 00:45:29','2020-07-28 15:42:34'),(1573,20,1573,'NetworkPort','ocs-inventory-ng',NULL,0,0,0,1,'2023-07-03 00:45:29','2020-07-28 15:42:34'),(1574,20,1574,'NetworkPort','ocs-inventory-ng',NULL,0,0,0,1,'2023-07-03 00:45:29','2020-07-28 15:42:34'),(1575,20,1575,'NetworkPort','ocs-inventory-ng',NULL,0,0,0,1,'2023-07-03 00:45:29','2020-07-28 15:42:34'),(1576,20,1576,'NetworkPort','ocs-inventory-ng',NULL,0,0,0,1,'2023-07-03 00:45:29','2020-07-28 15:42:34'),(1581,20,1581,'NetworkPort','ocs-inventory-ng',NULL,0,0,0,1,'2023-07-03 00:45:29','2020-07-28 15:42:34'),(1586,20,1586,'NetworkPort','ocs-inventory-ng',NULL,0,0,0,1,'2023-07-03 00:45:29','2020-07-28 15:42:34'),(1589,0,1589,'NetworkPort','ocs-inventory-ng',NULL,0,0,0,1,'2020-07-28 15:43:40','2020-07-28 15:43:40'),(1590,0,1590,'NetworkPort','ocs-inventory-ng',NULL,0,0,0,1,'2020-07-28 15:43:40','2020-07-28 15:43:40'),(1599,22,1599,'NetworkPort','ocs-inventory-ng',NULL,0,0,0,1,'2023-07-02 21:18:10','2020-08-04 20:30:31'),(1601,22,1601,'NetworkPort','ocs-inventory-ng',NULL,0,0,0,1,'2023-07-02 21:18:10','2020-08-04 20:30:31'),(1602,22,1602,'NetworkPort','ocs-inventory-ng',NULL,0,0,0,1,'2023-07-02 21:18:10','2020-08-04 20:30:31'),(1603,22,1603,'NetworkPort','ocs-inventory-ng',NULL,0,0,0,1,'2023-07-02 21:18:10','2020-08-04 20:30:31'),(1604,22,1604,'NetworkPort','ocs-inventory-ng',NULL,0,0,0,1,'2023-07-02 21:18:10','2020-08-04 20:30:31'),(1622,15,1622,'NetworkPort','ocs-inventory-ng',NULL,0,0,0,1,'2023-07-03 02:13:06','2020-08-04 20:31:30'),(1623,15,1623,'NetworkPort','ocs-inventory-ng',NULL,0,0,0,1,'2023-07-03 02:13:06','2020-08-04 20:31:30'),(1624,0,1624,'NetworkPort','ocs-inventory-ng',NULL,0,0,0,1,'2020-08-04 20:32:13','2020-08-04 20:32:13'),(1625,0,1625,'NetworkPort','ocs-inventory-ng',NULL,0,0,0,1,'2020-08-04 20:32:13','2020-08-04 20:32:13'),(1627,0,1627,'NetworkPort','ocs-inventory-ng',NULL,0,0,0,1,'2020-08-04 20:32:13','2020-08-04 20:32:13'),(1628,0,1628,'NetworkPort','ocs-inventory-ng',NULL,0,0,0,1,'2020-08-04 20:32:13','2020-08-04 20:32:13'),(1629,22,1629,'NetworkPort','ocs-inventory-ng',NULL,0,0,0,1,'2023-07-02 01:51:27','2020-08-04 20:33:00'),(1634,22,1634,'NetworkPort','ocs-inventory-ng',NULL,0,0,0,1,'2023-07-02 01:51:27','2020-08-04 20:33:00'),(1635,22,1635,'NetworkPort','ocs-inventory-ng',NULL,0,0,0,1,'2023-07-02 01:51:27','2020-08-04 20:33:00'),(1636,22,1636,'NetworkPort','ocs-inventory-ng',NULL,0,0,0,1,'2023-07-02 01:51:27','2020-08-04 20:33:00'),(1637,22,1637,'NetworkPort','ocs-inventory-ng',NULL,0,0,0,1,'2023-07-02 01:51:27','2020-08-04 20:33:00'),(1638,22,1638,'NetworkPort','ocs-inventory-ng',NULL,0,0,0,1,'2023-07-02 01:51:27','2020-08-04 20:33:00'),(1640,22,1640,'NetworkPort','ocs-inventory-ng',NULL,0,0,0,1,'2023-07-02 01:51:27','2020-08-04 20:33:00'),(1650,22,1650,'NetworkPort','ocs-inventory-ng',NULL,0,0,0,1,'2023-07-02 01:51:27','2020-08-04 20:33:00'),(1651,1,1651,'NetworkPort','ocs-inventory-ng',NULL,0,0,0,1,'2021-03-10 20:41:01','2020-08-04 20:33:24'),(1652,1,1652,'NetworkPort','ocs-inventory-ng',NULL,0,0,0,1,'2021-03-10 20:41:01','2020-08-04 20:33:24'),(1653,1,1653,'NetworkPort','ocs-inventory-ng',NULL,0,0,0,1,'2021-03-10 20:41:01','2020-08-04 20:33:24'),(1654,1,1654,'NetworkPort','ocs-inventory-ng',NULL,0,0,0,1,'2021-03-10 20:41:01','2020-08-04 20:33:24'),(1655,1,1655,'NetworkPort','ocs-inventory-ng',NULL,0,0,0,1,'2021-03-10 20:41:01','2020-08-04 20:33:24'),(1656,1,1656,'NetworkPort','ocs-inventory-ng',NULL,0,0,0,1,'2021-03-10 20:41:01','2020-08-04 20:33:24'),(1657,1,1657,'NetworkPort','ocs-inventory-ng',NULL,0,0,0,1,'2021-03-10 20:41:01','2020-08-04 20:33:24'),(1658,1,1658,'NetworkPort','ocs-inventory-ng',NULL,0,0,0,1,'2021-03-10 20:41:01','2020-08-04 20:33:24'),(1659,1,1659,'NetworkPort','ocs-inventory-ng',NULL,0,0,0,1,'2021-03-10 20:41:01','2020-08-04 20:33:24'),(1660,1,1660,'NetworkPort','ocs-inventory-ng',NULL,0,0,0,1,'2021-03-10 20:41:01','2020-08-04 20:33:24'),(1661,1,1661,'NetworkPort','ocs-inventory-ng',NULL,0,0,0,1,'2021-03-10 20:41:01','2020-08-04 20:33:24'),(1662,1,1662,'NetworkPort','ocs-inventory-ng',NULL,0,0,0,1,'2021-03-10 20:41:01','2020-08-04 20:33:24'),(1663,1,1663,'NetworkPort','ocs-inventory-ng',NULL,0,0,0,1,'2021-03-10 20:41:01','2020-08-04 20:33:24'),(1664,1,1664,'NetworkPort','ocs-inventory-ng',NULL,0,0,0,1,'2021-03-10 20:41:01','2020-08-04 20:33:24'),(1665,1,1665,'NetworkPort','ocs-inventory-ng',NULL,0,0,0,1,'2021-03-10 20:41:01','2020-08-04 20:33:24'),(1666,1,1666,'NetworkPort','ocs-inventory-ng',NULL,0,0,0,1,'2021-03-10 20:41:01','2020-08-04 20:33:24'),(1668,1,1668,'NetworkPort','ocs-inventory-ng',NULL,0,0,0,1,'2021-03-10 20:51:06','2020-08-04 20:33:44'),(1715,22,1715,'NetworkPort','ocs-inventory-ng',NULL,0,0,0,1,'2023-07-02 21:18:11','2020-08-11 13:43:49'),(1716,22,1716,'NetworkPort','ocs-inventory-ng',NULL,0,0,0,1,'2023-07-02 21:18:11','2020-08-11 13:43:49'),(1717,22,1717,'NetworkPort','ocs-inventory-ng',NULL,0,0,0,1,'2023-07-02 21:18:11','2020-08-11 13:43:49'),(1718,22,1718,'NetworkPort','ocs-inventory-ng',NULL,0,0,0,1,'2023-07-02 21:18:11','2020-08-11 13:43:49'),(1719,22,1719,'NetworkPort','ocs-inventory-ng',NULL,0,0,0,1,'2023-07-02 21:18:11','2020-08-11 13:43:49'),(1720,22,1720,'NetworkPort','ocs-inventory-ng',NULL,0,0,0,1,'2023-07-02 21:18:11','2020-08-11 13:43:49'),(1721,22,1721,'NetworkPort','ocs-inventory-ng',NULL,0,0,0,1,'2023-07-02 21:18:11','2020-08-11 13:43:49'),(1722,0,1722,'NetworkPort','ocs-inventory-ng',NULL,0,0,0,1,'2020-08-11 17:10:01','2020-08-11 17:10:01'),(1724,0,1724,'NetworkPort','ocs-inventory-ng',NULL,0,0,0,1,'2020-08-12 15:47:22','2020-08-12 15:47:22'),(1725,0,1725,'NetworkPort','ocs-inventory-ng',NULL,0,0,0,1,'2020-08-12 15:47:22','2020-08-12 15:47:22'),(1726,0,1726,'NetworkPort','ocs-inventory-ng',NULL,0,0,0,1,'2020-08-12 15:47:22','2020-08-12 15:47:22'),(1727,0,1727,'NetworkPort','ocs-inventory-ng',NULL,0,0,0,1,'2020-08-12 15:47:22','2020-08-12 15:47:22'),(1728,0,1728,'NetworkPort','ocs-inventory-ng',NULL,0,0,0,1,'2020-08-12 15:47:22','2020-08-12 15:47:22'),(1729,0,1729,'NetworkPort','ocs-inventory-ng',NULL,0,0,0,1,'2020-08-12 15:47:22','2020-08-12 15:47:22'),(1736,1,1736,'NetworkPort','ocs-inventory-ng',NULL,0,0,0,1,'2021-03-10 20:42:23','2020-08-14 14:17:04'),(1737,1,1737,'NetworkPort','ocs-inventory-ng',NULL,0,0,0,1,'2021-03-10 20:42:23','2020-08-14 14:17:04'),(1738,1,1738,'NetworkPort','ocs-inventory-ng',NULL,0,0,0,1,'2021-03-10 20:42:23','2020-08-14 14:17:04'),(1740,1,1740,'NetworkPort','ocs-inventory-ng',NULL,0,0,0,1,'2021-03-10 20:42:23','2020-08-14 14:17:04'),(1741,1,1741,'NetworkPort','ocs-inventory-ng',NULL,0,0,0,1,'2021-03-10 20:42:23','2020-08-14 14:17:04'),(1742,1,1742,'NetworkPort','ocs-inventory-ng',NULL,0,0,0,1,'2021-03-10 20:42:23','2020-08-14 14:17:04'),(1743,15,1743,'NetworkPort','ocs-inventory-ng',NULL,0,0,0,1,'2023-01-19 20:30:00','2020-08-14 17:29:53'),(1744,15,1744,'NetworkPort','ocs-inventory-ng',NULL,0,0,0,1,'2023-01-19 20:30:00','2020-08-14 17:29:53'),(1745,15,1745,'NetworkPort','ocs-inventory-ng',NULL,0,0,0,1,'2023-01-19 20:30:00','2020-08-14 17:29:53'),(1747,15,1747,'NetworkPort','ocs-inventory-ng',NULL,0,0,0,1,'2023-01-19 20:30:00','2020-08-14 17:29:53'),(1748,15,1748,'NetworkPort','ocs-inventory-ng',NULL,0,0,0,1,'2023-01-19 20:30:00','2020-08-14 17:29:53'),(1750,21,1750,'NetworkPort','ocs-inventory-ng',NULL,0,0,0,1,'2023-07-02 01:55:24','2020-08-19 14:22:27'),(1751,21,1751,'NetworkPort','ocs-inventory-ng',NULL,0,0,0,1,'2023-07-02 01:55:24','2020-08-19 14:22:27'),(1752,21,1752,'NetworkPort','ocs-inventory-ng',NULL,0,0,0,1,'2023-07-02 01:55:24','2020-08-19 14:22:27'),(1753,21,1753,'NetworkPort','ocs-inventory-ng',NULL,0,0,0,1,'2023-07-02 01:55:24','2020-08-19 14:22:27'),(1754,21,1754,'NetworkPort','ocs-inventory-ng',NULL,0,0,0,1,'2023-07-02 01:55:24','2020-08-19 14:22:27'),(1755,1,1755,'NetworkPort','ocs-inventory-ng',NULL,0,0,0,1,'2021-03-10 20:48:21','2020-08-19 18:45:37'),(1756,1,1756,'NetworkPort','ocs-inventory-ng',NULL,0,0,0,1,'2021-03-10 20:48:21','2020-08-19 18:45:37'),(1757,1,1757,'NetworkPort','ocs-inventory-ng',NULL,0,0,0,1,'2021-03-10 20:48:21','2020-08-19 18:45:37'),(1758,1,1758,'NetworkPort','ocs-inventory-ng',NULL,0,0,0,1,'2021-03-10 20:48:21','2020-08-19 18:45:37'),(1759,1,1759,'NetworkPort','ocs-inventory-ng',NULL,0,0,0,1,'2021-03-10 20:48:21','2020-08-19 18:45:37'),(1760,1,1760,'NetworkPort','ocs-inventory-ng',NULL,0,0,0,1,'2021-03-10 20:48:21','2020-08-19 18:45:37'),(1762,15,1762,'NetworkPort','ocs-inventory-ng',NULL,0,0,0,1,'2023-07-03 02:13:08','2020-08-19 20:47:18'),(1763,15,1763,'NetworkPort','ocs-inventory-ng',NULL,0,0,0,1,'2023-07-03 02:13:08','2020-08-19 20:47:18'),(1764,15,1764,'NetworkPort','ocs-inventory-ng',NULL,0,0,0,1,'2023-07-03 02:13:08','2020-08-19 20:47:18'),(1765,15,1765,'NetworkPort','ocs-inventory-ng',NULL,0,0,0,1,'2023-07-03 02:13:08','2020-08-19 20:47:18'),(1766,15,1766,'NetworkPort','ocs-inventory-ng',NULL,0,0,0,1,'2023-07-03 02:13:08','2020-08-19 20:47:18'),(1767,15,1767,'NetworkPort','ocs-inventory-ng',NULL,0,0,0,1,'2023-01-19 20:30:01','2020-08-20 02:32:26'),(1768,15,1768,'NetworkPort','ocs-inventory-ng',NULL,0,0,0,1,'2023-01-19 20:30:01','2020-08-20 02:32:26'),(1769,15,1769,'NetworkPort','ocs-inventory-ng',NULL,0,0,0,1,'2023-01-19 20:30:01','2020-08-20 02:32:26'),(1771,15,1771,'NetworkPort','ocs-inventory-ng',NULL,0,0,0,1,'2023-01-19 20:30:01','2020-08-20 02:32:26'),(1772,15,1772,'NetworkPort','ocs-inventory-ng',NULL,0,0,0,1,'2023-01-19 20:30:01','2020-08-20 02:32:26'),(1773,22,1773,'NetworkPort','ocs-inventory-ng',NULL,0,0,0,1,'2023-07-02 21:18:09','2020-08-20 16:37:35'),(1777,15,1777,'NetworkPort','ocs-inventory-ng',NULL,0,0,0,1,'2023-01-19 20:29:49','2020-08-20 16:40:25'),(1817,1,1817,'NetworkPort','ocs-inventory-ng',NULL,0,0,0,1,'2021-03-10 20:43:17','2020-08-22 16:59:58'),(1818,1,1818,'NetworkPort','ocs-inventory-ng',NULL,0,0,0,1,'2021-03-10 20:43:17','2020-08-22 16:59:58'),(1820,1,1820,'NetworkPort','ocs-inventory-ng',NULL,0,0,0,1,'2021-03-10 20:43:17','2020-08-22 16:59:58'),(1821,1,1821,'NetworkPort','ocs-inventory-ng',NULL,0,0,0,1,'2021-03-10 20:43:17','2020-08-22 16:59:58'),(1823,1,1823,'NetworkPort','ocs-inventory-ng',NULL,0,0,0,1,'2021-03-10 20:43:17','2020-08-22 16:59:58'),(1824,21,1824,'NetworkPort','ocs-inventory-ng',NULL,0,0,0,1,'2023-07-02 19:24:07','2020-08-24 18:10:29'),(1825,21,1825,'NetworkPort','ocs-inventory-ng',NULL,0,0,0,1,'2023-07-02 19:24:07','2020-08-24 18:10:29'),(1826,21,1826,'NetworkPort','ocs-inventory-ng',NULL,0,0,0,1,'2023-07-02 19:24:07','2020-08-24 18:10:29'),(1827,21,1827,'NetworkPort','ocs-inventory-ng',NULL,0,0,0,1,'2023-07-02 19:24:07','2020-08-24 18:10:29'),(1828,21,1828,'NetworkPort','ocs-inventory-ng',NULL,0,0,0,1,'2023-07-02 19:24:07','2020-08-24 18:10:29'),(1829,21,1829,'NetworkPort','ocs-inventory-ng',NULL,0,0,0,1,'2023-07-02 19:24:07','2020-08-24 18:10:29'),(1830,15,1830,'NetworkPort','ocs-inventory-ng',NULL,0,0,0,1,'2023-07-03 02:13:09','2020-08-24 19:36:59'),(1831,15,1831,'NetworkPort','ocs-inventory-ng',NULL,0,0,0,1,'2023-07-03 02:13:09','2020-08-24 19:36:59'),(1832,15,1832,'NetworkPort','ocs-inventory-ng',NULL,0,0,0,1,'2023-07-03 02:13:09','2020-08-24 19:36:59'),(1833,15,1833,'NetworkPort','ocs-inventory-ng',NULL,0,0,0,1,'2023-07-03 02:13:09','2020-08-24 19:36:59'),(1834,15,1834,'NetworkPort','ocs-inventory-ng',NULL,0,0,0,1,'2023-07-03 02:13:09','2020-08-24 19:36:59'),(1835,15,1835,'NetworkPort','ocs-inventory-ng',NULL,0,0,0,1,'2023-07-03 02:13:09','2020-08-24 19:36:59'),(1841,22,1841,'NetworkPort','ocs-inventory-ng',NULL,0,0,0,1,'2023-07-02 02:19:44','2020-08-25 16:05:36'),(1842,22,1842,'NetworkPort','ocs-inventory-ng',NULL,0,0,0,1,'2023-07-02 02:19:44','2020-08-25 16:05:36'),(1843,22,1843,'NetworkPort','ocs-inventory-ng',NULL,0,0,0,1,'2023-07-02 02:19:44','2020-08-25 16:05:36'),(1844,22,1844,'NetworkPort','ocs-inventory-ng',NULL,0,0,0,1,'2023-07-02 02:19:44','2020-08-25 16:05:36'),(1845,22,1845,'NetworkPort','ocs-inventory-ng',NULL,0,0,0,1,'2023-07-02 02:19:44','2020-08-25 16:05:36'),(1846,22,1846,'NetworkPort','ocs-inventory-ng',NULL,0,0,0,1,'2023-07-02 02:19:44','2020-08-25 16:05:36'),(1847,22,1847,'NetworkPort','ocs-inventory-ng',NULL,0,0,0,1,'2023-07-02 02:19:44','2020-08-25 16:05:36'),(1848,22,1848,'NetworkPort','ocs-inventory-ng',NULL,0,0,0,1,'2023-07-02 02:19:44','2020-08-25 16:05:36'),(1849,22,1849,'NetworkPort','ocs-inventory-ng',NULL,0,0,0,1,'2023-07-02 02:19:44','2020-08-25 16:05:36'),(1850,22,1850,'NetworkPort','ocs-inventory-ng',NULL,0,0,0,1,'2023-07-02 02:19:44','2020-08-25 16:05:36'),(1851,22,1851,'NetworkPort','ocs-inventory-ng',NULL,0,0,0,1,'2023-07-02 02:19:44','2020-08-25 16:05:36'),(1852,22,1852,'NetworkPort','ocs-inventory-ng',NULL,0,0,0,1,'2023-07-02 02:19:44','2020-08-25 16:05:36'),(1853,22,1853,'NetworkPort','ocs-inventory-ng',NULL,0,0,0,1,'2023-07-02 02:19:44','2020-08-25 16:05:36'),(1854,22,1854,'NetworkPort','ocs-inventory-ng',NULL,0,0,0,1,'2023-07-02 02:19:44','2020-08-25 16:05:36'),(1855,22,1855,'NetworkPort','ocs-inventory-ng',NULL,0,0,0,1,'2023-07-02 02:19:44','2020-08-25 16:05:36'),(1856,22,1856,'NetworkPort','ocs-inventory-ng',NULL,0,0,0,1,'2023-07-02 02:19:44','2020-08-25 16:05:36'),(1857,22,1857,'NetworkPort','ocs-inventory-ng',NULL,0,0,0,1,'2023-07-02 02:19:44','2020-08-25 16:05:36'),(1858,22,1858,'NetworkPort','ocs-inventory-ng',NULL,0,0,0,1,'2023-07-02 02:19:44','2020-08-25 16:05:36'),(1859,22,1859,'NetworkPort','ocs-inventory-ng',NULL,0,0,0,1,'2023-07-02 02:19:44','2020-08-25 16:05:36'),(1860,22,1860,'NetworkPort','ocs-inventory-ng',NULL,0,0,0,1,'2023-07-02 02:19:44','2020-08-25 16:05:36'),(1861,22,1861,'NetworkPort','ocs-inventory-ng',NULL,0,0,0,1,'2023-07-02 02:19:44','2020-08-25 16:05:36'),(1862,22,1862,'NetworkPort','ocs-inventory-ng',NULL,0,0,0,1,'2023-07-02 02:19:44','2020-08-25 16:05:36'),(1863,22,1863,'NetworkPort','ocs-inventory-ng',NULL,0,0,0,1,'2023-07-02 02:19:44','2020-08-25 16:05:36'),(1870,22,1870,'NetworkPort','ocs-inventory-ng',NULL,0,0,0,1,'2023-07-02 02:19:44','2020-08-25 16:05:36'),(1871,0,1871,'NetworkPort','ocs-inventory-ng',NULL,0,0,0,1,'2021-02-15 23:41:23','2020-08-26 13:44:23'),(1872,2,1872,'NetworkPort','ocs-inventory-ng',NULL,0,0,0,1,'2021-03-10 20:44:11','2020-08-26 13:44:30'),(1873,2,1873,'NetworkPort','ocs-inventory-ng',NULL,0,0,0,1,'2021-03-10 20:44:11','2020-08-26 13:44:30'),(1874,2,1874,'NetworkPort','ocs-inventory-ng',NULL,0,0,0,1,'2021-03-10 20:44:11','2020-08-26 13:44:30'),(1876,2,1876,'NetworkPort','ocs-inventory-ng',NULL,0,0,0,1,'2021-03-10 20:44:11','2020-08-26 13:44:30'),(1877,2,1877,'NetworkPort','ocs-inventory-ng',NULL,0,0,0,1,'2021-03-10 20:44:11','2020-08-26 13:44:30'),(1880,0,1880,'NetworkPort','ocs-inventory-ng',NULL,0,0,0,1,'2020-08-26 13:45:33','2020-08-26 13:45:33'),(1938,21,1938,'NetworkPort','ocs-inventory-ng',NULL,0,0,0,1,'2023-07-02 19:20:44','2020-08-26 14:04:08'),(1939,21,1939,'NetworkPort','ocs-inventory-ng',NULL,0,0,0,1,'2023-07-02 19:20:44','2020-08-26 14:04:08'),(1940,21,1940,'NetworkPort','ocs-inventory-ng',NULL,0,0,0,1,'2023-07-02 19:20:44','2020-08-26 14:04:08'),(1941,21,1941,'NetworkPort','ocs-inventory-ng',NULL,0,0,0,1,'2023-07-02 19:20:44','2020-08-26 14:04:08'),(1942,21,1942,'NetworkPort','ocs-inventory-ng',NULL,0,0,0,1,'2023-07-02 19:20:44','2020-08-26 14:04:08'),(1943,21,1943,'NetworkPort','ocs-inventory-ng',NULL,0,0,0,1,'2023-07-02 19:20:44','2020-08-26 14:04:08'),(1972,22,1972,'NetworkPort','ocs-inventory-ng',NULL,0,0,0,1,'2023-05-12 15:59:44','2020-08-26 18:59:02'),(1973,22,1973,'NetworkPort','ocs-inventory-ng',NULL,0,0,0,1,'2023-05-12 15:59:44','2020-08-26 18:59:02'),(1974,22,1974,'NetworkPort','ocs-inventory-ng',NULL,0,0,0,1,'2023-05-12 15:59:44','2020-08-26 18:59:02'),(1975,22,1975,'NetworkPort','ocs-inventory-ng',NULL,0,0,0,1,'2023-05-12 15:59:44','2020-08-26 18:59:02'),(1976,22,1976,'NetworkPort','ocs-inventory-ng',NULL,0,0,0,1,'2023-05-12 15:59:44','2020-08-26 18:59:02'),(1977,22,1977,'NetworkPort','ocs-inventory-ng',NULL,0,0,0,1,'2023-05-12 15:59:44','2020-08-26 18:59:02'),(1978,22,1978,'NetworkPort','ocs-inventory-ng',NULL,0,0,0,1,'2023-05-12 15:59:44','2020-08-26 18:59:02'),(1984,2,1984,'NetworkPort','ocs-inventory-ng',NULL,0,0,0,1,'2021-03-10 20:48:29','2020-09-02 15:30:22'),(1985,2,1985,'NetworkPort','ocs-inventory-ng',NULL,0,0,0,1,'2021-03-10 20:48:29','2020-09-02 15:30:22'),(1987,2,1987,'NetworkPort','ocs-inventory-ng',NULL,0,0,0,1,'2021-03-10 20:48:29','2020-09-02 15:30:22'),(1988,2,1988,'NetworkPort','ocs-inventory-ng',NULL,0,0,0,1,'2021-03-10 20:48:29','2020-09-02 15:30:22'),(1989,2,1989,'NetworkPort','ocs-inventory-ng',NULL,0,0,0,1,'2021-03-10 20:48:29','2020-09-02 15:30:22'),(1990,1,1990,'NetworkPort','ocs-inventory-ng',NULL,0,0,0,1,'2021-03-10 20:49:41','2020-09-02 20:58:58'),(1992,1,1992,'NetworkPort','ocs-inventory-ng',NULL,0,0,0,1,'2021-03-10 20:49:41','2020-09-02 20:58:58'),(1993,1,1993,'NetworkPort','ocs-inventory-ng',NULL,0,0,0,1,'2021-03-10 20:49:41','2020-09-02 20:58:58'),(1994,1,1994,'NetworkPort','ocs-inventory-ng',NULL,0,0,0,1,'2021-03-10 20:49:41','2020-09-02 20:58:58'),(1995,1,1995,'NetworkPort','ocs-inventory-ng',NULL,0,0,0,1,'2021-03-10 20:49:41','2020-09-02 20:58:58'),(1996,22,1996,'NetworkPort','ocs-inventory-ng',NULL,0,0,0,1,'2023-07-02 21:18:13','2020-09-02 21:08:25'),(1997,22,1997,'NetworkPort','ocs-inventory-ng',NULL,0,0,0,1,'2023-07-02 21:18:13','2020-09-02 21:08:25'),(1998,22,1998,'NetworkPort','ocs-inventory-ng',NULL,0,0,0,1,'2023-07-02 21:18:13','2020-09-02 21:08:25'),(1999,22,1999,'NetworkPort','ocs-inventory-ng',NULL,0,0,0,1,'2023-07-02 21:18:13','2020-09-02 21:08:25'),(2000,22,2000,'NetworkPort','ocs-inventory-ng',NULL,0,0,0,1,'2023-07-02 21:18:13','2020-09-02 21:08:25'),(2001,22,2001,'NetworkPort','ocs-inventory-ng',NULL,0,0,0,1,'2023-07-02 21:18:13','2020-09-02 21:08:25'),(2002,22,2002,'NetworkPort','ocs-inventory-ng',NULL,0,0,0,1,'2023-07-02 21:18:13','2020-09-02 21:08:25'),(2003,0,2003,'NetworkPort','ocs-inventory-ng',NULL,0,0,0,1,'2020-09-03 16:51:11','2020-09-03 16:51:11'),(2004,15,2004,'NetworkPort','ocs-inventory-ng',NULL,0,0,0,1,'2023-07-03 02:13:10','2020-09-04 19:03:28'),(2005,15,2005,'NetworkPort','ocs-inventory-ng',NULL,0,0,0,1,'2023-07-03 02:13:10','2020-09-04 19:03:28'),(2006,15,2006,'NetworkPort','ocs-inventory-ng',NULL,0,0,0,1,'2023-07-03 02:13:10','2020-09-04 19:03:28'),(2007,15,2007,'NetworkPort','ocs-inventory-ng',NULL,0,0,0,1,'2023-07-03 02:13:10','2020-09-04 19:03:28'),(2008,15,2008,'NetworkPort','ocs-inventory-ng',NULL,0,0,0,1,'2023-07-03 02:13:10','2020-09-04 19:03:28'),(2009,15,2009,'NetworkPort','ocs-inventory-ng',NULL,0,0,0,1,'2023-07-03 02:13:10','2020-09-04 19:03:28'),(2010,15,2010,'NetworkPort','ocs-inventory-ng',NULL,0,0,0,1,'2023-07-03 02:13:10','2020-09-04 19:03:28'),(2011,22,2011,'NetworkPort','ocs-inventory-ng',NULL,0,0,0,1,'2023-07-02 21:18:15','2020-09-04 19:03:37'),(2012,22,2012,'NetworkPort','ocs-inventory-ng',NULL,0,0,0,1,'2023-07-02 21:18:15','2020-09-04 19:03:37'),(2013,22,2013,'NetworkPort','ocs-inventory-ng',NULL,0,0,0,1,'2023-07-02 21:18:15','2020-09-04 19:03:37'),(2014,22,2014,'NetworkPort','ocs-inventory-ng',NULL,0,0,0,1,'2023-07-02 21:18:15','2020-09-04 19:03:37'),(2015,22,2015,'NetworkPort','ocs-inventory-ng',NULL,0,0,0,1,'2023-07-02 21:18:15','2020-09-04 19:03:37'),(2016,22,2016,'NetworkPort','ocs-inventory-ng',NULL,0,0,0,1,'2023-07-02 21:18:15','2020-09-04 19:03:37'),(2017,22,2017,'NetworkPort','ocs-inventory-ng',NULL,0,0,0,1,'2023-07-02 21:18:15','2020-09-04 19:03:37'),(2018,2,2018,'NetworkPort','ocs-inventory-ng',NULL,0,0,0,1,'2021-03-10 20:45:21','2020-09-07 14:26:13'),(2019,2,2019,'NetworkPort','ocs-inventory-ng',NULL,0,0,0,1,'2021-03-10 20:45:21','2020-09-07 14:26:13'),(2020,1,2020,'NetworkPort','ocs-inventory-ng',NULL,0,0,0,1,'2021-03-10 20:48:45','2020-09-07 14:31:03'),(2022,1,2022,'NetworkPort','ocs-inventory-ng',NULL,0,0,0,1,'2021-03-10 20:48:45','2020-09-07 14:31:03'),(2023,1,2023,'NetworkPort','ocs-inventory-ng',NULL,0,0,0,1,'2021-03-10 20:48:45','2020-09-07 14:31:03'),(2024,1,2024,'NetworkPort','ocs-inventory-ng',NULL,0,0,0,1,'2021-03-10 20:48:45','2020-09-07 14:31:03'),(2025,1,2025,'NetworkPort','ocs-inventory-ng',NULL,0,0,0,1,'2021-03-10 20:48:45','2020-09-07 14:31:03'),(2026,1,2026,'NetworkPort','ocs-inventory-ng',NULL,0,0,0,1,'2021-03-10 20:48:58','2020-09-07 14:31:19'),(2027,1,2027,'NetworkPort','ocs-inventory-ng',NULL,0,0,0,1,'2021-03-10 20:48:58','2020-09-07 14:31:19'),(2028,1,2028,'NetworkPort','ocs-inventory-ng',NULL,0,0,0,1,'2021-03-10 20:45:46','2020-09-08 13:58:28'),(2030,1,2030,'NetworkPort','ocs-inventory-ng',NULL,0,0,0,1,'2021-03-10 20:45:46','2020-09-08 13:58:28'),(2031,1,2031,'NetworkPort','ocs-inventory-ng',NULL,0,0,0,1,'2021-03-10 20:45:46','2020-09-08 13:58:28'),(2032,1,2032,'NetworkPort','ocs-inventory-ng',NULL,0,0,0,1,'2021-03-10 20:45:46','2020-09-08 13:58:28'),(2033,1,2033,'NetworkPort','ocs-inventory-ng',NULL,0,0,0,1,'2021-03-10 20:45:46','2020-09-08 13:58:28'),(2034,1,2034,'NetworkPort','ocs-inventory-ng',NULL,0,0,0,1,'2021-03-10 20:45:46','2020-09-08 13:58:28'),(2035,1,2035,'NetworkPort','ocs-inventory-ng',NULL,0,0,0,1,'2021-03-10 20:45:46','2020-09-08 13:58:28'),(2041,1,2041,'NetworkPort','ocs-inventory-ng',NULL,0,0,0,1,'2021-03-10 20:45:46','2020-09-08 13:58:28'),(2042,1,2042,'NetworkPort','ocs-inventory-ng',NULL,0,0,0,1,'2021-03-10 20:45:46','2020-09-08 13:58:28'),(2043,1,2043,'NetworkPort','ocs-inventory-ng',NULL,0,0,0,1,'2021-03-10 20:45:46','2020-09-08 13:58:28'),(2044,1,2044,'NetworkPort','ocs-inventory-ng',NULL,0,0,0,1,'2021-03-10 20:45:46','2020-09-08 13:58:28'),(2045,1,2045,'NetworkPort','ocs-inventory-ng',NULL,0,0,0,1,'2021-03-10 20:45:46','2020-09-08 13:58:28'),(2065,21,2065,'NetworkPort','ocs-inventory-ng',NULL,0,0,0,1,'2023-07-02 19:20:45','2020-09-09 17:29:05'),(2066,21,2066,'NetworkPort','ocs-inventory-ng',NULL,0,0,0,1,'2023-07-02 19:20:45','2020-09-09 17:29:05'),(2067,21,2067,'NetworkPort','ocs-inventory-ng',NULL,0,0,0,1,'2023-07-02 19:20:45','2020-09-09 17:29:05'),(2068,21,2068,'NetworkPort','ocs-inventory-ng',NULL,0,0,0,1,'2023-07-02 19:20:45','2020-09-09 17:29:05'),(2069,21,2069,'NetworkPort','ocs-inventory-ng',NULL,0,0,0,1,'2023-07-02 19:20:45','2020-09-09 17:29:05'),(2071,21,2071,'NetworkPort','ocs-inventory-ng',NULL,0,0,0,1,'2023-07-02 19:20:45','2020-09-09 17:29:05'),(2085,1,2085,'NetworkPort','ocs-inventory-ng',NULL,0,0,0,1,'2021-03-10 20:54:35','2020-09-10 14:07:02'),(2097,1,2097,'NetworkPort','ocs-inventory-ng',NULL,0,0,0,1,'2021-03-10 20:46:49','2020-09-11 15:45:15'),(2098,1,2098,'NetworkPort','ocs-inventory-ng',NULL,0,0,0,1,'2021-03-10 20:46:49','2020-09-11 15:45:15'),(2099,1,2099,'NetworkPort','ocs-inventory-ng',NULL,0,0,0,1,'2021-03-10 20:46:49','2020-09-11 15:45:15'),(2100,1,2100,'NetworkPort','ocs-inventory-ng',NULL,0,0,0,1,'2021-03-10 20:46:49','2020-09-11 15:45:15'),(2101,1,2101,'NetworkPort','ocs-inventory-ng',NULL,0,0,0,1,'2021-03-10 20:46:49','2020-09-11 15:45:15'),(2102,1,2102,'NetworkPort','ocs-inventory-ng',NULL,0,0,0,1,'2021-03-10 20:46:49','2020-09-11 15:45:15'),(2103,1,2103,'NetworkPort','ocs-inventory-ng',NULL,0,0,0,1,'2021-03-10 20:46:49','2020-09-11 15:45:15'),(2104,1,2104,'NetworkPort','ocs-inventory-ng',NULL,0,0,0,1,'2021-03-10 20:46:49','2020-09-11 15:45:15'),(2105,1,2105,'NetworkPort','ocs-inventory-ng',NULL,0,0,0,1,'2021-03-10 20:46:49','2020-09-11 15:45:15'),(2106,1,2106,'NetworkPort','ocs-inventory-ng',NULL,0,0,0,1,'2021-03-10 20:47:12','2020-09-11 15:45:29'),(2107,1,2107,'NetworkPort','ocs-inventory-ng',NULL,0,0,0,1,'2021-03-10 20:47:12','2020-09-11 15:45:29'),(2108,0,2108,'NetworkPort','ocs-inventory-ng',NULL,0,0,0,1,'2021-02-15 23:41:23','2020-09-11 15:45:44'),(2109,0,2109,'NetworkPort','ocs-inventory-ng',NULL,0,0,0,1,'2021-02-15 23:41:23','2020-09-11 15:45:44'),(2110,0,2110,'NetworkPort','ocs-inventory-ng',NULL,0,0,0,1,'2021-02-15 23:41:23','2020-09-11 15:45:44'),(2111,0,2111,'NetworkPort','ocs-inventory-ng',NULL,0,0,0,1,'2021-02-15 23:41:23','2020-09-11 15:45:44'),(2160,2,2160,'NetworkPort','ocs-inventory-ng',NULL,0,0,0,1,'2021-03-10 20:47:24','2020-09-14 16:13:04'),(2161,2,2161,'NetworkPort','ocs-inventory-ng',NULL,0,0,0,1,'2021-03-10 20:47:24','2020-09-14 16:13:04'),(2162,2,2162,'NetworkPort','ocs-inventory-ng',NULL,0,0,0,1,'2021-03-10 20:47:24','2020-09-14 16:13:04'),(2163,2,2163,'NetworkPort','ocs-inventory-ng',NULL,0,0,0,1,'2021-03-10 20:47:24','2020-09-14 16:13:04'),(2164,2,2164,'NetworkPort','ocs-inventory-ng',NULL,0,0,0,1,'2021-03-10 20:47:24','2020-09-14 16:13:04'),(2165,2,2165,'NetworkPort','ocs-inventory-ng',NULL,0,0,0,1,'2021-03-10 20:47:24','2020-09-14 16:13:04'),(2166,1,2166,'NetworkPort','ocs-inventory-ng',NULL,0,0,0,1,'2021-03-19 22:04:23','2020-09-16 16:41:10'),(2167,1,2167,'NetworkPort','ocs-inventory-ng',NULL,0,0,0,1,'2021-03-19 22:04:23','2020-09-16 16:41:10'),(2168,1,2168,'NetworkPort','ocs-inventory-ng',NULL,0,0,0,1,'2021-03-19 22:04:23','2020-09-16 16:41:10'),(2169,1,2169,'NetworkPort','ocs-inventory-ng',NULL,0,0,0,1,'2021-03-19 22:04:23','2020-09-16 16:41:10'),(2170,1,2170,'NetworkPort','ocs-inventory-ng',NULL,0,0,0,1,'2021-03-19 22:04:23','2020-09-16 16:41:10'),(2171,1,2171,'NetworkPort','ocs-inventory-ng',NULL,0,0,0,1,'2021-03-19 22:04:23','2020-09-16 16:41:10'),(2172,1,2172,'NetworkPort','ocs-inventory-ng',NULL,0,0,0,1,'2023-09-04 15:54:42','2020-09-16 18:25:32'),(2173,1,2173,'NetworkPort','ocs-inventory-ng',NULL,0,0,0,1,'2023-09-04 15:54:42','2020-09-16 18:25:32'),(2175,1,2175,'NetworkPort','ocs-inventory-ng',NULL,0,0,0,1,'2021-03-10 20:47:39','2020-09-16 18:25:42'),(2177,1,2177,'NetworkPort','ocs-inventory-ng',NULL,0,0,0,1,'2021-03-10 20:47:39','2020-09-16 18:25:42'),(2178,1,2178,'NetworkPort','ocs-inventory-ng',NULL,0,0,0,1,'2021-03-10 20:47:39','2020-09-16 18:25:42'),(2179,1,2179,'NetworkPort','ocs-inventory-ng',NULL,0,0,0,1,'2021-03-10 20:47:39','2020-09-16 18:25:42'),(2180,1,2180,'NetworkPort','ocs-inventory-ng',NULL,0,0,0,1,'2021-03-10 20:47:39','2020-09-16 18:25:42'),(2181,1,2181,'NetworkPort','ocs-inventory-ng',NULL,0,0,0,1,'2021-03-10 20:47:39','2020-09-16 18:25:42'),(2182,2,2182,'NetworkPort','ocs-inventory-ng',NULL,0,0,0,1,'2021-03-10 20:47:49','2020-09-21 15:48:15'),(2183,2,2183,'NetworkPort','ocs-inventory-ng',NULL,0,0,0,1,'2021-03-10 20:47:49','2020-09-21 15:48:15'),(2184,2,2184,'NetworkPort','ocs-inventory-ng',NULL,0,0,0,1,'2021-03-10 20:47:49','2020-09-21 15:48:15'),(2185,2,2185,'NetworkPort','ocs-inventory-ng',NULL,0,0,0,1,'2021-03-10 20:47:49','2020-09-21 15:48:15'),(2186,2,2186,'NetworkPort','ocs-inventory-ng',NULL,0,0,0,1,'2021-03-10 20:47:49','2020-09-21 15:48:15'),(2187,2,2187,'NetworkPort','ocs-inventory-ng',NULL,0,0,0,1,'2021-03-10 20:47:49','2020-09-21 15:48:15'),(2188,1,2188,'NetworkPort','ocs-inventory-ng',NULL,0,0,0,1,'2021-03-10 20:47:59','2020-09-22 17:20:47'),(2190,1,2190,'NetworkPort','ocs-inventory-ng',NULL,0,0,0,1,'2021-03-10 20:47:59','2020-09-22 17:20:47'),(2191,1,2191,'NetworkPort','ocs-inventory-ng',NULL,0,0,0,1,'2021-03-10 20:47:59','2020-09-22 17:20:47'),(2192,1,2192,'NetworkPort','ocs-inventory-ng',NULL,0,0,0,1,'2021-03-10 20:47:59','2020-09-22 17:20:47'),(2193,1,2193,'NetworkPort','ocs-inventory-ng',NULL,0,0,0,1,'2021-03-10 20:47:59','2020-09-22 17:20:47'),(2194,21,2194,'NetworkPort','ocs-inventory-ng',NULL,0,0,0,1,'2023-07-02 01:53:35','2020-09-24 13:54:19'),(2195,21,2195,'NetworkPort','ocs-inventory-ng',NULL,0,0,0,1,'2023-07-02 19:24:08','2020-09-25 15:26:52'),(2196,21,2196,'NetworkPort','ocs-inventory-ng',NULL,0,0,0,1,'2023-07-02 19:24:08','2020-09-25 15:26:52'),(2197,21,2197,'NetworkPort','ocs-inventory-ng',NULL,0,0,0,1,'2023-07-02 19:24:08','2020-09-25 15:26:52'),(2198,21,2198,'NetworkPort','ocs-inventory-ng',NULL,0,0,0,1,'2023-07-02 19:24:08','2020-09-25 15:26:52'),(2199,21,2199,'NetworkPort','ocs-inventory-ng',NULL,0,0,0,1,'2023-07-02 19:24:08','2020-09-25 15:26:52'),(2200,21,2200,'NetworkPort','ocs-inventory-ng',NULL,0,0,0,1,'2023-07-02 19:24:08','2020-09-25 15:26:52'),(2201,21,2201,'NetworkPort','ocs-inventory-ng',NULL,0,0,0,1,'2023-07-02 19:24:08','2020-09-25 15:26:52'),(2202,1,2202,'NetworkPort','ocs-inventory-ng',NULL,0,0,0,1,'2021-03-10 20:49:11','2020-09-25 23:53:54'),(2203,21,2203,'NetworkPort','ocs-inventory-ng',NULL,0,0,0,1,'2023-09-01 17:06:11','2020-09-25 23:54:35'),(2204,2,2204,'NetworkPort','ocs-inventory-ng',NULL,0,0,0,1,'2021-04-13 16:24:07','2020-09-25 23:55:10'),(2205,2,2205,'NetworkPort','ocs-inventory-ng',NULL,0,0,0,1,'2021-03-10 20:51:16','2020-09-25 23:56:04'),(2206,2,2206,'NetworkPort','ocs-inventory-ng',NULL,0,0,0,1,'2021-03-10 20:51:16','2020-09-25 23:56:04'),(2207,1,2207,'NetworkPort','ocs-inventory-ng',NULL,0,0,0,1,'2021-03-10 20:51:25','2020-09-25 23:56:17'),(2211,22,2211,'NetworkPort','ocs-inventory-ng',NULL,0,0,0,1,'2023-07-02 01:51:27','2020-09-25 23:57:48'),(2212,22,2212,'NetworkPort','ocs-inventory-ng',NULL,0,0,0,1,'2023-07-02 01:51:27','2020-09-25 23:57:48'),(2213,22,2213,'NetworkPort','ocs-inventory-ng',NULL,0,0,0,1,'2023-07-02 01:51:27','2020-09-25 23:57:48'),(2214,22,2214,'NetworkPort','ocs-inventory-ng',NULL,0,0,0,1,'2023-07-02 01:51:27','2020-09-25 23:57:48'),(2215,22,2215,'NetworkPort','ocs-inventory-ng',NULL,0,0,0,1,'2023-07-02 01:51:27','2020-09-25 23:57:48'),(2221,22,2221,'NetworkPort','ocs-inventory-ng',NULL,0,0,0,1,'2023-07-02 01:51:27','2020-09-25 23:57:48'),(2222,22,2222,'NetworkPort','ocs-inventory-ng',NULL,0,0,0,1,'2023-07-02 01:51:27','2020-09-25 23:57:48'),(2223,22,2223,'NetworkPort','ocs-inventory-ng',NULL,0,0,0,1,'2023-07-02 01:51:27','2020-09-25 23:57:48'),(2224,22,2224,'NetworkPort','ocs-inventory-ng',NULL,0,0,0,1,'2023-07-02 01:51:27','2020-09-25 23:57:48'),(2225,22,2225,'NetworkPort','ocs-inventory-ng',NULL,0,0,0,1,'2023-07-02 01:51:27','2020-09-25 23:57:48'),(2226,21,2226,'NetworkPort','ocs-inventory-ng',NULL,0,0,0,1,'2023-07-02 19:24:02','2020-09-25 23:58:31'),(2227,21,2227,'NetworkPort','ocs-inventory-ng',NULL,0,0,0,1,'2023-07-02 19:24:02','2020-09-25 23:58:31'),(2228,21,2228,'NetworkPort','ocs-inventory-ng',NULL,0,0,0,1,'2023-07-02 19:24:02','2020-09-25 23:58:31'),(2229,21,2229,'NetworkPort','ocs-inventory-ng',NULL,0,0,0,1,'2023-07-02 19:24:02','2020-09-25 23:58:31'),(2230,21,2230,'NetworkPort','ocs-inventory-ng',NULL,0,0,0,1,'2023-07-02 19:24:02','2020-09-25 23:58:31'),(2242,22,2242,'NetworkPort','ocs-inventory-ng',NULL,0,0,0,1,'2023-07-02 01:51:27','2020-09-29 18:26:11'),(2243,1,2243,'NetworkPort','ocs-inventory-ng',NULL,0,0,0,1,'2021-03-10 20:45:46','2020-09-29 18:28:43'),(2244,1,2244,'NetworkPort','ocs-inventory-ng',NULL,0,0,0,1,'2021-03-10 20:45:46','2020-09-29 18:28:43'),(2245,1,2245,'NetworkPort','ocs-inventory-ng',NULL,0,0,0,1,'2021-03-10 20:45:46','2020-09-29 18:28:43'),(2246,1,2246,'NetworkPort','ocs-inventory-ng',NULL,0,0,0,1,'2021-03-10 20:45:46','2020-09-29 18:28:43'),(2247,1,2247,'NetworkPort','ocs-inventory-ng',NULL,0,0,0,1,'2021-03-10 20:45:46','2020-09-29 18:28:43'),(2248,1,2248,'NetworkPort','ocs-inventory-ng',NULL,0,0,0,1,'2021-03-10 20:45:46','2020-09-29 18:28:43'),(2249,1,2249,'NetworkPort','ocs-inventory-ng',NULL,0,0,0,1,'2021-03-10 20:45:46','2020-09-29 18:28:43'),(2250,1,2250,'NetworkPort','ocs-inventory-ng',NULL,0,0,0,1,'2021-03-10 20:45:46','2020-09-29 18:28:43'),(2251,1,2251,'NetworkPort','ocs-inventory-ng',NULL,0,0,0,1,'2021-03-10 20:45:46','2020-09-29 18:28:43'),(2252,1,2252,'NetworkPort','ocs-inventory-ng',NULL,0,0,0,1,'2021-03-10 20:45:46','2020-09-29 18:28:43'),(2253,1,2253,'NetworkPort','ocs-inventory-ng',NULL,0,0,0,1,'2021-03-10 20:45:46','2020-09-29 18:28:43'),(2254,1,2254,'NetworkPort','ocs-inventory-ng',NULL,0,0,0,1,'2021-03-10 20:45:46','2020-09-29 18:28:43'),(2255,1,2255,'NetworkPort','ocs-inventory-ng',NULL,0,0,0,1,'2021-03-10 20:45:46','2020-09-29 18:28:43'),(2256,1,2256,'NetworkPort','ocs-inventory-ng',NULL,0,0,0,1,'2021-03-10 20:45:46','2020-09-29 18:28:43'),(2257,1,2257,'NetworkPort','ocs-inventory-ng',NULL,0,0,0,1,'2021-03-10 20:45:46','2020-09-29 18:28:43'),(2258,22,2258,'NetworkPort','ocs-inventory-ng',NULL,0,0,0,1,'2023-07-02 02:19:44','2020-09-29 18:30:43'),(2259,22,2259,'NetworkPort','ocs-inventory-ng',NULL,0,0,0,1,'2023-07-02 02:19:44','2020-09-29 18:30:43'),(2260,22,2260,'NetworkPort','ocs-inventory-ng',NULL,0,0,0,1,'2023-07-02 02:19:44','2020-09-29 18:30:43'),(2261,22,2261,'NetworkPort','ocs-inventory-ng',NULL,0,0,0,1,'2023-07-02 02:19:44','2020-09-29 18:30:43'),(2263,0,2263,'NetworkPort','ocs-inventory-ng',NULL,0,0,0,1,'2021-03-10 20:42:20','2020-09-29 18:32:04'),(2264,2,2264,'NetworkPort','ocs-inventory-ng',NULL,0,0,0,1,'2021-03-10 20:41:30','2020-09-29 18:32:22'),(2265,2,2265,'NetworkPort','ocs-inventory-ng',NULL,0,0,0,1,'2021-03-10 20:41:30','2020-09-29 18:32:22'),(2266,2,2266,'NetworkPort','ocs-inventory-ng',NULL,0,0,0,1,'2021-03-10 20:41:30','2020-09-29 18:32:22'),(2267,2,2267,'NetworkPort','ocs-inventory-ng',NULL,0,0,0,1,'2021-03-10 20:41:30','2020-09-29 18:32:22'),(2268,2,2268,'NetworkPort','ocs-inventory-ng',NULL,0,0,0,1,'2021-03-10 20:41:30','2020-09-29 18:32:22'),(2269,2,2269,'NetworkPort','ocs-inventory-ng',NULL,0,0,0,1,'2021-03-10 20:41:30','2020-09-29 18:32:22'),(2270,2,2270,'NetworkPort','ocs-inventory-ng',NULL,0,0,0,1,'2021-03-10 20:41:30','2020-09-29 18:32:22'),(2271,2,2271,'NetworkPort','ocs-inventory-ng',NULL,0,0,0,1,'2021-03-10 20:41:30','2020-09-29 18:32:22'),(2272,2,2272,'NetworkPort','ocs-inventory-ng',NULL,0,0,0,1,'2021-03-10 20:41:30','2020-09-29 18:32:22'),(2273,2,2273,'NetworkPort','ocs-inventory-ng',NULL,0,0,0,1,'2021-03-10 20:41:30','2020-09-29 18:32:22'),(2274,2,2274,'NetworkPort','ocs-inventory-ng',NULL,0,0,0,1,'2021-03-10 20:41:30','2020-09-29 18:32:22'),(2275,2,2275,'NetworkPort','ocs-inventory-ng',NULL,0,0,0,1,'2021-03-10 20:41:30','2020-09-29 18:32:22'),(2276,1,2276,'NetworkPort','ocs-inventory-ng',NULL,0,0,0,1,'2021-03-10 20:40:29','2020-09-29 18:33:11'),(2277,1,2277,'NetworkPort','ocs-inventory-ng',NULL,0,0,0,1,'2021-03-10 20:40:29','2020-09-29 18:33:11'),(2278,1,2278,'NetworkPort','ocs-inventory-ng',NULL,0,0,0,1,'2021-03-10 20:40:29','2020-09-29 18:33:11'),(2285,1,2285,'NetworkPort','ocs-inventory-ng',NULL,0,0,0,1,'2021-03-10 20:40:29','2020-09-29 18:33:11'),(2286,1,2286,'NetworkPort','ocs-inventory-ng',NULL,0,0,0,1,'2021-03-10 20:40:29','2020-09-29 18:33:11'),(2287,1,2287,'NetworkPort','ocs-inventory-ng',NULL,0,0,0,1,'2021-03-10 20:40:29','2020-09-29 18:33:11'),(2288,1,2288,'NetworkPort','ocs-inventory-ng',NULL,0,0,0,1,'2021-03-10 20:40:29','2020-09-29 18:33:11'),(2289,1,2289,'NetworkPort','ocs-inventory-ng',NULL,0,0,0,1,'2021-03-10 20:40:29','2020-09-29 18:33:11'),(2290,1,2290,'NetworkPort','ocs-inventory-ng',NULL,0,0,0,1,'2021-03-10 20:40:29','2020-09-29 18:33:11'),(2291,1,2291,'NetworkPort','ocs-inventory-ng',NULL,0,0,0,1,'2021-03-10 20:40:29','2020-09-29 18:33:11'),(2292,1,2292,'NetworkPort','ocs-inventory-ng',NULL,0,0,0,1,'2021-03-10 20:40:29','2020-09-29 18:33:11'),(2293,1,2293,'NetworkPort','ocs-inventory-ng',NULL,0,0,0,1,'2021-03-10 20:40:29','2020-09-29 18:33:11'),(2294,1,2294,'NetworkPort','ocs-inventory-ng',NULL,0,0,0,1,'2021-03-10 20:40:29','2020-09-29 18:33:11'),(2295,20,2295,'NetworkPort','ocs-inventory-ng',NULL,0,0,0,1,'2023-07-03 00:45:29','2020-09-29 18:33:49'),(2296,20,2296,'NetworkPort','ocs-inventory-ng',NULL,0,0,0,1,'2023-07-03 00:45:29','2020-09-29 18:33:49'),(2297,20,2297,'NetworkPort','ocs-inventory-ng',NULL,0,0,0,1,'2023-07-03 00:45:29','2020-09-29 18:33:49'),(2298,20,2298,'NetworkPort','ocs-inventory-ng',NULL,0,0,0,1,'2023-07-03 00:45:29','2020-09-29 18:33:49'),(2299,20,2299,'NetworkPort','ocs-inventory-ng',NULL,0,0,0,1,'2023-07-03 00:45:29','2020-09-29 18:33:49'),(2300,20,2300,'NetworkPort','ocs-inventory-ng',NULL,0,0,0,1,'2023-07-03 00:45:29','2020-09-29 18:33:49'),(2301,20,2301,'NetworkPort','ocs-inventory-ng',NULL,0,0,0,1,'2023-07-03 00:45:29','2020-09-29 18:33:49'),(2302,20,2302,'NetworkPort','ocs-inventory-ng',NULL,0,0,0,1,'2023-07-03 00:45:29','2020-09-29 18:33:49'),(2303,20,2303,'NetworkPort','ocs-inventory-ng',NULL,0,0,0,1,'2023-07-03 00:45:29','2020-09-29 18:33:49'),(2304,20,2304,'NetworkPort','ocs-inventory-ng',NULL,0,0,0,1,'2023-07-03 00:45:29','2020-09-29 18:33:49'),(2305,20,2305,'NetworkPort','ocs-inventory-ng',NULL,0,0,0,1,'2023-07-03 00:45:29','2020-09-29 18:33:49'),(2306,20,2306,'NetworkPort','ocs-inventory-ng',NULL,0,0,0,1,'2023-07-03 00:45:29','2020-09-29 18:33:49'),(2307,20,2307,'NetworkPort','ocs-inventory-ng',NULL,0,0,0,1,'2023-07-03 00:45:29','2020-09-29 18:33:49'),(2319,21,2319,'NetworkPort','ocs-inventory-ng',NULL,0,0,0,1,'2023-07-02 19:24:06','2020-09-29 18:35:01'),(2320,1,2320,'NetworkPort','ocs-inventory-ng',NULL,0,0,0,1,'2021-03-10 20:37:23','2020-09-29 18:35:51'),(2321,15,2321,'NetworkPort','ocs-inventory-ng',NULL,0,0,0,1,'2023-07-03 02:13:05','2020-09-29 18:36:16'),(2322,15,2322,'NetworkPort','ocs-inventory-ng',NULL,0,0,0,1,'2023-07-03 02:13:05','2020-09-29 18:36:16'),(2323,15,2323,'NetworkPort','ocs-inventory-ng',NULL,0,0,0,1,'2023-07-03 02:13:05','2020-09-29 18:36:16'),(2324,15,2324,'NetworkPort','ocs-inventory-ng',NULL,0,0,0,1,'2023-07-03 02:13:05','2020-09-29 18:36:16'),(2325,15,2325,'NetworkPort','ocs-inventory-ng',NULL,0,0,0,1,'2023-07-03 02:13:05','2020-09-29 18:36:16'),(2326,15,2326,'NetworkPort','ocs-inventory-ng',NULL,0,0,0,1,'2023-07-03 02:13:05','2020-09-29 18:36:16'),(2327,15,2327,'NetworkPort','ocs-inventory-ng',NULL,0,0,0,1,'2023-07-03 02:13:05','2020-09-29 18:36:16'),(2328,21,2328,'NetworkPort','ocs-inventory-ng',NULL,0,0,0,1,'2023-07-02 19:20:43','2020-09-29 18:36:42'),(2329,21,2329,'NetworkPort','ocs-inventory-ng',NULL,0,0,0,1,'2023-07-02 19:20:43','2020-09-29 18:36:42'),(2330,21,2330,'NetworkPort','ocs-inventory-ng',NULL,0,0,0,1,'2023-07-02 19:20:43','2020-09-29 18:36:42'),(2331,21,2331,'NetworkPort','ocs-inventory-ng',NULL,0,0,0,1,'2023-07-02 19:20:43','2020-09-29 18:36:42'),(2332,0,2332,'NetworkPort','ocs-inventory-ng',NULL,0,0,0,1,'2021-03-10 20:36:01','2020-09-29 18:37:18'),(2333,0,2333,'NetworkPort','ocs-inventory-ng',NULL,0,0,0,1,'2021-03-10 20:36:01','2020-09-29 18:37:18'),(2334,0,2334,'NetworkPort','ocs-inventory-ng',NULL,0,0,0,1,'2021-03-10 20:36:01','2020-09-29 18:37:18'),(2335,0,2335,'NetworkPort','ocs-inventory-ng',NULL,0,0,0,1,'2021-03-10 20:36:01','2020-09-29 18:37:18'),(2336,0,2336,'NetworkPort','ocs-inventory-ng',NULL,0,0,0,1,'2021-03-10 20:36:01','2020-09-29 18:37:18'),(2337,15,2337,'NetworkPort','ocs-inventory-ng',NULL,0,0,0,1,'2023-07-03 02:13:02','2020-09-29 18:37:45'),(2338,15,2338,'NetworkPort','ocs-inventory-ng',NULL,0,0,0,1,'2023-07-03 02:13:02','2020-09-29 18:37:45'),(2339,15,2339,'NetworkPort','ocs-inventory-ng',NULL,0,0,0,1,'2023-07-03 02:13:02','2020-09-29 18:37:45'),(2340,15,2340,'NetworkPort','ocs-inventory-ng',NULL,0,0,0,1,'2023-07-03 02:13:02','2020-09-29 18:37:45'),(2341,2,2341,'NetworkPort','ocs-inventory-ng',NULL,0,0,0,1,'2021-03-10 20:34:39','2020-09-29 18:38:12'),(2342,2,2342,'NetworkPort','ocs-inventory-ng',NULL,0,0,0,1,'2021-03-10 20:34:39','2020-09-29 18:38:12'),(2343,2,2343,'NetworkPort','ocs-inventory-ng',NULL,0,0,0,1,'2021-03-10 20:34:39','2020-09-29 18:38:12'),(2344,2,2344,'NetworkPort','ocs-inventory-ng',NULL,0,0,0,1,'2021-03-10 20:34:39','2020-09-29 18:38:12'),(2345,2,2345,'NetworkPort','ocs-inventory-ng',NULL,0,0,0,1,'2021-03-10 20:34:39','2020-09-29 18:38:12'),(2346,2,2346,'NetworkPort','ocs-inventory-ng',NULL,0,0,0,1,'2021-03-10 20:34:39','2020-09-29 18:38:12'),(2347,2,2347,'NetworkPort','ocs-inventory-ng',NULL,0,0,0,1,'2021-03-10 20:34:39','2020-09-29 18:38:12'),(2348,2,2348,'NetworkPort','ocs-inventory-ng',NULL,0,0,0,1,'2021-03-10 20:34:39','2020-09-29 18:38:12'),(2349,2,2349,'NetworkPort','ocs-inventory-ng',NULL,0,0,0,1,'2021-03-10 20:34:39','2020-09-29 18:38:12'),(2350,2,2350,'NetworkPort','ocs-inventory-ng',NULL,0,0,0,1,'2021-03-10 20:34:39','2020-09-29 18:38:12'),(2351,2,2351,'NetworkPort','ocs-inventory-ng',NULL,0,0,0,1,'2021-03-10 20:34:39','2020-09-29 18:38:12'),(2352,2,2352,'NetworkPort','ocs-inventory-ng',NULL,0,0,0,1,'2021-03-10 20:34:39','2020-09-29 18:38:12'),(2353,2,2353,'NetworkPort','ocs-inventory-ng',NULL,0,0,0,1,'2021-03-10 20:34:39','2020-09-29 18:38:12'),(2354,2,2354,'NetworkPort','ocs-inventory-ng',NULL,0,0,0,1,'2021-03-10 20:34:39','2020-09-29 18:38:12'),(2355,2,2355,'NetworkPort','ocs-inventory-ng',NULL,0,0,0,1,'2021-03-10 20:34:39','2020-09-29 18:38:12'),(2356,1,2356,'NetworkPort','ocs-inventory-ng',NULL,0,0,0,1,'2021-03-10 20:34:13','2020-09-29 18:38:39'),(2357,1,2357,'NetworkPort','ocs-inventory-ng',NULL,0,0,0,1,'2021-03-10 20:34:13','2020-09-29 18:38:39'),(2358,1,2358,'NetworkPort','ocs-inventory-ng',NULL,0,0,0,1,'2021-03-10 20:34:13','2020-09-29 18:38:39'),(2359,1,2359,'NetworkPort','ocs-inventory-ng',NULL,0,0,0,1,'2021-03-10 20:34:13','2020-09-29 18:38:39'),(2360,21,2360,'NetworkPort','ocs-inventory-ng',NULL,0,0,0,1,'2023-07-02 19:24:04','2020-09-29 18:38:59'),(2361,21,2361,'NetworkPort','ocs-inventory-ng',NULL,0,0,0,1,'2023-07-02 19:24:04','2020-09-29 18:38:59'),(2362,21,2362,'NetworkPort','ocs-inventory-ng',NULL,0,0,0,1,'2023-07-02 19:24:04','2020-09-29 18:38:59'),(2363,21,2363,'NetworkPort','ocs-inventory-ng',NULL,0,0,0,1,'2023-07-02 19:24:04','2020-09-29 18:38:59'),(2364,21,2364,'NetworkPort','ocs-inventory-ng',NULL,0,0,0,1,'2023-07-02 19:24:04','2020-09-29 18:38:59'),(2365,21,2365,'NetworkPort','ocs-inventory-ng',NULL,0,0,0,1,'2023-07-02 19:24:04','2020-09-29 18:38:59'),(2366,1,2366,'NetworkPort','ocs-inventory-ng',NULL,0,0,0,1,'2020-09-29 18:39:38','2020-09-29 18:39:38'),(2367,1,2367,'NetworkPort','ocs-inventory-ng',NULL,0,0,0,1,'2020-09-29 18:39:38','2020-09-29 18:39:38'),(2368,1,2368,'NetworkPort','ocs-inventory-ng',NULL,0,0,0,1,'2020-09-29 18:39:38','2020-09-29 18:39:38'),(2369,1,2369,'NetworkPort','ocs-inventory-ng',NULL,0,0,0,1,'2020-09-29 18:39:38','2020-09-29 18:39:38'),(2370,1,2370,'NetworkPort','ocs-inventory-ng',NULL,0,0,0,1,'2020-09-29 18:39:38','2020-09-29 18:39:38'),(2371,1,2371,'NetworkPort','ocs-inventory-ng',NULL,0,0,0,1,'2020-09-29 18:39:38','2020-09-29 18:39:38'),(2372,1,2372,'NetworkPort','ocs-inventory-ng',NULL,0,0,0,1,'2020-09-29 18:39:38','2020-09-29 18:39:38'),(2373,1,2373,'NetworkPort','ocs-inventory-ng',NULL,0,0,0,1,'2020-09-29 18:39:38','2020-09-29 18:39:38'),(2374,1,2374,'NetworkPort','ocs-inventory-ng',NULL,0,0,0,1,'2020-09-29 18:39:38','2020-09-29 18:39:38'),(2375,1,2375,'NetworkPort','ocs-inventory-ng',NULL,0,0,0,1,'2020-09-29 18:39:38','2020-09-29 18:39:38'),(2376,1,2376,'NetworkPort','ocs-inventory-ng',NULL,0,0,0,1,'2020-09-29 18:39:38','2020-09-29 18:39:38'),(2377,1,2377,'NetworkPort','ocs-inventory-ng',NULL,0,0,0,1,'2020-09-29 18:39:38','2020-09-29 18:39:38'),(2378,1,2378,'NetworkPort','ocs-inventory-ng',NULL,0,0,0,1,'2020-09-29 18:39:38','2020-09-29 18:39:38'),(2379,1,2379,'NetworkPort','ocs-inventory-ng',NULL,0,0,0,1,'2020-09-29 18:39:38','2020-09-29 18:39:38'),(2380,1,2380,'NetworkPort','ocs-inventory-ng',NULL,0,0,0,1,'2020-09-29 18:39:38','2020-09-29 18:39:38'),(2381,1,2381,'NetworkPort','ocs-inventory-ng',NULL,0,0,0,1,'2020-09-29 18:39:38','2020-09-29 18:39:38'),(2382,1,2382,'NetworkPort','ocs-inventory-ng',NULL,0,0,0,1,'2020-09-29 18:39:38','2020-09-29 18:39:38'),(2387,1,2387,'NetworkPort','ocs-inventory-ng',NULL,0,0,0,1,'2021-03-10 20:31:59','2020-09-29 18:40:42'),(2389,21,2389,'NetworkPort','ocs-inventory-ng',NULL,0,0,0,1,'2023-07-02 19:23:57','2020-09-29 18:40:59'),(2390,21,2390,'NetworkPort','ocs-inventory-ng',NULL,0,0,0,1,'2023-07-02 19:23:57','2020-09-29 18:40:59'),(2392,2,2392,'NetworkPort','ocs-inventory-ng',NULL,0,0,0,1,'2021-03-10 20:30:18','2020-09-29 18:41:55'),(2393,2,2393,'NetworkPort','ocs-inventory-ng',NULL,0,0,0,1,'2021-03-10 20:30:18','2020-09-29 18:41:55'),(2394,2,2394,'NetworkPort','ocs-inventory-ng',NULL,0,0,0,1,'2021-03-10 20:30:18','2020-09-29 18:41:55'),(2395,2,2395,'NetworkPort','ocs-inventory-ng',NULL,0,0,0,1,'2021-03-10 20:30:18','2020-09-29 18:41:55'),(2396,2,2396,'NetworkPort','ocs-inventory-ng',NULL,0,0,0,1,'2021-03-10 20:30:18','2020-09-29 18:41:55'),(2397,2,2397,'NetworkPort','ocs-inventory-ng',NULL,0,0,0,1,'2021-03-10 20:30:18','2020-09-29 18:41:55'),(2398,2,2398,'NetworkPort','ocs-inventory-ng',NULL,0,0,0,1,'2021-03-10 20:30:18','2020-09-29 18:41:55'),(2401,2,2401,'NetworkPort','ocs-inventory-ng',NULL,0,0,0,1,'2021-03-10 20:30:04','2020-09-29 18:42:15'),(2402,2,2402,'NetworkPort','ocs-inventory-ng',NULL,0,0,0,1,'2021-03-10 20:30:04','2020-09-29 18:42:15'),(2403,0,2403,'NetworkPort','ocs-inventory-ng',NULL,0,0,0,1,'2021-03-10 20:29:43','2020-09-29 18:42:38'),(2404,1,2404,'NetworkPort','ocs-inventory-ng',NULL,0,0,0,1,'2021-03-10 20:29:26','2020-09-29 18:42:56'),(2405,1,2405,'NetworkPort','ocs-inventory-ng',NULL,0,0,0,1,'2021-03-10 20:28:33','2020-09-29 18:43:09'),(2406,1,2406,'NetworkPort','ocs-inventory-ng',NULL,0,0,0,1,'2021-03-10 20:28:33','2020-09-29 18:43:09'),(2407,1,2407,'NetworkPort','ocs-inventory-ng',NULL,0,0,0,1,'2021-03-10 20:28:33','2020-09-29 18:43:09'),(2408,1,2408,'NetworkPort','ocs-inventory-ng',NULL,0,0,0,1,'2021-03-10 20:28:33','2020-09-29 18:43:09'),(2409,1,2409,'NetworkPort','ocs-inventory-ng',NULL,0,0,0,1,'2021-03-10 20:28:33','2020-09-29 18:43:09'),(2410,1,2410,'NetworkPort','ocs-inventory-ng',NULL,0,0,0,1,'2021-03-10 20:28:33','2020-09-29 18:43:09'),(2411,1,2411,'NetworkPort','ocs-inventory-ng',NULL,0,0,0,1,'2021-03-10 20:28:33','2020-09-29 18:43:09'),(2412,1,2412,'NetworkPort','ocs-inventory-ng',NULL,0,0,0,1,'2021-03-10 20:28:33','2020-09-29 18:43:09'),(2413,1,2413,'NetworkPort','ocs-inventory-ng',NULL,0,0,0,1,'2021-03-10 20:28:33','2020-09-29 18:43:09'),(2414,1,2414,'NetworkPort','ocs-inventory-ng',NULL,0,0,0,1,'2021-03-10 20:28:33','2020-09-29 18:43:09'),(2415,1,2415,'NetworkPort','ocs-inventory-ng',NULL,0,0,0,1,'2021-03-10 20:28:33','2020-09-29 18:43:09'),(2416,1,2416,'NetworkPort','ocs-inventory-ng',NULL,0,0,0,1,'2021-03-10 20:28:33','2020-09-29 18:43:09'),(2417,1,2417,'NetworkPort','ocs-inventory-ng',NULL,0,0,0,1,'2021-03-10 20:28:33','2020-09-29 18:43:09'),(2418,1,2418,'NetworkPort','ocs-inventory-ng',NULL,0,0,0,1,'2021-03-10 20:28:33','2020-09-29 18:43:09'),(2419,1,2419,'NetworkPort','ocs-inventory-ng',NULL,0,0,0,1,'2021-03-10 20:28:33','2020-09-29 18:43:09'),(2420,1,2420,'NetworkPort','ocs-inventory-ng',NULL,0,0,0,1,'2021-03-10 20:28:33','2020-09-29 18:43:09'),(2421,1,2421,'NetworkPort','ocs-inventory-ng',NULL,0,0,0,1,'2021-03-10 20:28:33','2020-09-29 18:43:09'),(2422,15,2422,'NetworkPort','ocs-inventory-ng',NULL,0,0,0,1,'2023-07-03 02:12:58','2020-09-29 18:43:35'),(2423,15,2423,'NetworkPort','ocs-inventory-ng',NULL,0,0,0,1,'2023-07-03 02:12:58','2020-09-29 18:43:35'),(2424,15,2424,'NetworkPort','ocs-inventory-ng',NULL,0,0,0,1,'2023-07-03 02:12:58','2020-09-29 18:43:35'),(2425,15,2425,'NetworkPort','ocs-inventory-ng',NULL,0,0,0,1,'2023-07-03 02:12:58','2020-09-29 18:43:35'),(2426,15,2426,'NetworkPort','ocs-inventory-ng',NULL,0,0,0,1,'2023-07-03 02:12:58','2020-09-29 18:43:35'),(2427,15,2427,'NetworkPort','ocs-inventory-ng',NULL,0,0,0,1,'2023-07-03 02:12:58','2020-09-29 18:43:35'),(2428,15,2428,'NetworkPort','ocs-inventory-ng',NULL,0,0,0,1,'2023-07-03 02:12:58','2020-09-29 18:43:35'),(2429,15,2429,'NetworkPort','ocs-inventory-ng',NULL,0,0,0,1,'2023-07-03 02:12:58','2020-09-29 18:43:35'),(2431,15,2431,'NetworkPort','ocs-inventory-ng',NULL,0,0,0,1,'2023-07-03 02:13:00','2020-09-29 18:44:21'),(2432,15,2432,'NetworkPort','ocs-inventory-ng',NULL,0,0,0,1,'2023-07-03 02:13:00','2020-09-29 18:44:21'),(2433,15,2433,'NetworkPort','ocs-inventory-ng',NULL,0,0,0,1,'2023-07-03 02:13:00','2020-09-29 18:44:21'),(2434,15,2434,'NetworkPort','ocs-inventory-ng',NULL,0,0,0,1,'2023-07-03 02:13:00','2020-09-29 18:44:21'),(2435,1,2435,'NetworkPort','ocs-inventory-ng',NULL,0,0,0,1,'2020-09-29 18:44:37','2020-09-29 18:44:37'),(2436,1,2436,'NetworkPort','ocs-inventory-ng',NULL,0,0,0,1,'2020-09-29 18:44:37','2020-09-29 18:44:37'),(2437,15,2437,'NetworkPort','ocs-inventory-ng',NULL,0,0,0,1,'2023-01-19 20:29:56','2020-09-29 18:45:11'),(2438,15,2438,'NetworkPort','ocs-inventory-ng',NULL,0,0,0,1,'2023-01-19 20:29:56','2020-09-29 18:45:11'),(2439,15,2439,'NetworkPort','ocs-inventory-ng',NULL,0,0,0,1,'2023-01-19 20:29:56','2020-09-29 18:45:11'),(2440,15,2440,'NetworkPort','ocs-inventory-ng',NULL,0,0,0,1,'2023-01-19 20:29:56','2020-09-29 18:45:11'),(2441,15,2441,'NetworkPort','ocs-inventory-ng',NULL,0,0,0,1,'2023-07-03 02:13:11','2020-10-01 15:03:20'),(2442,15,2442,'NetworkPort','ocs-inventory-ng',NULL,0,0,0,1,'2023-07-03 02:13:11','2020-10-01 15:03:20'),(2443,15,2443,'NetworkPort','ocs-inventory-ng',NULL,0,0,0,1,'2023-07-03 02:13:11','2020-10-01 15:03:20'),(2444,15,2444,'NetworkPort','ocs-inventory-ng',NULL,0,0,0,1,'2023-07-03 02:13:11','2020-10-01 15:03:20'),(2445,15,2445,'NetworkPort','ocs-inventory-ng',NULL,0,0,0,1,'2023-07-03 02:13:11','2020-10-01 15:03:20'),(2446,15,2446,'NetworkPort','ocs-inventory-ng',NULL,0,0,0,1,'2023-07-03 02:13:11','2020-10-01 15:03:20'),(2469,1,2469,'NetworkPort','ocs-inventory-ng',NULL,0,0,0,1,'2021-03-10 20:24:57','2020-10-08 13:55:10'),(2471,1,2471,'NetworkPort','ocs-inventory-ng',NULL,0,0,0,1,'2021-03-10 20:24:57','2020-10-08 13:55:10'),(2472,1,2472,'NetworkPort','ocs-inventory-ng',NULL,0,0,0,1,'2021-03-10 20:24:57','2020-10-08 13:55:10'),(2474,1,2474,'NetworkPort','ocs-inventory-ng',NULL,0,0,0,1,'2021-03-10 20:24:47','2020-10-08 14:18:17'),(2475,1,2475,'NetworkPort','ocs-inventory-ng',NULL,0,0,0,1,'2021-03-10 20:24:47','2020-10-08 14:18:17'),(2476,1,2476,'NetworkPort','ocs-inventory-ng',NULL,0,0,0,1,'2021-03-10 20:24:47','2020-10-08 14:18:17'),(2477,1,2477,'NetworkPort','ocs-inventory-ng',NULL,0,0,0,1,'2021-03-10 20:24:47','2020-10-08 14:18:17'),(2478,1,2478,'NetworkPort','ocs-inventory-ng',NULL,0,0,0,1,'2021-03-10 20:24:47','2020-10-08 14:18:17'),(2479,1,2479,'NetworkPort','ocs-inventory-ng',NULL,0,0,0,1,'2021-03-10 20:24:47','2020-10-08 14:18:17'),(2480,1,2480,'NetworkPort','ocs-inventory-ng',NULL,0,0,0,1,'2021-03-10 20:23:57','2020-10-08 20:33:10'),(2481,1,2481,'NetworkPort','ocs-inventory-ng',NULL,0,0,0,1,'2021-03-10 20:23:57','2020-10-08 20:33:10'),(2482,1,2482,'NetworkPort','ocs-inventory-ng',NULL,0,0,0,1,'2021-03-10 20:23:57','2020-10-08 20:33:10'),(2483,1,2483,'NetworkPort','ocs-inventory-ng',NULL,0,0,0,1,'2021-03-10 20:23:57','2020-10-08 20:33:10'),(2485,1,2485,'NetworkPort','ocs-inventory-ng',NULL,0,0,0,1,'2021-03-10 20:23:57','2020-10-08 20:33:10'),(2486,17,2486,'NetworkPort','ocs-inventory-ng',NULL,0,0,0,1,'2022-12-21 21:44:45','2020-10-08 20:33:17'),(2487,17,2487,'NetworkPort','ocs-inventory-ng',NULL,0,0,0,1,'2022-12-21 21:44:45','2020-10-08 20:33:17'),(2489,17,2489,'NetworkPort','ocs-inventory-ng',NULL,0,0,0,1,'2022-12-21 21:44:45','2020-10-08 20:33:17'),(2490,17,2490,'NetworkPort','ocs-inventory-ng',NULL,0,0,0,1,'2022-12-21 21:44:45','2020-10-08 20:33:17'),(2491,17,2491,'NetworkPort','ocs-inventory-ng',NULL,0,0,0,1,'2022-12-21 21:44:45','2020-10-08 20:33:17'),(2492,15,2492,'NetworkPort','ocs-inventory-ng',NULL,0,0,0,1,'2023-07-03 02:13:12','2020-10-13 17:02:27'),(2493,15,2493,'NetworkPort','ocs-inventory-ng',NULL,0,0,0,1,'2023-07-03 02:13:12','2020-10-13 17:02:27'),(2494,15,2494,'NetworkPort','ocs-inventory-ng',NULL,0,0,0,1,'2023-07-03 02:13:12','2020-10-13 17:02:27'),(2495,15,2495,'NetworkPort','ocs-inventory-ng',NULL,0,0,0,1,'2023-07-03 02:13:12','2020-10-13 17:02:27'),(2496,15,2496,'NetworkPort','ocs-inventory-ng',NULL,0,0,0,1,'2023-07-03 02:13:12','2020-10-13 17:02:27'),(2497,15,2497,'NetworkPort','ocs-inventory-ng',NULL,0,0,0,1,'2023-07-03 02:13:12','2020-10-13 17:02:27'),(2499,2,2499,'NetworkPort','ocs-inventory-ng',NULL,0,0,0,1,'2021-03-10 20:23:27','2020-10-14 13:42:40'),(2500,2,2500,'NetworkPort','ocs-inventory-ng',NULL,0,0,0,1,'2021-03-10 20:23:27','2020-10-14 13:42:40'),(2501,2,2501,'NetworkPort','ocs-inventory-ng',NULL,0,0,0,1,'2021-03-10 20:23:27','2020-10-14 13:42:40'),(2502,2,2502,'NetworkPort','ocs-inventory-ng',NULL,0,0,0,1,'2021-03-10 20:23:27','2020-10-14 13:42:40'),(2503,2,2503,'NetworkPort','ocs-inventory-ng',NULL,0,0,0,1,'2021-03-10 20:23:27','2020-10-14 13:42:40'),(2504,21,2504,'NetworkPort','ocs-inventory-ng',NULL,0,0,0,1,'2023-07-02 19:24:08','2020-10-20 17:27:39'),(2505,21,2505,'NetworkPort','ocs-inventory-ng',NULL,0,0,0,1,'2023-07-02 19:24:08','2020-10-20 17:27:39'),(2506,21,2506,'NetworkPort','ocs-inventory-ng',NULL,0,0,0,1,'2023-07-02 19:24:08','2020-10-20 17:27:39'),(2507,21,2507,'NetworkPort','ocs-inventory-ng',NULL,0,0,0,1,'2023-07-02 19:24:08','2020-10-20 17:27:39'),(2508,21,2508,'NetworkPort','ocs-inventory-ng',NULL,0,0,0,1,'2023-07-02 19:24:08','2020-10-20 17:27:39'),(2509,21,2509,'NetworkPort','ocs-inventory-ng',NULL,0,0,0,1,'2023-07-02 19:24:08','2020-10-20 17:27:39'),(2516,1,2516,'NetworkPort','ocs-inventory-ng',NULL,0,0,0,1,'2021-03-10 20:23:14','2020-10-22 21:34:37'),(2517,1,2517,'NetworkPort','ocs-inventory-ng',NULL,0,0,0,1,'2021-03-10 20:23:14','2020-10-22 21:34:37'),(2518,1,2518,'NetworkPort','ocs-inventory-ng',NULL,0,0,0,1,'2021-03-10 20:23:14','2020-10-22 21:34:37'),(2519,1,2519,'NetworkPort','ocs-inventory-ng',NULL,0,0,0,1,'2021-03-10 20:23:14','2020-10-22 21:34:37'),(2520,1,2520,'NetworkPort','ocs-inventory-ng',NULL,0,0,0,1,'2021-03-10 20:23:14','2020-10-22 21:34:37'),(2521,1,2521,'NetworkPort','ocs-inventory-ng',NULL,0,0,0,1,'2021-03-10 20:23:14','2020-10-22 21:34:37'),(2522,1,2522,'NetworkPort','ocs-inventory-ng',NULL,0,0,0,1,'2021-03-10 20:23:14','2020-10-22 21:34:37'),(2524,21,2526,'NetworkPort','ocs-inventory-ng',NULL,0,0,0,1,'2023-07-02 19:20:46','2020-10-29 19:51:33'),(2525,21,2527,'NetworkPort','ocs-inventory-ng',NULL,0,0,0,1,'2023-07-02 19:20:46','2020-10-29 19:51:33'),(2526,21,2528,'NetworkPort','ocs-inventory-ng',NULL,0,0,0,1,'2023-07-02 19:20:46','2020-10-29 19:51:33'),(2527,21,2529,'NetworkPort','ocs-inventory-ng',NULL,0,0,0,1,'2023-07-02 19:20:46','2020-10-29 19:51:33'),(2529,21,2531,'NetworkPort','ocs-inventory-ng',NULL,0,0,0,1,'2023-07-02 19:20:46','2020-10-29 19:51:33'),(2578,15,2580,'NetworkPort','ocs-inventory-ng',NULL,0,0,0,1,'2023-07-03 02:13:13','2020-11-03 18:56:22'),(2579,15,2581,'NetworkPort','ocs-inventory-ng',NULL,0,0,0,1,'2023-07-03 02:13:13','2020-11-03 18:56:22'),(2581,15,2583,'NetworkPort','ocs-inventory-ng',NULL,0,0,0,1,'2023-07-03 02:13:13','2020-11-03 18:56:22'),(2582,15,2584,'NetworkPort','ocs-inventory-ng',NULL,0,0,0,1,'2023-07-03 02:13:13','2020-11-03 18:56:22'),(2583,15,2585,'NetworkPort','ocs-inventory-ng',NULL,0,0,0,1,'2023-07-03 02:13:13','2020-11-03 18:56:22'),(2584,15,2586,'NetworkPort','ocs-inventory-ng',NULL,0,0,0,1,'2023-07-03 02:13:13','2020-11-03 18:56:22'),(2597,1,2599,'NetworkPort','ocs-inventory-ng',NULL,0,0,0,1,'2020-11-03 22:05:12','2020-11-03 21:59:38'),(2598,1,2600,'NetworkPort','ocs-inventory-ng',NULL,0,0,0,1,'2020-11-03 22:05:12','2020-11-03 21:59:38'),(2599,1,2601,'NetworkPort','ocs-inventory-ng',NULL,0,0,0,1,'2020-11-03 22:05:12','2020-11-03 21:59:38'),(2600,1,2602,'NetworkPort','ocs-inventory-ng',NULL,0,0,0,1,'2020-11-03 22:05:12','2020-11-03 21:59:38'),(2601,1,2603,'NetworkPort','ocs-inventory-ng',NULL,0,0,0,1,'2020-11-03 22:05:12','2020-11-03 21:59:38'),(2602,1,2604,'NetworkPort','ocs-inventory-ng',NULL,0,0,0,1,'2020-11-03 22:05:12','2020-11-03 21:59:38'),(2603,1,2605,'NetworkPort','ocs-inventory-ng',NULL,0,0,0,1,'2020-11-03 22:05:12','2020-11-03 21:59:38'),(2610,15,2612,'NetworkPort','ocs-inventory-ng',NULL,0,0,0,1,'2023-07-03 02:13:14','2020-11-11 16:09:33'),(2611,15,2613,'NetworkPort','ocs-inventory-ng',NULL,0,0,0,1,'2023-07-03 02:13:14','2020-11-11 16:09:33'),(2612,15,2614,'NetworkPort','ocs-inventory-ng',NULL,0,0,0,1,'2023-07-03 02:13:14','2020-11-11 16:09:33'),(2613,15,2615,'NetworkPort','ocs-inventory-ng',NULL,0,0,0,1,'2023-07-03 02:13:14','2020-11-11 16:09:33'),(2614,15,2616,'NetworkPort','ocs-inventory-ng',NULL,0,0,0,1,'2023-07-03 02:13:14','2020-11-11 16:09:33'),(2615,15,2617,'NetworkPort','ocs-inventory-ng',NULL,0,0,0,1,'2023-07-03 02:13:14','2020-11-11 16:09:33'),(2634,15,2636,'NetworkPort','ocs-inventory-ng',NULL,0,0,0,1,'2023-07-03 02:13:16','2020-11-12 17:38:55'),(2635,15,2637,'NetworkPort','ocs-inventory-ng',NULL,0,0,0,1,'2023-07-03 02:13:16','2020-11-12 17:38:55'),(2636,15,2638,'NetworkPort','ocs-inventory-ng',NULL,0,0,0,1,'2023-07-03 02:13:16','2020-11-12 17:38:55'),(2637,15,2639,'NetworkPort','ocs-inventory-ng',NULL,0,0,0,1,'2023-07-03 02:13:16','2020-11-12 17:38:55'),(2638,15,2640,'NetworkPort','ocs-inventory-ng',NULL,0,0,0,1,'2023-07-03 02:13:16','2020-11-12 17:38:55'),(2639,15,2641,'NetworkPort','ocs-inventory-ng',NULL,0,0,0,1,'2023-07-03 02:13:16','2020-11-12 17:38:55'),(2640,15,2642,'NetworkPort','ocs-inventory-ng',NULL,0,0,0,1,'2023-07-03 02:13:16','2020-11-12 17:38:55'),(2641,21,2643,'NetworkPort','ocs-inventory-ng',NULL,0,0,0,1,'2023-07-02 19:24:09','2020-11-12 17:39:03'),(2642,21,2644,'NetworkPort','ocs-inventory-ng',NULL,0,0,0,1,'2023-07-02 19:24:09','2020-11-12 17:39:03'),(2643,21,2645,'NetworkPort','ocs-inventory-ng',NULL,0,0,0,1,'2023-07-02 19:24:09','2020-11-12 17:39:03'),(2644,21,2646,'NetworkPort','ocs-inventory-ng',NULL,0,0,0,1,'2023-07-02 19:24:09','2020-11-12 17:39:03'),(2645,21,2647,'NetworkPort','ocs-inventory-ng',NULL,0,0,0,1,'2023-07-02 19:24:09','2020-11-12 17:39:03'),(2646,21,2648,'NetworkPort','ocs-inventory-ng',NULL,0,0,0,1,'2023-07-02 19:24:09','2020-11-12 17:39:03'),(2647,21,2649,'NetworkPort','ocs-inventory-ng',NULL,0,0,0,1,'2023-07-02 19:24:09','2020-11-12 17:39:03'),(2648,2,2650,'NetworkPort','ocs-inventory-ng',NULL,0,0,0,1,'2021-03-10 20:21:55','2020-11-12 18:21:29'),(2650,2,2652,'NetworkPort','ocs-inventory-ng',NULL,0,0,0,1,'2021-03-10 20:21:55','2020-11-12 18:21:29'),(2651,2,2653,'NetworkPort','ocs-inventory-ng',NULL,0,0,0,1,'2021-03-10 20:21:55','2020-11-12 18:21:29'),(2652,2,2654,'NetworkPort','ocs-inventory-ng',NULL,0,0,0,1,'2021-03-10 20:21:55','2020-11-12 18:21:29'),(2653,2,2655,'NetworkPort','ocs-inventory-ng',NULL,0,0,0,1,'2021-03-10 20:21:55','2020-11-12 18:21:29'),(2654,2,2656,'NetworkPort','ocs-inventory-ng',NULL,0,0,0,1,'2021-03-10 20:21:55','2020-11-12 18:21:29'),(2655,2,2657,'NetworkPort','ocs-inventory-ng',NULL,0,0,0,1,'2021-03-10 20:21:42','2020-11-12 19:39:07'),(2656,2,2658,'NetworkPort','ocs-inventory-ng',NULL,0,0,0,1,'2021-03-10 20:21:42','2020-11-12 19:39:07'),(2657,2,2659,'NetworkPort','ocs-inventory-ng',NULL,0,0,0,1,'2021-03-10 20:21:42','2020-11-12 19:39:07'),(2660,2,2662,'NetworkPort','ocs-inventory-ng',NULL,0,0,0,1,'2021-03-10 20:21:42','2020-11-12 19:39:07'),(2661,2,2663,'NetworkPort','ocs-inventory-ng',NULL,0,0,0,1,'2021-03-10 20:21:42','2020-11-12 19:39:07'),(2662,2,2664,'NetworkPort','ocs-inventory-ng',NULL,0,0,0,1,'2020-11-18 19:25:48','2020-11-18 19:19:41'),(2663,2,2665,'NetworkPort','ocs-inventory-ng',NULL,0,0,0,1,'2020-11-18 19:25:48','2020-11-18 19:19:41'),(2664,2,2666,'NetworkPort','ocs-inventory-ng',NULL,0,0,0,1,'2020-11-18 19:25:48','2020-11-18 19:19:41'),(2665,2,2667,'NetworkPort','ocs-inventory-ng',NULL,0,0,0,1,'2020-11-18 19:25:48','2020-11-18 19:19:41'),(2666,2,2668,'NetworkPort','ocs-inventory-ng',NULL,0,0,0,1,'2020-11-18 19:25:48','2020-11-18 19:19:41'),(2667,2,2669,'NetworkPort','ocs-inventory-ng',NULL,0,0,0,1,'2020-11-18 19:25:48','2020-11-18 19:19:41'),(2668,2,2670,'NetworkPort','ocs-inventory-ng',NULL,0,0,0,1,'2020-11-18 19:25:48','2020-11-18 19:19:41'),(2669,1,2671,'NetworkPort','ocs-inventory-ng',NULL,0,0,0,1,'2023-11-21 13:39:02','2020-11-19 16:38:44'),(2670,1,2672,'NetworkPort','ocs-inventory-ng',NULL,0,0,0,1,'2023-11-21 13:39:02','2020-11-19 16:38:44'),(2671,1,2673,'NetworkPort','ocs-inventory-ng',NULL,0,0,0,1,'2023-11-21 13:39:02','2020-11-19 16:38:44'),(2672,1,2674,'NetworkPort','ocs-inventory-ng',NULL,0,0,0,1,'2023-11-21 13:39:02','2020-11-19 16:38:44'),(2674,1,2676,'NetworkPort','ocs-inventory-ng',NULL,0,0,0,1,'2020-11-20 16:40:16','2020-11-20 16:28:03'),(2675,1,2677,'NetworkPort','ocs-inventory-ng',NULL,0,0,0,1,'2020-11-20 16:40:16','2020-11-20 16:28:03'),(2676,1,2678,'NetworkPort','ocs-inventory-ng',NULL,0,0,0,1,'2020-11-20 16:40:16','2020-11-20 16:28:03'),(2677,1,2679,'NetworkPort','ocs-inventory-ng',NULL,0,0,0,1,'2020-11-20 16:40:16','2020-11-20 16:28:03'),(2678,1,2680,'NetworkPort','ocs-inventory-ng',NULL,0,0,0,1,'2020-11-20 16:40:16','2020-11-20 16:28:03'),(2679,1,2681,'NetworkPort','ocs-inventory-ng',NULL,0,0,0,1,'2020-11-20 16:40:16','2020-11-20 16:28:03'),(2686,17,2688,'NetworkPort','ocs-inventory-ng',NULL,0,0,0,1,'2022-08-24 12:42:06','2020-11-20 20:48:43'),(2687,17,2689,'NetworkPort','ocs-inventory-ng',NULL,0,0,0,1,'2022-08-24 12:42:06','2020-11-20 20:48:43'),(2688,17,2690,'NetworkPort','ocs-inventory-ng',NULL,0,0,0,1,'2022-08-24 12:42:06','2020-11-20 20:48:43'),(2689,17,2691,'NetworkPort','ocs-inventory-ng',NULL,0,0,0,1,'2022-08-24 12:42:06','2020-11-20 20:48:43'),(2690,17,2692,'NetworkPort','ocs-inventory-ng',NULL,0,0,0,1,'2022-08-24 12:42:06','2020-11-20 20:48:43'),(2691,17,2693,'NetworkPort','ocs-inventory-ng',NULL,0,0,0,1,'2022-08-24 12:42:06','2020-11-20 20:48:43'),(2692,2,2694,'NetworkPort','ocs-inventory-ng',NULL,0,0,0,1,'2020-11-23 21:18:51','2020-11-23 21:01:40'),(2693,2,2695,'NetworkPort','ocs-inventory-ng',NULL,0,0,0,1,'2020-11-23 21:18:51','2020-11-23 21:01:40'),(2694,2,2696,'NetworkPort','ocs-inventory-ng',NULL,0,0,0,1,'2020-11-23 21:18:51','2020-11-23 21:01:40'),(2695,2,2697,'NetworkPort','ocs-inventory-ng',NULL,0,0,0,1,'2020-11-23 21:18:51','2020-11-23 21:01:40'),(2696,2,2698,'NetworkPort','ocs-inventory-ng',NULL,0,0,0,1,'2020-11-23 21:18:51','2020-11-23 21:01:40'),(2697,2,2699,'NetworkPort','ocs-inventory-ng',NULL,0,0,0,1,'2020-11-23 21:18:51','2020-11-23 21:01:40'),(2698,2,2700,'NetworkPort','ocs-inventory-ng',NULL,0,0,0,1,'2020-11-23 21:18:51','2020-11-23 21:01:40'),(2699,1,2701,'NetworkPort','ocs-inventory-ng',NULL,0,0,0,1,'2021-03-10 20:21:10','2020-11-24 13:33:12'),(2700,1,2702,'NetworkPort','ocs-inventory-ng',NULL,0,0,0,1,'2021-03-10 20:21:10','2020-11-24 13:33:12'),(2701,1,2703,'NetworkPort','ocs-inventory-ng',NULL,0,0,0,1,'2021-03-10 20:21:10','2020-11-24 13:33:12'),(2702,1,2704,'NetworkPort','ocs-inventory-ng',NULL,0,0,0,1,'2021-03-10 20:21:10','2020-11-24 13:33:12'),(2703,1,2705,'NetworkPort','ocs-inventory-ng',NULL,0,0,0,1,'2021-03-10 20:21:10','2020-11-24 13:33:12'),(2704,1,2706,'NetworkPort','ocs-inventory-ng',NULL,0,0,0,1,'2021-03-10 20:21:10','2020-11-24 13:33:12'),(2705,1,2707,'NetworkPort','ocs-inventory-ng',NULL,0,0,0,1,'2021-03-10 20:21:10','2020-11-24 13:33:12'),(2706,0,2708,'NetworkPort','ocs-inventory-ng',NULL,0,0,0,1,'2021-02-15 23:40:29','2020-12-02 14:00:16'),(2707,0,2709,'NetworkPort','ocs-inventory-ng',NULL,0,0,0,1,'2021-02-15 23:40:29','2020-12-02 14:00:16'),(2708,0,2710,'NetworkPort','ocs-inventory-ng',NULL,0,0,0,1,'2021-02-15 23:40:29','2020-12-02 14:00:16'),(2709,0,2711,'NetworkPort','ocs-inventory-ng',NULL,0,0,0,1,'2021-02-15 23:40:29','2020-12-02 14:00:16'),(2710,0,2712,'NetworkPort','ocs-inventory-ng',NULL,0,0,0,1,'2021-02-15 23:40:29','2020-12-02 14:00:16'),(2711,0,2713,'NetworkPort','ocs-inventory-ng',NULL,0,0,0,1,'2021-02-15 23:40:29','2020-12-02 14:00:16'),(2712,0,2714,'NetworkPort','ocs-inventory-ng',NULL,0,0,0,1,'2021-02-15 23:40:29','2020-12-02 14:00:16'),(2713,0,2715,'NetworkPort','ocs-inventory-ng',NULL,0,0,0,1,'2021-02-15 23:40:29','2020-12-02 15:57:23'),(2714,0,2716,'NetworkPort','ocs-inventory-ng',NULL,0,0,0,1,'2021-02-15 23:40:29','2020-12-02 15:57:23'),(2715,0,2717,'NetworkPort','ocs-inventory-ng',NULL,0,0,0,1,'2021-02-15 23:40:29','2020-12-02 15:57:23'),(2716,0,2718,'NetworkPort','ocs-inventory-ng',NULL,0,0,0,1,'2021-02-15 23:40:29','2020-12-02 15:57:23'),(2717,0,2719,'NetworkPort','ocs-inventory-ng',NULL,0,0,0,1,'2021-02-15 23:40:29','2020-12-02 15:57:23'),(2718,0,2720,'NetworkPort','ocs-inventory-ng',NULL,0,0,0,1,'2021-02-15 23:40:29','2020-12-02 15:57:23'),(2720,0,2722,'NetworkPort','ocs-inventory-ng',NULL,0,0,0,1,'2021-02-15 23:40:29','2020-12-02 15:57:31'),(2721,0,2723,'NetworkPort','ocs-inventory-ng',NULL,0,0,0,1,'2021-02-15 23:40:29','2020-12-02 15:57:31'),(2722,0,2724,'NetworkPort','ocs-inventory-ng',NULL,0,0,0,1,'2021-02-15 23:40:29','2020-12-02 15:57:31'),(2723,0,2725,'NetworkPort','ocs-inventory-ng',NULL,0,0,0,1,'2021-02-15 23:40:29','2020-12-02 15:57:31'),(2724,0,2726,'NetworkPort','ocs-inventory-ng',NULL,0,0,0,1,'2021-02-15 23:40:29','2020-12-02 15:57:39'),(2725,0,2727,'NetworkPort','ocs-inventory-ng',NULL,0,0,0,1,'2021-02-15 23:40:29','2020-12-02 15:57:39'),(2726,0,2728,'NetworkPort','ocs-inventory-ng',NULL,0,0,0,1,'2021-02-15 23:40:29','2020-12-02 15:57:39'),(2727,0,2729,'NetworkPort','ocs-inventory-ng',NULL,0,0,0,1,'2021-02-15 23:40:29','2020-12-02 15:57:39'),(2728,0,2730,'NetworkPort','ocs-inventory-ng',NULL,0,0,0,1,'2021-02-15 23:40:29','2020-12-02 15:57:39'),(2729,0,2731,'NetworkPort','ocs-inventory-ng',NULL,0,0,0,1,'2021-02-15 23:40:29','2020-12-02 15:57:39'),(2730,0,2732,'NetworkPort','ocs-inventory-ng',NULL,0,0,0,1,'2021-02-15 23:40:29','2020-12-02 15:57:39'),(2731,0,2733,'NetworkPort','ocs-inventory-ng',NULL,0,0,0,1,'2021-02-15 23:40:29','2020-12-02 15:57:39'),(2732,0,2734,'NetworkPort','ocs-inventory-ng',NULL,0,0,0,1,'2021-02-15 23:40:29','2020-12-02 15:57:39'),(2733,0,2735,'NetworkPort','ocs-inventory-ng',NULL,0,0,0,1,'2021-02-15 23:40:29','2020-12-02 15:57:39'),(2734,0,2736,'NetworkPort','ocs-inventory-ng',NULL,0,0,0,1,'2021-02-15 23:40:29','2020-12-02 15:57:39'),(2735,0,2737,'NetworkPort','ocs-inventory-ng',NULL,0,0,0,1,'2021-02-15 23:40:29','2020-12-02 15:57:50'),(2736,0,2738,'NetworkPort','ocs-inventory-ng',NULL,0,0,0,1,'2021-02-15 23:40:29','2020-12-02 15:57:50'),(2737,0,2739,'NetworkPort','ocs-inventory-ng',NULL,0,0,0,1,'2021-02-15 23:40:29','2020-12-02 15:57:50'),(2738,0,2740,'NetworkPort','ocs-inventory-ng',NULL,0,0,0,1,'2021-02-15 23:40:29','2020-12-02 15:57:50'),(2739,0,2741,'NetworkPort','ocs-inventory-ng',NULL,0,0,0,1,'2021-02-15 23:40:29','2020-12-02 15:57:50'),(2740,0,2742,'NetworkPort','ocs-inventory-ng',NULL,0,0,0,1,'2021-02-15 23:40:29','2020-12-02 15:57:50'),(2741,0,2743,'NetworkPort','ocs-inventory-ng',NULL,0,0,0,1,'2021-02-15 23:40:29','2020-12-02 15:58:01'),(2742,0,2744,'NetworkPort','ocs-inventory-ng',NULL,0,0,0,1,'2021-02-15 23:40:29','2020-12-02 15:58:01'),(2743,0,2745,'NetworkPort','ocs-inventory-ng',NULL,0,0,0,1,'2021-02-15 23:40:29','2020-12-02 15:58:01'),(2744,0,2746,'NetworkPort','ocs-inventory-ng',NULL,0,0,0,1,'2021-02-15 23:40:29','2020-12-02 15:58:01'),(2745,0,2747,'NetworkPort','ocs-inventory-ng',NULL,0,0,0,1,'2021-02-15 23:40:29','2020-12-02 15:58:01'),(2746,0,2748,'NetworkPort','ocs-inventory-ng',NULL,0,0,0,1,'2021-02-15 23:40:29','2020-12-02 15:58:01'),(2747,0,2749,'NetworkPort','ocs-inventory-ng',NULL,0,0,0,1,'2021-02-15 23:40:29','2020-12-02 15:58:01'),(2748,0,2750,'NetworkPort','ocs-inventory-ng',NULL,0,0,0,1,'2021-02-15 23:40:29','2020-12-02 15:58:01'),(2749,0,2751,'NetworkPort','ocs-inventory-ng',NULL,0,0,0,1,'2021-02-15 23:40:29','2020-12-02 15:58:01'),(2750,0,2752,'NetworkPort','ocs-inventory-ng',NULL,0,0,0,1,'2021-02-15 23:40:29','2020-12-02 15:58:01'),(2751,0,2753,'NetworkPort','ocs-inventory-ng',NULL,0,0,0,1,'2021-02-15 23:40:29','2020-12-02 15:58:01'),(2752,0,2754,'NetworkPort','ocs-inventory-ng',NULL,0,0,0,1,'2021-02-15 23:40:29','2020-12-02 15:58:01'),(2753,0,2755,'NetworkPort','ocs-inventory-ng',NULL,0,0,0,1,'2021-02-15 23:40:29','2020-12-02 15:58:01'),(2754,0,2756,'NetworkPort','ocs-inventory-ng',NULL,0,0,0,1,'2021-02-15 23:40:29','2020-12-02 15:58:01'),(2755,0,2757,'NetworkPort','ocs-inventory-ng',NULL,0,0,0,1,'2021-02-15 23:40:29','2020-12-02 15:58:01'),(2756,0,2758,'NetworkPort','ocs-inventory-ng',NULL,0,0,0,1,'2021-02-15 23:40:29','2020-12-02 15:58:01'),(2757,0,2759,'NetworkPort','ocs-inventory-ng',NULL,0,0,0,1,'2021-02-15 23:40:29','2020-12-02 15:58:01'),(2758,0,2760,'NetworkPort','ocs-inventory-ng',NULL,0,0,0,1,'2021-02-15 23:40:29','2020-12-02 15:58:01'),(2759,0,2761,'NetworkPort','ocs-inventory-ng',NULL,0,0,0,1,'2021-02-15 23:40:29','2020-12-02 15:58:01'),(2760,0,2762,'NetworkPort','ocs-inventory-ng',NULL,0,0,0,1,'2021-02-15 23:40:29','2020-12-02 15:58:01'),(2761,0,2763,'NetworkPort','ocs-inventory-ng',NULL,0,0,0,1,'2021-02-15 23:40:29','2020-12-02 15:58:01'),(2762,0,2764,'NetworkPort','ocs-inventory-ng',NULL,0,0,0,1,'2021-02-15 23:40:29','2020-12-02 15:58:01'),(2763,0,2765,'NetworkPort','ocs-inventory-ng',NULL,0,0,0,1,'2021-02-15 23:40:29','2020-12-02 15:58:01'),(2764,0,2766,'NetworkPort','ocs-inventory-ng',NULL,0,0,0,1,'2021-02-15 23:40:29','2020-12-02 15:58:01'),(2765,0,2767,'NetworkPort','ocs-inventory-ng',NULL,0,0,0,1,'2021-02-15 23:40:29','2020-12-02 15:58:01'),(2766,0,2768,'NetworkPort','ocs-inventory-ng',NULL,0,0,0,1,'2021-02-15 23:40:29','2020-12-02 15:58:01'),(2767,2,2769,'NetworkPort','ocs-inventory-ng',NULL,0,0,0,1,'2021-03-10 20:20:17','2020-12-03 13:19:25'),(2768,2,2770,'NetworkPort','ocs-inventory-ng',NULL,0,0,0,1,'2021-03-10 20:20:17','2020-12-03 13:19:25'),(2770,2,2772,'NetworkPort','ocs-inventory-ng',NULL,0,0,0,1,'2021-03-10 20:20:17','2020-12-03 13:19:25'),(2771,2,2773,'NetworkPort','ocs-inventory-ng',NULL,0,0,0,1,'2021-03-10 20:20:17','2020-12-03 13:19:25'),(2772,2,2774,'NetworkPort','ocs-inventory-ng',NULL,0,0,0,1,'2021-03-10 20:20:17','2020-12-03 13:19:25'),(2773,2,2775,'NetworkPort','ocs-inventory-ng',NULL,0,0,0,1,'2021-03-10 20:20:17','2020-12-03 13:19:25'),(2774,0,2776,'NetworkPort','ocs-inventory-ng',NULL,0,0,0,1,'2021-02-15 23:40:29','2020-12-03 13:19:32'),(2775,2,2777,'NetworkPort','ocs-inventory-ng',NULL,0,0,0,1,'2021-03-10 20:20:01','2020-12-03 16:55:32'),(2776,2,2778,'NetworkPort','ocs-inventory-ng',NULL,0,0,0,1,'2021-03-10 20:20:01','2020-12-03 16:55:32'),(2777,2,2779,'NetworkPort','ocs-inventory-ng',NULL,0,0,0,1,'2021-03-10 20:20:01','2020-12-03 16:55:32'),(2778,2,2780,'NetworkPort','ocs-inventory-ng',NULL,0,0,0,1,'2021-03-10 20:20:01','2020-12-03 16:55:32'),(2779,2,2781,'NetworkPort','ocs-inventory-ng',NULL,0,0,0,1,'2021-03-10 20:20:01','2020-12-03 16:55:32'),(2780,2,2782,'NetworkPort','ocs-inventory-ng',NULL,0,0,0,1,'2021-03-10 20:20:01','2020-12-03 16:55:32'),(2781,21,2783,'NetworkPort','ocs-inventory-ng',NULL,0,0,0,1,'2023-07-02 19:24:10','2020-12-03 16:55:38'),(2782,21,2784,'NetworkPort','ocs-inventory-ng',NULL,0,0,0,1,'2023-07-02 19:24:10','2020-12-03 16:55:38'),(2783,21,2785,'NetworkPort','ocs-inventory-ng',NULL,0,0,0,1,'2023-07-02 19:24:10','2020-12-03 16:55:38'),(2784,15,2786,'NetworkPort','ocs-inventory-ng',NULL,0,0,0,1,'2022-05-26 16:17:29','2020-12-04 17:56:55'),(2785,15,2787,'NetworkPort','ocs-inventory-ng',NULL,0,0,0,1,'2022-05-26 16:17:29','2020-12-04 17:56:55'),(2786,15,2788,'NetworkPort','ocs-inventory-ng',NULL,0,0,0,1,'2022-05-26 16:17:29','2020-12-04 17:56:55'),(2787,15,2789,'NetworkPort','ocs-inventory-ng',NULL,0,0,0,1,'2022-05-26 16:17:29','2020-12-04 17:56:55'),(2788,15,2790,'NetworkPort','ocs-inventory-ng',NULL,0,0,0,1,'2022-05-26 16:17:29','2020-12-04 17:56:55'),(2789,15,2791,'NetworkPort','ocs-inventory-ng',NULL,0,0,0,1,'2022-05-26 16:17:29','2020-12-04 17:56:55'),(2790,1,2792,'NetworkPort','ocs-inventory-ng',NULL,0,0,0,1,'2021-03-10 20:19:26','2020-12-10 19:23:07'),(2791,1,2793,'NetworkPort','ocs-inventory-ng',NULL,0,0,0,1,'2021-03-10 20:19:26','2020-12-10 19:23:07'),(2792,1,2794,'NetworkPort','ocs-inventory-ng',NULL,0,0,0,1,'2021-03-10 20:19:26','2020-12-10 19:23:07'),(2794,1,2796,'NetworkPort','ocs-inventory-ng',NULL,0,0,0,1,'2021-03-10 20:19:26','2020-12-10 19:23:07'),(2795,1,2797,'NetworkPort','ocs-inventory-ng',NULL,0,0,0,1,'2021-03-10 20:19:26','2020-12-10 19:23:07'),(2796,1,2798,'NetworkPort','ocs-inventory-ng',NULL,0,0,0,1,'2021-03-10 20:19:26','2020-12-10 19:23:07'),(2797,2,2799,'NetworkPort','ocs-inventory-ng',NULL,0,0,0,1,'2021-03-10 20:19:16','2020-12-15 13:29:18'),(2798,2,2800,'NetworkPort','ocs-inventory-ng',NULL,0,0,0,1,'2021-03-10 20:19:16','2020-12-15 13:29:18'),(2799,2,2801,'NetworkPort','ocs-inventory-ng',NULL,0,0,0,1,'2021-03-10 20:19:16','2020-12-15 13:29:18'),(2800,2,2802,'NetworkPort','ocs-inventory-ng',NULL,0,0,0,1,'2021-03-10 20:19:16','2020-12-15 13:29:18'),(2801,2,2803,'NetworkPort','ocs-inventory-ng',NULL,0,0,0,1,'2021-03-10 20:19:16','2020-12-15 13:29:18'),(2802,2,2804,'NetworkPort','ocs-inventory-ng',NULL,0,0,0,1,'2021-03-10 20:19:16','2020-12-15 13:29:18'),(2803,2,2805,'NetworkPort','ocs-inventory-ng',NULL,0,0,0,1,'2021-03-10 20:19:16','2020-12-15 13:29:18'),(2804,1,2806,'NetworkPort','ocs-inventory-ng',NULL,0,0,0,1,'2021-03-10 20:19:03','2020-12-16 15:36:31'),(2805,1,2807,'NetworkPort','ocs-inventory-ng',NULL,0,0,0,1,'2021-03-10 20:19:03','2020-12-16 15:36:31'),(2806,1,2808,'NetworkPort','ocs-inventory-ng',NULL,0,0,0,1,'2021-03-10 20:19:03','2020-12-16 15:36:31'),(2807,1,2809,'NetworkPort','ocs-inventory-ng',NULL,0,0,0,1,'2021-03-10 20:19:03','2020-12-16 15:36:31'),(2808,1,2810,'NetworkPort','ocs-inventory-ng',NULL,0,0,0,1,'2021-03-10 20:19:03','2020-12-16 15:36:31'),(2809,1,2811,'NetworkPort','ocs-inventory-ng',NULL,0,0,0,1,'2021-03-10 20:19:03','2020-12-16 15:36:31'),(2810,1,2812,'NetworkPort','ocs-inventory-ng',NULL,0,0,0,1,'2021-03-10 20:19:03','2020-12-16 15:36:31'),(2811,15,2813,'NetworkPort','ocs-inventory-ng',NULL,0,0,0,1,'2023-07-03 02:13:17','2020-12-16 18:16:42'),(2812,15,2814,'NetworkPort','ocs-inventory-ng',NULL,0,0,0,1,'2023-07-03 02:13:17','2020-12-16 18:16:42'),(2813,15,2815,'NetworkPort','ocs-inventory-ng',NULL,0,0,0,1,'2023-07-03 02:13:17','2020-12-16 18:16:42'),(2814,15,2816,'NetworkPort','ocs-inventory-ng',NULL,0,0,0,1,'2023-07-03 02:13:17','2020-12-16 18:16:42'),(2816,15,2818,'NetworkPort','ocs-inventory-ng',NULL,0,0,0,1,'2023-07-03 02:13:17','2020-12-16 18:16:42'),(2817,15,2819,'NetworkPort','ocs-inventory-ng',NULL,0,0,0,1,'2023-07-03 02:13:17','2020-12-16 18:16:42'),(2819,22,2821,'NetworkPort','ocs-inventory-ng',NULL,0,0,0,1,'2023-07-02 21:21:03','2020-12-17 15:25:23'),(2820,22,2822,'NetworkPort','ocs-inventory-ng',NULL,0,0,0,1,'2023-07-02 21:21:03','2020-12-17 15:25:23'),(2821,22,2823,'NetworkPort','ocs-inventory-ng',NULL,0,0,0,1,'2023-07-02 21:21:03','2020-12-17 15:25:23'),(2822,22,2824,'NetworkPort','ocs-inventory-ng',NULL,0,0,0,1,'2023-07-02 21:21:03','2020-12-17 15:25:23'),(2823,22,2825,'NetworkPort','ocs-inventory-ng',NULL,0,0,0,1,'2023-07-02 21:21:03','2020-12-17 15:25:23'),(2824,22,2826,'NetworkPort','ocs-inventory-ng',NULL,0,0,0,1,'2023-07-02 21:21:03','2020-12-17 15:25:23'),(2825,1,2827,'NetworkPort','ocs-inventory-ng',NULL,0,0,0,1,'2021-03-12 18:43:46','2020-12-21 15:42:00'),(2826,1,2828,'NetworkPort','ocs-inventory-ng',NULL,0,0,0,1,'2021-03-10 20:18:24','2020-12-21 19:38:24'),(2827,1,2829,'NetworkPort','ocs-inventory-ng',NULL,0,0,0,1,'2021-03-10 20:18:24','2020-12-21 19:38:24'),(2828,1,2830,'NetworkPort','ocs-inventory-ng',NULL,0,0,0,1,'2021-03-10 20:18:24','2020-12-21 19:38:24'),(2829,1,2831,'NetworkPort','ocs-inventory-ng',NULL,0,0,0,1,'2021-03-10 20:18:24','2020-12-21 19:38:24'),(2830,1,2832,'NetworkPort','ocs-inventory-ng',NULL,0,0,0,1,'2021-03-10 20:18:24','2020-12-21 19:38:24'),(2831,1,2833,'NetworkPort','ocs-inventory-ng',NULL,0,0,0,1,'2021-03-10 20:18:24','2020-12-21 19:38:24'),(2832,15,2834,'NetworkPort','ocs-inventory-ng',NULL,0,0,0,1,'2023-07-03 02:12:58','2020-12-22 18:49:29'),(2833,1,2835,'NetworkPort','ocs-inventory-ng',NULL,0,0,0,1,'2022-05-10 23:09:32','2021-01-05 20:36:15'),(2834,1,2836,'NetworkPort','ocs-inventory-ng',NULL,0,0,0,1,'2022-05-10 23:09:32','2021-01-05 20:36:15'),(2835,1,2837,'NetworkPort','ocs-inventory-ng',NULL,0,0,0,1,'2022-05-10 23:09:32','2021-01-05 20:36:15'),(2836,1,2838,'NetworkPort','ocs-inventory-ng',NULL,0,0,0,1,'2022-05-10 23:09:32','2021-01-05 20:36:15'),(2837,1,2839,'NetworkPort','ocs-inventory-ng',NULL,0,0,0,1,'2022-05-10 23:09:32','2021-01-05 20:36:15'),(2838,1,2840,'NetworkPort','ocs-inventory-ng',NULL,0,0,0,1,'2022-05-10 23:09:32','2021-01-05 20:36:15'),(2840,21,2842,'NetworkPort','ocs-inventory-ng',NULL,0,0,0,1,'2023-07-02 01:52:41','2021-01-05 20:36:21'),(2841,21,2843,'NetworkPort','ocs-inventory-ng',NULL,0,0,0,1,'2023-07-02 01:52:41','2021-01-05 20:36:21'),(2842,21,2844,'NetworkPort','ocs-inventory-ng',NULL,0,0,0,1,'2023-07-02 01:52:41','2021-01-05 20:36:21'),(2843,21,2845,'NetworkPort','ocs-inventory-ng',NULL,0,0,0,1,'2023-07-02 01:52:41','2021-01-05 20:36:21'),(2844,21,2846,'NetworkPort','ocs-inventory-ng',NULL,0,0,0,1,'2023-07-02 01:52:41','2021-01-05 20:36:21'),(2845,21,2847,'NetworkPort','ocs-inventory-ng',NULL,0,0,0,1,'2023-07-02 01:52:41','2021-01-05 20:36:21'),(2846,1,2848,'NetworkPort','ocs-inventory-ng',NULL,0,0,0,1,'2021-03-10 20:17:30','2021-01-06 17:41:02'),(2847,1,2849,'NetworkPort','ocs-inventory-ng',NULL,0,0,0,1,'2021-03-10 20:17:30','2021-01-06 17:41:02'),(2848,1,2850,'NetworkPort','ocs-inventory-ng',NULL,0,0,0,1,'2021-03-10 20:17:30','2021-01-06 17:41:02'),(2849,1,2851,'NetworkPort','ocs-inventory-ng',NULL,0,0,0,1,'2021-03-10 20:17:30','2021-01-06 17:41:02'),(2850,1,2852,'NetworkPort','ocs-inventory-ng',NULL,0,0,0,1,'2021-03-10 20:17:30','2021-01-06 17:41:02'),(2851,1,2853,'NetworkPort','ocs-inventory-ng',NULL,0,0,0,1,'2021-03-10 20:17:30','2021-01-06 17:41:02'),(2852,1,2854,'NetworkPort','ocs-inventory-ng',NULL,0,0,0,1,'2021-03-10 20:17:25','2021-01-07 14:20:49'),(2853,1,2855,'NetworkPort','ocs-inventory-ng',NULL,0,0,0,1,'2021-03-10 20:17:25','2021-01-07 14:20:49'),(2854,1,2856,'NetworkPort','ocs-inventory-ng',NULL,0,0,0,1,'2021-03-10 20:17:25','2021-01-07 14:20:49'),(2855,21,2857,'NetworkPort','ocs-inventory-ng',NULL,0,0,0,1,'2023-07-02 19:30:44','2021-01-08 15:23:40'),(2856,21,2858,'NetworkPort','ocs-inventory-ng',NULL,0,0,0,1,'2023-07-02 19:30:44','2021-01-08 15:23:40'),(2857,21,2859,'NetworkPort','ocs-inventory-ng',NULL,0,0,0,1,'2023-07-02 19:30:44','2021-01-08 15:23:40'),(2859,21,2861,'NetworkPort','ocs-inventory-ng',NULL,0,0,0,1,'2023-07-02 19:30:44','2021-01-08 15:23:40'),(2860,21,2862,'NetworkPort','ocs-inventory-ng',NULL,0,0,0,1,'2023-07-02 19:30:44','2021-01-08 15:23:40'),(2861,21,2863,'NetworkPort','ocs-inventory-ng',NULL,0,0,0,1,'2023-07-02 19:24:10','2021-01-12 16:21:03'),(2862,21,2864,'NetworkPort','ocs-inventory-ng',NULL,0,0,0,1,'2023-07-02 19:24:10','2021-01-12 16:21:03'),(2863,21,2865,'NetworkPort','ocs-inventory-ng',NULL,0,0,0,1,'2023-07-02 19:24:10','2021-01-12 16:21:03'),(2864,21,2866,'NetworkPort','ocs-inventory-ng',NULL,0,0,0,1,'2023-07-02 19:24:10','2021-01-12 16:21:03'),(2865,21,2867,'NetworkPort','ocs-inventory-ng',NULL,0,0,0,1,'2023-07-02 19:24:10','2021-01-12 16:21:03'),(2866,21,2868,'NetworkPort','ocs-inventory-ng',NULL,0,0,0,1,'2023-07-02 19:24:10','2021-01-12 16:21:03'),(2867,21,2869,'NetworkPort','ocs-inventory-ng',NULL,0,0,0,1,'2023-07-02 19:30:46','2021-01-12 18:49:14'),(2868,21,2870,'NetworkPort','ocs-inventory-ng',NULL,0,0,0,1,'2023-07-02 19:30:46','2021-01-12 18:49:14'),(2869,21,2871,'NetworkPort','ocs-inventory-ng',NULL,0,0,0,1,'2023-07-02 19:30:46','2021-01-12 18:49:14'),(2871,21,2873,'NetworkPort','ocs-inventory-ng',NULL,0,0,0,1,'2023-07-02 19:30:46','2021-01-12 18:49:14'),(2872,21,2874,'NetworkPort','ocs-inventory-ng',NULL,0,0,0,1,'2023-07-02 19:30:46','2021-01-12 18:49:14'),(2873,21,2875,'NetworkPort','ocs-inventory-ng',NULL,0,0,0,1,'2023-07-02 19:30:46','2021-01-12 18:49:14'),(2874,15,2876,'NetworkPort','ocs-inventory-ng',NULL,0,0,0,1,'2023-01-19 20:30:02','2021-01-12 20:28:15'),(2875,15,2877,'NetworkPort','ocs-inventory-ng',NULL,0,0,0,1,'2023-01-19 20:30:02','2021-01-12 20:28:15'),(2876,15,2878,'NetworkPort','ocs-inventory-ng',NULL,0,0,0,1,'2023-01-19 20:30:02','2021-01-12 20:28:15'),(2877,15,2879,'NetworkPort','ocs-inventory-ng',NULL,0,0,0,1,'2023-01-19 20:30:02','2021-01-12 20:28:15'),(2878,15,2880,'NetworkPort','ocs-inventory-ng',NULL,0,0,0,1,'2023-01-19 20:30:02','2021-01-12 20:28:15'),(2879,15,2881,'NetworkPort','ocs-inventory-ng',NULL,0,0,0,1,'2023-01-19 20:30:02','2021-01-12 20:28:15'),(2880,15,2882,'NetworkPort','ocs-inventory-ng',NULL,0,0,0,1,'2023-01-19 20:30:02','2021-01-12 20:28:15'),(2881,22,2883,'NetworkPort','ocs-inventory-ng',NULL,0,0,0,1,'2023-07-02 21:18:16','2021-01-12 21:25:45'),(2882,22,2884,'NetworkPort','ocs-inventory-ng',NULL,0,0,0,1,'2023-07-02 21:18:16','2021-01-12 21:25:45'),(2883,22,2885,'NetworkPort','ocs-inventory-ng',NULL,0,0,0,1,'2023-07-02 21:18:16','2021-01-12 21:25:45'),(2884,22,2886,'NetworkPort','ocs-inventory-ng',NULL,0,0,0,1,'2023-07-02 21:18:16','2021-01-12 21:25:45'),(2885,22,2887,'NetworkPort','ocs-inventory-ng',NULL,0,0,0,1,'2023-07-02 21:18:16','2021-01-12 21:25:45'),(2886,22,2888,'NetworkPort','ocs-inventory-ng',NULL,0,0,0,1,'2023-07-02 21:18:16','2021-01-12 21:25:45'),(2887,22,2889,'NetworkPort','ocs-inventory-ng',NULL,0,0,0,1,'2023-07-02 21:18:16','2021-01-12 21:25:45'),(2888,21,2890,'NetworkPort','ocs-inventory-ng',NULL,0,0,0,1,'2023-07-02 19:24:11','2021-01-12 22:03:43'),(2889,21,2891,'NetworkPort','ocs-inventory-ng',NULL,0,0,0,1,'2023-07-02 19:24:11','2021-01-12 22:03:43'),(2890,21,2892,'NetworkPort','ocs-inventory-ng',NULL,0,0,0,1,'2023-07-02 19:24:11','2021-01-12 22:03:43'),(2891,21,2893,'NetworkPort','ocs-inventory-ng',NULL,0,0,0,1,'2023-07-02 19:24:11','2021-01-12 22:03:43'),(2892,21,2894,'NetworkPort','ocs-inventory-ng',NULL,0,0,0,1,'2023-07-02 19:24:11','2021-01-12 22:03:43'),(2893,21,2895,'NetworkPort','ocs-inventory-ng',NULL,0,0,0,1,'2023-07-02 19:24:11','2021-01-12 22:03:43'),(2894,21,2896,'NetworkPort','ocs-inventory-ng',NULL,0,0,0,1,'2023-07-02 19:24:11','2021-01-12 22:03:43'),(2895,22,2897,'NetworkPort','ocs-inventory-ng',NULL,0,0,0,1,'2023-07-02 21:18:17','2021-01-13 22:00:25'),(2896,22,2898,'NetworkPort','ocs-inventory-ng',NULL,0,0,0,1,'2023-07-02 21:18:17','2021-01-13 22:00:25'),(2897,22,2899,'NetworkPort','ocs-inventory-ng',NULL,0,0,0,1,'2023-07-02 21:18:17','2021-01-13 22:00:25'),(2898,22,2900,'NetworkPort','ocs-inventory-ng',NULL,0,0,0,1,'2023-07-02 21:18:17','2021-01-13 22:00:25'),(2899,22,2901,'NetworkPort','ocs-inventory-ng',NULL,0,0,0,1,'2023-07-02 21:18:17','2021-01-13 22:00:25'),(2900,22,2902,'NetworkPort','ocs-inventory-ng',NULL,0,0,0,1,'2023-07-02 21:18:17','2021-01-13 22:00:25'),(2901,22,2903,'NetworkPort','ocs-inventory-ng',NULL,0,0,0,1,'2023-07-02 21:18:17','2021-01-13 22:00:25'),(2902,22,2904,'NetworkPort','ocs-inventory-ng',NULL,0,0,0,1,'2023-07-02 21:18:18','2021-01-14 13:48:54'),(2903,22,2905,'NetworkPort','ocs-inventory-ng',NULL,0,0,0,1,'2023-07-02 21:18:18','2021-01-14 13:48:54'),(2904,22,2906,'NetworkPort','ocs-inventory-ng',NULL,0,0,0,1,'2023-07-02 21:18:18','2021-01-14 13:48:54'),(2905,22,2907,'NetworkPort','ocs-inventory-ng',NULL,0,0,0,1,'2023-07-02 21:18:18','2021-01-14 13:48:54'),(2906,22,2908,'NetworkPort','ocs-inventory-ng',NULL,0,0,0,1,'2023-07-02 21:18:18','2021-01-14 13:48:54'),(2907,22,2909,'NetworkPort','ocs-inventory-ng',NULL,0,0,0,1,'2023-07-02 21:18:18','2021-01-14 13:48:54'),(2908,22,2910,'NetworkPort','ocs-inventory-ng',NULL,0,0,0,1,'2023-07-02 21:18:18','2021-01-14 13:48:54'),(2909,22,2911,'NetworkPort','ocs-inventory-ng',NULL,0,0,0,1,'2023-07-02 21:18:19','2021-01-14 16:36:49'),(2910,22,2912,'NetworkPort','ocs-inventory-ng',NULL,0,0,0,1,'2023-07-02 21:18:19','2021-01-14 16:36:49'),(2911,22,2913,'NetworkPort','ocs-inventory-ng',NULL,0,0,0,1,'2023-07-02 21:18:19','2021-01-14 16:36:49'),(2912,22,2914,'NetworkPort','ocs-inventory-ng',NULL,0,0,0,1,'2023-07-02 21:18:19','2021-01-14 16:36:49'),(2913,22,2915,'NetworkPort','ocs-inventory-ng',NULL,0,0,0,1,'2023-07-02 21:18:19','2021-01-14 16:36:49'),(2914,22,2916,'NetworkPort','ocs-inventory-ng',NULL,0,0,0,1,'2023-07-02 21:18:19','2021-01-14 16:36:49'),(2915,22,2917,'NetworkPort','ocs-inventory-ng',NULL,0,0,0,1,'2023-07-02 21:18:19','2021-01-14 16:36:49'),(2916,2,2918,'NetworkPort','ocs-inventory-ng',NULL,0,0,0,1,'2021-03-10 20:15:43','2021-01-20 21:14:33'),(2917,2,2919,'NetworkPort','ocs-inventory-ng',NULL,0,0,0,1,'2021-03-10 20:15:43','2021-01-20 21:14:33'),(2918,2,2920,'NetworkPort','ocs-inventory-ng',NULL,0,0,0,1,'2021-03-10 20:15:43','2021-01-20 21:14:33'),(2919,2,2921,'NetworkPort','ocs-inventory-ng',NULL,0,0,0,1,'2021-03-10 20:15:43','2021-01-20 21:14:33'),(2920,2,2922,'NetworkPort','ocs-inventory-ng',NULL,0,0,0,1,'2021-03-10 20:15:43','2021-01-20 21:14:33'),(2921,2,2923,'NetworkPort','ocs-inventory-ng',NULL,0,0,0,1,'2021-03-10 20:15:43','2021-01-20 21:14:33'),(2922,2,2924,'NetworkPort','ocs-inventory-ng',NULL,0,0,0,1,'2021-03-10 20:15:43','2021-01-20 21:14:33'),(2923,15,2925,'NetworkPort','ocs-inventory-ng',NULL,0,0,0,1,'2023-07-03 02:13:18','2021-01-25 14:45:10'),(2924,15,2926,'NetworkPort','ocs-inventory-ng',NULL,0,0,0,1,'2023-07-03 02:13:18','2021-01-25 14:45:10'),(2925,15,2927,'NetworkPort','ocs-inventory-ng',NULL,0,0,0,1,'2023-07-03 02:13:18','2021-01-25 14:45:10'),(2927,15,2929,'NetworkPort','ocs-inventory-ng',NULL,0,0,0,1,'2023-07-03 02:13:18','2021-01-25 14:45:10'),(2928,15,2930,'NetworkPort','ocs-inventory-ng',NULL,0,0,0,1,'2023-07-03 02:13:18','2021-01-25 14:45:10'),(2929,15,2931,'NetworkPort','ocs-inventory-ng',NULL,0,0,0,1,'2023-07-03 02:13:18','2021-01-25 14:45:10'),(2930,21,2932,'NetworkPort','ocs-inventory-ng',NULL,0,0,0,1,'2023-07-02 19:30:47','2021-01-28 16:18:35'),(2931,21,2933,'NetworkPort','ocs-inventory-ng',NULL,0,0,0,1,'2023-07-02 19:30:47','2021-01-28 16:18:35'),(2932,21,2934,'NetworkPort','ocs-inventory-ng',NULL,0,0,0,1,'2023-07-02 19:30:47','2021-01-28 16:18:35'),(2933,21,2935,'NetworkPort','ocs-inventory-ng',NULL,0,0,0,1,'2023-07-02 19:30:47','2021-01-28 16:18:35'),(2935,21,2937,'NetworkPort','ocs-inventory-ng',NULL,0,0,0,1,'2023-07-02 19:30:47','2021-01-28 16:18:35'),(2936,21,2938,'NetworkPort','ocs-inventory-ng',NULL,0,0,0,1,'2023-07-02 19:30:47','2021-01-28 16:18:35'),(2937,1,2939,'NetworkPort','ocs-inventory-ng',NULL,0,0,0,1,'2021-03-10 20:15:11','2021-01-28 18:18:13'),(2938,1,2940,'NetworkPort','ocs-inventory-ng',NULL,0,0,0,1,'2021-03-10 20:15:11','2021-01-28 18:18:13'),(2939,1,2941,'NetworkPort','ocs-inventory-ng',NULL,0,0,0,1,'2021-03-10 20:15:11','2021-01-28 18:18:13'),(2940,1,2942,'NetworkPort','ocs-inventory-ng',NULL,0,0,0,1,'2021-03-10 20:15:11','2021-01-28 18:18:13'),(2942,1,2944,'NetworkPort','ocs-inventory-ng',NULL,0,0,0,1,'2021-03-10 20:15:11','2021-01-28 18:18:13'),(2943,1,2945,'NetworkPort','ocs-inventory-ng',NULL,0,0,0,1,'2021-03-10 20:15:11','2021-01-28 18:18:13'),(2944,15,2946,'NetworkPort','ocs-inventory-ng',NULL,0,0,0,1,'2023-01-19 20:30:04','2021-01-28 21:51:10'),(2945,15,2947,'NetworkPort','ocs-inventory-ng',NULL,0,0,0,1,'2023-01-19 20:30:04','2021-01-28 21:51:10'),(2946,15,2948,'NetworkPort','ocs-inventory-ng',NULL,0,0,0,1,'2023-01-19 20:30:04','2021-01-28 21:51:10'),(2947,15,2949,'NetworkPort','ocs-inventory-ng',NULL,0,0,0,1,'2023-01-19 20:30:04','2021-01-28 21:51:10'),(2949,15,2951,'NetworkPort','ocs-inventory-ng',NULL,0,0,0,1,'2023-01-19 20:30:04','2021-01-28 21:51:10'),(2950,15,2952,'NetworkPort','ocs-inventory-ng',NULL,0,0,0,1,'2023-01-19 20:30:05','2021-01-28 22:19:42'),(2951,15,2953,'NetworkPort','ocs-inventory-ng',NULL,0,0,0,1,'2023-01-19 20:30:05','2021-01-28 22:19:42'),(2952,15,2954,'NetworkPort','ocs-inventory-ng',NULL,0,0,0,1,'2023-01-19 20:30:05','2021-01-28 22:19:42'),(2953,15,2955,'NetworkPort','ocs-inventory-ng',NULL,0,0,0,1,'2023-01-19 20:30:05','2021-01-28 22:19:42'),(2954,15,2956,'NetworkPort','ocs-inventory-ng',NULL,0,0,0,1,'2023-01-19 20:30:05','2021-01-28 22:19:42'),(2955,15,2957,'NetworkPort','ocs-inventory-ng',NULL,0,0,0,1,'2023-01-19 20:30:05','2021-01-28 22:19:42'),(2956,15,2958,'NetworkPort','ocs-inventory-ng',NULL,0,0,0,1,'2023-01-19 20:30:05','2021-01-28 22:19:42'),(2957,2,2959,'NetworkPort','ocs-inventory-ng',NULL,0,0,0,1,'2021-03-10 20:14:42','2021-01-29 15:32:18'),(2958,2,2960,'NetworkPort','ocs-inventory-ng',NULL,0,0,0,1,'2021-03-10 20:14:42','2021-01-29 15:32:18'),(2959,2,2961,'NetworkPort','ocs-inventory-ng',NULL,0,0,0,1,'2021-03-10 20:14:42','2021-01-29 15:32:18'),(2960,2,2962,'NetworkPort','ocs-inventory-ng',NULL,0,0,0,1,'2021-03-10 20:14:42','2021-01-29 15:32:18'),(2961,2,2963,'NetworkPort','ocs-inventory-ng',NULL,0,0,0,1,'2021-03-10 20:14:42','2021-01-29 15:32:18'),(2962,2,2964,'NetworkPort','ocs-inventory-ng',NULL,0,0,0,1,'2021-03-10 20:14:42','2021-01-29 15:32:18'),(2963,21,2965,'NetworkPort','ocs-inventory-ng',NULL,0,0,0,1,'2023-07-02 19:24:12','2021-02-01 14:36:07'),(2964,21,2966,'NetworkPort','ocs-inventory-ng',NULL,0,0,0,1,'2023-07-02 19:24:12','2021-02-01 14:36:07'),(2965,21,2967,'NetworkPort','ocs-inventory-ng',NULL,0,0,0,1,'2023-07-02 19:24:12','2021-02-01 14:36:07'),(2966,21,2968,'NetworkPort','ocs-inventory-ng',NULL,0,0,0,1,'2023-07-02 19:24:12','2021-02-01 14:36:07'),(2967,21,2969,'NetworkPort','ocs-inventory-ng',NULL,0,0,0,1,'2023-07-02 19:24:12','2021-02-01 14:36:07'),(2968,1,2970,'NetworkPort','ocs-inventory-ng',NULL,0,0,0,1,'2021-03-10 20:14:23','2021-02-01 17:11:00'),(2969,1,2971,'NetworkPort','ocs-inventory-ng',NULL,0,0,0,1,'2021-03-10 20:14:23','2021-02-01 17:11:00'),(2970,1,2972,'NetworkPort','ocs-inventory-ng',NULL,0,0,0,1,'2021-03-10 20:14:23','2021-02-01 17:11:00'),(2971,1,2973,'NetworkPort','ocs-inventory-ng',NULL,0,0,0,1,'2021-03-10 20:14:23','2021-02-01 17:11:00'),(2972,1,2974,'NetworkPort','ocs-inventory-ng',NULL,0,0,0,1,'2021-03-10 20:14:23','2021-02-01 17:11:00'),(2973,1,2975,'NetworkPort','ocs-inventory-ng',NULL,0,0,0,1,'2021-03-10 20:14:23','2021-02-01 17:11:00'),(2974,2,2976,'NetworkPort','ocs-inventory-ng',NULL,0,0,0,1,'2021-03-10 20:14:15','2021-02-04 20:03:51'),(2975,2,2977,'NetworkPort','ocs-inventory-ng',NULL,0,0,0,1,'2021-03-10 20:14:15','2021-02-04 20:03:51'),(2976,2,2978,'NetworkPort','ocs-inventory-ng',NULL,0,0,0,1,'2021-03-10 20:14:15','2021-02-04 20:03:51'),(2977,2,2979,'NetworkPort','ocs-inventory-ng',NULL,0,0,0,1,'2021-03-10 20:14:15','2021-02-04 20:03:51'),(2978,2,2980,'NetworkPort','ocs-inventory-ng',NULL,0,0,0,1,'2021-03-10 20:14:15','2021-02-04 20:03:51'),(2979,2,2981,'NetworkPort','ocs-inventory-ng',NULL,0,0,0,1,'2021-03-10 20:14:15','2021-02-04 20:03:51'),(2980,22,2982,'NetworkPort','ocs-inventory-ng',NULL,0,0,0,1,'2023-07-02 21:18:20','2021-02-04 21:30:27'),(2981,22,2983,'NetworkPort','ocs-inventory-ng',NULL,0,0,0,1,'2023-07-02 21:18:20','2021-02-04 21:30:27'),(2982,22,2984,'NetworkPort','ocs-inventory-ng',NULL,0,0,0,1,'2023-07-02 21:18:20','2021-02-04 21:30:27'),(2983,22,2985,'NetworkPort','ocs-inventory-ng',NULL,0,0,0,1,'2023-07-02 21:18:20','2021-02-04 21:30:27'),(2984,22,2986,'NetworkPort','ocs-inventory-ng',NULL,0,0,0,1,'2023-07-02 21:18:20','2021-02-04 21:30:27'),(2985,22,2987,'NetworkPort','ocs-inventory-ng',NULL,0,0,0,1,'2023-07-02 21:18:20','2021-02-04 21:30:27'),(2986,1,2988,'NetworkPort','ocs-inventory-ng',NULL,0,0,0,1,'2021-03-10 20:14:07','2021-02-09 20:47:08'),(2987,1,2989,'NetworkPort','ocs-inventory-ng',NULL,0,0,0,1,'2021-03-10 20:14:07','2021-02-09 20:47:08'),(2988,1,2990,'NetworkPort','ocs-inventory-ng',NULL,0,0,0,1,'2021-03-10 20:14:07','2021-02-09 20:47:08'),(2989,1,2991,'NetworkPort','ocs-inventory-ng',NULL,0,0,0,1,'2021-03-10 20:14:07','2021-02-09 20:47:08'),(2990,1,2992,'NetworkPort','ocs-inventory-ng',NULL,0,0,0,1,'2021-03-10 20:14:07','2021-02-09 20:47:08'),(2991,1,2993,'NetworkPort','ocs-inventory-ng',NULL,0,0,0,1,'2021-03-10 20:14:07','2021-02-09 20:47:08'),(2992,1,2994,'NetworkPort','ocs-inventory-ng',NULL,0,0,0,1,'2021-02-12 15:42:27','2021-02-12 15:41:44'),(2993,1,2995,'NetworkPort','ocs-inventory-ng',NULL,0,0,0,1,'2021-02-12 15:42:27','2021-02-12 15:41:44'),(2994,1,2996,'NetworkPort','ocs-inventory-ng',NULL,0,0,0,1,'2021-02-12 15:42:27','2021-02-12 15:41:44'),(2995,1,2997,'NetworkPort','ocs-inventory-ng',NULL,0,0,0,1,'2021-02-12 15:42:27','2021-02-12 15:41:44'),(2996,1,2998,'NetworkPort','ocs-inventory-ng',NULL,0,0,0,1,'2021-02-12 15:42:27','2021-02-12 15:41:44'),(2997,1,2999,'NetworkPort','ocs-inventory-ng',NULL,0,0,0,1,'2021-02-12 15:42:27','2021-02-12 15:41:44'),(2998,15,3000,'NetworkPort','ocs-inventory-ng',NULL,0,0,0,1,'2023-01-19 20:30:06','2021-02-12 15:41:50'),(2999,15,3001,'NetworkPort','ocs-inventory-ng',NULL,0,0,0,1,'2023-01-19 20:30:06','2021-02-12 15:41:50'),(3000,15,3002,'NetworkPort','ocs-inventory-ng',NULL,0,0,0,1,'2023-01-19 20:30:06','2021-02-12 15:41:50'),(3001,15,3003,'NetworkPort','ocs-inventory-ng',NULL,0,0,0,1,'2023-01-19 20:30:06','2021-02-12 15:41:50'),(3002,15,3004,'NetworkPort','ocs-inventory-ng',NULL,0,0,0,1,'2023-01-19 20:30:06','2021-02-12 15:41:50'),(3003,15,3005,'NetworkPort','ocs-inventory-ng',NULL,0,0,0,1,'2023-01-19 20:30:06','2021-02-12 15:41:50'),(3004,21,3006,'NetworkPort','ocs-inventory-ng',NULL,0,0,0,1,'2023-07-02 19:24:13','2021-02-12 16:02:55'),(3005,21,3007,'NetworkPort','ocs-inventory-ng',NULL,0,0,0,1,'2023-07-02 19:24:13','2021-02-12 16:02:55'),(3006,21,3008,'NetworkPort','ocs-inventory-ng',NULL,0,0,0,1,'2023-07-02 19:24:13','2021-02-12 16:02:55'),(3007,21,3009,'NetworkPort','ocs-inventory-ng',NULL,0,0,0,1,'2023-07-02 19:24:13','2021-02-12 16:02:55'),(3008,21,3010,'NetworkPort','ocs-inventory-ng',NULL,0,0,0,1,'2023-07-02 19:24:13','2021-02-12 16:02:55'),(3009,21,3011,'NetworkPort','ocs-inventory-ng',NULL,0,0,0,1,'2023-07-02 19:24:13','2021-02-12 16:02:55'),(3010,2,3012,'NetworkPort','ocs-inventory-ng',NULL,0,0,0,1,'2021-03-10 20:13:44','2021-02-12 19:52:06'),(3011,2,3013,'NetworkPort','ocs-inventory-ng',NULL,0,0,0,1,'2021-03-10 20:13:44','2021-02-12 19:52:06'),(3012,2,3014,'NetworkPort','ocs-inventory-ng',NULL,0,0,0,1,'2021-03-10 20:13:44','2021-02-12 19:52:06'),(3013,2,3015,'NetworkPort','ocs-inventory-ng',NULL,0,0,0,1,'2021-03-10 20:13:44','2021-02-12 19:52:06'),(3014,2,3016,'NetworkPort','ocs-inventory-ng',NULL,0,0,0,1,'2021-03-10 20:13:44','2021-02-12 19:52:06'),(3015,2,3017,'NetworkPort','ocs-inventory-ng',NULL,0,0,0,1,'2021-03-10 20:13:44','2021-02-12 19:52:06'),(3016,17,3018,'NetworkPort','ocs-inventory-ng',NULL,0,0,0,1,'2023-04-28 06:19:00','2021-02-18 17:31:22'),(3017,17,3019,'NetworkPort','ocs-inventory-ng',NULL,0,0,0,1,'2023-04-28 06:19:00','2021-02-18 17:31:22'),(3019,17,3021,'NetworkPort','ocs-inventory-ng',NULL,0,0,0,1,'2023-04-28 06:19:00','2021-02-18 17:31:22'),(3020,17,3022,'NetworkPort','ocs-inventory-ng',NULL,0,0,0,1,'2023-04-28 06:19:00','2021-02-18 17:31:22'),(3021,17,3023,'NetworkPort','ocs-inventory-ng',NULL,0,0,0,1,'2023-04-28 06:19:00','2021-02-18 17:31:22'),(3022,17,3024,'NetworkPort','ocs-inventory-ng',NULL,0,0,0,1,'2023-04-28 06:19:00','2021-02-18 17:31:22'),(3023,21,3025,'NetworkPort','ocs-inventory-ng',NULL,0,0,0,1,'2023-06-28 21:11:48','2021-02-23 16:08:22'),(3024,21,3026,'NetworkPort','ocs-inventory-ng',NULL,0,0,0,1,'2023-06-28 21:11:48','2021-02-23 16:08:22'),(3025,21,3027,'NetworkPort','ocs-inventory-ng',NULL,0,0,0,1,'2023-06-28 21:11:48','2021-02-23 16:08:22'),(3026,21,3028,'NetworkPort','ocs-inventory-ng',NULL,0,0,0,1,'2023-06-28 21:11:48','2021-02-23 16:08:22'),(3027,21,3029,'NetworkPort','ocs-inventory-ng',NULL,0,0,0,1,'2023-06-28 21:11:48','2021-02-23 16:08:22'),(3028,21,3030,'NetworkPort','ocs-inventory-ng',NULL,0,0,0,1,'2023-06-28 21:11:48','2021-02-23 16:08:22'),(3029,21,3031,'NetworkPort','ocs-inventory-ng',NULL,0,0,0,1,'2023-06-28 21:11:48','2021-02-23 16:08:22'),(3030,21,3032,'NetworkPort','ocs-inventory-ng',NULL,0,0,0,1,'2023-07-02 19:30:48','2021-02-23 19:56:51'),(3031,21,3033,'NetworkPort','ocs-inventory-ng',NULL,0,0,0,1,'2023-07-02 19:30:48','2021-02-23 19:56:51'),(3032,21,3034,'NetworkPort','ocs-inventory-ng',NULL,0,0,0,1,'2023-07-02 19:30:48','2021-02-23 19:56:51'),(3033,21,3035,'NetworkPort','ocs-inventory-ng',NULL,0,0,0,1,'2023-07-02 19:30:48','2021-02-23 19:56:51'),(3034,21,3036,'NetworkPort','ocs-inventory-ng',NULL,0,0,0,1,'2023-07-02 19:30:48','2021-02-23 19:56:51'),(3035,21,3037,'NetworkPort','ocs-inventory-ng',NULL,0,0,0,1,'2023-07-02 19:30:48','2021-02-23 19:56:51'),(3036,21,3038,'NetworkPort','ocs-inventory-ng',NULL,0,0,0,1,'2023-07-02 19:30:48','2021-02-23 19:56:51'),(3037,1,3039,'NetworkPort','ocs-inventory-ng',NULL,0,0,0,1,'2021-03-10 20:13:14','2021-02-26 16:11:03'),(3038,1,3040,'NetworkPort','ocs-inventory-ng',NULL,0,0,0,1,'2021-03-10 20:13:14','2021-02-26 16:11:03'),(3039,1,3041,'NetworkPort','ocs-inventory-ng',NULL,0,0,0,1,'2021-03-10 20:13:14','2021-02-26 16:11:03'),(3040,1,3042,'NetworkPort','ocs-inventory-ng',NULL,0,0,0,1,'2021-03-10 20:13:14','2021-02-26 16:11:03'),(3041,1,3043,'NetworkPort','ocs-inventory-ng',NULL,0,0,0,1,'2021-03-10 20:13:14','2021-02-26 16:11:03'),(3048,1,3050,'NetworkPort','ocs-inventory-ng',NULL,0,0,0,1,'2021-02-26 16:29:22','2021-02-26 16:28:31'),(3049,1,3051,'NetworkPort','ocs-inventory-ng',NULL,0,0,0,1,'2021-02-26 16:29:22','2021-02-26 16:28:31'),(3050,1,3052,'NetworkPort','ocs-inventory-ng',NULL,0,0,0,1,'2021-02-26 16:29:22','2021-02-26 16:28:31'),(3051,1,3053,'NetworkPort','ocs-inventory-ng',NULL,0,0,0,1,'2021-02-26 16:29:22','2021-02-26 16:28:31'),(3052,1,3054,'NetworkPort','ocs-inventory-ng',NULL,0,0,0,1,'2021-02-26 16:29:22','2021-02-26 16:28:31'),(3053,1,3055,'NetworkPort','ocs-inventory-ng',NULL,0,0,0,1,'2021-02-26 16:29:22','2021-02-26 16:28:31'),(3054,1,3056,'NetworkPort','ocs-inventory-ng',NULL,0,0,0,1,'2021-02-26 16:29:22','2021-02-26 16:28:31'),(3055,22,3057,'NetworkPort','ocs-inventory-ng',NULL,0,0,0,1,'2023-09-04 16:52:53','2021-02-26 20:01:04'),(3056,22,3058,'NetworkPort','ocs-inventory-ng',NULL,0,0,0,1,'2023-09-04 16:52:53','2021-02-26 20:01:04'),(3057,22,3059,'NetworkPort','ocs-inventory-ng',NULL,0,0,0,1,'2023-09-04 16:52:53','2021-02-26 20:01:04'),(3058,22,3060,'NetworkPort','ocs-inventory-ng',NULL,0,0,0,1,'2023-09-04 16:52:53','2021-02-26 20:01:04'),(3059,22,3061,'NetworkPort','ocs-inventory-ng',NULL,0,0,0,1,'2023-09-04 16:52:53','2021-02-26 20:01:04'),(3060,22,3062,'NetworkPort','ocs-inventory-ng',NULL,0,0,0,1,'2023-09-04 16:52:53','2021-02-26 20:01:04'),(3061,22,3063,'NetworkPort','ocs-inventory-ng',NULL,0,0,0,1,'2023-09-04 16:52:53','2021-02-26 20:01:04'),(3062,1,3064,'NetworkPort','ocs-inventory-ng',NULL,0,0,0,1,'2022-05-10 23:09:32','2021-03-10 20:17:48'),(3063,15,3065,'NetworkPort','ocs-inventory-ng',NULL,0,0,0,1,'2023-07-03 02:12:58','2021-03-10 20:17:58'),(3064,15,3066,'NetworkPort','ocs-inventory-ng',NULL,0,0,0,1,'2023-07-03 02:12:58','2021-03-10 20:17:58'),(3065,15,3067,'NetworkPort','ocs-inventory-ng',NULL,0,0,0,1,'2023-07-03 02:12:58','2021-03-10 20:17:58'),(3066,15,3068,'NetworkPort','ocs-inventory-ng',NULL,0,0,0,1,'2023-07-03 02:12:58','2021-03-10 20:17:58'),(3067,15,3069,'NetworkPort','ocs-inventory-ng',NULL,0,0,0,1,'2023-07-03 02:12:58','2021-03-10 20:17:58'),(3068,15,3070,'NetworkPort','ocs-inventory-ng',NULL,0,0,0,1,'2023-07-03 02:12:58','2021-03-10 20:17:58'),(3069,15,3071,'NetworkPort','ocs-inventory-ng',NULL,0,0,0,1,'2023-07-03 02:12:58','2021-03-10 20:17:58'),(3070,15,3072,'NetworkPort','ocs-inventory-ng',NULL,0,0,0,1,'2023-07-03 02:12:58','2021-03-10 20:17:58'),(3071,15,3073,'NetworkPort','ocs-inventory-ng',NULL,0,0,0,1,'2023-07-03 02:12:58','2021-03-10 20:17:58'),(3072,15,3074,'NetworkPort','ocs-inventory-ng',NULL,0,0,0,1,'2023-07-03 02:12:58','2021-03-10 20:17:58'),(3073,15,3075,'NetworkPort','ocs-inventory-ng',NULL,0,0,0,1,'2023-07-03 02:12:58','2021-03-10 20:17:58'),(3074,15,3076,'NetworkPort','ocs-inventory-ng',NULL,0,0,0,1,'2023-07-03 02:12:58','2021-03-10 20:17:58'),(3075,1,3077,'NetworkPort','ocs-inventory-ng',NULL,0,0,0,1,'2023-11-21 13:39:02','2021-03-10 20:21:32'),(3076,1,3078,'NetworkPort','ocs-inventory-ng',NULL,0,0,0,1,'2023-11-21 13:39:02','2021-03-10 20:21:32'),(3077,15,3079,'NetworkPort','ocs-inventory-ng',NULL,0,0,0,1,'2023-07-03 02:13:16','2021-03-10 20:22:20'),(3078,1,3080,'NetworkPort','ocs-inventory-ng',NULL,0,0,0,1,'2021-03-10 20:23:57','2021-03-10 20:23:57'),(3079,1,3081,'NetworkPort','ocs-inventory-ng',NULL,0,0,0,1,'2021-03-10 20:23:57','2021-03-10 20:23:57'),(3080,15,3082,'NetworkPort','ocs-inventory-ng',NULL,0,0,0,1,'2023-07-03 02:13:06','2021-03-10 20:24:15'),(3081,1,3083,'NetworkPort','ocs-inventory-ng',NULL,0,0,0,1,'2021-03-10 20:24:47','2021-03-10 20:24:47'),(3082,1,3084,'NetworkPort','ocs-inventory-ng',NULL,0,0,0,1,'2021-03-10 20:24:57','2021-03-10 20:24:57'),(3083,1,3085,'NetworkPort','ocs-inventory-ng',NULL,0,0,0,1,'2021-03-10 20:24:57','2021-03-10 20:24:57'),(3084,1,3086,'NetworkPort','ocs-inventory-ng',NULL,0,0,0,1,'2021-03-10 20:24:57','2021-03-10 20:24:57'),(3085,1,3087,'NetworkPort','ocs-inventory-ng',NULL,0,0,0,1,'2021-03-10 20:24:57','2021-03-10 20:24:57'),(3086,1,3088,'NetworkPort','ocs-inventory-ng',NULL,0,0,0,1,'2021-03-10 20:24:57','2021-03-10 20:24:57'),(3087,1,3089,'NetworkPort','ocs-inventory-ng',NULL,0,0,0,1,'2021-03-10 20:24:57','2021-03-10 20:24:57'),(3093,0,3095,'NetworkPort','ocs-inventory-ng',NULL,0,0,0,1,'2021-04-20 19:53:36','2021-03-10 20:25:58'),(3094,1,3096,'NetworkPort','ocs-inventory-ng',NULL,0,0,0,1,'2021-03-10 20:26:33','2021-03-10 20:26:33'),(3095,1,3097,'NetworkPort','ocs-inventory-ng',NULL,0,0,0,1,'2021-03-10 20:26:33','2021-03-10 20:26:33'),(3096,1,3098,'NetworkPort','ocs-inventory-ng',NULL,0,0,0,1,'2021-03-10 20:26:33','2021-03-10 20:26:33'),(3097,1,3099,'NetworkPort','ocs-inventory-ng',NULL,0,0,0,1,'2021-03-10 20:26:33','2021-03-10 20:26:33'),(3098,1,3100,'NetworkPort','ocs-inventory-ng',NULL,0,0,0,1,'2021-03-10 20:26:33','2021-03-10 20:26:33'),(3099,1,3101,'NetworkPort','ocs-inventory-ng',NULL,0,0,0,1,'2021-03-10 20:28:13','2021-03-10 20:28:13'),(3100,1,3102,'NetworkPort','ocs-inventory-ng',NULL,0,0,0,1,'2021-03-10 20:28:13','2021-03-10 20:28:13'),(3101,1,3103,'NetworkPort','ocs-inventory-ng',NULL,0,0,0,1,'2021-03-10 20:28:13','2021-03-10 20:28:13'),(3102,1,3104,'NetworkPort','ocs-inventory-ng',NULL,0,0,0,1,'2021-03-10 20:28:13','2021-03-10 20:28:13'),(3103,1,3105,'NetworkPort','ocs-inventory-ng',NULL,0,0,0,1,'2021-03-10 20:28:13','2021-03-10 20:28:13'),(3104,1,3106,'NetworkPort','ocs-inventory-ng',NULL,0,0,0,1,'2021-03-10 20:28:13','2021-03-10 20:28:13'),(3105,1,3107,'NetworkPort','ocs-inventory-ng',NULL,0,0,0,1,'2021-03-10 20:28:13','2021-03-10 20:28:13'),(3106,1,3108,'NetworkPort','ocs-inventory-ng',NULL,0,0,0,1,'2021-03-10 20:28:13','2021-03-10 20:28:13'),(3107,1,3109,'NetworkPort','ocs-inventory-ng',NULL,0,0,0,1,'2021-03-10 20:28:13','2021-03-10 20:28:13'),(3108,1,3110,'NetworkPort','ocs-inventory-ng',NULL,0,0,0,1,'2021-03-10 20:28:13','2021-03-10 20:28:13'),(3109,1,3111,'NetworkPort','ocs-inventory-ng',NULL,0,0,0,1,'2021-03-10 20:28:13','2021-03-10 20:28:13'),(3110,1,3112,'NetworkPort','ocs-inventory-ng',NULL,0,0,0,1,'2021-03-10 20:28:13','2021-03-10 20:28:13'),(3111,1,3113,'NetworkPort','ocs-inventory-ng',NULL,0,0,0,1,'2021-03-10 20:28:13','2021-03-10 20:28:13'),(3112,1,3114,'NetworkPort','ocs-inventory-ng',NULL,0,0,0,1,'2021-03-10 20:28:13','2021-03-10 20:28:13'),(3113,1,3115,'NetworkPort','ocs-inventory-ng',NULL,0,0,0,1,'2021-03-10 20:28:13','2021-03-10 20:28:13'),(3114,1,3116,'NetworkPort','ocs-inventory-ng',NULL,0,0,0,1,'2021-03-10 20:28:13','2021-03-10 20:28:13'),(3115,1,3117,'NetworkPort','ocs-inventory-ng',NULL,0,0,0,1,'2021-03-10 20:28:13','2021-03-10 20:28:13'),(3116,1,3118,'NetworkPort','ocs-inventory-ng',NULL,0,0,0,1,'2021-03-10 20:28:13','2021-03-10 20:28:13'),(3117,1,3119,'NetworkPort','ocs-inventory-ng',NULL,0,0,0,1,'2021-03-10 20:28:13','2021-03-10 20:28:13'),(3118,1,3120,'NetworkPort','ocs-inventory-ng',NULL,0,0,0,1,'2021-03-10 20:28:13','2021-03-10 20:28:13'),(3119,1,3121,'NetworkPort','ocs-inventory-ng',NULL,0,0,0,1,'2021-03-10 20:28:13','2021-03-10 20:28:13'),(3120,1,3122,'NetworkPort','ocs-inventory-ng',NULL,0,0,0,1,'2021-03-10 20:28:13','2021-03-10 20:28:13'),(3121,2,3123,'NetworkPort','ocs-inventory-ng',NULL,0,0,0,1,'2021-03-10 20:29:45','2021-03-10 20:29:45'),(3122,2,3124,'NetworkPort','ocs-inventory-ng',NULL,0,0,0,1,'2021-03-10 20:29:45','2021-03-10 20:29:45'),(3123,2,3125,'NetworkPort','ocs-inventory-ng',NULL,0,0,0,1,'2021-03-10 20:29:45','2021-03-10 20:29:45'),(3124,2,3126,'NetworkPort','ocs-inventory-ng',NULL,0,0,0,1,'2021-03-10 20:30:18','2021-03-10 20:30:18'),(3125,2,3127,'NetworkPort','ocs-inventory-ng',NULL,0,0,0,1,'2021-03-10 20:30:18','2021-03-10 20:30:18'),(3126,21,3128,'NetworkPort','ocs-inventory-ng',NULL,0,0,0,1,'2023-07-02 19:24:00','2021-03-10 20:30:54'),(3127,21,3129,'NetworkPort','ocs-inventory-ng',NULL,0,0,0,1,'2023-07-02 19:24:00','2021-03-10 20:30:54'),(3128,21,3130,'NetworkPort','ocs-inventory-ng',NULL,0,0,0,1,'2023-07-02 19:24:00','2021-03-10 20:30:54'),(3129,21,3131,'NetworkPort','ocs-inventory-ng',NULL,0,0,0,1,'2023-07-02 19:24:00','2021-03-10 20:30:54'),(3130,21,3132,'NetworkPort','ocs-inventory-ng',NULL,0,0,0,1,'2023-07-02 19:24:00','2021-03-10 20:30:54'),(3131,21,3133,'NetworkPort','ocs-inventory-ng',NULL,0,0,0,1,'2023-07-02 19:24:00','2021-03-10 20:30:54'),(3132,21,3134,'NetworkPort','ocs-inventory-ng',NULL,0,0,0,1,'2023-07-02 19:24:00','2021-03-10 20:30:54'),(3133,21,3135,'NetworkPort','ocs-inventory-ng',NULL,0,0,0,1,'2023-07-02 19:24:00','2021-03-10 20:30:54'),(3134,21,3136,'NetworkPort','ocs-inventory-ng',NULL,0,0,0,1,'2023-07-02 19:24:00','2021-03-10 20:30:54'),(3135,21,3137,'NetworkPort','ocs-inventory-ng',NULL,0,0,0,1,'2023-07-02 19:23:57','2021-03-10 20:31:47'),(3136,1,3138,'NetworkPort','ocs-inventory-ng',NULL,0,0,0,1,'2021-03-10 20:31:59','2021-03-10 20:31:59'),(3137,1,3139,'NetworkPort','ocs-inventory-ng',NULL,0,0,0,1,'2021-03-10 20:31:59','2021-03-10 20:31:59'),(3138,1,3140,'NetworkPort','ocs-inventory-ng',NULL,0,0,0,1,'2021-03-10 20:31:59','2021-03-10 20:31:59'),(3139,1,3141,'NetworkPort','ocs-inventory-ng',NULL,0,0,0,1,'2021-03-10 20:31:59','2021-03-10 20:31:59'),(3140,1,3142,'NetworkPort','ocs-inventory-ng',NULL,0,0,0,1,'2021-03-10 20:31:59','2021-03-10 20:31:59'),(3141,1,3143,'NetworkPort','ocs-inventory-ng',NULL,0,0,0,1,'2021-03-10 20:31:59','2021-03-10 20:31:59'),(3142,1,3144,'NetworkPort','ocs-inventory-ng',NULL,0,0,0,1,'2021-03-10 20:31:59','2021-03-10 20:31:59'),(3143,1,3145,'NetworkPort','ocs-inventory-ng',NULL,0,0,0,1,'2021-03-10 20:31:59','2021-03-10 20:31:59'),(3144,1,3146,'NetworkPort','ocs-inventory-ng',NULL,0,0,0,1,'2021-03-10 20:31:59','2021-03-10 20:31:59'),(3145,1,3147,'NetworkPort','ocs-inventory-ng',NULL,0,0,0,1,'2021-03-10 20:31:59','2021-03-10 20:31:59'),(3146,1,3148,'NetworkPort','ocs-inventory-ng',NULL,0,0,0,1,'2021-03-10 20:31:59','2021-03-10 20:31:59'),(3147,1,3149,'NetworkPort','ocs-inventory-ng',NULL,0,0,0,1,'2021-03-10 20:31:59','2021-03-10 20:31:59'),(3149,1,3151,'NetworkPort','ocs-inventory-ng',NULL,0,0,0,1,'2021-03-10 20:33:10','2021-03-10 20:33:10'),(3150,1,3152,'NetworkPort','ocs-inventory-ng',NULL,0,0,0,1,'2021-03-10 20:33:10','2021-03-10 20:33:10'),(3151,1,3153,'NetworkPort','ocs-inventory-ng',NULL,0,0,0,1,'2021-03-10 20:33:10','2021-03-10 20:33:10'),(3152,1,3154,'NetworkPort','ocs-inventory-ng',NULL,0,0,0,1,'2021-03-10 20:33:10','2021-03-10 20:33:10'),(3153,1,3155,'NetworkPort','ocs-inventory-ng',NULL,0,0,0,1,'2021-03-10 20:33:10','2021-03-10 20:33:10'),(3154,2,3156,'NetworkPort','ocs-inventory-ng',NULL,0,0,0,1,'2021-03-10 20:34:39','2021-03-10 20:34:39'),(3155,2,3157,'NetworkPort','ocs-inventory-ng',NULL,0,0,0,1,'2021-03-10 20:34:39','2021-03-10 20:34:39'),(3156,2,3158,'NetworkPort','ocs-inventory-ng',NULL,0,0,0,1,'2021-03-10 20:34:39','2021-03-10 20:34:39'),(3157,2,3159,'NetworkPort','ocs-inventory-ng',NULL,0,0,0,1,'2021-03-10 20:34:39','2021-03-10 20:34:39'),(3158,2,3160,'NetworkPort','ocs-inventory-ng',NULL,0,0,0,1,'2021-03-10 20:34:39','2021-03-10 20:34:39'),(3159,2,3161,'NetworkPort','ocs-inventory-ng',NULL,0,0,0,1,'2021-03-10 20:34:39','2021-03-10 20:34:39'),(3160,2,3162,'NetworkPort','ocs-inventory-ng',NULL,0,0,0,1,'2021-03-10 20:34:39','2021-03-10 20:34:39'),(3161,2,3163,'NetworkPort','ocs-inventory-ng',NULL,0,0,0,1,'2021-03-10 20:35:20','2021-03-10 20:35:20'),(3162,15,3164,'NetworkPort','ocs-inventory-ng',NULL,0,0,0,1,'2023-07-03 02:13:02','2021-03-10 20:35:29'),(3163,15,3165,'NetworkPort','ocs-inventory-ng',NULL,0,0,0,1,'2023-07-03 02:13:02','2021-03-10 20:35:29'),(3164,15,3166,'NetworkPort','ocs-inventory-ng',NULL,0,0,0,1,'2023-07-03 02:13:02','2021-03-10 20:35:29'),(3165,15,3167,'NetworkPort','ocs-inventory-ng',NULL,0,0,0,1,'2023-07-03 02:13:02','2021-03-10 20:35:29'),(3166,15,3168,'NetworkPort','ocs-inventory-ng',NULL,0,0,0,1,'2023-07-03 02:13:02','2021-03-10 20:35:29'),(3167,15,3169,'NetworkPort','ocs-inventory-ng',NULL,0,0,0,1,'2023-07-03 02:13:02','2021-03-10 20:35:29'),(3168,1,3170,'NetworkPort','ocs-inventory-ng',NULL,0,0,0,1,'2021-03-10 20:36:04','2021-03-10 20:36:04'),(3169,2,3171,'NetworkPort','ocs-inventory-ng',NULL,0,0,0,1,'2021-11-10 14:44:56','2021-03-10 20:36:39'),(3170,1,3172,'NetworkPort','ocs-inventory-ng',NULL,0,0,0,1,'2021-03-10 20:37:35','2021-03-10 20:37:35'),(3171,1,3173,'NetworkPort','ocs-inventory-ng',NULL,0,0,0,1,'2021-03-10 20:37:35','2021-03-10 20:37:35'),(3172,1,3174,'NetworkPort','ocs-inventory-ng',NULL,0,0,0,1,'2021-03-10 20:37:35','2021-03-10 20:37:35'),(3173,1,3175,'NetworkPort','ocs-inventory-ng',NULL,0,0,0,1,'2021-03-10 20:37:35','2021-03-10 20:37:35'),(3174,1,3176,'NetworkPort','ocs-inventory-ng',NULL,0,0,0,1,'2021-03-10 20:37:35','2021-03-10 20:37:35'),(3175,1,3177,'NetworkPort','ocs-inventory-ng',NULL,0,0,0,1,'2021-03-10 20:37:35','2021-03-10 20:37:35'),(3176,1,3178,'NetworkPort','ocs-inventory-ng',NULL,0,0,0,1,'2021-03-10 20:37:35','2021-03-10 20:37:35'),(3177,1,3179,'NetworkPort','ocs-inventory-ng',NULL,0,0,0,1,'2021-03-10 20:37:35','2021-03-10 20:37:35'),(3178,1,3180,'NetworkPort','ocs-inventory-ng',NULL,0,0,0,1,'2021-03-10 20:37:35','2021-03-10 20:37:35'),(3179,1,3181,'NetworkPort','ocs-inventory-ng',NULL,0,0,0,1,'2021-03-10 20:37:35','2021-03-10 20:37:35'),(3180,1,3182,'NetworkPort','ocs-inventory-ng',NULL,0,0,0,1,'2021-03-10 20:37:35','2021-03-10 20:37:35'),(3181,1,3183,'NetworkPort','ocs-inventory-ng',NULL,0,0,0,1,'2021-03-10 20:37:35','2021-03-10 20:37:35'),(3182,1,3184,'NetworkPort','ocs-inventory-ng',NULL,0,0,0,1,'2021-03-10 20:37:35','2021-03-10 20:37:35'),(3183,1,3185,'NetworkPort','ocs-inventory-ng',NULL,0,0,0,1,'2021-03-10 20:37:35','2021-03-10 20:37:35'),(3184,1,3186,'NetworkPort','ocs-inventory-ng',NULL,0,0,0,1,'2021-03-10 20:37:35','2021-03-10 20:37:35'),(3185,1,3187,'NetworkPort','ocs-inventory-ng',NULL,0,0,0,1,'2021-03-10 20:37:35','2021-03-10 20:37:35'),(3186,1,3188,'NetworkPort','ocs-inventory-ng',NULL,0,0,0,1,'2021-03-10 20:37:35','2021-03-10 20:37:35'),(3187,1,3189,'NetworkPort','ocs-inventory-ng',NULL,0,0,0,1,'2021-03-10 20:37:35','2021-03-10 20:37:35'),(3188,1,3190,'NetworkPort','ocs-inventory-ng',NULL,0,0,0,1,'2021-03-10 20:37:35','2021-03-10 20:37:35'),(3189,1,3191,'NetworkPort','ocs-inventory-ng',NULL,0,0,0,1,'2021-03-10 20:37:35','2021-03-10 20:37:35'),(3190,21,3192,'NetworkPort','ocs-inventory-ng',NULL,0,0,0,1,'2023-07-02 19:24:06','2021-03-10 20:38:30'),(3191,2,3193,'NetworkPort','ocs-inventory-ng',NULL,0,0,0,1,'2021-03-10 20:38:40','2021-03-10 20:38:40'),(3192,2,3194,'NetworkPort','ocs-inventory-ng',NULL,0,0,0,1,'2021-03-10 20:38:40','2021-03-10 20:38:40'),(3193,1,3195,'NetworkPort','ocs-inventory-ng',NULL,0,0,0,1,'2021-03-10 20:38:58','2021-03-10 20:38:58'),(3194,1,3196,'NetworkPort','ocs-inventory-ng',NULL,0,0,0,1,'2021-03-10 20:38:58','2021-03-10 20:38:58'),(3195,1,3197,'NetworkPort','ocs-inventory-ng',NULL,0,0,0,1,'2021-03-10 20:38:58','2021-03-10 20:38:58'),(3196,20,3198,'NetworkPort','ocs-inventory-ng',NULL,0,0,0,1,'2023-07-03 00:45:29','2021-03-10 20:39:21'),(3197,20,3199,'NetworkPort','ocs-inventory-ng',NULL,0,0,0,1,'2023-07-03 00:45:29','2021-03-10 20:39:21'),(3198,20,3200,'NetworkPort','ocs-inventory-ng',NULL,0,0,0,1,'2023-07-03 00:45:29','2021-03-10 20:39:21'),(3199,20,3201,'NetworkPort','ocs-inventory-ng',NULL,0,0,0,1,'2023-07-03 00:45:29','2021-03-10 20:39:21'),(3200,20,3202,'NetworkPort','ocs-inventory-ng',NULL,0,0,0,1,'2023-07-03 00:45:29','2021-03-10 20:39:21'),(3201,20,3203,'NetworkPort','ocs-inventory-ng',NULL,0,0,0,1,'2023-07-03 00:45:29','2021-03-10 20:39:21'),(3202,20,3204,'NetworkPort','ocs-inventory-ng',NULL,0,0,0,1,'2023-07-03 00:45:29','2021-03-10 20:39:21'),(3203,20,3205,'NetworkPort','ocs-inventory-ng',NULL,0,0,0,1,'2023-07-03 00:45:29','2021-03-10 20:39:21'),(3204,20,3206,'NetworkPort','ocs-inventory-ng',NULL,0,0,0,1,'2023-07-03 00:45:29','2021-03-10 20:39:21'),(3205,20,3207,'NetworkPort','ocs-inventory-ng',NULL,0,0,0,1,'2023-07-03 00:45:29','2021-03-10 20:39:21'),(3206,20,3208,'NetworkPort','ocs-inventory-ng',NULL,0,0,0,1,'2023-07-03 00:45:29','2021-03-10 20:39:21'),(3207,20,3209,'NetworkPort','ocs-inventory-ng',NULL,0,0,0,1,'2023-07-03 00:45:29','2021-03-10 20:39:21'),(3208,20,3210,'NetworkPort','ocs-inventory-ng',NULL,0,0,0,1,'2023-07-03 00:45:29','2021-03-10 20:39:21'),(3209,20,3211,'NetworkPort','ocs-inventory-ng',NULL,0,0,0,1,'2023-07-03 00:45:29','2021-03-10 20:39:21'),(3210,20,3212,'NetworkPort','ocs-inventory-ng',NULL,0,0,0,1,'2023-07-03 00:45:29','2021-03-10 20:39:21'),(3211,20,3213,'NetworkPort','ocs-inventory-ng',NULL,0,0,0,1,'2023-07-03 00:45:29','2021-03-10 20:39:21'),(3212,20,3214,'NetworkPort','ocs-inventory-ng',NULL,0,0,0,1,'2023-07-03 00:45:29','2021-03-10 20:39:21'),(3213,1,3215,'NetworkPort','ocs-inventory-ng',NULL,0,0,0,1,'2021-03-10 20:40:29','2021-03-10 20:40:29'),(3214,1,3216,'NetworkPort','ocs-inventory-ng',NULL,0,0,0,1,'2021-03-10 20:40:29','2021-03-10 20:40:29'),(3215,1,3217,'NetworkPort','ocs-inventory-ng',NULL,0,0,0,1,'2021-03-10 20:40:29','2021-03-10 20:40:29'),(3216,1,3218,'NetworkPort','ocs-inventory-ng',NULL,0,0,0,1,'2021-03-10 20:40:29','2021-03-10 20:40:29'),(3217,1,3219,'NetworkPort','ocs-inventory-ng',NULL,0,0,0,1,'2021-03-10 20:40:29','2021-03-10 20:40:29'),(3218,1,3220,'NetworkPort','ocs-inventory-ng',NULL,0,0,0,1,'2021-03-10 20:40:29','2021-03-10 20:40:29'),(3219,1,3221,'NetworkPort','ocs-inventory-ng',NULL,0,0,0,1,'2021-03-10 20:40:29','2021-03-10 20:40:29'),(3220,1,3222,'NetworkPort','ocs-inventory-ng',NULL,0,0,0,1,'2021-03-10 20:40:29','2021-03-10 20:40:29'),(3221,1,3223,'NetworkPort','ocs-inventory-ng',NULL,0,0,0,1,'2021-03-10 20:40:29','2021-03-10 20:40:29'),(3222,1,3224,'NetworkPort','ocs-inventory-ng',NULL,0,0,0,1,'2021-03-10 20:40:29','2021-03-10 20:40:29'),(3223,1,3225,'NetworkPort','ocs-inventory-ng',NULL,0,0,0,1,'2021-03-10 20:40:29','2021-03-10 20:40:29'),(3224,1,3226,'NetworkPort','ocs-inventory-ng',NULL,0,0,0,1,'2021-03-10 20:40:29','2021-03-10 20:40:29'),(3225,1,3227,'NetworkPort','ocs-inventory-ng',NULL,0,0,0,1,'2021-03-10 20:40:29','2021-03-10 20:40:29'),(3226,1,3228,'NetworkPort','ocs-inventory-ng',NULL,0,0,0,1,'2021-03-10 20:40:29','2021-03-10 20:40:29'),(3227,1,3229,'NetworkPort','ocs-inventory-ng',NULL,0,0,0,1,'2021-03-10 20:40:29','2021-03-10 20:40:29'),(3228,1,3230,'NetworkPort','ocs-inventory-ng',NULL,0,0,0,1,'2021-03-10 20:40:29','2021-03-10 20:40:29'),(3229,1,3231,'NetworkPort','ocs-inventory-ng',NULL,0,0,0,1,'2021-03-10 20:40:29','2021-03-10 20:40:29'),(3230,1,3232,'NetworkPort','ocs-inventory-ng',NULL,0,0,0,1,'2021-03-10 20:40:29','2021-03-10 20:40:29'),(3231,1,3233,'NetworkPort','ocs-inventory-ng',NULL,0,0,0,1,'2021-03-10 20:41:01','2021-03-10 20:41:01'),(3232,1,3234,'NetworkPort','ocs-inventory-ng',NULL,0,0,0,1,'2021-03-10 20:41:55','2021-03-10 20:41:55'),(3233,1,3235,'NetworkPort','ocs-inventory-ng',NULL,0,0,0,1,'2021-03-10 20:41:55','2021-03-10 20:41:55'),(3234,21,3236,'NetworkPort','ocs-inventory-ng',NULL,0,0,0,1,'2023-07-02 01:55:24','2021-03-10 20:42:32'),(3235,15,3237,'NetworkPort','ocs-inventory-ng',NULL,0,0,0,1,'2023-01-19 20:30:01','2021-03-10 20:42:41'),(3236,21,3238,'NetworkPort','ocs-inventory-ng',NULL,0,0,0,1,'2023-07-02 19:24:07','2021-03-10 20:44:48'),(3237,15,3239,'NetworkPort','ocs-inventory-ng',NULL,0,0,0,1,'2023-01-19 20:30:00','2021-03-10 20:46:19'),(3238,2,3240,'NetworkPort','ocs-inventory-ng',NULL,0,0,0,1,'2021-03-10 20:46:38','2021-03-10 20:46:38'),(3239,1,3241,'NetworkPort','ocs-inventory-ng',NULL,0,0,0,1,'2021-03-10 20:46:49','2021-03-10 20:46:49'),(3240,2,3242,'NetworkPort','ocs-inventory-ng',NULL,0,0,0,1,'2021-03-10 20:47:49','2021-03-10 20:47:49'),(3241,1,3243,'NetworkPort','ocs-inventory-ng',NULL,0,0,0,1,'2021-03-10 20:47:59','2021-03-10 20:47:59'),(3242,2,3244,'NetworkPort','ocs-inventory-ng',NULL,0,0,0,1,'2021-03-10 20:48:29','2021-03-10 20:48:29'),(3243,1,3245,'NetworkPort','ocs-inventory-ng',NULL,0,0,0,1,'2021-03-10 20:48:45','2021-03-10 20:48:45'),(3244,1,3246,'NetworkPort','ocs-inventory-ng',NULL,0,0,0,1,'2021-03-10 20:48:58','2021-03-10 20:48:58'),(3245,15,3247,'NetworkPort','ocs-inventory-ng',NULL,0,0,0,1,'2023-07-03 02:13:08','2021-03-10 20:49:24'),(3246,15,3248,'NetworkPort','ocs-inventory-ng',NULL,0,0,0,1,'2023-07-03 02:13:08','2021-03-10 20:49:24'),(3247,2,3249,'NetworkPort','ocs-inventory-ng',NULL,0,0,0,1,'2021-03-10 20:50:00','2021-03-10 20:50:00'),(3248,2,3250,'NetworkPort','ocs-inventory-ng',NULL,0,0,0,1,'2021-03-10 20:50:00','2021-03-10 20:50:00'),(3249,1,3251,'NetworkPort','ocs-inventory-ng',NULL,0,0,0,1,'2021-03-10 20:50:10','2021-03-10 20:50:10'),(3250,1,3252,'NetworkPort','ocs-inventory-ng',NULL,0,0,0,1,'2021-03-10 20:50:10','2021-03-10 20:50:10'),(3251,1,3253,'NetworkPort','ocs-inventory-ng',NULL,0,0,0,1,'2021-03-10 20:50:10','2021-03-10 20:50:10'),(3252,1,3254,'NetworkPort','ocs-inventory-ng',NULL,0,0,0,1,'2021-03-10 20:50:10','2021-03-10 20:50:10'),(3253,1,3255,'NetworkPort','ocs-inventory-ng',NULL,0,0,0,1,'2021-03-10 20:50:10','2021-03-10 20:50:10'),(3254,15,3256,'NetworkPort','ocs-inventory-ng',NULL,0,0,0,1,'2023-01-19 20:29:49','2021-03-10 20:50:30'),(3255,15,3257,'NetworkPort','ocs-inventory-ng',NULL,0,0,0,1,'2023-01-19 20:29:49','2021-03-10 20:50:30'),(3256,1,3258,'NetworkPort','ocs-inventory-ng',NULL,0,0,0,1,'2021-03-10 20:50:55','2021-03-10 20:50:55'),(3257,1,3259,'NetworkPort','ocs-inventory-ng',NULL,0,0,0,1,'2021-03-10 20:50:55','2021-03-10 20:50:55'),(3258,1,3260,'NetworkPort','ocs-inventory-ng',NULL,0,0,0,1,'2021-03-10 20:51:06','2021-03-10 20:51:06'),(3259,1,3261,'NetworkPort','ocs-inventory-ng',NULL,0,0,0,1,'2023-09-04 15:54:42','2021-03-10 20:51:34'),(3260,22,3262,'NetworkPort','ocs-inventory-ng',NULL,0,0,0,1,'2023-07-02 21:18:06','2021-03-10 20:51:47'),(3261,1,3263,'NetworkPort','ocs-inventory-ng',NULL,0,0,0,1,'2021-03-10 20:52:21','2021-03-10 20:52:21'),(3262,1,3264,'NetworkPort','ocs-inventory-ng',NULL,0,0,0,1,'2021-03-10 20:52:21','2021-03-10 20:52:21'),(3263,1,3265,'NetworkPort','ocs-inventory-ng',NULL,0,0,0,1,'2021-03-10 20:52:21','2021-03-10 20:52:21'),(3264,1,3266,'NetworkPort','ocs-inventory-ng',NULL,0,0,0,1,'2021-03-10 20:52:21','2021-03-10 20:52:21'),(3265,1,3267,'NetworkPort','ocs-inventory-ng',NULL,0,0,0,1,'2021-03-10 20:52:33','2021-03-10 20:52:33'),(3266,1,3268,'NetworkPort','ocs-inventory-ng',NULL,0,0,0,1,'2021-03-10 20:52:33','2021-03-10 20:52:33'),(3267,22,3269,'NetworkPort','ocs-inventory-ng',NULL,0,0,0,1,'2023-07-02 01:51:27','2021-03-10 20:52:55'),(3268,22,3270,'NetworkPort','ocs-inventory-ng',NULL,0,0,0,1,'2023-07-02 01:51:27','2021-03-10 20:52:55'),(3269,22,3271,'NetworkPort','ocs-inventory-ng',NULL,0,0,0,1,'2023-07-02 01:51:27','2021-03-10 20:52:55'),(3270,22,3272,'NetworkPort','ocs-inventory-ng',NULL,0,0,0,1,'2023-07-02 01:51:27','2021-03-10 20:52:55'),(3271,22,3273,'NetworkPort','ocs-inventory-ng',NULL,0,0,0,1,'2023-07-02 01:51:27','2021-03-10 20:52:55'),(3272,22,3274,'NetworkPort','ocs-inventory-ng',NULL,0,0,0,1,'2023-07-02 01:51:27','2021-03-10 20:52:55'),(3273,22,3275,'NetworkPort','ocs-inventory-ng',NULL,0,0,0,1,'2023-07-02 01:51:27','2021-03-10 20:52:55'),(3274,22,3276,'NetworkPort','ocs-inventory-ng',NULL,0,0,0,1,'2023-07-02 01:51:27','2021-03-10 20:52:55'),(3275,22,3277,'NetworkPort','ocs-inventory-ng',NULL,0,0,0,1,'2023-07-02 01:51:27','2021-03-10 20:52:55'),(3276,21,3278,'NetworkPort','ocs-inventory-ng',NULL,0,0,0,1,'2023-07-02 19:23:58','2021-03-10 20:53:44'),(3277,1,3279,'NetworkPort','ocs-inventory-ng',NULL,0,0,0,1,'2021-03-10 20:53:55','2021-03-10 20:53:55'),(3278,21,3280,'NetworkPort','ocs-inventory-ng',NULL,0,0,0,1,'2023-07-02 19:24:02','2021-03-10 20:54:02'),(3279,21,3281,'NetworkPort','ocs-inventory-ng',NULL,0,0,0,1,'2023-07-02 19:24:02','2021-03-10 20:54:02'),(3280,21,3282,'NetworkPort','ocs-inventory-ng',NULL,0,0,0,1,'2023-07-02 19:24:02','2021-03-10 20:54:02'),(3281,21,3283,'NetworkPort','ocs-inventory-ng',NULL,0,0,0,1,'2023-07-02 19:24:02','2021-03-10 20:54:02'),(3282,22,3284,'NetworkPort','ocs-inventory-ng',NULL,0,0,0,1,'2023-07-02 21:18:22','2021-03-18 22:07:06'),(3283,22,3285,'NetworkPort','ocs-inventory-ng',NULL,0,0,0,1,'2023-07-02 21:18:22','2021-03-18 22:07:06'),(3284,22,3286,'NetworkPort','ocs-inventory-ng',NULL,0,0,0,1,'2023-07-02 21:18:22','2021-03-18 22:07:06'),(3285,22,3287,'NetworkPort','ocs-inventory-ng',NULL,0,0,0,1,'2023-07-02 21:18:22','2021-03-18 22:07:06'),(3286,22,3288,'NetworkPort','ocs-inventory-ng',NULL,0,0,0,1,'2023-07-02 21:18:22','2021-03-18 22:07:06'),(3287,22,3289,'NetworkPort','ocs-inventory-ng',NULL,0,0,0,1,'2023-07-02 21:18:22','2021-03-18 22:07:06'),(3288,22,3290,'NetworkPort','ocs-inventory-ng',NULL,0,0,0,1,'2023-07-02 21:18:22','2021-03-18 22:07:06'),(3289,15,3291,'NetworkPort','ocs-inventory-ng',NULL,0,0,0,1,'2022-10-05 15:06:54','2021-03-24 16:52:57'),(3290,15,3292,'NetworkPort','ocs-inventory-ng',NULL,0,0,0,1,'2022-10-05 15:06:54','2021-03-24 16:52:57'),(3291,15,3293,'NetworkPort','ocs-inventory-ng',NULL,0,0,0,1,'2022-10-05 15:06:54','2021-03-24 16:52:57'),(3292,15,3294,'NetworkPort','ocs-inventory-ng',NULL,0,0,0,1,'2022-10-05 15:06:54','2021-03-24 16:52:57'),(3293,15,3295,'NetworkPort','ocs-inventory-ng',NULL,0,0,0,1,'2022-10-05 15:06:54','2021-03-24 16:52:57'),(3294,15,3296,'NetworkPort','ocs-inventory-ng',NULL,0,0,0,1,'2022-10-05 15:06:54','2021-03-24 16:52:57'),(3295,15,3297,'NetworkPort','ocs-inventory-ng',NULL,0,0,0,1,'2022-10-05 15:06:54','2021-03-24 16:52:57'),(3296,1,3298,'NetworkPort','ocs-inventory-ng',NULL,0,0,0,1,'2021-03-24 19:20:45','2021-03-24 19:17:26'),(3297,1,3299,'NetworkPort','ocs-inventory-ng',NULL,0,0,0,1,'2021-03-24 19:20:45','2021-03-24 19:17:26'),(3298,1,3300,'NetworkPort','ocs-inventory-ng',NULL,0,0,0,1,'2021-03-24 19:20:45','2021-03-24 19:17:26'),(3299,1,3301,'NetworkPort','ocs-inventory-ng',NULL,0,0,0,1,'2021-03-24 19:20:45','2021-03-24 19:17:26'),(3300,1,3302,'NetworkPort','ocs-inventory-ng',NULL,0,0,0,1,'2021-03-24 19:20:45','2021-03-24 19:17:26'),(3301,1,3303,'NetworkPort','ocs-inventory-ng',NULL,0,0,0,1,'2021-03-24 19:20:45','2021-03-24 19:17:26'),(3302,1,3304,'NetworkPort','ocs-inventory-ng',NULL,0,0,0,1,'2021-03-24 19:20:45','2021-03-24 19:17:26'),(3303,21,3305,'NetworkPort','ocs-inventory-ng',NULL,0,0,0,1,'2023-07-02 19:30:49','2021-03-24 19:59:08'),(3304,21,3306,'NetworkPort','ocs-inventory-ng',NULL,0,0,0,1,'2023-07-02 19:30:49','2021-03-24 19:59:08'),(3305,21,3307,'NetworkPort','ocs-inventory-ng',NULL,0,0,0,1,'2023-07-02 19:30:49','2021-03-24 19:59:08'),(3306,21,3308,'NetworkPort','ocs-inventory-ng',NULL,0,0,0,1,'2023-07-02 19:30:49','2021-03-24 19:59:08'),(3307,21,3309,'NetworkPort','ocs-inventory-ng',NULL,0,0,0,1,'2023-07-02 19:30:49','2021-03-24 19:59:08'),(3308,21,3310,'NetworkPort','ocs-inventory-ng',NULL,0,0,0,1,'2023-07-02 19:30:49','2021-03-24 19:59:08'),(3309,21,3311,'NetworkPort','ocs-inventory-ng',NULL,0,0,0,1,'2023-07-02 19:30:49','2021-03-24 19:59:08'),(3310,1,3312,'NetworkPort','ocs-inventory-ng',NULL,0,0,0,1,'2021-04-05 16:23:21','2021-03-31 18:11:05'),(3311,1,3313,'NetworkPort','ocs-inventory-ng',NULL,0,0,0,1,'2021-04-05 16:23:21','2021-03-31 18:11:05'),(3312,1,3314,'NetworkPort','ocs-inventory-ng',NULL,0,0,0,1,'2021-04-05 16:23:21','2021-03-31 18:11:05'),(3313,1,3315,'NetworkPort','ocs-inventory-ng',NULL,0,0,0,1,'2021-04-05 16:23:21','2021-03-31 18:11:05'),(3314,1,3316,'NetworkPort','ocs-inventory-ng',NULL,0,0,0,1,'2021-04-05 16:23:21','2021-03-31 18:11:05'),(3315,1,3317,'NetworkPort','ocs-inventory-ng',NULL,0,0,0,1,'2021-04-05 16:23:21','2021-03-31 18:11:05'),(3316,1,3318,'NetworkPort','ocs-inventory-ng',NULL,0,0,0,1,'2021-04-05 16:23:21','2021-03-31 18:11:05'),(3317,22,3319,'NetworkPort','ocs-inventory-ng',NULL,0,0,0,1,'2023-07-02 21:18:23','2021-04-05 16:22:34'),(3318,22,3320,'NetworkPort','ocs-inventory-ng',NULL,0,0,0,1,'2023-07-02 21:18:23','2021-04-05 16:22:34'),(3319,22,3321,'NetworkPort','ocs-inventory-ng',NULL,0,0,0,1,'2023-07-02 21:18:23','2021-04-05 16:22:34'),(3320,22,3322,'NetworkPort','ocs-inventory-ng',NULL,0,0,0,1,'2023-07-02 21:18:23','2021-04-05 16:22:34'),(3321,22,3323,'NetworkPort','ocs-inventory-ng',NULL,0,0,0,1,'2023-07-02 21:18:23','2021-04-05 16:22:34'),(3322,22,3324,'NetworkPort','ocs-inventory-ng',NULL,0,0,0,1,'2023-07-02 21:18:23','2021-04-05 16:22:34'),(3323,22,3325,'NetworkPort','ocs-inventory-ng',NULL,0,0,0,1,'2023-07-02 21:18:23','2021-04-05 16:22:34'),(3324,1,3326,'NetworkPort','ocs-inventory-ng',NULL,0,0,0,1,'2021-04-06 18:35:48','2021-04-06 18:35:16'),(3325,1,3327,'NetworkPort','ocs-inventory-ng',NULL,0,0,0,1,'2021-04-06 18:35:48','2021-04-06 18:35:16'),(3326,1,3328,'NetworkPort','ocs-inventory-ng',NULL,0,0,0,1,'2021-04-06 18:35:48','2021-04-06 18:35:16'),(3327,1,3329,'NetworkPort','ocs-inventory-ng',NULL,0,0,0,1,'2021-04-06 18:35:48','2021-04-06 18:35:16'),(3328,1,3330,'NetworkPort','ocs-inventory-ng',NULL,0,0,0,1,'2021-04-06 18:35:48','2021-04-06 18:35:16'),(3329,1,3331,'NetworkPort','ocs-inventory-ng',NULL,0,0,0,1,'2021-04-06 18:35:48','2021-04-06 18:35:16'),(3330,1,3332,'NetworkPort','ocs-inventory-ng',NULL,0,0,0,1,'2021-04-06 18:35:48','2021-04-06 18:35:16'),(3331,1,3333,'NetworkPort','ocs-inventory-ng',NULL,0,0,0,1,'2021-04-07 18:52:47','2021-04-07 18:41:44'),(3332,1,3334,'NetworkPort','ocs-inventory-ng',NULL,0,0,0,1,'2021-04-07 18:52:47','2021-04-07 18:41:44'),(3333,1,3335,'NetworkPort','ocs-inventory-ng',NULL,0,0,0,1,'2021-04-07 18:52:47','2021-04-07 18:41:44'),(3334,1,3336,'NetworkPort','ocs-inventory-ng',NULL,0,0,0,1,'2021-04-07 18:52:47','2021-04-07 18:41:44'),(3335,1,3337,'NetworkPort','ocs-inventory-ng',NULL,0,0,0,1,'2021-04-07 18:52:47','2021-04-07 18:41:44'),(3336,1,3338,'NetworkPort','ocs-inventory-ng',NULL,0,0,0,1,'2021-04-07 18:52:47','2021-04-07 18:41:44'),(3337,1,3339,'NetworkPort','ocs-inventory-ng',NULL,0,0,0,1,'2021-04-07 18:52:47','2021-04-07 18:41:44'),(3338,17,3340,'NetworkPort','ocs-inventory-ng',NULL,0,0,0,1,'2022-08-24 12:42:08','2021-04-09 20:40:18'),(3339,17,3341,'NetworkPort','ocs-inventory-ng',NULL,0,0,0,1,'2022-08-24 12:42:08','2021-04-09 20:40:18'),(3340,17,3342,'NetworkPort','ocs-inventory-ng',NULL,0,0,0,1,'2022-08-24 12:42:08','2021-04-09 20:40:18'),(3341,17,3343,'NetworkPort','ocs-inventory-ng',NULL,0,0,0,1,'2022-08-24 12:42:08','2021-04-09 20:40:18'),(3342,17,3344,'NetworkPort','ocs-inventory-ng',NULL,0,0,0,1,'2022-08-24 12:42:08','2021-04-09 20:40:18'),(3343,17,3345,'NetworkPort','ocs-inventory-ng',NULL,0,0,0,1,'2022-08-24 12:42:08','2021-04-09 20:40:18'),(3344,17,3346,'NetworkPort','ocs-inventory-ng',NULL,0,0,0,1,'2022-08-24 12:42:08','2021-04-09 20:40:18'),(3345,22,3347,'NetworkPort','ocs-inventory-ng',NULL,0,0,0,1,'2023-07-02 21:21:03','2021-04-12 16:38:25'),(3346,22,3348,'NetworkPort','ocs-inventory-ng',NULL,0,0,0,1,'2023-07-02 21:21:03','2021-04-12 16:38:25'),(3347,22,3349,'NetworkPort','ocs-inventory-ng',NULL,0,0,0,1,'2023-07-02 21:21:03','2021-04-12 16:38:25'),(3348,22,3350,'NetworkPort','ocs-inventory-ng',NULL,0,0,0,1,'2023-07-02 21:21:03','2021-04-12 16:38:25'),(3349,22,3351,'NetworkPort','ocs-inventory-ng',NULL,0,0,0,1,'2023-07-02 21:21:03','2021-04-12 16:38:25'),(3350,22,3352,'NetworkPort','ocs-inventory-ng',NULL,0,0,0,1,'2023-07-02 21:21:03','2021-04-12 16:38:25'),(3351,22,3353,'NetworkPort','ocs-inventory-ng',NULL,0,0,0,1,'2023-07-02 21:21:03','2021-04-12 16:38:25'),(3352,1,3354,'NetworkPort','ocs-inventory-ng',NULL,0,0,0,1,'2021-04-15 15:11:48','2021-04-15 15:11:12'),(3353,1,3355,'NetworkPort','ocs-inventory-ng',NULL,0,0,0,1,'2021-04-15 15:11:48','2021-04-15 15:11:12'),(3354,1,3356,'NetworkPort','ocs-inventory-ng',NULL,0,0,0,1,'2021-04-15 15:11:48','2021-04-15 15:11:12'),(3355,1,3357,'NetworkPort','ocs-inventory-ng',NULL,0,0,0,1,'2021-04-15 15:11:48','2021-04-15 15:11:12'),(3356,1,3358,'NetworkPort','ocs-inventory-ng',NULL,0,0,0,1,'2021-04-15 15:11:48','2021-04-15 15:11:12'),(3357,1,3359,'NetworkPort','ocs-inventory-ng',NULL,0,0,0,1,'2021-04-15 15:11:48','2021-04-15 15:11:12'),(3358,1,3360,'NetworkPort','ocs-inventory-ng',NULL,0,0,0,1,'2021-04-15 15:11:48','2021-04-15 15:11:12'),(3359,1,3361,'NetworkPort','ocs-inventory-ng',NULL,0,0,0,1,'2021-04-16 22:23:14','2021-04-16 22:22:38'),(3360,1,3362,'NetworkPort','ocs-inventory-ng',NULL,0,0,0,1,'2021-04-16 22:23:14','2021-04-16 22:22:38'),(3361,1,3363,'NetworkPort','ocs-inventory-ng',NULL,0,0,0,1,'2021-04-16 22:23:14','2021-04-16 22:22:38'),(3362,1,3364,'NetworkPort','ocs-inventory-ng',NULL,0,0,0,1,'2021-04-16 22:23:14','2021-04-16 22:22:38'),(3363,2,3365,'NetworkPort','ocs-inventory-ng',NULL,0,0,0,1,'2021-04-19 14:49:58','2021-04-19 14:48:17'),(3364,2,3366,'NetworkPort','ocs-inventory-ng',NULL,0,0,0,1,'2021-04-19 14:49:58','2021-04-19 14:48:17'),(3365,2,3367,'NetworkPort','ocs-inventory-ng',NULL,0,0,0,1,'2021-04-19 14:49:58','2021-04-19 14:48:17'),(3366,2,3368,'NetworkPort','ocs-inventory-ng',NULL,0,0,0,1,'2021-04-19 14:49:58','2021-04-19 14:48:17'),(3367,2,3369,'NetworkPort','ocs-inventory-ng',NULL,0,0,0,1,'2021-04-19 14:49:58','2021-04-19 14:48:17'),(3368,2,3370,'NetworkPort','ocs-inventory-ng',NULL,0,0,0,1,'2021-04-19 14:49:58','2021-04-19 14:48:17'),(3369,1,3371,'NetworkPort','ocs-inventory-ng',NULL,0,0,0,1,'2022-09-16 18:07:11','2021-04-22 16:16:07'),(3370,1,3372,'NetworkPort','ocs-inventory-ng',NULL,0,0,0,1,'2022-09-16 18:07:11','2021-04-22 16:16:07'),(3371,1,3373,'NetworkPort','ocs-inventory-ng',NULL,0,0,0,1,'2022-09-16 18:07:11','2021-04-22 16:16:07'),(3372,1,3374,'NetworkPort','ocs-inventory-ng',NULL,0,0,0,1,'2022-09-16 18:07:11','2021-04-22 16:16:07'),(3373,1,3375,'NetworkPort','ocs-inventory-ng',NULL,0,0,0,1,'2022-09-16 18:07:11','2021-04-22 16:16:07'),(3374,1,3376,'NetworkPort','ocs-inventory-ng',NULL,0,0,0,1,'2022-09-16 18:07:11','2021-04-22 16:16:07'),(3375,1,3377,'NetworkPort','ocs-inventory-ng',NULL,0,0,0,1,'2022-09-16 18:07:11','2021-04-22 16:16:07'),(3378,1,3380,'NetworkPort','ocs-inventory-ng',NULL,0,0,0,1,'2021-04-26 21:52:09','2021-04-26 16:44:47'),(3379,1,3381,'NetworkPort','ocs-inventory-ng',NULL,0,0,0,1,'2021-04-26 21:52:09','2021-04-26 16:44:47'),(3380,1,3382,'NetworkPort','ocs-inventory-ng',NULL,0,0,0,1,'2021-04-26 21:52:09','2021-04-26 16:44:47'),(3381,1,3383,'NetworkPort','ocs-inventory-ng',NULL,0,0,0,1,'2021-04-26 21:52:09','2021-04-26 16:44:47'),(3382,1,3384,'NetworkPort','ocs-inventory-ng',NULL,0,0,0,1,'2021-04-26 21:52:09','2021-04-26 16:44:47'),(3383,1,3385,'NetworkPort','ocs-inventory-ng',NULL,0,0,0,1,'2021-04-26 21:52:09','2021-04-26 16:44:47'),(3384,1,3386,'NetworkPort','ocs-inventory-ng',NULL,0,0,0,1,'2021-04-26 21:52:09','2021-04-26 16:44:47'),(3385,1,3387,'NetworkPort','ocs-inventory-ng',NULL,0,0,0,1,'2021-04-26 21:52:09','2021-04-26 21:44:58'),(3386,1,3388,'NetworkPort','ocs-inventory-ng',NULL,0,0,0,1,'2021-04-26 21:52:09','2021-04-26 21:44:58'),(3387,1,3389,'NetworkPort','ocs-inventory-ng',NULL,0,0,0,1,'2021-04-26 21:52:09','2021-04-26 21:44:58'),(3388,1,3390,'NetworkPort','ocs-inventory-ng',NULL,0,0,0,1,'2021-04-26 21:52:09','2021-04-26 21:44:58'),(3389,1,3391,'NetworkPort','ocs-inventory-ng',NULL,0,0,0,1,'2021-04-26 21:52:09','2021-04-26 21:44:58'),(3390,1,3392,'NetworkPort','ocs-inventory-ng',NULL,0,0,0,1,'2021-04-26 21:52:09','2021-04-26 21:44:58'),(3391,1,3393,'NetworkPort','ocs-inventory-ng',NULL,0,0,0,1,'2021-04-26 21:52:09','2021-04-26 21:44:58'),(3392,2,3394,'NetworkPort','ocs-inventory-ng',NULL,0,0,0,1,'2021-04-27 18:18:03','2021-04-27 18:15:32'),(3393,2,3395,'NetworkPort','ocs-inventory-ng',NULL,0,0,0,1,'2021-04-27 18:18:03','2021-04-27 18:15:32'),(3394,2,3396,'NetworkPort','ocs-inventory-ng',NULL,0,0,0,1,'2021-04-27 18:18:03','2021-04-27 18:15:32'),(3395,2,3397,'NetworkPort','ocs-inventory-ng',NULL,0,0,0,1,'2021-04-27 18:18:03','2021-04-27 18:15:32'),(3396,2,3398,'NetworkPort','ocs-inventory-ng',NULL,0,0,0,1,'2021-04-27 18:18:03','2021-04-27 18:15:32'),(3397,2,3399,'NetworkPort','ocs-inventory-ng',NULL,0,0,0,1,'2021-04-27 18:18:03','2021-04-27 18:15:32'),(3398,22,3400,'NetworkPort','ocs-inventory-ng',NULL,0,0,0,1,'2023-07-02 21:21:05','2021-04-27 19:41:31'),(3399,22,3401,'NetworkPort','ocs-inventory-ng',NULL,0,0,0,1,'2023-07-02 21:21:05','2021-04-27 19:41:31'),(3400,22,3402,'NetworkPort','ocs-inventory-ng',NULL,0,0,0,1,'2023-07-02 21:21:05','2021-04-27 19:41:31'),(3401,22,3403,'NetworkPort','ocs-inventory-ng',NULL,0,0,0,1,'2023-07-02 21:21:05','2021-04-27 19:41:31'),(3402,22,3404,'NetworkPort','ocs-inventory-ng',NULL,0,0,0,1,'2023-07-02 21:21:05','2021-04-27 19:41:31'),(3403,22,3405,'NetworkPort','ocs-inventory-ng',NULL,0,0,0,1,'2023-07-02 21:21:05','2021-04-27 19:41:31'),(3404,22,3406,'NetworkPort','ocs-inventory-ng',NULL,0,0,0,1,'2023-07-02 21:21:05','2021-04-27 19:41:31'),(3405,21,3407,'NetworkPort','ocs-inventory-ng',NULL,0,0,0,1,'2023-07-02 19:24:14','2021-04-29 16:14:36'),(3406,21,3408,'NetworkPort','ocs-inventory-ng',NULL,0,0,0,1,'2023-07-02 19:24:14','2021-04-29 16:14:36'),(3407,21,3409,'NetworkPort','ocs-inventory-ng',NULL,0,0,0,1,'2023-07-02 19:24:14','2021-04-29 16:14:36'),(3408,21,3410,'NetworkPort','ocs-inventory-ng',NULL,0,0,0,1,'2023-07-02 19:24:14','2021-04-29 16:14:36'),(3409,21,3411,'NetworkPort','ocs-inventory-ng',NULL,0,0,0,1,'2023-07-02 19:24:14','2021-04-29 16:14:36'),(3410,21,3412,'NetworkPort','ocs-inventory-ng',NULL,0,0,0,1,'2023-07-02 19:24:14','2021-04-29 16:14:36'),(3411,21,3413,'NetworkPort','ocs-inventory-ng',NULL,0,0,0,1,'2023-07-02 19:24:14','2021-04-29 16:14:36'),(3412,21,3414,'NetworkPort','ocs-inventory-ng',NULL,0,0,0,1,'2023-07-02 19:30:50','2021-04-29 16:21:13'),(3413,21,3415,'NetworkPort','ocs-inventory-ng',NULL,0,0,0,1,'2023-07-02 19:30:50','2021-04-29 16:21:13'),(3414,21,3416,'NetworkPort','ocs-inventory-ng',NULL,0,0,0,1,'2023-07-02 19:30:50','2021-04-29 16:21:13'),(3415,21,3417,'NetworkPort','ocs-inventory-ng',NULL,0,0,0,1,'2023-07-02 19:30:50','2021-04-29 16:21:13'),(3416,21,3418,'NetworkPort','ocs-inventory-ng',NULL,0,0,0,1,'2023-07-02 19:30:50','2021-04-29 16:21:13'),(3417,21,3419,'NetworkPort','ocs-inventory-ng',NULL,0,0,0,1,'2023-07-02 19:30:50','2021-04-29 16:21:13'),(3418,21,3420,'NetworkPort','ocs-inventory-ng',NULL,0,0,0,1,'2023-07-02 19:35:53','2021-04-29 18:39:13'),(3419,21,3421,'NetworkPort','ocs-inventory-ng',NULL,0,0,0,1,'2023-07-02 19:35:53','2021-04-29 18:39:13'),(3420,21,3422,'NetworkPort','ocs-inventory-ng',NULL,0,0,0,1,'2023-07-02 19:35:53','2021-04-29 18:39:13'),(3421,21,3423,'NetworkPort','ocs-inventory-ng',NULL,0,0,0,1,'2023-07-02 19:35:53','2021-04-29 18:39:13'),(3422,21,3424,'NetworkPort','ocs-inventory-ng',NULL,0,0,0,1,'2023-07-02 19:35:53','2021-04-29 18:39:13'),(3423,21,3425,'NetworkPort','ocs-inventory-ng',NULL,0,0,0,1,'2023-07-02 19:35:53','2021-04-29 18:39:13'),(3424,21,3426,'NetworkPort','ocs-inventory-ng',NULL,0,0,0,1,'2023-07-02 19:35:53','2021-04-29 18:39:13'),(3425,21,3427,'NetworkPort','ocs-inventory-ng',NULL,0,0,0,1,'2023-07-02 19:35:54','2021-04-29 21:49:21'),(3426,21,3428,'NetworkPort','ocs-inventory-ng',NULL,0,0,0,1,'2023-07-02 19:35:54','2021-04-29 21:49:21'),(3427,21,3429,'NetworkPort','ocs-inventory-ng',NULL,0,0,0,1,'2023-07-02 19:35:54','2021-04-29 21:49:21'),(3428,21,3430,'NetworkPort','ocs-inventory-ng',NULL,0,0,0,1,'2023-07-02 19:35:54','2021-04-29 21:49:21'),(3429,21,3431,'NetworkPort','ocs-inventory-ng',NULL,0,0,0,1,'2023-07-02 19:35:54','2021-04-29 21:49:21'),(3430,21,3432,'NetworkPort','ocs-inventory-ng',NULL,0,0,0,1,'2023-07-02 19:35:54','2021-04-29 21:49:21'),(3431,21,3433,'NetworkPort','ocs-inventory-ng',NULL,0,0,0,1,'2023-07-02 19:35:54','2021-04-29 21:49:21'),(3432,22,3434,'NetworkPort','ocs-inventory-ng',NULL,0,0,0,1,'2023-07-02 21:25:31','2021-04-30 19:50:08'),(3433,22,3435,'NetworkPort','ocs-inventory-ng',NULL,0,0,0,1,'2023-07-02 21:25:31','2021-04-30 19:50:08'),(3434,22,3436,'NetworkPort','ocs-inventory-ng',NULL,0,0,0,1,'2023-07-02 21:25:31','2021-04-30 19:50:08'),(3435,22,3437,'NetworkPort','ocs-inventory-ng',NULL,0,0,0,1,'2023-07-02 21:25:31','2021-04-30 19:50:08'),(3436,22,3438,'NetworkPort','ocs-inventory-ng',NULL,0,0,0,1,'2023-07-02 21:25:31','2021-04-30 19:50:08'),(3437,22,3439,'NetworkPort','ocs-inventory-ng',NULL,0,0,0,1,'2023-07-02 21:25:31','2021-04-30 19:50:08'),(3438,21,3440,'NetworkPort','ocs-inventory-ng',NULL,0,0,0,1,'2023-07-02 19:24:14','2021-05-03 19:01:38'),(3439,21,3441,'NetworkPort','ocs-inventory-ng',NULL,0,0,0,1,'2023-07-02 19:24:14','2021-05-03 19:01:38'),(3440,21,3442,'NetworkPort','ocs-inventory-ng',NULL,0,0,0,1,'2023-07-02 19:24:14','2021-05-03 19:01:38'),(3441,21,3443,'NetworkPort','ocs-inventory-ng',NULL,0,0,0,1,'2023-07-02 19:24:14','2021-05-03 19:01:38'),(3442,21,3444,'NetworkPort','ocs-inventory-ng',NULL,0,0,0,1,'2023-07-02 19:24:14','2021-05-03 19:01:38'),(3443,21,3445,'NetworkPort','ocs-inventory-ng',NULL,0,0,0,1,'2023-07-02 19:24:14','2021-05-03 19:01:38'),(3444,21,3446,'NetworkPort','ocs-inventory-ng',NULL,0,0,0,1,'2023-07-02 19:24:14','2021-05-03 19:01:38'),(3445,22,3447,'NetworkPort','ocs-inventory-ng',NULL,0,0,0,1,'2023-07-02 21:18:25','2021-05-03 19:50:59'),(3446,22,3448,'NetworkPort','ocs-inventory-ng',NULL,0,0,0,1,'2023-07-02 21:18:25','2021-05-03 19:50:59'),(3447,22,3449,'NetworkPort','ocs-inventory-ng',NULL,0,0,0,1,'2023-07-02 21:18:25','2021-05-03 19:50:59'),(3448,22,3450,'NetworkPort','ocs-inventory-ng',NULL,0,0,0,1,'2023-07-02 21:18:25','2021-05-03 19:50:59'),(3449,22,3451,'NetworkPort','ocs-inventory-ng',NULL,0,0,0,1,'2023-07-02 21:18:25','2021-05-03 19:50:59'),(3450,22,3452,'NetworkPort','ocs-inventory-ng',NULL,0,0,0,1,'2023-07-02 21:18:25','2021-05-03 19:50:59'),(3451,22,3453,'NetworkPort','ocs-inventory-ng',NULL,0,0,0,1,'2023-07-02 21:18:25','2021-05-03 19:50:59'),(3452,15,3454,'NetworkPort','ocs-inventory-ng',NULL,0,0,0,1,'2023-01-19 20:30:10','2021-05-03 20:57:32'),(3453,15,3455,'NetworkPort','ocs-inventory-ng',NULL,0,0,0,1,'2023-01-19 20:30:10','2021-05-03 20:57:32'),(3454,15,3456,'NetworkPort','ocs-inventory-ng',NULL,0,0,0,1,'2023-01-19 20:30:10','2021-05-03 20:57:32'),(3455,15,3457,'NetworkPort','ocs-inventory-ng',NULL,0,0,0,1,'2023-01-19 20:30:10','2021-05-03 20:57:32'),(3456,15,3458,'NetworkPort','ocs-inventory-ng',NULL,0,0,0,1,'2023-01-19 20:30:10','2021-05-03 20:57:32'),(3457,15,3459,'NetworkPort','ocs-inventory-ng',NULL,0,0,0,1,'2023-01-19 20:30:10','2021-05-03 20:57:32'),(3458,15,3460,'NetworkPort','ocs-inventory-ng',NULL,0,0,0,1,'2023-01-19 20:30:10','2021-05-03 20:57:32'),(3459,1,3461,'NetworkPort','ocs-inventory-ng',NULL,0,0,0,1,'2021-05-04 16:09:29','2021-05-04 16:08:41'),(3460,1,3462,'NetworkPort','ocs-inventory-ng',NULL,0,0,0,1,'2021-05-04 16:09:29','2021-05-04 16:08:41'),(3461,1,3463,'NetworkPort','ocs-inventory-ng',NULL,0,0,0,1,'2021-05-04 16:09:29','2021-05-04 16:08:41'),(3462,1,3464,'NetworkPort','ocs-inventory-ng',NULL,0,0,0,1,'2021-05-04 16:09:29','2021-05-04 16:08:41'),(3463,1,3465,'NetworkPort','ocs-inventory-ng',NULL,0,0,0,1,'2021-05-04 16:09:29','2021-05-04 16:08:41'),(3464,1,3466,'NetworkPort','ocs-inventory-ng',NULL,0,0,0,1,'2021-05-04 16:09:29','2021-05-04 16:08:41'),(3465,1,3467,'NetworkPort','ocs-inventory-ng',NULL,0,0,0,1,'2021-05-04 16:09:29','2021-05-04 16:08:41'),(3466,1,3468,'NetworkPort','ocs-inventory-ng',NULL,0,0,0,1,'2021-05-07 16:51:13','2021-05-07 16:28:25'),(3467,1,3469,'NetworkPort','ocs-inventory-ng',NULL,0,0,0,1,'2021-05-07 16:51:13','2021-05-07 16:28:25'),(3468,1,3470,'NetworkPort','ocs-inventory-ng',NULL,0,0,0,1,'2021-05-07 16:51:13','2021-05-07 16:28:25'),(3469,1,3471,'NetworkPort','ocs-inventory-ng',NULL,0,0,0,1,'2021-05-07 16:51:13','2021-05-07 16:28:25'),(3470,1,3472,'NetworkPort','ocs-inventory-ng',NULL,0,0,0,1,'2021-05-07 16:51:13','2021-05-07 16:28:25'),(3471,21,3473,'NetworkPort','ocs-inventory-ng',NULL,0,0,0,1,'2023-07-02 19:35:56','2021-05-07 16:37:14'),(3472,21,3474,'NetworkPort','ocs-inventory-ng',NULL,0,0,0,1,'2023-07-02 19:35:56','2021-05-07 16:37:14'),(3473,21,3475,'NetworkPort','ocs-inventory-ng',NULL,0,0,0,1,'2023-07-02 19:35:56','2021-05-07 16:37:14'),(3474,21,3476,'NetworkPort','ocs-inventory-ng',NULL,0,0,0,1,'2023-07-02 19:35:56','2021-05-07 16:37:14'),(3475,21,3477,'NetworkPort','ocs-inventory-ng',NULL,0,0,0,1,'2023-07-02 19:35:56','2021-05-07 16:37:14'),(3476,21,3478,'NetworkPort','ocs-inventory-ng',NULL,0,0,0,1,'2023-07-02 19:35:56','2021-05-07 16:37:14'),(3477,21,3479,'NetworkPort','ocs-inventory-ng',NULL,0,0,0,1,'2023-07-02 19:35:56','2021-05-07 16:37:14'),(3478,1,3480,'NetworkPort','ocs-inventory-ng',NULL,0,0,0,1,'2021-05-07 16:51:13','2021-05-07 16:47:31'),(3479,1,3481,'NetworkPort','ocs-inventory-ng',NULL,0,0,0,1,'2021-05-07 16:51:13','2021-05-07 16:47:31'),(3480,1,3482,'NetworkPort','ocs-inventory-ng',NULL,0,0,0,1,'2021-05-07 16:51:13','2021-05-07 16:47:31'),(3481,1,3483,'NetworkPort','ocs-inventory-ng',NULL,0,0,0,1,'2021-05-07 16:51:13','2021-05-07 16:47:31'),(3482,1,3484,'NetworkPort','ocs-inventory-ng',NULL,0,0,0,1,'2021-05-07 16:51:13','2021-05-07 16:47:31'),(3483,1,3485,'NetworkPort','ocs-inventory-ng',NULL,0,0,0,1,'2021-05-07 16:51:13','2021-05-07 16:47:31'),(3484,22,3486,'NetworkPort','ocs-inventory-ng',NULL,0,0,0,1,'2023-07-02 21:18:26','2021-05-10 20:56:31'),(3485,22,3487,'NetworkPort','ocs-inventory-ng',NULL,0,0,0,1,'2023-07-02 21:18:26','2021-05-10 20:56:31'),(3486,22,3488,'NetworkPort','ocs-inventory-ng',NULL,0,0,0,1,'2023-07-02 21:18:26','2021-05-10 20:56:31'),(3487,22,3489,'NetworkPort','ocs-inventory-ng',NULL,0,0,0,1,'2023-07-02 21:18:26','2021-05-10 20:56:31'),(3488,22,3490,'NetworkPort','ocs-inventory-ng',NULL,0,0,0,1,'2023-07-02 21:18:26','2021-05-10 20:56:31'),(3489,22,3491,'NetworkPort','ocs-inventory-ng',NULL,0,0,0,1,'2023-07-02 21:18:26','2021-05-10 20:56:31'),(3490,22,3492,'NetworkPort','ocs-inventory-ng',NULL,0,0,0,1,'2023-07-02 21:18:26','2021-05-10 20:56:31'),(3491,22,3493,'NetworkPort','ocs-inventory-ng',NULL,0,0,0,1,'2023-07-02 21:25:34','2021-05-10 20:56:38'),(3492,22,3494,'NetworkPort','ocs-inventory-ng',NULL,0,0,0,1,'2023-07-02 21:25:34','2021-05-10 20:56:38'),(3493,22,3495,'NetworkPort','ocs-inventory-ng',NULL,0,0,0,1,'2023-07-02 21:25:34','2021-05-10 20:56:38'),(3494,22,3496,'NetworkPort','ocs-inventory-ng',NULL,0,0,0,1,'2023-07-02 21:25:34','2021-05-10 20:56:38'),(3495,22,3497,'NetworkPort','ocs-inventory-ng',NULL,0,0,0,1,'2023-07-02 21:25:34','2021-05-10 20:56:38'),(3496,22,3498,'NetworkPort','ocs-inventory-ng',NULL,0,0,0,1,'2023-07-02 21:25:34','2021-05-10 20:56:38'),(3497,22,3499,'NetworkPort','ocs-inventory-ng',NULL,0,0,0,1,'2023-07-02 21:25:34','2021-05-10 20:56:38'),(3498,22,3500,'NetworkPort','ocs-inventory-ng',NULL,0,0,0,1,'2023-07-02 21:15:24','2021-05-10 20:56:46'),(3499,22,3501,'NetworkPort','ocs-inventory-ng',NULL,0,0,0,1,'2023-07-02 21:15:24','2021-05-10 20:56:46'),(3500,22,3502,'NetworkPort','ocs-inventory-ng',NULL,0,0,0,1,'2023-07-02 21:15:24','2021-05-10 20:56:46'),(3501,22,3503,'NetworkPort','ocs-inventory-ng',NULL,0,0,0,1,'2023-07-02 21:15:24','2021-05-10 20:56:46'),(3502,22,3504,'NetworkPort','ocs-inventory-ng',NULL,0,0,0,1,'2023-07-02 21:15:24','2021-05-10 20:56:46'),(3503,22,3505,'NetworkPort','ocs-inventory-ng',NULL,0,0,0,1,'2023-07-02 21:15:24','2021-05-10 20:56:46'),(3504,22,3506,'NetworkPort','ocs-inventory-ng',NULL,0,0,0,1,'2023-07-02 21:15:24','2021-05-10 20:56:46'),(3505,21,3507,'NetworkPort','ocs-inventory-ng',NULL,0,0,0,1,'2023-07-02 19:35:58','2021-05-11 17:45:23'),(3506,21,3508,'NetworkPort','ocs-inventory-ng',NULL,0,0,0,1,'2023-07-02 19:35:58','2021-05-11 17:45:23'),(3507,21,3509,'NetworkPort','ocs-inventory-ng',NULL,0,0,0,1,'2023-07-02 19:35:58','2021-05-11 17:45:23'),(3508,21,3510,'NetworkPort','ocs-inventory-ng',NULL,0,0,0,1,'2023-07-02 19:35:58','2021-05-11 17:45:23'),(3509,21,3511,'NetworkPort','ocs-inventory-ng',NULL,0,0,0,1,'2023-07-02 19:35:58','2021-05-11 17:45:23'),(3510,21,3512,'NetworkPort','ocs-inventory-ng',NULL,0,0,0,1,'2023-07-02 19:35:58','2021-05-11 17:45:23'),(3511,21,3513,'NetworkPort','ocs-inventory-ng',NULL,0,0,0,1,'2023-07-02 19:35:58','2021-05-11 17:45:23'),(3512,22,3514,'NetworkPort','ocs-inventory-ng',NULL,0,0,0,1,'2023-07-02 21:25:36','2021-05-11 17:45:30'),(3513,22,3515,'NetworkPort','ocs-inventory-ng',NULL,0,0,0,1,'2023-07-02 21:25:36','2021-05-11 17:45:30'),(3514,22,3516,'NetworkPort','ocs-inventory-ng',NULL,0,0,0,1,'2023-07-02 21:25:36','2021-05-11 17:45:30'),(3515,22,3517,'NetworkPort','ocs-inventory-ng',NULL,0,0,0,1,'2023-07-02 21:25:36','2021-05-11 17:45:30'),(3516,22,3518,'NetworkPort','ocs-inventory-ng',NULL,0,0,0,1,'2023-07-02 21:25:36','2021-05-11 17:45:30'),(3517,1,3519,'NetworkPort','ocs-inventory-ng',NULL,0,0,0,1,'2021-05-14 18:10:09','2021-05-14 18:09:19'),(3518,1,3520,'NetworkPort','ocs-inventory-ng',NULL,0,0,0,1,'2021-05-14 18:10:09','2021-05-14 18:09:19'),(3519,1,3521,'NetworkPort','ocs-inventory-ng',NULL,0,0,0,1,'2021-05-14 18:10:09','2021-05-14 18:09:19'),(3520,1,3522,'NetworkPort','ocs-inventory-ng',NULL,0,0,0,1,'2021-05-14 18:10:09','2021-05-14 18:09:19'),(3521,1,3523,'NetworkPort','ocs-inventory-ng',NULL,0,0,0,1,'2021-05-14 18:10:09','2021-05-14 18:09:19'),(3522,1,3524,'NetworkPort','ocs-inventory-ng',NULL,0,0,0,1,'2021-05-14 18:10:09','2021-05-14 18:09:19'),(3523,15,3525,'NetworkPort','ocs-inventory-ng',NULL,0,0,0,1,'2023-07-03 02:13:20','2021-05-16 20:47:57'),(3524,15,3526,'NetworkPort','ocs-inventory-ng',NULL,0,0,0,1,'2023-07-03 02:13:20','2021-05-16 20:47:57'),(3525,15,3527,'NetworkPort','ocs-inventory-ng',NULL,0,0,0,1,'2023-07-03 02:13:20','2021-05-16 20:47:57'),(3526,15,3528,'NetworkPort','ocs-inventory-ng',NULL,0,0,0,1,'2023-07-03 02:13:20','2021-05-16 20:47:57'),(3527,15,3529,'NetworkPort','ocs-inventory-ng',NULL,0,0,0,1,'2023-07-03 02:13:20','2021-05-16 20:47:57'),(3528,15,3530,'NetworkPort','ocs-inventory-ng',NULL,0,0,0,1,'2023-07-03 02:13:20','2021-05-16 20:47:57'),(3529,21,3531,'NetworkPort','ocs-inventory-ng',NULL,0,0,0,1,'2023-07-02 19:24:15','2021-05-18 14:47:50'),(3530,21,3532,'NetworkPort','ocs-inventory-ng',NULL,0,0,0,1,'2023-07-02 19:24:15','2021-05-18 14:47:50'),(3531,21,3533,'NetworkPort','ocs-inventory-ng',NULL,0,0,0,1,'2023-07-02 19:24:15','2021-05-18 14:47:50'),(3532,21,3534,'NetworkPort','ocs-inventory-ng',NULL,0,0,0,1,'2023-07-02 19:24:15','2021-05-18 14:47:50'),(3533,21,3535,'NetworkPort','ocs-inventory-ng',NULL,0,0,0,1,'2023-07-02 19:24:15','2021-05-18 14:47:50'),(3534,21,3536,'NetworkPort','ocs-inventory-ng',NULL,0,0,0,1,'2023-07-02 19:24:15','2021-05-18 14:47:50'),(3535,21,3537,'NetworkPort','ocs-inventory-ng',NULL,0,0,0,1,'2023-07-02 19:24:15','2021-05-18 14:47:50'),(3536,17,3538,'NetworkPort','ocs-inventory-ng',NULL,0,0,0,1,'2023-06-28 21:43:56','2021-05-18 14:47:57'),(3537,17,3539,'NetworkPort','ocs-inventory-ng',NULL,0,0,0,1,'2023-06-28 21:43:56','2021-05-18 14:47:57'),(3538,17,3540,'NetworkPort','ocs-inventory-ng',NULL,0,0,0,1,'2023-06-28 21:43:56','2021-05-18 14:47:57'),(3539,17,3541,'NetworkPort','ocs-inventory-ng',NULL,0,0,0,1,'2023-06-28 21:43:56','2021-05-18 14:47:57'),(3540,17,3542,'NetworkPort','ocs-inventory-ng',NULL,0,0,0,1,'2023-06-28 21:43:56','2021-05-18 14:47:57'),(3541,17,3543,'NetworkPort','ocs-inventory-ng',NULL,0,0,0,1,'2023-06-28 21:43:56','2021-05-18 14:47:57'),(3542,17,3544,'NetworkPort','ocs-inventory-ng',NULL,0,0,0,1,'2023-06-28 21:43:56','2021-05-18 14:47:57'),(3543,1,3545,'NetworkPort','ocs-inventory-ng',NULL,0,0,0,1,'2021-05-20 16:52:24','2021-05-20 16:49:36'),(3544,1,3546,'NetworkPort','ocs-inventory-ng',NULL,0,0,0,1,'2021-05-20 16:52:24','2021-05-20 16:49:36'),(3545,1,3547,'NetworkPort','ocs-inventory-ng',NULL,0,0,0,1,'2021-05-20 16:52:24','2021-05-20 16:49:36'),(3546,1,3548,'NetworkPort','ocs-inventory-ng',NULL,0,0,0,1,'2021-05-20 16:52:24','2021-05-20 16:49:36'),(3547,1,3549,'NetworkPort','ocs-inventory-ng',NULL,0,0,0,1,'2021-05-20 16:52:24','2021-05-20 16:49:36'),(3548,1,3550,'NetworkPort','ocs-inventory-ng',NULL,0,0,0,1,'2021-05-20 16:52:24','2021-05-20 16:49:36'),(3549,1,3551,'NetworkPort','ocs-inventory-ng',NULL,0,0,0,1,'2021-05-20 16:52:24','2021-05-20 16:49:36'),(3550,21,3552,'NetworkPort','ocs-inventory-ng',NULL,0,0,0,1,'2023-07-02 19:35:59','2021-05-20 16:49:42'),(3551,21,3553,'NetworkPort','ocs-inventory-ng',NULL,0,0,0,1,'2023-07-02 19:35:59','2021-05-20 16:49:42'),(3552,21,3554,'NetworkPort','ocs-inventory-ng',NULL,0,0,0,1,'2023-07-02 19:35:59','2021-05-20 16:49:42'),(3553,21,3555,'NetworkPort','ocs-inventory-ng',NULL,0,0,0,1,'2023-07-02 19:35:59','2021-05-20 16:49:42'),(3554,21,3556,'NetworkPort','ocs-inventory-ng',NULL,0,0,0,1,'2023-07-02 19:35:59','2021-05-20 16:49:42'),(3555,21,3557,'NetworkPort','ocs-inventory-ng',NULL,0,0,0,1,'2023-07-02 19:35:59','2021-05-20 16:49:42'),(3556,21,3558,'NetworkPort','ocs-inventory-ng',NULL,0,0,0,1,'2023-07-02 19:35:59','2021-05-20 16:49:42'),(3557,21,3559,'NetworkPort','ocs-inventory-ng',NULL,0,0,0,1,'2023-07-02 19:24:16','2021-05-20 16:49:48'),(3558,21,3560,'NetworkPort','ocs-inventory-ng',NULL,0,0,0,1,'2023-07-02 19:24:16','2021-05-20 16:49:48'),(3559,21,3561,'NetworkPort','ocs-inventory-ng',NULL,0,0,0,1,'2023-07-02 19:24:16','2021-05-20 16:49:48'),(3560,21,3562,'NetworkPort','ocs-inventory-ng',NULL,0,0,0,1,'2023-07-02 19:24:16','2021-05-20 16:49:48'),(3561,21,3563,'NetworkPort','ocs-inventory-ng',NULL,0,0,0,1,'2023-07-02 19:24:16','2021-05-20 16:49:48'),(3562,21,3564,'NetworkPort','ocs-inventory-ng',NULL,0,0,0,1,'2023-07-02 19:24:16','2021-05-20 16:49:48'),(3563,21,3565,'NetworkPort','ocs-inventory-ng',NULL,0,0,0,1,'2023-07-02 19:24:16','2021-05-20 16:49:48'),(3564,22,3566,'NetworkPort','ocs-inventory-ng',NULL,0,0,0,1,'2023-07-02 21:25:37','2021-05-20 16:49:54'),(3565,22,3567,'NetworkPort','ocs-inventory-ng',NULL,0,0,0,1,'2023-07-02 21:25:37','2021-05-20 16:49:54'),(3566,22,3568,'NetworkPort','ocs-inventory-ng',NULL,0,0,0,1,'2023-07-02 21:25:37','2021-05-20 16:49:54'),(3567,22,3569,'NetworkPort','ocs-inventory-ng',NULL,0,0,0,1,'2023-07-02 21:25:37','2021-05-20 16:49:54'),(3568,22,3570,'NetworkPort','ocs-inventory-ng',NULL,0,0,0,1,'2023-07-02 21:25:37','2021-05-20 16:49:54'),(3569,22,3571,'NetworkPort','ocs-inventory-ng',NULL,0,0,0,1,'2023-07-02 21:25:37','2021-05-20 16:49:54'),(3577,15,3579,'NetworkPort','ocs-inventory-ng',NULL,0,0,0,1,'2023-07-03 02:13:21','2021-05-21 21:04:31'),(3578,15,3580,'NetworkPort','ocs-inventory-ng',NULL,0,0,0,1,'2023-07-03 02:13:21','2021-05-21 21:04:31'),(3579,15,3581,'NetworkPort','ocs-inventory-ng',NULL,0,0,0,1,'2023-07-03 02:13:21','2021-05-21 21:04:31'),(3580,15,3582,'NetworkPort','ocs-inventory-ng',NULL,0,0,0,1,'2023-07-03 02:13:21','2021-05-21 21:04:31'),(3581,15,3583,'NetworkPort','ocs-inventory-ng',NULL,0,0,0,1,'2023-07-03 02:13:21','2021-05-21 21:04:31'),(3582,15,3584,'NetworkPort','ocs-inventory-ng',NULL,0,0,0,1,'2023-07-03 02:13:21','2021-05-21 21:04:31'),(3583,15,3585,'NetworkPort','ocs-inventory-ng',NULL,0,0,0,1,'2023-07-03 02:13:21','2021-05-21 21:04:31'),(3584,15,3586,'NetworkPort','ocs-inventory-ng',NULL,0,0,0,1,'2023-01-19 20:30:11','2021-05-21 21:04:37'),(3585,15,3587,'NetworkPort','ocs-inventory-ng',NULL,0,0,0,1,'2023-01-19 20:30:11','2021-05-21 21:04:37'),(3586,15,3588,'NetworkPort','ocs-inventory-ng',NULL,0,0,0,1,'2023-01-19 20:30:11','2021-05-21 21:04:37'),(3587,15,3589,'NetworkPort','ocs-inventory-ng',NULL,0,0,0,1,'2023-01-19 20:30:11','2021-05-21 21:04:37'),(3588,15,3590,'NetworkPort','ocs-inventory-ng',NULL,0,0,0,1,'2023-01-19 20:30:11','2021-05-21 21:04:37'),(3589,15,3591,'NetworkPort','ocs-inventory-ng',NULL,0,0,0,1,'2023-01-19 20:30:11','2021-05-21 21:04:37'),(3590,15,3592,'NetworkPort','ocs-inventory-ng',NULL,0,0,0,1,'2023-01-19 20:30:11','2021-05-21 21:04:37'),(3591,21,3593,'NetworkPort','ocs-inventory-ng',NULL,0,0,0,1,'2023-07-02 19:36:00','2021-05-21 21:04:42'),(3592,21,3594,'NetworkPort','ocs-inventory-ng',NULL,0,0,0,1,'2023-07-02 19:36:00','2021-05-21 21:04:42'),(3593,21,3595,'NetworkPort','ocs-inventory-ng',NULL,0,0,0,1,'2023-07-02 19:36:00','2021-05-21 21:04:42'),(3594,21,3596,'NetworkPort','ocs-inventory-ng',NULL,0,0,0,1,'2023-07-02 19:36:00','2021-05-21 21:04:42'),(3595,21,3597,'NetworkPort','ocs-inventory-ng',NULL,0,0,0,1,'2023-07-02 19:36:00','2021-05-21 21:04:42'),(3596,21,3598,'NetworkPort','ocs-inventory-ng',NULL,0,0,0,1,'2023-07-02 19:36:00','2021-05-21 21:04:42'),(3597,21,3599,'NetworkPort','ocs-inventory-ng',NULL,0,0,0,1,'2023-07-02 19:36:00','2021-05-21 21:04:42'),(3598,22,3600,'NetworkPort','ocs-inventory-ng',NULL,0,0,0,1,'2023-07-02 21:18:28','2021-05-28 15:01:20'),(3599,22,3601,'NetworkPort','ocs-inventory-ng',NULL,0,0,0,1,'2023-07-02 21:18:28','2021-05-28 15:01:20'),(3600,22,3602,'NetworkPort','ocs-inventory-ng',NULL,0,0,0,1,'2023-07-02 21:18:28','2021-05-28 15:01:20'),(3601,22,3603,'NetworkPort','ocs-inventory-ng',NULL,0,0,0,1,'2023-07-02 21:18:28','2021-05-28 15:01:20'),(3602,22,3604,'NetworkPort','ocs-inventory-ng',NULL,0,0,0,1,'2023-07-02 21:18:28','2021-05-28 15:01:20'),(3603,22,3605,'NetworkPort','ocs-inventory-ng',NULL,0,0,0,1,'2023-07-02 21:18:28','2021-05-28 15:01:20'),(3604,22,3606,'NetworkPort','ocs-inventory-ng',NULL,0,0,0,1,'2023-07-02 21:18:28','2021-05-28 15:01:20'),(3605,2,3607,'NetworkPort','ocs-inventory-ng',NULL,0,0,0,1,'2021-08-12 20:39:20','2021-06-18 20:50:47'),(3606,2,3608,'NetworkPort','ocs-inventory-ng',NULL,0,0,0,1,'2021-06-28 14:00:01','2021-06-28 13:59:09'),(3607,2,3609,'NetworkPort','ocs-inventory-ng',NULL,0,0,0,1,'2021-06-28 14:00:01','2021-06-28 13:59:09'),(3608,2,3610,'NetworkPort','ocs-inventory-ng',NULL,0,0,0,1,'2021-06-28 14:00:01','2021-06-28 13:59:09'),(3609,2,3611,'NetworkPort','ocs-inventory-ng',NULL,0,0,0,1,'2021-06-28 14:00:01','2021-06-28 13:59:09'),(3610,2,3612,'NetworkPort','ocs-inventory-ng',NULL,0,0,0,1,'2021-06-28 14:00:01','2021-06-28 13:59:09'),(3611,2,3613,'NetworkPort','ocs-inventory-ng',NULL,0,0,0,1,'2021-06-28 14:00:01','2021-06-28 13:59:09'),(3612,1,3614,'NetworkPort','ocs-inventory-ng',NULL,0,0,0,1,'2021-06-30 21:38:15','2021-06-30 21:29:51'),(3613,1,3615,'NetworkPort','ocs-inventory-ng',NULL,0,0,0,1,'2021-06-30 21:38:15','2021-06-30 21:29:51'),(3614,1,3616,'NetworkPort','ocs-inventory-ng',NULL,0,0,0,1,'2021-06-30 21:38:15','2021-06-30 21:29:51'),(3615,1,3617,'NetworkPort','ocs-inventory-ng',NULL,0,0,0,1,'2021-06-30 21:38:15','2021-06-30 21:29:51'),(3616,1,3618,'NetworkPort','ocs-inventory-ng',NULL,0,0,0,1,'2021-06-30 21:38:15','2021-06-30 21:29:51'),(3617,1,3619,'NetworkPort','ocs-inventory-ng',NULL,0,0,0,1,'2021-06-30 21:38:15','2021-06-30 21:29:51'),(3618,1,3620,'NetworkPort','ocs-inventory-ng',NULL,0,0,0,1,'2021-06-30 21:38:15','2021-06-30 21:29:51'),(3619,1,3621,'NetworkPort','ocs-inventory-ng',NULL,0,0,0,1,'2021-06-30 21:38:15','2021-06-30 21:29:51'),(3626,17,3628,'NetworkPort','ocs-inventory-ng',NULL,0,0,0,1,'2022-08-24 12:42:09','2021-07-06 22:06:45'),(3627,17,3629,'NetworkPort','ocs-inventory-ng',NULL,0,0,0,1,'2022-08-24 12:42:09','2021-07-06 22:06:45'),(3628,17,3630,'NetworkPort','ocs-inventory-ng',NULL,0,0,0,1,'2022-08-24 12:42:09','2021-07-06 22:06:45'),(3629,17,3631,'NetworkPort','ocs-inventory-ng',NULL,0,0,0,1,'2022-08-24 12:42:09','2021-07-06 22:06:45'),(3630,17,3632,'NetworkPort','ocs-inventory-ng',NULL,0,0,0,1,'2022-08-24 12:42:09','2021-07-06 22:06:45'),(3631,17,3633,'NetworkPort','ocs-inventory-ng',NULL,0,0,0,1,'2022-08-24 12:42:09','2021-07-06 22:06:45'),(3632,17,3634,'NetworkPort','ocs-inventory-ng',NULL,0,0,0,1,'2022-08-24 12:42:10','2021-07-13 14:31:04'),(3633,17,3635,'NetworkPort','ocs-inventory-ng',NULL,0,0,0,1,'2022-08-24 12:42:10','2021-07-13 14:31:04'),(3634,17,3636,'NetworkPort','ocs-inventory-ng',NULL,0,0,0,1,'2022-08-24 12:42:10','2021-07-13 14:31:04'),(3635,17,3637,'NetworkPort','ocs-inventory-ng',NULL,0,0,0,1,'2022-08-24 12:42:10','2021-07-13 14:31:04'),(3636,17,3638,'NetworkPort','ocs-inventory-ng',NULL,0,0,0,1,'2022-08-24 12:42:10','2021-07-13 14:31:04'),(3637,17,3639,'NetworkPort','ocs-inventory-ng',NULL,0,0,0,1,'2022-08-24 12:42:10','2021-07-13 14:31:04'),(3638,17,3640,'NetworkPort','ocs-inventory-ng',NULL,0,0,0,1,'2022-08-24 12:42:10','2021-07-13 14:31:04'),(3639,15,3641,'NetworkPort','ocs-inventory-ng',NULL,0,0,0,1,'2023-07-03 02:13:22','2021-07-21 14:22:30'),(3640,15,3642,'NetworkPort','ocs-inventory-ng',NULL,0,0,0,1,'2023-07-03 02:13:22','2021-07-21 14:22:30'),(3641,15,3643,'NetworkPort','ocs-inventory-ng',NULL,0,0,0,1,'2023-07-03 02:13:22','2021-07-21 14:22:30'),(3642,15,3644,'NetworkPort','ocs-inventory-ng',NULL,0,0,0,1,'2023-07-03 02:13:22','2021-07-21 14:22:30'),(3643,15,3645,'NetworkPort','ocs-inventory-ng',NULL,0,0,0,1,'2023-07-03 02:13:22','2021-07-21 14:22:30'),(3644,15,3646,'NetworkPort','ocs-inventory-ng',NULL,0,0,0,1,'2023-07-03 02:13:22','2021-07-21 14:22:30'),(3645,15,3647,'NetworkPort','ocs-inventory-ng',NULL,0,0,0,1,'2023-07-03 02:13:22','2021-07-21 14:22:30'),(3646,2,3648,'NetworkPort','ocs-inventory-ng',NULL,0,0,0,1,'2022-09-02 17:12:27','2021-07-26 19:34:19'),(3647,2,3649,'NetworkPort','ocs-inventory-ng',NULL,0,0,0,1,'2022-09-02 17:12:27','2021-07-26 19:34:19'),(3648,2,3650,'NetworkPort','ocs-inventory-ng',NULL,0,0,0,1,'2022-09-02 17:12:27','2021-07-26 19:34:19'),(3649,2,3651,'NetworkPort','ocs-inventory-ng',NULL,0,0,0,1,'2022-09-02 17:12:27','2021-07-26 19:34:19'),(3650,2,3652,'NetworkPort','ocs-inventory-ng',NULL,0,0,0,1,'2022-09-02 17:12:27','2021-07-26 19:34:19'),(3651,17,3653,'NetworkPort','ocs-inventory-ng',NULL,0,0,0,1,'2023-04-27 17:46:18','2021-07-28 14:15:45'),(3652,17,3654,'NetworkPort','ocs-inventory-ng',NULL,0,0,0,1,'2023-04-27 17:46:18','2021-07-28 14:15:45'),(3653,17,3655,'NetworkPort','ocs-inventory-ng',NULL,0,0,0,1,'2023-04-27 17:46:18','2021-07-28 14:15:45'),(3654,17,3656,'NetworkPort','ocs-inventory-ng',NULL,0,0,0,1,'2023-04-27 17:46:18','2021-07-28 14:15:45'),(3655,17,3657,'NetworkPort','ocs-inventory-ng',NULL,0,0,0,1,'2023-04-27 17:46:18','2021-07-28 14:15:45'),(3656,17,3658,'NetworkPort','ocs-inventory-ng',NULL,0,0,0,1,'2023-04-27 17:46:18','2021-07-28 14:15:45'),(3657,17,3659,'NetworkPort','ocs-inventory-ng',NULL,0,0,0,1,'2023-04-27 17:46:18','2021-07-28 14:15:45'),(3658,15,3660,'NetworkPort','ocs-inventory-ng',NULL,0,0,0,1,'2023-07-03 02:13:24','2021-07-28 14:15:51'),(3659,15,3661,'NetworkPort','ocs-inventory-ng',NULL,0,0,0,1,'2023-07-03 02:13:24','2021-07-28 14:15:51'),(3660,15,3662,'NetworkPort','ocs-inventory-ng',NULL,0,0,0,1,'2023-07-03 02:13:24','2021-07-28 14:15:51'),(3661,15,3663,'NetworkPort','ocs-inventory-ng',NULL,0,0,0,1,'2023-07-03 02:13:24','2021-07-28 14:15:51'),(3662,15,3664,'NetworkPort','ocs-inventory-ng',NULL,0,0,0,1,'2023-07-03 02:13:24','2021-07-28 14:15:51'),(3663,15,3665,'NetworkPort','ocs-inventory-ng',NULL,0,0,0,1,'2023-07-03 02:13:24','2021-07-28 14:15:51'),(3664,20,3666,'NetworkPort','ocs-inventory-ng',NULL,0,0,0,1,'2023-07-02 21:57:43','2021-07-28 15:50:58'),(3665,20,3667,'NetworkPort','ocs-inventory-ng',NULL,0,0,0,1,'2023-07-02 21:57:43','2021-07-28 15:50:58'),(3666,20,3668,'NetworkPort','ocs-inventory-ng',NULL,0,0,0,1,'2023-07-02 21:57:43','2021-07-28 15:50:58'),(3667,20,3669,'NetworkPort','ocs-inventory-ng',NULL,0,0,0,1,'2023-07-02 21:57:43','2021-07-28 15:50:58'),(3668,20,3670,'NetworkPort','ocs-inventory-ng',NULL,0,0,0,1,'2023-07-02 21:57:43','2021-07-28 15:50:58'),(3669,20,3671,'NetworkPort','ocs-inventory-ng',NULL,0,0,0,1,'2023-07-02 21:57:43','2021-07-28 15:50:58'),(3670,20,3672,'NetworkPort','ocs-inventory-ng',NULL,0,0,0,1,'2023-07-02 01:59:29','2021-07-30 16:43:19'),(3671,20,3673,'NetworkPort','ocs-inventory-ng',NULL,0,0,0,1,'2023-07-02 01:59:29','2021-07-30 16:43:19'),(3672,20,3674,'NetworkPort','ocs-inventory-ng',NULL,0,0,0,1,'2023-07-02 01:59:29','2021-07-30 16:43:19'),(3673,20,3675,'NetworkPort','ocs-inventory-ng',NULL,0,0,0,1,'2023-07-02 01:59:29','2021-07-30 16:43:19'),(3674,20,3676,'NetworkPort','ocs-inventory-ng',NULL,0,0,0,1,'2023-07-02 01:59:29','2021-07-30 16:43:19'),(3675,20,3677,'NetworkPort','ocs-inventory-ng',NULL,0,0,0,1,'2023-07-02 01:59:29','2021-07-30 16:43:19'),(3676,20,3678,'NetworkPort','ocs-inventory-ng',NULL,0,0,0,1,'2023-07-02 01:59:29','2021-07-30 16:43:19'),(3677,22,3679,'NetworkPort','ocs-inventory-ng',NULL,0,0,0,1,'2023-06-23 05:59:08','2021-08-03 19:18:06'),(3678,22,3680,'NetworkPort','ocs-inventory-ng',NULL,0,0,0,1,'2023-06-23 05:59:08','2021-08-03 19:18:06'),(3679,22,3681,'NetworkPort','ocs-inventory-ng',NULL,0,0,0,1,'2023-06-23 05:59:08','2021-08-03 19:18:06'),(3680,22,3682,'NetworkPort','ocs-inventory-ng',NULL,0,0,0,1,'2023-06-23 05:59:08','2021-08-03 19:18:06'),(3681,22,3683,'NetworkPort','ocs-inventory-ng',NULL,0,0,0,1,'2023-06-23 05:59:08','2021-08-03 19:18:06'),(3682,22,3684,'NetworkPort','ocs-inventory-ng',NULL,0,0,0,1,'2023-06-23 05:59:08','2021-08-03 19:18:06'),(3683,22,3685,'NetworkPort','ocs-inventory-ng',NULL,0,0,0,1,'2023-06-23 05:59:08','2021-08-03 19:18:06'),(3684,2,3686,'NetworkPort','ocs-inventory-ng',NULL,0,0,0,1,'2021-08-05 16:05:01','2021-08-03 20:01:00'),(3685,2,3687,'NetworkPort','ocs-inventory-ng',NULL,0,0,0,1,'2021-08-05 16:05:01','2021-08-03 20:01:00'),(3686,2,3688,'NetworkPort','ocs-inventory-ng',NULL,0,0,0,1,'2021-08-05 16:05:01','2021-08-03 20:01:00'),(3687,2,3689,'NetworkPort','ocs-inventory-ng',NULL,0,0,0,1,'2021-08-05 16:05:01','2021-08-03 20:01:00'),(3688,2,3690,'NetworkPort','ocs-inventory-ng',NULL,0,0,0,1,'2021-08-05 16:05:01','2021-08-03 20:01:00'),(3689,2,3691,'NetworkPort','ocs-inventory-ng',NULL,0,0,0,1,'2021-08-05 16:05:01','2021-08-03 20:01:00'),(3690,2,3692,'NetworkPort','ocs-inventory-ng',NULL,0,0,0,1,'2021-08-05 16:05:01','2021-08-03 20:01:00'),(3691,22,3693,'NetworkPort','ocs-inventory-ng',NULL,0,0,0,1,'2023-11-28 16:08:50','2021-08-03 21:03:41'),(3692,22,3694,'NetworkPort','ocs-inventory-ng',NULL,0,0,0,1,'2023-11-28 16:08:50','2021-08-03 21:03:41'),(3693,22,3695,'NetworkPort','ocs-inventory-ng',NULL,0,0,0,1,'2023-11-28 16:08:50','2021-08-03 21:03:41'),(3694,22,3696,'NetworkPort','ocs-inventory-ng',NULL,0,0,0,1,'2023-11-28 16:08:50','2021-08-03 21:03:41'),(3695,22,3697,'NetworkPort','ocs-inventory-ng',NULL,0,0,0,1,'2023-11-28 16:08:50','2021-08-03 21:03:41'),(3696,22,3698,'NetworkPort','ocs-inventory-ng',NULL,0,0,0,1,'2023-11-28 16:08:50','2021-08-03 21:03:41'),(3697,21,3699,'NetworkPort','ocs-inventory-ng',NULL,0,0,0,1,'2023-07-02 19:36:01','2021-08-03 21:19:38'),(3698,21,3700,'NetworkPort','ocs-inventory-ng',NULL,0,0,0,1,'2023-07-02 19:36:01','2021-08-03 21:19:38'),(3699,21,3701,'NetworkPort','ocs-inventory-ng',NULL,0,0,0,1,'2023-07-02 19:36:01','2021-08-03 21:19:38'),(3700,21,3702,'NetworkPort','ocs-inventory-ng',NULL,0,0,0,1,'2023-07-02 19:36:01','2021-08-03 21:19:38'),(3701,21,3703,'NetworkPort','ocs-inventory-ng',NULL,0,0,0,1,'2023-07-02 19:36:01','2021-08-03 21:19:38'),(3702,21,3704,'NetworkPort','ocs-inventory-ng',NULL,0,0,0,1,'2023-07-02 19:36:01','2021-08-03 21:19:38'),(3703,21,3705,'NetworkPort','ocs-inventory-ng',NULL,0,0,0,1,'2023-07-02 19:36:01','2021-08-03 21:19:38'),(3704,21,3706,'NetworkPort','ocs-inventory-ng',NULL,0,0,0,1,'2023-07-02 19:36:02','2021-08-03 21:59:10'),(3705,21,3707,'NetworkPort','ocs-inventory-ng',NULL,0,0,0,1,'2023-07-02 19:36:02','2021-08-03 21:59:10'),(3706,21,3708,'NetworkPort','ocs-inventory-ng',NULL,0,0,0,1,'2023-07-02 19:36:02','2021-08-03 21:59:10'),(3707,21,3709,'NetworkPort','ocs-inventory-ng',NULL,0,0,0,1,'2023-07-02 19:36:02','2021-08-03 21:59:10'),(3708,21,3710,'NetworkPort','ocs-inventory-ng',NULL,0,0,0,1,'2023-07-02 19:36:02','2021-08-03 21:59:10'),(3709,21,3711,'NetworkPort','ocs-inventory-ng',NULL,0,0,0,1,'2023-07-02 19:36:02','2021-08-03 21:59:10'),(3710,1,3712,'NetworkPort','ocs-inventory-ng',NULL,0,0,0,1,'2021-08-04 18:55:20','2021-08-04 18:53:52'),(3711,1,3713,'NetworkPort','ocs-inventory-ng',NULL,0,0,0,1,'2021-08-04 18:55:20','2021-08-04 18:53:52'),(3712,1,3714,'NetworkPort','ocs-inventory-ng',NULL,0,0,0,1,'2021-08-04 18:55:20','2021-08-04 18:53:52'),(3713,1,3715,'NetworkPort','ocs-inventory-ng',NULL,0,0,0,1,'2021-08-04 18:55:20','2021-08-04 18:53:52'),(3714,1,3716,'NetworkPort','ocs-inventory-ng',NULL,0,0,0,1,'2021-08-04 18:55:20','2021-08-04 18:53:52'),(3715,1,3717,'NetworkPort','ocs-inventory-ng',NULL,0,0,0,1,'2021-08-04 18:55:20','2021-08-04 18:53:52'),(3716,1,3718,'NetworkPort','ocs-inventory-ng',NULL,0,0,0,1,'2021-08-04 18:55:20','2021-08-04 18:53:52'),(3717,17,3719,'NetworkPort','ocs-inventory-ng',NULL,0,0,0,1,'2023-02-08 14:04:33','2021-08-05 14:02:40'),(3718,17,3720,'NetworkPort','ocs-inventory-ng',NULL,0,0,0,1,'2023-02-08 14:04:33','2021-08-05 14:02:40'),(3719,17,3721,'NetworkPort','ocs-inventory-ng',NULL,0,0,0,1,'2023-02-08 14:04:33','2021-08-05 14:02:40'),(3720,17,3722,'NetworkPort','ocs-inventory-ng',NULL,0,0,0,1,'2023-02-08 14:04:33','2021-08-05 14:02:40'),(3721,17,3723,'NetworkPort','ocs-inventory-ng',NULL,0,0,0,1,'2023-02-08 14:04:33','2021-08-05 14:02:40'),(3722,17,3724,'NetworkPort','ocs-inventory-ng',NULL,0,0,0,1,'2023-02-08 14:04:33','2021-08-05 14:02:40'),(3723,1,3725,'NetworkPort','ocs-inventory-ng',NULL,0,0,0,1,'2021-08-09 17:55:55','2021-08-09 17:22:02'),(3724,1,3726,'NetworkPort','ocs-inventory-ng',NULL,0,0,0,1,'2021-08-09 17:55:55','2021-08-09 17:22:02'),(3725,1,3727,'NetworkPort','ocs-inventory-ng',NULL,0,0,0,1,'2021-08-09 17:55:55','2021-08-09 17:22:02'),(3726,1,3728,'NetworkPort','ocs-inventory-ng',NULL,0,0,0,1,'2021-08-09 17:55:55','2021-08-09 17:22:02'),(3727,1,3729,'NetworkPort','ocs-inventory-ng',NULL,0,0,0,1,'2021-08-09 17:55:55','2021-08-09 17:22:02'),(3728,1,3730,'NetworkPort','ocs-inventory-ng',NULL,0,0,0,1,'2021-08-09 17:55:55','2021-08-09 17:22:02'),(3729,22,3731,'NetworkPort','ocs-inventory-ng',NULL,0,0,0,1,'2023-07-02 21:25:38','2021-08-13 13:39:32'),(3730,22,3732,'NetworkPort','ocs-inventory-ng',NULL,0,0,0,1,'2023-07-02 21:25:38','2021-08-13 13:39:32'),(3731,22,3733,'NetworkPort','ocs-inventory-ng',NULL,0,0,0,1,'2023-07-02 21:25:38','2021-08-13 13:39:32'),(3732,22,3734,'NetworkPort','ocs-inventory-ng',NULL,0,0,0,1,'2023-07-02 21:25:38','2021-08-13 13:39:32'),(3733,22,3735,'NetworkPort','ocs-inventory-ng',NULL,0,0,0,1,'2023-07-02 21:25:38','2021-08-13 13:39:32'),(3734,22,3736,'NetworkPort','ocs-inventory-ng',NULL,0,0,0,1,'2023-07-02 21:25:38','2021-08-13 13:39:32'),(3735,22,3737,'NetworkPort','ocs-inventory-ng',NULL,0,0,0,1,'2023-07-02 21:25:38','2021-08-13 13:39:32'),(3736,17,3738,'NetworkPort','ocs-inventory-ng',NULL,0,0,0,1,'2022-08-24 12:42:11','2021-08-13 13:39:39'),(3737,17,3739,'NetworkPort','ocs-inventory-ng',NULL,0,0,0,1,'2022-08-24 12:42:11','2021-08-13 13:39:39'),(3738,17,3740,'NetworkPort','ocs-inventory-ng',NULL,0,0,0,1,'2022-08-24 12:42:11','2021-08-13 13:39:39'),(3739,17,3741,'NetworkPort','ocs-inventory-ng',NULL,0,0,0,1,'2022-08-24 12:42:11','2021-08-13 13:39:39'),(3740,17,3742,'NetworkPort','ocs-inventory-ng',NULL,0,0,0,1,'2022-08-24 12:42:11','2021-08-13 13:39:39'),(3741,17,3743,'NetworkPort','ocs-inventory-ng',NULL,0,0,0,1,'2022-08-24 12:42:11','2021-08-13 13:39:39'),(3742,15,3744,'NetworkPort','ocs-inventory-ng',NULL,0,0,0,1,'2023-01-19 20:30:12','2021-08-13 13:39:44'),(3743,15,3745,'NetworkPort','ocs-inventory-ng',NULL,0,0,0,1,'2023-01-19 20:30:12','2021-08-13 13:39:44'),(3744,15,3746,'NetworkPort','ocs-inventory-ng',NULL,0,0,0,1,'2023-01-19 20:30:12','2021-08-13 13:39:44'),(3745,15,3747,'NetworkPort','ocs-inventory-ng',NULL,0,0,0,1,'2023-01-19 20:30:12','2021-08-13 13:39:44'),(3746,15,3748,'NetworkPort','ocs-inventory-ng',NULL,0,0,0,1,'2023-01-19 20:30:12','2021-08-13 13:39:44'),(3747,15,3749,'NetworkPort','ocs-inventory-ng',NULL,0,0,0,1,'2023-01-19 20:30:12','2021-08-13 13:39:44'),(3748,15,3750,'NetworkPort','ocs-inventory-ng',NULL,0,0,0,1,'2023-01-19 20:30:12','2021-08-13 13:39:44'),(3749,15,3751,'NetworkPort','ocs-inventory-ng',NULL,0,0,0,1,'2023-07-03 02:13:25','2021-08-13 18:12:06'),(3750,15,3752,'NetworkPort','ocs-inventory-ng',NULL,0,0,0,1,'2023-07-03 02:13:25','2021-08-13 18:12:06'),(3751,15,3753,'NetworkPort','ocs-inventory-ng',NULL,0,0,0,1,'2023-07-03 02:13:25','2021-08-13 18:12:06'),(3752,15,3754,'NetworkPort','ocs-inventory-ng',NULL,0,0,0,1,'2023-07-03 02:13:25','2021-08-13 18:12:06'),(3753,15,3755,'NetworkPort','ocs-inventory-ng',NULL,0,0,0,1,'2023-07-03 02:13:25','2021-08-13 18:12:06'),(3754,15,3756,'NetworkPort','ocs-inventory-ng',NULL,0,0,0,1,'2023-07-03 02:13:25','2021-08-13 18:12:06'),(3755,15,3757,'NetworkPort','ocs-inventory-ng',NULL,0,0,0,1,'2023-07-03 02:13:25','2021-08-13 18:12:06'),(3756,21,3758,'NetworkPort','ocs-inventory-ng',NULL,0,0,0,1,'2023-07-02 19:36:03','2021-08-18 17:43:28'),(3757,21,3759,'NetworkPort','ocs-inventory-ng',NULL,0,0,0,1,'2023-07-02 19:36:03','2021-08-18 17:43:28'),(3758,21,3760,'NetworkPort','ocs-inventory-ng',NULL,0,0,0,1,'2023-07-02 19:36:03','2021-08-18 17:43:28'),(3759,21,3761,'NetworkPort','ocs-inventory-ng',NULL,0,0,0,1,'2023-07-02 19:36:03','2021-08-18 17:43:28'),(3760,21,3762,'NetworkPort','ocs-inventory-ng',NULL,0,0,0,1,'2023-07-02 19:36:03','2021-08-18 17:43:28'),(3761,21,3763,'NetworkPort','ocs-inventory-ng',NULL,0,0,0,1,'2023-07-02 19:36:03','2021-08-18 17:43:28'),(3762,21,3764,'NetworkPort','ocs-inventory-ng',NULL,0,0,0,1,'2023-07-02 19:36:03','2021-08-18 17:43:28'),(3763,1,3765,'NetworkPort','ocs-inventory-ng',NULL,0,0,0,1,'2021-08-23 15:45:48','2021-08-23 15:45:00'),(3764,1,3766,'NetworkPort','ocs-inventory-ng',NULL,0,0,0,1,'2021-08-23 15:45:48','2021-08-23 15:45:00'),(3765,1,3767,'NetworkPort','ocs-inventory-ng',NULL,0,0,0,1,'2021-08-23 15:45:48','2021-08-23 15:45:00'),(3766,1,3768,'NetworkPort','ocs-inventory-ng',NULL,0,0,0,1,'2021-08-23 15:45:48','2021-08-23 15:45:00'),(3767,1,3769,'NetworkPort','ocs-inventory-ng',NULL,0,0,0,1,'2021-08-23 15:45:48','2021-08-23 15:45:00'),(3768,1,3770,'NetworkPort','ocs-inventory-ng',NULL,0,0,0,1,'2021-08-23 15:45:48','2021-08-23 15:45:00'),(3769,1,3771,'NetworkPort','ocs-inventory-ng',NULL,0,0,0,1,'2021-08-23 15:45:48','2021-08-23 15:45:00'),(3770,21,3772,'NetworkPort','ocs-inventory-ng',NULL,0,0,0,1,'2023-07-02 19:19:22','2021-08-23 19:58:07'),(3771,21,3773,'NetworkPort','ocs-inventory-ng',NULL,0,0,0,1,'2023-07-02 19:19:22','2021-08-23 19:58:07'),(3772,21,3774,'NetworkPort','ocs-inventory-ng',NULL,0,0,0,1,'2023-07-02 19:19:22','2021-08-23 19:58:07'),(3773,21,3775,'NetworkPort','ocs-inventory-ng',NULL,0,0,0,1,'2023-07-02 19:19:22','2021-08-23 19:58:07'),(3774,21,3776,'NetworkPort','ocs-inventory-ng',NULL,0,0,0,1,'2023-07-02 19:19:22','2021-08-23 19:58:07'),(3775,21,3777,'NetworkPort','ocs-inventory-ng',NULL,0,0,0,1,'2023-07-02 19:19:22','2021-08-23 19:58:07'),(3776,21,3778,'NetworkPort','ocs-inventory-ng',NULL,0,0,0,1,'2023-07-02 19:19:22','2021-08-23 19:58:07'),(3777,2,3779,'NetworkPort','ocs-inventory-ng',NULL,0,0,0,1,'2021-08-23 21:37:58','2021-08-23 21:37:35'),(3778,2,3780,'NetworkPort','ocs-inventory-ng',NULL,0,0,0,1,'2021-08-23 21:37:58','2021-08-23 21:37:35'),(3779,2,3781,'NetworkPort','ocs-inventory-ng',NULL,0,0,0,1,'2021-08-23 21:37:58','2021-08-23 21:37:35'),(3780,2,3782,'NetworkPort','ocs-inventory-ng',NULL,0,0,0,1,'2021-08-23 21:37:58','2021-08-23 21:37:35'),(3781,2,3783,'NetworkPort','ocs-inventory-ng',NULL,0,0,0,1,'2021-08-23 21:37:58','2021-08-23 21:37:35'),(3782,2,3784,'NetworkPort','ocs-inventory-ng',NULL,0,0,0,1,'2021-08-23 21:37:58','2021-08-23 21:37:35'),(3783,2,3785,'NetworkPort','ocs-inventory-ng',NULL,0,0,0,1,'2021-08-23 21:37:58','2021-08-23 21:37:35'),(3784,2,3786,'NetworkPort','ocs-inventory-ng',NULL,0,0,0,1,'2021-09-06 17:31:41','2021-09-06 17:29:57'),(3785,2,3787,'NetworkPort','ocs-inventory-ng',NULL,0,0,0,1,'2021-09-06 17:31:41','2021-09-06 17:29:57'),(3786,2,3788,'NetworkPort','ocs-inventory-ng',NULL,0,0,0,1,'2021-09-06 17:31:41','2021-09-06 17:29:57'),(3787,2,3789,'NetworkPort','ocs-inventory-ng',NULL,0,0,0,1,'2021-09-06 17:31:41','2021-09-06 17:29:57'),(3788,2,3790,'NetworkPort','ocs-inventory-ng',NULL,0,0,0,1,'2021-09-06 17:31:41','2021-09-06 17:29:57'),(3789,2,3791,'NetworkPort','ocs-inventory-ng',NULL,0,0,0,1,'2021-09-06 17:31:41','2021-09-06 17:29:57'),(3790,2,3792,'NetworkPort','ocs-inventory-ng',NULL,0,0,0,1,'2021-09-06 17:31:41','2021-09-06 17:29:57'),(3791,1,3793,'NetworkPort','ocs-inventory-ng',NULL,0,0,0,1,'2021-09-09 20:08:06','2021-09-09 20:07:44'),(3792,1,3794,'NetworkPort','ocs-inventory-ng',NULL,0,0,0,1,'2021-09-09 20:08:06','2021-09-09 20:07:44'),(3793,1,3795,'NetworkPort','ocs-inventory-ng',NULL,0,0,0,1,'2021-09-09 20:08:06','2021-09-09 20:07:44'),(3794,1,3796,'NetworkPort','ocs-inventory-ng',NULL,0,0,0,1,'2021-09-09 20:08:06','2021-09-09 20:07:44'),(3795,1,3797,'NetworkPort','ocs-inventory-ng',NULL,0,0,0,1,'2021-09-09 20:08:06','2021-09-09 20:07:44'),(3796,1,3798,'NetworkPort','ocs-inventory-ng',NULL,0,0,0,1,'2021-09-09 20:08:06','2021-09-09 20:07:44'),(3797,22,3799,'NetworkPort','ocs-inventory-ng',NULL,0,0,0,1,'2023-07-02 21:25:39','2021-09-10 20:00:19'),(3798,22,3800,'NetworkPort','ocs-inventory-ng',NULL,0,0,0,1,'2023-07-02 21:25:39','2021-09-10 20:00:19'),(3799,22,3801,'NetworkPort','ocs-inventory-ng',NULL,0,0,0,1,'2023-07-02 21:25:39','2021-09-10 20:00:19'),(3800,22,3802,'NetworkPort','ocs-inventory-ng',NULL,0,0,0,1,'2023-07-02 21:25:39','2021-09-10 20:00:19'),(3801,22,3803,'NetworkPort','ocs-inventory-ng',NULL,0,0,0,1,'2023-07-02 21:25:39','2021-09-10 20:00:19'),(3802,22,3804,'NetworkPort','ocs-inventory-ng',NULL,0,0,0,1,'2023-07-02 21:25:39','2021-09-10 20:00:19'),(3803,22,3805,'NetworkPort','ocs-inventory-ng',NULL,0,0,0,1,'2023-07-02 21:25:39','2021-09-10 20:00:19'),(3804,1,3806,'NetworkPort','ocs-inventory-ng',NULL,0,0,0,1,'2021-09-10 20:04:21','2021-09-10 20:00:26'),(3805,1,3807,'NetworkPort','ocs-inventory-ng',NULL,0,0,0,1,'2021-09-10 20:04:21','2021-09-10 20:00:26'),(3806,1,3808,'NetworkPort','ocs-inventory-ng',NULL,0,0,0,1,'2021-09-10 20:04:21','2021-09-10 20:00:26'),(3807,1,3809,'NetworkPort','ocs-inventory-ng',NULL,0,0,0,1,'2021-09-10 20:04:21','2021-09-10 20:00:26'),(3808,1,3810,'NetworkPort','ocs-inventory-ng',NULL,0,0,0,1,'2021-09-10 20:04:21','2021-09-10 20:00:26'),(3809,1,3811,'NetworkPort','ocs-inventory-ng',NULL,0,0,0,1,'2021-09-10 20:04:21','2021-09-10 20:00:26'),(3810,1,3812,'NetworkPort','ocs-inventory-ng',NULL,0,0,0,1,'2021-09-10 20:04:21','2021-09-10 20:00:26'),(3811,1,3813,'NetworkPort','ocs-inventory-ng',NULL,0,0,0,1,'2021-09-17 15:40:57','2021-09-17 15:39:43'),(3812,1,3814,'NetworkPort','ocs-inventory-ng',NULL,0,0,0,1,'2021-09-17 15:40:57','2021-09-17 15:39:43'),(3813,1,3815,'NetworkPort','ocs-inventory-ng',NULL,0,0,0,1,'2021-09-17 15:40:57','2021-09-17 15:39:43'),(3814,1,3816,'NetworkPort','ocs-inventory-ng',NULL,0,0,0,1,'2021-09-17 15:40:57','2021-09-17 15:39:43'),(3815,1,3817,'NetworkPort','ocs-inventory-ng',NULL,0,0,0,1,'2021-09-17 15:40:57','2021-09-17 15:39:43'),(3816,1,3818,'NetworkPort','ocs-inventory-ng',NULL,0,0,0,1,'2021-09-17 15:40:57','2021-09-17 15:39:43'),(3817,1,3819,'NetworkPort','ocs-inventory-ng',NULL,0,0,0,1,'2021-09-17 15:40:57','2021-09-17 15:39:43'),(3818,22,3820,'NetworkPort','ocs-inventory-ng',NULL,0,0,0,1,'2023-10-25 15:06:44','2021-09-17 15:39:52'),(3819,22,3821,'NetworkPort','ocs-inventory-ng',NULL,0,0,0,1,'2023-10-25 15:06:44','2021-09-17 15:39:52'),(3820,22,3822,'NetworkPort','ocs-inventory-ng',NULL,0,0,0,1,'2023-10-25 15:06:44','2021-09-17 15:39:52'),(3821,22,3823,'NetworkPort','ocs-inventory-ng',NULL,0,0,0,1,'2023-10-25 15:06:44','2021-09-17 15:39:52'),(3822,22,3824,'NetworkPort','ocs-inventory-ng',NULL,0,0,0,1,'2023-10-25 15:06:44','2021-09-17 15:39:52'),(3823,22,3825,'NetworkPort','ocs-inventory-ng',NULL,0,0,0,1,'2023-10-25 15:06:44','2021-09-17 15:39:52'),(3824,22,3826,'NetworkPort','ocs-inventory-ng',NULL,0,0,0,1,'2023-10-25 15:06:44','2021-09-17 15:39:52'),(3825,1,3827,'NetworkPort','ocs-inventory-ng',NULL,0,0,0,1,'2021-09-24 21:19:12','2021-09-24 20:16:19'),(3826,1,3828,'NetworkPort','ocs-inventory-ng',NULL,0,0,0,1,'2021-09-24 21:19:12','2021-09-24 20:16:19'),(3827,1,3829,'NetworkPort','ocs-inventory-ng',NULL,0,0,0,1,'2021-09-24 21:19:12','2021-09-24 20:16:19'),(3828,1,3830,'NetworkPort','ocs-inventory-ng',NULL,0,0,0,1,'2021-09-24 21:19:12','2021-09-24 20:16:19'),(3829,1,3831,'NetworkPort','ocs-inventory-ng',NULL,0,0,0,1,'2021-09-24 21:19:12','2021-09-24 20:16:19'),(3830,1,3832,'NetworkPort','ocs-inventory-ng',NULL,0,0,0,1,'2021-09-24 21:19:12','2021-09-24 20:16:19'),(3831,1,3833,'NetworkPort','ocs-inventory-ng',NULL,0,0,0,1,'2021-09-24 21:19:12','2021-09-24 20:16:19'),(3832,21,3834,'NetworkPort','ocs-inventory-ng',NULL,0,0,0,1,'2023-07-02 19:36:06','2021-09-24 21:14:29'),(3833,21,3835,'NetworkPort','ocs-inventory-ng',NULL,0,0,0,1,'2023-07-02 19:36:06','2021-09-24 21:14:29'),(3834,21,3836,'NetworkPort','ocs-inventory-ng',NULL,0,0,0,1,'2023-07-02 19:36:06','2021-09-24 21:14:29'),(3835,21,3837,'NetworkPort','ocs-inventory-ng',NULL,0,0,0,1,'2023-07-02 19:36:06','2021-09-24 21:14:29'),(3836,21,3838,'NetworkPort','ocs-inventory-ng',NULL,0,0,0,1,'2023-07-02 19:36:06','2021-09-24 21:14:29'),(3837,21,3839,'NetworkPort','ocs-inventory-ng',NULL,0,0,0,1,'2023-07-02 19:36:06','2021-09-24 21:14:29'),(3838,1,3840,'NetworkPort','ocs-inventory-ng',NULL,0,0,0,1,'2021-09-27 15:54:36','2021-09-27 15:54:14'),(3839,1,3841,'NetworkPort','ocs-inventory-ng',NULL,0,0,0,1,'2021-09-27 15:54:36','2021-09-27 15:54:14'),(3840,1,3842,'NetworkPort','ocs-inventory-ng',NULL,0,0,0,1,'2021-09-27 15:54:36','2021-09-27 15:54:14'),(3841,1,3843,'NetworkPort','ocs-inventory-ng',NULL,0,0,0,1,'2021-09-27 15:54:36','2021-09-27 15:54:14'),(3842,1,3844,'NetworkPort','ocs-inventory-ng',NULL,0,0,0,1,'2021-09-27 15:54:36','2021-09-27 15:54:14'),(3843,1,3845,'NetworkPort','ocs-inventory-ng',NULL,0,0,0,1,'2021-09-27 15:54:36','2021-09-27 15:54:14'),(3844,1,3846,'NetworkPort','ocs-inventory-ng',NULL,0,0,0,1,'2021-10-11 14:36:50','2021-10-11 14:26:45'),(3845,1,3847,'NetworkPort','ocs-inventory-ng',NULL,0,0,0,1,'2021-10-11 14:36:50','2021-10-11 14:26:45'),(3846,1,3848,'NetworkPort','ocs-inventory-ng',NULL,0,0,0,1,'2021-10-11 14:36:50','2021-10-11 14:26:45'),(3847,1,3849,'NetworkPort','ocs-inventory-ng',NULL,0,0,0,1,'2021-10-11 14:36:50','2021-10-11 14:26:45'),(3848,1,3850,'NetworkPort','ocs-inventory-ng',NULL,0,0,0,1,'2021-10-11 14:36:50','2021-10-11 14:26:45'),(3849,1,3851,'NetworkPort','ocs-inventory-ng',NULL,0,0,0,1,'2021-10-11 14:36:50','2021-10-11 14:26:45'),(3850,1,3852,'NetworkPort','ocs-inventory-ng',NULL,0,0,0,1,'2021-10-11 14:36:50','2021-10-11 14:26:45'),(3851,22,3853,'NetworkPort','ocs-inventory-ng',NULL,0,0,0,1,'2023-07-02 21:25:40','2021-10-11 15:43:06'),(3852,22,3854,'NetworkPort','ocs-inventory-ng',NULL,0,0,0,1,'2023-07-02 21:25:40','2021-10-11 15:43:06'),(3853,22,3855,'NetworkPort','ocs-inventory-ng',NULL,0,0,0,1,'2023-07-02 21:25:40','2021-10-11 15:43:06'),(3854,22,3856,'NetworkPort','ocs-inventory-ng',NULL,0,0,0,1,'2023-07-02 21:25:40','2021-10-11 15:43:06'),(3855,22,3857,'NetworkPort','ocs-inventory-ng',NULL,0,0,0,1,'2023-07-02 21:25:40','2021-10-11 15:43:06'),(3856,22,3858,'NetworkPort','ocs-inventory-ng',NULL,0,0,0,1,'2023-07-02 21:25:40','2021-10-11 15:43:06'),(3857,1,3859,'NetworkPort','ocs-inventory-ng',NULL,0,0,0,1,'2021-10-11 19:22:28','2021-10-11 19:21:36'),(3858,1,3860,'NetworkPort','ocs-inventory-ng',NULL,0,0,0,1,'2021-10-11 19:22:28','2021-10-11 19:21:36'),(3859,1,3861,'NetworkPort','ocs-inventory-ng',NULL,0,0,0,1,'2021-10-11 19:22:28','2021-10-11 19:21:36'),(3860,1,3862,'NetworkPort','ocs-inventory-ng',NULL,0,0,0,1,'2021-10-11 19:22:28','2021-10-11 19:21:36'),(3861,1,3863,'NetworkPort','ocs-inventory-ng',NULL,0,0,0,1,'2021-10-11 19:22:28','2021-10-11 19:21:36'),(3862,1,3864,'NetworkPort','ocs-inventory-ng',NULL,0,0,0,1,'2021-10-11 19:22:28','2021-10-11 19:21:36'),(3863,1,3865,'NetworkPort','ocs-inventory-ng',NULL,0,0,0,1,'2021-10-11 19:22:28','2021-10-11 19:21:36'),(3864,2,3866,'NetworkPort','ocs-inventory-ng',NULL,0,0,0,1,'2021-10-12 18:50:53','2021-10-12 18:50:33'),(3865,2,3867,'NetworkPort','ocs-inventory-ng',NULL,0,0,0,1,'2021-10-12 18:50:53','2021-10-12 18:50:33'),(3866,2,3868,'NetworkPort','ocs-inventory-ng',NULL,0,0,0,1,'2021-10-12 18:50:53','2021-10-12 18:50:33'),(3867,2,3869,'NetworkPort','ocs-inventory-ng',NULL,0,0,0,1,'2021-10-12 18:50:53','2021-10-12 18:50:33'),(3868,2,3870,'NetworkPort','ocs-inventory-ng',NULL,0,0,0,1,'2021-10-12 18:50:53','2021-10-12 18:50:33'),(3869,2,3871,'NetworkPort','ocs-inventory-ng',NULL,0,0,0,1,'2021-10-12 18:50:53','2021-10-12 18:50:33'),(3870,2,3872,'NetworkPort','ocs-inventory-ng',NULL,0,0,0,1,'2021-10-12 18:50:53','2021-10-12 18:50:33'),(3871,17,3873,'NetworkPort','ocs-inventory-ng',NULL,0,0,0,1,'2022-08-24 12:42:12','2021-10-13 15:23:38'),(3872,17,3874,'NetworkPort','ocs-inventory-ng',NULL,0,0,0,1,'2022-08-24 12:42:12','2021-10-13 15:23:38'),(3873,17,3875,'NetworkPort','ocs-inventory-ng',NULL,0,0,0,1,'2022-08-24 12:42:12','2021-10-13 15:23:38'),(3874,17,3876,'NetworkPort','ocs-inventory-ng',NULL,0,0,0,1,'2022-08-24 12:42:12','2021-10-13 15:23:38'),(3875,17,3877,'NetworkPort','ocs-inventory-ng',NULL,0,0,0,1,'2022-08-24 12:42:12','2021-10-13 15:23:38'),(3876,17,3878,'NetworkPort','ocs-inventory-ng',NULL,0,0,0,1,'2022-08-24 12:42:12','2021-10-13 15:23:38'),(3877,17,3879,'NetworkPort','ocs-inventory-ng',NULL,0,0,0,1,'2022-08-24 12:42:12','2021-10-13 15:23:38'),(3878,22,3880,'NetworkPort','ocs-inventory-ng',NULL,0,0,0,1,'2023-07-02 21:18:29','2021-10-20 19:34:06'),(3879,22,3881,'NetworkPort','ocs-inventory-ng',NULL,0,0,0,1,'2023-07-02 21:18:29','2021-10-20 19:34:06'),(3880,17,3882,'NetworkPort','ocs-inventory-ng',NULL,0,0,0,1,'2022-08-24 12:42:13','2021-10-22 15:53:26'),(3881,17,3883,'NetworkPort','ocs-inventory-ng',NULL,0,0,0,1,'2022-08-24 12:42:13','2021-10-22 15:53:26'),(3882,17,3884,'NetworkPort','ocs-inventory-ng',NULL,0,0,0,1,'2022-08-24 12:42:13','2021-10-22 15:53:26'),(3883,17,3885,'NetworkPort','ocs-inventory-ng',NULL,0,0,0,1,'2022-08-24 12:42:13','2021-10-22 15:53:26'),(3884,17,3886,'NetworkPort','ocs-inventory-ng',NULL,0,0,0,1,'2022-08-24 12:42:13','2021-10-22 15:53:26'),(3885,17,3887,'NetworkPort','ocs-inventory-ng',NULL,0,0,0,1,'2022-08-24 12:42:13','2021-10-22 15:53:26'),(3886,17,3888,'NetworkPort','ocs-inventory-ng',NULL,0,0,0,1,'2022-08-24 12:42:13','2021-10-22 15:53:26'),(3887,2,3889,'NetworkPort','ocs-inventory-ng',NULL,0,0,0,1,'2021-10-25 21:14:45','2021-10-22 17:06:08'),(3888,2,3890,'NetworkPort','ocs-inventory-ng',NULL,0,0,0,1,'2021-10-25 21:14:45','2021-10-22 17:06:08'),(3889,2,3891,'NetworkPort','ocs-inventory-ng',NULL,0,0,0,1,'2021-10-25 21:14:45','2021-10-22 17:06:08'),(3890,2,3892,'NetworkPort','ocs-inventory-ng',NULL,0,0,0,1,'2021-10-25 21:14:45','2021-10-22 17:06:08'),(3891,22,3893,'NetworkPort','ocs-inventory-ng',NULL,0,0,0,1,'2023-07-02 21:18:30','2021-10-27 15:29:24'),(3892,22,3894,'NetworkPort','ocs-inventory-ng',NULL,0,0,0,1,'2023-07-02 21:18:30','2021-10-27 15:29:24'),(3893,22,3895,'NetworkPort','ocs-inventory-ng',NULL,0,0,0,1,'2023-07-02 21:18:30','2021-10-27 15:29:24'),(3894,22,3896,'NetworkPort','ocs-inventory-ng',NULL,0,0,0,1,'2023-07-02 21:18:30','2021-10-27 15:29:24'),(3895,22,3897,'NetworkPort','ocs-inventory-ng',NULL,0,0,0,1,'2023-07-02 21:18:30','2021-10-27 15:29:24'),(3896,22,3898,'NetworkPort','ocs-inventory-ng',NULL,0,0,0,1,'2023-07-02 21:18:30','2021-10-27 15:29:24'),(3897,22,3899,'NetworkPort','ocs-inventory-ng',NULL,0,0,0,1,'2023-07-02 21:18:30','2021-10-27 15:29:24'),(3898,1,3900,'NetworkPort','ocs-inventory-ng',NULL,0,0,0,1,'2021-10-27 21:37:41','2021-10-27 21:37:15'),(3899,1,3901,'NetworkPort','ocs-inventory-ng',NULL,0,0,0,1,'2021-10-27 21:37:41','2021-10-27 21:37:15'),(3900,1,3902,'NetworkPort','ocs-inventory-ng',NULL,0,0,0,1,'2021-10-27 21:37:41','2021-10-27 21:37:15'),(3901,1,3903,'NetworkPort','ocs-inventory-ng',NULL,0,0,0,1,'2021-10-27 21:37:41','2021-10-27 21:37:15'),(3902,1,3904,'NetworkPort','ocs-inventory-ng',NULL,0,0,0,1,'2021-10-27 21:37:41','2021-10-27 21:37:15'),(3903,1,3905,'NetworkPort','ocs-inventory-ng',NULL,0,0,0,1,'2021-10-27 21:37:41','2021-10-27 21:37:15'),(3904,1,3906,'NetworkPort','ocs-inventory-ng',NULL,0,0,0,1,'2021-10-27 21:37:41','2021-10-27 21:37:15'),(3905,21,3907,'NetworkPort','ocs-inventory-ng',NULL,0,0,0,1,'2023-07-02 19:24:17','2021-10-28 17:44:49'),(3906,21,3908,'NetworkPort','ocs-inventory-ng',NULL,0,0,0,1,'2023-07-02 19:24:17','2021-10-28 17:44:49'),(3907,21,3909,'NetworkPort','ocs-inventory-ng',NULL,0,0,0,1,'2023-07-02 19:24:17','2021-10-28 17:44:49'),(3908,21,3910,'NetworkPort','ocs-inventory-ng',NULL,0,0,0,1,'2023-07-02 19:24:17','2021-10-28 17:44:49'),(3909,21,3911,'NetworkPort','ocs-inventory-ng',NULL,0,0,0,1,'2023-07-02 19:24:17','2021-10-28 17:44:49'),(3910,21,3912,'NetworkPort','ocs-inventory-ng',NULL,0,0,0,1,'2023-07-02 19:24:17','2021-10-28 17:44:49'),(3911,21,3913,'NetworkPort','ocs-inventory-ng',NULL,0,0,0,1,'2023-07-02 19:24:17','2021-10-28 17:44:49'),(3912,21,3914,'NetworkPort','ocs-inventory-ng',NULL,0,0,0,1,'2023-07-02 19:24:18','2021-10-28 17:44:55'),(3913,21,3915,'NetworkPort','ocs-inventory-ng',NULL,0,0,0,1,'2023-07-02 19:24:18','2021-10-28 17:44:55'),(3914,21,3916,'NetworkPort','ocs-inventory-ng',NULL,0,0,0,1,'2023-07-02 19:24:18','2021-10-28 17:44:55'),(3915,21,3917,'NetworkPort','ocs-inventory-ng',NULL,0,0,0,1,'2023-07-02 19:24:18','2021-10-28 17:44:55'),(3916,21,3918,'NetworkPort','ocs-inventory-ng',NULL,0,0,0,1,'2023-07-02 19:24:18','2021-10-28 17:44:55'),(3917,21,3919,'NetworkPort','ocs-inventory-ng',NULL,0,0,0,1,'2023-07-02 19:24:18','2021-10-28 17:44:55'),(3918,21,3920,'NetworkPort','ocs-inventory-ng',NULL,0,0,0,1,'2023-07-02 19:24:18','2021-10-28 17:44:55'),(3919,15,3921,'NetworkPort','ocs-inventory-ng',NULL,0,0,0,1,'2023-07-03 02:13:26','2021-10-28 17:45:01'),(3920,15,3922,'NetworkPort','ocs-inventory-ng',NULL,0,0,0,1,'2023-07-03 02:13:26','2021-10-28 17:45:01'),(3921,15,3923,'NetworkPort','ocs-inventory-ng',NULL,0,0,0,1,'2023-07-03 02:13:26','2021-10-28 17:45:01'),(3922,15,3924,'NetworkPort','ocs-inventory-ng',NULL,0,0,0,1,'2023-07-03 02:13:26','2021-10-28 17:45:01'),(3923,15,3925,'NetworkPort','ocs-inventory-ng',NULL,0,0,0,1,'2023-07-03 02:13:26','2021-10-28 17:45:01'),(3924,15,3926,'NetworkPort','ocs-inventory-ng',NULL,0,0,0,1,'2023-07-03 02:13:26','2021-10-28 17:45:01'),(3925,15,3927,'NetworkPort','ocs-inventory-ng',NULL,0,0,0,1,'2023-07-03 02:13:26','2021-10-28 17:45:01'),(3926,2,3928,'NetworkPort','ocs-inventory-ng',NULL,0,0,0,1,'2021-10-29 16:20:44','2021-10-29 16:20:10'),(3927,2,3929,'NetworkPort','ocs-inventory-ng',NULL,0,0,0,1,'2021-10-29 16:20:44','2021-10-29 16:20:10'),(3928,2,3930,'NetworkPort','ocs-inventory-ng',NULL,0,0,0,1,'2021-10-29 16:20:44','2021-10-29 16:20:10'),(3929,2,3931,'NetworkPort','ocs-inventory-ng',NULL,0,0,0,1,'2021-10-29 16:20:44','2021-10-29 16:20:10'),(3930,2,3932,'NetworkPort','ocs-inventory-ng',NULL,0,0,0,1,'2021-10-29 16:20:44','2021-10-29 16:20:10'),(3931,2,3933,'NetworkPort','ocs-inventory-ng',NULL,0,0,0,1,'2021-10-29 16:20:44','2021-10-29 16:20:10'),(3932,2,3934,'NetworkPort','ocs-inventory-ng',NULL,0,0,0,1,'2021-10-29 16:20:44','2021-10-29 16:20:10'),(3933,15,3935,'NetworkPort','ocs-inventory-ng',NULL,0,0,0,1,'2023-01-19 20:30:13','2021-11-02 16:35:11'),(3934,15,3936,'NetworkPort','ocs-inventory-ng',NULL,0,0,0,1,'2023-01-19 20:30:13','2021-11-02 16:35:11'),(3935,15,3937,'NetworkPort','ocs-inventory-ng',NULL,0,0,0,1,'2023-01-19 20:30:13','2021-11-02 16:35:11'),(3936,15,3938,'NetworkPort','ocs-inventory-ng',NULL,0,0,0,1,'2023-01-19 20:30:13','2021-11-02 16:35:11'),(3937,15,3939,'NetworkPort','ocs-inventory-ng',NULL,0,0,0,1,'2023-01-19 20:30:13','2021-11-02 16:35:11'),(3938,15,3940,'NetworkPort','ocs-inventory-ng',NULL,0,0,0,1,'2023-01-19 20:30:13','2021-11-02 16:35:11'),(3939,15,3941,'NetworkPort','ocs-inventory-ng',NULL,0,0,0,1,'2023-01-19 20:30:13','2021-11-02 16:35:11'),(3940,2,3942,'NetworkPort','ocs-inventory-ng',NULL,0,0,0,1,'2021-11-02 19:59:48','2021-11-02 19:58:26'),(3941,2,3943,'NetworkPort','ocs-inventory-ng',NULL,0,0,0,1,'2021-11-02 19:59:48','2021-11-02 19:58:26'),(3942,2,3944,'NetworkPort','ocs-inventory-ng',NULL,0,0,0,1,'2021-11-02 19:59:48','2021-11-02 19:58:26'),(3943,2,3945,'NetworkPort','ocs-inventory-ng',NULL,0,0,0,1,'2021-11-02 19:59:48','2021-11-02 19:58:26'),(3944,2,3946,'NetworkPort','ocs-inventory-ng',NULL,0,0,0,1,'2021-11-02 19:59:48','2021-11-02 19:58:26'),(3945,2,3947,'NetworkPort','ocs-inventory-ng',NULL,0,0,0,1,'2021-11-02 19:59:48','2021-11-02 19:58:26'),(3946,2,3948,'NetworkPort','ocs-inventory-ng',NULL,0,0,0,1,'2021-11-02 19:59:48','2021-11-02 19:58:26'),(3947,17,3949,'NetworkPort','ocs-inventory-ng',NULL,0,0,0,1,'2022-08-24 12:42:14','2021-11-03 20:32:12'),(3948,17,3950,'NetworkPort','ocs-inventory-ng',NULL,0,0,0,1,'2022-08-24 12:42:14','2021-11-03 20:32:12'),(3949,17,3951,'NetworkPort','ocs-inventory-ng',NULL,0,0,0,1,'2022-08-24 12:42:14','2021-11-03 20:32:12'),(3950,17,3952,'NetworkPort','ocs-inventory-ng',NULL,0,0,0,1,'2022-08-24 12:42:14','2021-11-03 20:32:12'),(3951,17,3953,'NetworkPort','ocs-inventory-ng',NULL,0,0,0,1,'2022-08-24 12:42:14','2021-11-03 20:32:12'),(3952,17,3954,'NetworkPort','ocs-inventory-ng',NULL,0,0,0,1,'2022-08-24 12:42:14','2021-11-03 20:32:12'),(3953,2,3955,'NetworkPort','ocs-inventory-ng',NULL,0,0,0,1,'2021-11-04 22:28:15','2021-11-04 22:27:37'),(3954,2,3956,'NetworkPort','ocs-inventory-ng',NULL,0,0,0,1,'2021-11-04 22:28:15','2021-11-04 22:27:37'),(3955,2,3957,'NetworkPort','ocs-inventory-ng',NULL,0,0,0,1,'2021-11-04 22:28:15','2021-11-04 22:27:37'),(3956,2,3958,'NetworkPort','ocs-inventory-ng',NULL,0,0,0,1,'2021-11-04 22:28:15','2021-11-04 22:27:37'),(3957,2,3959,'NetworkPort','ocs-inventory-ng',NULL,0,0,0,1,'2021-11-04 22:28:15','2021-11-04 22:27:37'),(3958,2,3960,'NetworkPort','ocs-inventory-ng',NULL,0,0,0,1,'2021-11-04 22:28:15','2021-11-04 22:27:37'),(3959,2,3961,'NetworkPort','ocs-inventory-ng',NULL,0,0,0,1,'2021-11-04 22:28:15','2021-11-04 22:27:37'),(3960,15,3962,'NetworkPort','ocs-inventory-ng',NULL,0,0,0,1,'2023-01-19 20:30:15','2021-11-05 14:33:07'),(3961,15,3963,'NetworkPort','ocs-inventory-ng',NULL,0,0,0,1,'2023-01-19 20:30:15','2021-11-05 14:33:07'),(3962,15,3964,'NetworkPort','ocs-inventory-ng',NULL,0,0,0,1,'2023-01-19 20:30:15','2021-11-05 14:33:07'),(3963,15,3965,'NetworkPort','ocs-inventory-ng',NULL,0,0,0,1,'2023-01-19 20:30:15','2021-11-05 14:33:07'),(3964,15,3966,'NetworkPort','ocs-inventory-ng',NULL,0,0,0,1,'2023-01-19 20:30:15','2021-11-05 14:33:07'),(3965,15,3967,'NetworkPort','ocs-inventory-ng',NULL,0,0,0,1,'2023-01-19 20:30:15','2021-11-05 14:33:07'),(3966,15,3968,'NetworkPort','ocs-inventory-ng',NULL,0,0,0,1,'2023-01-19 20:30:15','2021-11-05 14:33:07'),(3967,1,3969,'NetworkPort','ocs-inventory-ng',NULL,0,0,0,1,'2021-11-08 20:49:01','2021-11-08 20:48:17'),(3968,1,3970,'NetworkPort','ocs-inventory-ng',NULL,0,0,0,1,'2021-11-08 20:49:01','2021-11-08 20:48:17'),(3969,1,3971,'NetworkPort','ocs-inventory-ng',NULL,0,0,0,1,'2021-11-08 20:49:01','2021-11-08 20:48:17'),(3970,1,3972,'NetworkPort','ocs-inventory-ng',NULL,0,0,0,1,'2021-11-08 20:49:01','2021-11-08 20:48:17'),(3971,1,3973,'NetworkPort','ocs-inventory-ng',NULL,0,0,0,1,'2021-11-08 20:49:01','2021-11-08 20:48:17'),(3972,1,3974,'NetworkPort','ocs-inventory-ng',NULL,0,0,0,1,'2021-11-08 20:49:01','2021-11-08 20:48:17'),(3973,1,3975,'NetworkPort','ocs-inventory-ng',NULL,0,0,0,1,'2021-11-08 20:49:01','2021-11-08 20:48:17'),(3974,15,3976,'NetworkPort','ocs-inventory-ng',NULL,0,0,0,1,'2023-01-19 20:30:17','2021-11-10 14:49:45'),(3975,15,3977,'NetworkPort','ocs-inventory-ng',NULL,0,0,0,1,'2023-01-19 20:30:17','2021-11-10 14:49:45'),(3976,15,3978,'NetworkPort','ocs-inventory-ng',NULL,0,0,0,1,'2023-01-19 20:30:17','2021-11-10 14:49:45'),(3977,15,3979,'NetworkPort','ocs-inventory-ng',NULL,0,0,0,1,'2023-01-19 20:30:17','2021-11-10 14:49:45'),(3978,15,3980,'NetworkPort','ocs-inventory-ng',NULL,0,0,0,1,'2023-01-19 20:30:17','2021-11-10 14:49:45'),(3979,15,3981,'NetworkPort','ocs-inventory-ng',NULL,0,0,0,1,'2023-01-19 20:30:17','2021-11-10 14:49:45'),(3980,15,3982,'NetworkPort','ocs-inventory-ng',NULL,0,0,0,1,'2023-01-19 20:30:17','2021-11-10 14:49:45'),(3981,2,3983,'NetworkPort','ocs-inventory-ng',NULL,0,0,0,1,'2021-11-11 20:24:18','2021-11-11 20:23:57'),(3982,2,3984,'NetworkPort','ocs-inventory-ng',NULL,0,0,0,1,'2021-11-11 20:24:18','2021-11-11 20:23:57'),(3983,2,3985,'NetworkPort','ocs-inventory-ng',NULL,0,0,0,1,'2021-11-11 20:24:18','2021-11-11 20:23:57'),(3984,2,3986,'NetworkPort','ocs-inventory-ng',NULL,0,0,0,1,'2021-11-11 20:24:18','2021-11-11 20:23:57'),(3985,2,3987,'NetworkPort','ocs-inventory-ng',NULL,0,0,0,1,'2021-11-11 20:24:18','2021-11-11 20:23:57'),(3986,2,3988,'NetworkPort','ocs-inventory-ng',NULL,0,0,0,1,'2021-11-11 20:24:18','2021-11-11 20:23:57'),(3987,2,3989,'NetworkPort','ocs-inventory-ng',NULL,0,0,0,1,'2021-11-11 20:24:18','2021-11-11 20:23:57'),(3988,21,3990,'NetworkPort','ocs-inventory-ng',NULL,0,0,0,1,'2023-07-02 19:24:18','2021-11-12 19:39:11'),(3989,21,3991,'NetworkPort','ocs-inventory-ng',NULL,0,0,0,1,'2023-07-02 19:24:18','2021-11-12 19:39:11'),(3990,21,3992,'NetworkPort','ocs-inventory-ng',NULL,0,0,0,1,'2023-07-02 19:24:18','2021-11-12 19:39:11'),(3991,21,3993,'NetworkPort','ocs-inventory-ng',NULL,0,0,0,1,'2023-07-02 19:24:18','2021-11-12 19:39:11'),(3992,21,3994,'NetworkPort','ocs-inventory-ng',NULL,0,0,0,1,'2023-07-02 19:24:18','2021-11-12 19:39:11'),(3993,21,3995,'NetworkPort','ocs-inventory-ng',NULL,0,0,0,1,'2023-07-02 19:24:18','2021-11-12 19:39:11'),(3994,21,3996,'NetworkPort','ocs-inventory-ng',NULL,0,0,0,1,'2023-07-02 19:24:18','2021-11-12 19:39:11'),(3995,15,3997,'NetworkPort','ocs-inventory-ng',NULL,0,0,0,1,'2023-01-19 20:30:18','2021-11-17 21:38:47'),(3996,15,3998,'NetworkPort','ocs-inventory-ng',NULL,0,0,0,1,'2023-01-19 20:30:18','2021-11-17 21:38:47'),(3997,15,3999,'NetworkPort','ocs-inventory-ng',NULL,0,0,0,1,'2023-01-19 20:30:18','2021-11-17 21:38:47'),(3998,1,4000,'NetworkPort','ocs-inventory-ng',NULL,0,0,0,1,'2021-11-18 20:21:36','2021-11-18 20:20:55'),(3999,1,4001,'NetworkPort','ocs-inventory-ng',NULL,0,0,0,1,'2021-11-18 20:21:36','2021-11-18 20:20:55'),(4000,1,4002,'NetworkPort','ocs-inventory-ng',NULL,0,0,0,1,'2021-11-18 20:21:36','2021-11-18 20:20:55'),(4001,1,4003,'NetworkPort','ocs-inventory-ng',NULL,0,0,0,1,'2021-11-18 20:21:36','2021-11-18 20:20:55'),(4002,1,4004,'NetworkPort','ocs-inventory-ng',NULL,0,0,0,1,'2021-11-18 20:21:36','2021-11-18 20:20:55'),(4003,1,4005,'NetworkPort','ocs-inventory-ng',NULL,0,0,0,1,'2021-11-18 20:21:36','2021-11-18 20:20:55'),(4004,1,4006,'NetworkPort','ocs-inventory-ng',NULL,0,0,0,1,'2021-11-18 20:21:36','2021-11-18 20:20:55'),(4005,2,4007,'NetworkPort','ocs-inventory-ng',NULL,0,0,0,1,'2021-11-25 20:43:44','2021-11-25 20:25:27'),(4006,2,4008,'NetworkPort','ocs-inventory-ng',NULL,0,0,0,1,'2021-11-25 20:43:44','2021-11-25 20:25:27'),(4007,2,4009,'NetworkPort','ocs-inventory-ng',NULL,0,0,0,1,'2021-11-25 20:43:44','2021-11-25 20:25:27'),(4008,2,4010,'NetworkPort','ocs-inventory-ng',NULL,0,0,0,1,'2021-11-25 20:43:44','2021-11-25 20:25:27'),(4009,2,4011,'NetworkPort','ocs-inventory-ng',NULL,0,0,0,1,'2021-11-25 20:43:44','2021-11-25 20:25:27'),(4010,2,4012,'NetworkPort','ocs-inventory-ng',NULL,0,0,0,1,'2021-11-25 20:43:44','2021-11-25 20:25:27'),(4011,2,4013,'NetworkPort','ocs-inventory-ng',NULL,0,0,0,1,'2021-11-25 20:43:44','2021-11-25 20:25:27'),(4012,17,4014,'NetworkPort','ocs-inventory-ng',NULL,0,0,0,1,'2022-08-24 12:42:15','2021-11-29 21:49:40'),(4013,17,4015,'NetworkPort','ocs-inventory-ng',NULL,0,0,0,1,'2022-08-24 12:42:15','2021-11-29 21:49:40'),(4014,17,4016,'NetworkPort','ocs-inventory-ng',NULL,0,0,0,1,'2022-08-24 12:42:15','2021-11-29 21:49:40'),(4015,17,4017,'NetworkPort','ocs-inventory-ng',NULL,0,0,0,1,'2022-08-24 12:42:15','2021-11-29 21:49:40'),(4016,17,4018,'NetworkPort','ocs-inventory-ng',NULL,0,0,0,1,'2022-08-24 12:42:15','2021-11-29 21:49:40'),(4017,17,4019,'NetworkPort','ocs-inventory-ng',NULL,0,0,0,1,'2022-08-24 12:42:15','2021-11-29 21:49:40'),(4018,17,4020,'NetworkPort','ocs-inventory-ng',NULL,0,0,0,1,'2022-08-24 12:42:15','2021-11-29 21:49:40'),(4019,2,4021,'NetworkPort','ocs-inventory-ng',NULL,0,0,0,1,'2021-12-02 15:31:00','2021-12-02 15:30:22'),(4020,2,4022,'NetworkPort','ocs-inventory-ng',NULL,0,0,0,1,'2021-12-02 15:31:00','2021-12-02 15:30:22'),(4021,2,4023,'NetworkPort','ocs-inventory-ng',NULL,0,0,0,1,'2021-12-02 15:31:00','2021-12-02 15:30:22'),(4022,2,4024,'NetworkPort','ocs-inventory-ng',NULL,0,0,0,1,'2021-12-02 15:31:00','2021-12-02 15:30:22'),(4023,2,4025,'NetworkPort','ocs-inventory-ng',NULL,0,0,0,1,'2021-12-02 15:31:00','2021-12-02 15:30:22'),(4024,2,4026,'NetworkPort','ocs-inventory-ng',NULL,0,0,0,1,'2021-12-02 15:31:00','2021-12-02 15:30:22'),(4025,2,4027,'NetworkPort','ocs-inventory-ng',NULL,0,0,0,1,'2021-12-02 15:31:00','2021-12-02 15:30:22'),(4026,2,4028,'NetworkPort','ocs-inventory-ng',NULL,0,0,0,1,'2021-12-02 15:31:00','2021-12-02 15:30:29'),(4027,2,4029,'NetworkPort','ocs-inventory-ng',NULL,0,0,0,1,'2021-12-02 15:31:00','2021-12-02 15:30:29'),(4028,2,4030,'NetworkPort','ocs-inventory-ng',NULL,0,0,0,1,'2021-12-02 15:31:00','2021-12-02 15:30:29'),(4029,2,4031,'NetworkPort','ocs-inventory-ng',NULL,0,0,0,1,'2021-12-02 15:31:00','2021-12-02 15:30:29'),(4030,2,4032,'NetworkPort','ocs-inventory-ng',NULL,0,0,0,1,'2021-12-02 15:31:00','2021-12-02 15:30:29'),(4031,2,4033,'NetworkPort','ocs-inventory-ng',NULL,0,0,0,1,'2021-12-02 15:31:00','2021-12-02 15:30:29'),(4032,2,4034,'NetworkPort','ocs-inventory-ng',NULL,0,0,0,1,'2021-12-02 15:31:00','2021-12-02 15:30:29'),(4033,1,4035,'NetworkPort','ocs-inventory-ng',NULL,0,0,0,1,'2021-12-02 19:52:07','2021-12-02 19:48:20'),(4034,1,4036,'NetworkPort','ocs-inventory-ng',NULL,0,0,0,1,'2021-12-02 19:52:07','2021-12-02 19:48:20'),(4035,1,4037,'NetworkPort','ocs-inventory-ng',NULL,0,0,0,1,'2021-12-02 19:52:07','2021-12-02 19:48:20'),(4036,1,4038,'NetworkPort','ocs-inventory-ng',NULL,0,0,0,1,'2021-12-02 19:52:07','2021-12-02 19:48:20'),(4037,1,4039,'NetworkPort','ocs-inventory-ng',NULL,0,0,0,1,'2021-12-02 19:52:07','2021-12-02 19:48:20'),(4038,1,4040,'NetworkPort','ocs-inventory-ng',NULL,0,0,0,1,'2021-12-02 19:52:07','2021-12-02 19:48:20'),(4039,1,4041,'NetworkPort','ocs-inventory-ng',NULL,0,0,0,1,'2021-12-02 19:52:07','2021-12-02 19:48:20'),(4054,2,4056,'NetworkPort','ocs-inventory-ng',NULL,0,0,0,1,'2021-12-07 17:55:17','2021-12-07 17:54:24'),(4055,2,4057,'NetworkPort','ocs-inventory-ng',NULL,0,0,0,1,'2021-12-07 17:55:17','2021-12-07 17:54:24'),(4056,2,4058,'NetworkPort','ocs-inventory-ng',NULL,0,0,0,1,'2021-12-07 17:55:17','2021-12-07 17:54:24'),(4057,2,4059,'NetworkPort','ocs-inventory-ng',NULL,0,0,0,1,'2021-12-07 17:55:17','2021-12-07 17:54:24'),(4058,2,4060,'NetworkPort','ocs-inventory-ng',NULL,0,0,0,1,'2021-12-07 17:55:17','2021-12-07 17:54:24'),(4059,2,4061,'NetworkPort','ocs-inventory-ng',NULL,0,0,0,1,'2021-12-07 17:55:17','2021-12-07 17:54:24'),(4060,2,4062,'NetworkPort','ocs-inventory-ng',NULL,0,0,0,1,'2021-12-07 17:55:17','2021-12-07 17:54:24'),(4061,21,4063,'NetworkPort','ocs-inventory-ng',NULL,0,0,0,1,'2023-07-02 19:19:24','2021-12-10 14:54:14'),(4062,21,4064,'NetworkPort','ocs-inventory-ng',NULL,0,0,0,1,'2023-07-02 19:19:24','2021-12-10 14:54:14'),(4063,21,4065,'NetworkPort','ocs-inventory-ng',NULL,0,0,0,1,'2023-07-02 19:19:24','2021-12-10 14:54:14'),(4064,21,4066,'NetworkPort','ocs-inventory-ng',NULL,0,0,0,1,'2023-07-02 19:19:24','2021-12-10 14:54:14'),(4065,21,4067,'NetworkPort','ocs-inventory-ng',NULL,0,0,0,1,'2023-07-02 19:19:24','2021-12-10 14:54:14'),(4066,21,4068,'NetworkPort','ocs-inventory-ng',NULL,0,0,0,1,'2023-07-02 19:19:24','2021-12-10 14:54:14'),(4067,21,4069,'NetworkPort','ocs-inventory-ng',NULL,0,0,0,1,'2023-07-02 19:19:24','2021-12-10 14:54:14'),(4068,2,4070,'NetworkPort','ocs-inventory-ng',NULL,0,0,0,1,'2021-12-14 15:02:56','2021-12-14 15:01:44'),(4069,2,4071,'NetworkPort','ocs-inventory-ng',NULL,0,0,0,1,'2021-12-14 15:02:56','2021-12-14 15:01:44'),(4070,2,4072,'NetworkPort','ocs-inventory-ng',NULL,0,0,0,1,'2021-12-14 15:02:56','2021-12-14 15:01:44'),(4071,2,4073,'NetworkPort','ocs-inventory-ng',NULL,0,0,0,1,'2021-12-14 15:02:56','2021-12-14 15:01:44'),(4072,2,4074,'NetworkPort','ocs-inventory-ng',NULL,0,0,0,1,'2021-12-14 15:02:56','2021-12-14 15:01:44'),(4073,2,4075,'NetworkPort','ocs-inventory-ng',NULL,0,0,0,1,'2021-12-14 15:02:56','2021-12-14 15:01:44'),(4074,2,4076,'NetworkPort','ocs-inventory-ng',NULL,0,0,0,1,'2021-12-14 15:02:56','2021-12-14 15:01:44'),(4075,2,4077,'NetworkPort','ocs-inventory-ng',NULL,0,0,0,1,'2021-12-14 15:02:56','2021-12-14 15:01:50'),(4076,2,4078,'NetworkPort','ocs-inventory-ng',NULL,0,0,0,1,'2021-12-14 15:02:56','2021-12-14 15:01:50'),(4077,2,4079,'NetworkPort','ocs-inventory-ng',NULL,0,0,0,1,'2021-12-14 15:02:56','2021-12-14 15:01:50'),(4078,2,4080,'NetworkPort','ocs-inventory-ng',NULL,0,0,0,1,'2021-12-14 15:02:56','2021-12-14 15:01:50'),(4079,2,4081,'NetworkPort','ocs-inventory-ng',NULL,0,0,0,1,'2021-12-14 15:02:56','2021-12-14 15:01:50'),(4080,2,4082,'NetworkPort','ocs-inventory-ng',NULL,0,0,0,1,'2021-12-14 15:02:56','2021-12-14 15:01:50'),(4081,2,4083,'NetworkPort','ocs-inventory-ng',NULL,0,0,0,1,'2021-12-14 15:02:56','2021-12-14 15:01:50'),(4082,15,4084,'NetworkPort','ocs-inventory-ng',NULL,0,0,0,1,'2023-01-19 20:30:20','2021-12-15 21:48:47'),(4083,15,4085,'NetworkPort','ocs-inventory-ng',NULL,0,0,0,1,'2023-01-19 20:30:20','2021-12-15 21:48:47'),(4084,15,4086,'NetworkPort','ocs-inventory-ng',NULL,0,0,0,1,'2023-01-19 20:30:20','2021-12-15 21:48:47'),(4085,15,4087,'NetworkPort','ocs-inventory-ng',NULL,0,0,0,1,'2023-01-19 20:30:20','2021-12-15 21:48:47'),(4086,15,4088,'NetworkPort','ocs-inventory-ng',NULL,0,0,0,1,'2023-01-19 20:30:20','2021-12-15 21:48:47'),(4087,15,4089,'NetworkPort','ocs-inventory-ng',NULL,0,0,0,1,'2023-01-19 20:30:20','2021-12-15 21:48:47'),(4088,20,4090,'NetworkPort','ocs-inventory-ng',NULL,0,0,0,1,'2023-07-02 22:35:45','2021-12-20 16:07:29'),(4089,20,4091,'NetworkPort','ocs-inventory-ng',NULL,0,0,0,1,'2023-07-02 22:35:45','2021-12-20 16:07:29'),(4090,20,4092,'NetworkPort','ocs-inventory-ng',NULL,0,0,0,1,'2023-07-02 22:35:45','2021-12-20 16:07:29'),(4091,20,4093,'NetworkPort','ocs-inventory-ng',NULL,0,0,0,1,'2023-07-02 22:35:45','2021-12-20 16:07:29'),(4092,20,4094,'NetworkPort','ocs-inventory-ng',NULL,0,0,0,1,'2023-07-02 22:35:45','2021-12-20 16:07:29'),(4093,20,4095,'NetworkPort','ocs-inventory-ng',NULL,0,0,0,1,'2023-07-02 22:35:45','2021-12-20 16:07:29'),(4094,20,4096,'NetworkPort','ocs-inventory-ng',NULL,0,0,0,1,'2023-07-02 22:35:45','2021-12-20 16:07:29'),(4095,21,4097,'NetworkPort','ocs-inventory-ng',NULL,0,0,0,1,'2023-07-02 01:49:55','2021-12-20 16:16:31'),(4096,21,4098,'NetworkPort','ocs-inventory-ng',NULL,0,0,0,1,'2023-07-02 01:49:55','2021-12-20 16:16:31'),(4097,21,4099,'NetworkPort','ocs-inventory-ng',NULL,0,0,0,1,'2023-07-02 01:49:55','2021-12-20 16:16:31'),(4098,21,4100,'NetworkPort','ocs-inventory-ng',NULL,0,0,0,1,'2023-07-02 01:49:55','2021-12-20 16:16:31'),(4099,21,4101,'NetworkPort','ocs-inventory-ng',NULL,0,0,0,1,'2023-07-02 01:49:55','2021-12-20 16:16:31'),(4100,21,4102,'NetworkPort','ocs-inventory-ng',NULL,0,0,0,1,'2023-07-02 01:49:55','2021-12-20 16:16:31'),(4101,21,4103,'NetworkPort','ocs-inventory-ng',NULL,0,0,0,1,'2023-07-02 01:49:55','2021-12-20 16:16:31'),(4102,2,4104,'NetworkPort','ocs-inventory-ng',NULL,0,0,0,1,'2021-12-21 16:07:03','2021-12-21 16:06:38'),(4103,2,4105,'NetworkPort','ocs-inventory-ng',NULL,0,0,0,1,'2021-12-21 16:07:03','2021-12-21 16:06:38'),(4104,2,4106,'NetworkPort','ocs-inventory-ng',NULL,0,0,0,1,'2021-12-21 16:07:03','2021-12-21 16:06:38'),(4105,2,4107,'NetworkPort','ocs-inventory-ng',NULL,0,0,0,1,'2021-12-21 16:07:03','2021-12-21 16:06:38'),(4106,2,4108,'NetworkPort','ocs-inventory-ng',NULL,0,0,0,1,'2021-12-21 16:07:03','2021-12-21 16:06:38'),(4107,2,4109,'NetworkPort','ocs-inventory-ng',NULL,0,0,0,1,'2021-12-21 16:07:03','2021-12-21 16:06:38'),(4108,2,4110,'NetworkPort','ocs-inventory-ng',NULL,0,0,0,1,'2021-12-21 16:07:03','2021-12-21 16:06:38'),(4109,21,4111,'NetworkPort','ocs-inventory-ng',NULL,0,0,0,1,'2023-07-02 19:36:07','2021-12-21 16:35:04'),(4110,21,4112,'NetworkPort','ocs-inventory-ng',NULL,0,0,0,1,'2023-07-02 19:36:07','2021-12-21 16:35:04'),(4111,21,4113,'NetworkPort','ocs-inventory-ng',NULL,0,0,0,1,'2023-07-02 19:36:07','2021-12-21 16:35:04'),(4112,21,4114,'NetworkPort','ocs-inventory-ng',NULL,0,0,0,1,'2023-07-02 19:36:07','2021-12-21 16:35:04'),(4113,21,4115,'NetworkPort','ocs-inventory-ng',NULL,0,0,0,1,'2023-07-02 19:36:07','2021-12-21 16:35:04'),(4114,21,4116,'NetworkPort','ocs-inventory-ng',NULL,0,0,0,1,'2023-07-02 19:36:07','2021-12-21 16:35:04'),(4115,21,4117,'NetworkPort','ocs-inventory-ng',NULL,0,0,0,1,'2023-07-02 19:36:07','2021-12-21 16:35:04'),(4116,15,4118,'NetworkPort','ocs-inventory-ng',NULL,0,0,0,1,'2023-01-19 20:30:21','2021-12-22 17:07:58'),(4117,15,4119,'NetworkPort','ocs-inventory-ng',NULL,0,0,0,1,'2023-01-19 20:30:21','2021-12-22 17:07:58'),(4118,15,4120,'NetworkPort','ocs-inventory-ng',NULL,0,0,0,1,'2023-01-19 20:30:21','2021-12-22 17:07:58'),(4119,15,4121,'NetworkPort','ocs-inventory-ng',NULL,0,0,0,1,'2023-01-19 20:30:21','2021-12-22 17:07:58'),(4120,15,4122,'NetworkPort','ocs-inventory-ng',NULL,0,0,0,1,'2023-01-19 20:30:21','2021-12-22 17:07:58'),(4121,15,4123,'NetworkPort','ocs-inventory-ng',NULL,0,0,0,1,'2023-01-19 20:30:21','2021-12-22 17:07:58'),(4122,15,4124,'NetworkPort','ocs-inventory-ng',NULL,0,0,0,1,'2023-01-19 20:30:21','2021-12-22 17:07:58'),(4123,21,4125,'NetworkPort','ocs-inventory-ng',NULL,0,0,0,1,'2023-07-02 19:36:08','2021-12-23 17:45:30'),(4124,21,4126,'NetworkPort','ocs-inventory-ng',NULL,0,0,0,1,'2023-07-02 19:36:08','2021-12-23 17:45:30'),(4125,21,4127,'NetworkPort','ocs-inventory-ng',NULL,0,0,0,1,'2023-07-02 19:36:08','2021-12-23 17:45:30'),(4126,21,4128,'NetworkPort','ocs-inventory-ng',NULL,0,0,0,1,'2023-07-02 19:36:08','2021-12-23 17:45:30'),(4127,21,4129,'NetworkPort','ocs-inventory-ng',NULL,0,0,0,1,'2023-07-02 19:36:08','2021-12-23 17:45:30'),(4128,21,4130,'NetworkPort','ocs-inventory-ng',NULL,0,0,0,1,'2023-07-02 19:36:08','2021-12-23 17:45:30'),(4129,21,4131,'NetworkPort','ocs-inventory-ng',NULL,0,0,0,1,'2023-07-02 19:36:08','2021-12-23 17:45:30'),(4130,21,4132,'NetworkPort','ocs-inventory-ng',NULL,0,0,0,1,'2023-07-02 19:36:09','2021-12-29 19:34:15'),(4131,21,4133,'NetworkPort','ocs-inventory-ng',NULL,0,0,0,1,'2023-07-02 19:36:09','2021-12-29 19:34:15'),(4132,21,4134,'NetworkPort','ocs-inventory-ng',NULL,0,0,0,1,'2023-07-02 19:36:09','2021-12-29 19:34:15'),(4133,21,4135,'NetworkPort','ocs-inventory-ng',NULL,0,0,0,1,'2023-07-02 19:36:09','2021-12-29 19:34:15'),(4134,21,4136,'NetworkPort','ocs-inventory-ng',NULL,0,0,0,1,'2023-07-02 19:36:09','2021-12-29 19:34:15'),(4135,21,4137,'NetworkPort','ocs-inventory-ng',NULL,0,0,0,1,'2023-07-02 19:36:09','2021-12-29 19:34:15'),(4136,21,4138,'NetworkPort','ocs-inventory-ng',NULL,0,0,0,1,'2023-07-02 19:36:09','2021-12-29 19:34:15'),(4137,17,4139,'NetworkPort','ocs-inventory-ng',NULL,0,0,0,1,'2022-08-24 12:42:16','2021-12-30 21:46:05'),(4138,17,4140,'NetworkPort','ocs-inventory-ng',NULL,0,0,0,1,'2022-08-24 12:42:16','2021-12-30 21:46:05'),(4139,17,4141,'NetworkPort','ocs-inventory-ng',NULL,0,0,0,1,'2022-08-24 12:42:16','2021-12-30 21:46:05'),(4140,17,4142,'NetworkPort','ocs-inventory-ng',NULL,0,0,0,1,'2022-08-24 12:42:16','2021-12-30 21:46:05'),(4141,17,4143,'NetworkPort','ocs-inventory-ng',NULL,0,0,0,1,'2022-08-24 12:42:16','2021-12-30 21:46:05'),(4142,17,4144,'NetworkPort','ocs-inventory-ng',NULL,0,0,0,1,'2022-08-24 12:42:16','2021-12-30 21:46:05'),(4143,17,4145,'NetworkPort','ocs-inventory-ng',NULL,0,0,0,1,'2022-08-24 12:42:16','2021-12-30 21:46:05'),(4144,17,4146,'NetworkPort','ocs-inventory-ng',NULL,0,0,0,1,'2022-08-24 12:42:17','2021-12-30 21:46:14'),(4145,17,4147,'NetworkPort','ocs-inventory-ng',NULL,0,0,0,1,'2022-08-24 12:42:17','2021-12-30 21:46:14'),(4146,17,4148,'NetworkPort','ocs-inventory-ng',NULL,0,0,0,1,'2022-08-24 12:42:17','2021-12-30 21:46:14'),(4147,17,4149,'NetworkPort','ocs-inventory-ng',NULL,0,0,0,1,'2022-08-24 12:42:17','2021-12-30 21:46:14'),(4148,17,4150,'NetworkPort','ocs-inventory-ng',NULL,0,0,0,1,'2022-08-24 12:42:17','2021-12-30 21:46:14'),(4149,17,4151,'NetworkPort','ocs-inventory-ng',NULL,0,0,0,1,'2022-08-24 12:42:17','2021-12-30 21:46:14'),(4150,17,4152,'NetworkPort','ocs-inventory-ng',NULL,0,0,0,1,'2022-08-24 12:42:17','2021-12-30 21:46:14'),(4151,2,4153,'NetworkPort','ocs-inventory-ng',NULL,0,0,0,1,'2021-12-30 21:47:16','2021-12-30 21:46:20'),(4152,2,4154,'NetworkPort','ocs-inventory-ng',NULL,0,0,0,1,'2021-12-30 21:47:16','2021-12-30 21:46:20'),(4153,2,4155,'NetworkPort','ocs-inventory-ng',NULL,0,0,0,1,'2021-12-30 21:47:16','2021-12-30 21:46:20'),(4154,2,4156,'NetworkPort','ocs-inventory-ng',NULL,0,0,0,1,'2021-12-30 21:47:16','2021-12-30 21:46:20'),(4155,2,4157,'NetworkPort','ocs-inventory-ng',NULL,0,0,0,1,'2021-12-30 21:47:16','2021-12-30 21:46:20'),(4156,2,4158,'NetworkPort','ocs-inventory-ng',NULL,0,0,0,1,'2021-12-30 21:47:16','2021-12-30 21:46:20'),(4157,2,4159,'NetworkPort','ocs-inventory-ng',NULL,0,0,0,1,'2021-12-30 21:47:16','2021-12-30 21:46:20'),(4158,21,4160,'NetworkPort','ocs-inventory-ng',NULL,0,0,0,1,'2023-06-28 21:07:47','2021-12-30 21:46:26'),(4159,21,4161,'NetworkPort','ocs-inventory-ng',NULL,0,0,0,1,'2023-06-28 21:07:47','2021-12-30 21:46:26'),(4160,21,4162,'NetworkPort','ocs-inventory-ng',NULL,0,0,0,1,'2023-06-28 21:07:47','2021-12-30 21:46:26'),(4161,21,4163,'NetworkPort','ocs-inventory-ng',NULL,0,0,0,1,'2023-06-28 21:07:47','2021-12-30 21:46:26'),(4162,21,4164,'NetworkPort','ocs-inventory-ng',NULL,0,0,0,1,'2023-06-28 21:07:47','2021-12-30 21:46:26'),(4163,21,4165,'NetworkPort','ocs-inventory-ng',NULL,0,0,0,1,'2023-06-28 21:07:47','2021-12-30 21:46:26'),(4164,1,4166,'NetworkPort','ocs-inventory-ng',NULL,0,0,0,1,'2023-09-01 22:54:44','2022-01-06 21:21:54'),(4165,1,4167,'NetworkPort','ocs-inventory-ng',NULL,0,0,0,1,'2023-09-01 22:54:44','2022-01-06 21:21:54'),(4166,1,4168,'NetworkPort','ocs-inventory-ng',NULL,0,0,0,1,'2023-09-01 22:54:44','2022-01-06 21:21:54'),(4167,1,4169,'NetworkPort','ocs-inventory-ng',NULL,0,0,0,1,'2023-09-01 22:54:44','2022-01-06 21:21:54'),(4168,1,4170,'NetworkPort','ocs-inventory-ng',NULL,0,0,0,1,'2023-09-01 22:54:44','2022-01-06 21:21:54'),(4169,1,4171,'NetworkPort','ocs-inventory-ng',NULL,0,0,0,1,'2023-09-01 22:54:44','2022-01-06 21:21:54'),(4170,22,4172,'NetworkPort','ocs-inventory-ng',NULL,0,0,0,1,'2023-07-02 21:25:41','2022-01-06 21:27:31'),(4171,22,4173,'NetworkPort','ocs-inventory-ng',NULL,0,0,0,1,'2023-07-02 21:25:41','2022-01-06 21:27:31'),(4172,22,4174,'NetworkPort','ocs-inventory-ng',NULL,0,0,0,1,'2023-07-02 21:25:41','2022-01-06 21:27:31'),(4173,22,4175,'NetworkPort','ocs-inventory-ng',NULL,0,0,0,1,'2023-07-02 21:25:41','2022-01-06 21:27:31'),(4174,22,4176,'NetworkPort','ocs-inventory-ng',NULL,0,0,0,1,'2023-07-02 21:25:41','2022-01-06 21:27:31'),(4175,22,4177,'NetworkPort','ocs-inventory-ng',NULL,0,0,0,1,'2023-07-02 21:25:41','2022-01-06 21:27:31'),(4176,15,4178,'NetworkPort','ocs-inventory-ng',NULL,0,0,0,1,'2023-01-19 20:30:23','2022-01-12 13:54:51'),(4177,15,4179,'NetworkPort','ocs-inventory-ng',NULL,0,0,0,1,'2023-01-19 20:30:23','2022-01-12 13:54:51'),(4178,15,4180,'NetworkPort','ocs-inventory-ng',NULL,0,0,0,1,'2023-01-19 20:30:23','2022-01-12 13:54:51'),(4179,15,4181,'NetworkPort','ocs-inventory-ng',NULL,0,0,0,1,'2023-01-19 20:30:23','2022-01-12 13:54:51'),(4180,15,4182,'NetworkPort','ocs-inventory-ng',NULL,0,0,0,1,'2023-01-19 20:30:23','2022-01-12 13:54:51'),(4181,15,4183,'NetworkPort','ocs-inventory-ng',NULL,0,0,0,1,'2023-07-03 02:13:28','2022-01-13 20:56:02'),(4182,15,4184,'NetworkPort','ocs-inventory-ng',NULL,0,0,0,1,'2023-07-03 02:13:28','2022-01-13 20:56:02'),(4183,15,4185,'NetworkPort','ocs-inventory-ng',NULL,0,0,0,1,'2023-07-03 02:13:28','2022-01-13 20:56:02'),(4184,15,4186,'NetworkPort','ocs-inventory-ng',NULL,0,0,0,1,'2023-07-03 02:13:28','2022-01-13 20:56:02'),(4185,15,4187,'NetworkPort','ocs-inventory-ng',NULL,0,0,0,1,'2023-07-03 02:13:28','2022-01-13 20:56:02'),(4186,15,4188,'NetworkPort','ocs-inventory-ng',NULL,0,0,0,1,'2023-07-03 02:13:28','2022-01-13 20:56:02'),(4187,21,4189,'NetworkPort','ocs-inventory-ng',NULL,0,0,0,1,'2023-07-02 19:24:19','2022-01-17 16:59:15'),(4188,21,4190,'NetworkPort','ocs-inventory-ng',NULL,0,0,0,1,'2023-07-02 19:24:19','2022-01-17 16:59:15'),(4189,21,4191,'NetworkPort','ocs-inventory-ng',NULL,0,0,0,1,'2023-07-02 19:24:19','2022-01-17 16:59:15'),(4190,21,4192,'NetworkPort','ocs-inventory-ng',NULL,0,0,0,1,'2023-07-02 19:24:19','2022-01-17 16:59:15'),(4191,21,4193,'NetworkPort','ocs-inventory-ng',NULL,0,0,0,1,'2023-07-02 19:24:19','2022-01-17 16:59:15'),(4192,21,4194,'NetworkPort','ocs-inventory-ng',NULL,0,0,0,1,'2023-07-02 19:24:19','2022-01-17 16:59:15'),(4193,1,4195,'NetworkPort','ocs-inventory-ng',NULL,0,0,0,1,'2022-01-18 22:18:27','2022-01-18 22:17:28'),(4194,1,4196,'NetworkPort','ocs-inventory-ng',NULL,0,0,0,1,'2022-01-18 22:18:27','2022-01-18 22:17:28'),(4195,1,4197,'NetworkPort','ocs-inventory-ng',NULL,0,0,0,1,'2022-01-18 22:18:27','2022-01-18 22:17:28'),(4196,1,4198,'NetworkPort','ocs-inventory-ng',NULL,0,0,0,1,'2022-01-18 22:18:27','2022-01-18 22:17:28'),(4197,1,4199,'NetworkPort','ocs-inventory-ng',NULL,0,0,0,1,'2022-01-18 22:18:27','2022-01-18 22:17:28'),(4198,1,4200,'NetworkPort','ocs-inventory-ng',NULL,0,0,0,1,'2022-01-18 22:18:27','2022-01-18 22:17:28'),(4199,22,4201,'NetworkPort','ocs-inventory-ng',NULL,0,0,0,1,'2023-07-02 21:25:42','2022-01-18 22:17:36'),(4200,22,4202,'NetworkPort','ocs-inventory-ng',NULL,0,0,0,1,'2023-07-02 21:25:42','2022-01-18 22:17:36'),(4201,22,4203,'NetworkPort','ocs-inventory-ng',NULL,0,0,0,1,'2023-07-02 21:25:42','2022-01-18 22:17:36'),(4202,22,4204,'NetworkPort','ocs-inventory-ng',NULL,0,0,0,1,'2023-07-02 21:25:42','2022-01-18 22:17:36'),(4203,22,4205,'NetworkPort','ocs-inventory-ng',NULL,0,0,0,1,'2023-07-02 21:25:42','2022-01-18 22:17:36'),(4204,22,4206,'NetworkPort','ocs-inventory-ng',NULL,0,0,0,1,'2023-07-02 21:25:42','2022-01-18 22:17:36'),(4205,1,4207,'NetworkPort','ocs-inventory-ng',NULL,0,0,0,1,'2022-01-18 22:18:27','2022-01-18 22:17:41'),(4206,1,4208,'NetworkPort','ocs-inventory-ng',NULL,0,0,0,1,'2022-01-18 22:18:27','2022-01-18 22:17:41'),(4207,1,4209,'NetworkPort','ocs-inventory-ng',NULL,0,0,0,1,'2022-01-18 22:18:27','2022-01-18 22:17:41'),(4208,1,4210,'NetworkPort','ocs-inventory-ng',NULL,0,0,0,1,'2022-01-18 22:18:27','2022-01-18 22:17:41'),(4209,1,4211,'NetworkPort','ocs-inventory-ng',NULL,0,0,0,1,'2022-01-18 22:18:27','2022-01-18 22:17:41'),(4210,1,4212,'NetworkPort','ocs-inventory-ng',NULL,0,0,0,1,'2022-01-18 22:18:27','2022-01-18 22:17:41'),(4211,1,4213,'NetworkPort','ocs-inventory-ng',NULL,0,0,0,1,'2023-11-21 13:39:47','2022-01-18 22:17:47'),(4212,1,4214,'NetworkPort','ocs-inventory-ng',NULL,0,0,0,1,'2023-11-21 13:39:47','2022-01-18 22:17:47'),(4213,1,4215,'NetworkPort','ocs-inventory-ng',NULL,0,0,0,1,'2023-11-21 13:39:47','2022-01-18 22:17:47'),(4214,1,4216,'NetworkPort','ocs-inventory-ng',NULL,0,0,0,1,'2023-11-21 13:39:47','2022-01-18 22:17:47'),(4215,1,4217,'NetworkPort','ocs-inventory-ng',NULL,0,0,0,1,'2023-11-21 13:39:47','2022-01-18 22:17:47'),(4216,1,4218,'NetworkPort','ocs-inventory-ng',NULL,0,0,0,1,'2023-11-21 13:39:47','2022-01-18 22:17:47'),(4217,1,4219,'NetworkPort','ocs-inventory-ng',NULL,0,0,0,1,'2023-07-03 00:49:20','2022-01-18 22:17:53'),(4218,1,4220,'NetworkPort','ocs-inventory-ng',NULL,0,0,0,1,'2023-07-03 00:49:20','2022-01-18 22:17:53'),(4219,1,4221,'NetworkPort','ocs-inventory-ng',NULL,0,0,0,1,'2023-07-03 00:49:20','2022-01-18 22:17:53'),(4220,1,4222,'NetworkPort','ocs-inventory-ng',NULL,0,0,0,1,'2023-07-03 00:49:20','2022-01-18 22:17:53'),(4221,1,4223,'NetworkPort','ocs-inventory-ng',NULL,0,0,0,1,'2023-07-03 00:49:20','2022-01-18 22:17:53'),(4222,1,4224,'NetworkPort','ocs-inventory-ng',NULL,0,0,0,1,'2023-07-03 00:49:20','2022-01-18 22:17:53'),(4223,1,4225,'NetworkPort','ocs-inventory-ng',NULL,0,0,0,1,'2023-07-03 00:49:20','2022-01-18 22:17:53'),(4275,2,4277,'NetworkPort','ocs-inventory-ng',NULL,0,0,0,1,'2022-01-19 15:50:48','2022-01-19 15:47:17'),(4276,2,4278,'NetworkPort','ocs-inventory-ng',NULL,0,0,0,1,'2022-01-19 15:50:48','2022-01-19 15:47:17'),(4277,2,4279,'NetworkPort','ocs-inventory-ng',NULL,0,0,0,1,'2022-01-19 15:50:48','2022-01-19 15:47:17'),(4278,2,4280,'NetworkPort','ocs-inventory-ng',NULL,0,0,0,1,'2022-01-19 15:50:48','2022-01-19 15:47:17'),(4279,2,4281,'NetworkPort','ocs-inventory-ng',NULL,0,0,0,1,'2022-01-19 15:50:48','2022-01-19 15:47:17'),(4280,2,4282,'NetworkPort','ocs-inventory-ng',NULL,0,0,0,1,'2022-01-19 15:50:48','2022-01-19 15:47:17'),(4281,2,4283,'NetworkPort','ocs-inventory-ng',NULL,0,0,0,1,'2022-01-19 15:50:48','2022-01-19 15:47:17'),(4282,2,4284,'NetworkPort','ocs-inventory-ng',NULL,0,0,0,1,'2022-01-19 15:50:48','2022-01-19 15:47:23'),(4283,2,4285,'NetworkPort','ocs-inventory-ng',NULL,0,0,0,1,'2022-01-19 15:50:48','2022-01-19 15:47:23'),(4284,2,4286,'NetworkPort','ocs-inventory-ng',NULL,0,0,0,1,'2022-01-19 15:50:48','2022-01-19 15:47:23'),(4285,2,4287,'NetworkPort','ocs-inventory-ng',NULL,0,0,0,1,'2022-01-19 15:50:48','2022-01-19 15:47:23'),(4286,2,4288,'NetworkPort','ocs-inventory-ng',NULL,0,0,0,1,'2022-01-19 15:50:48','2022-01-19 15:47:23'),(4287,2,4289,'NetworkPort','ocs-inventory-ng',NULL,0,0,0,1,'2022-01-19 15:50:48','2022-01-19 15:47:23'),(4288,15,4290,'NetworkPort','ocs-inventory-ng',NULL,0,0,0,1,'2023-07-03 02:13:28','2022-01-19 15:48:39'),(4289,15,4291,'NetworkPort','ocs-inventory-ng',NULL,0,0,0,1,'2023-07-03 02:13:28','2022-01-19 15:48:39'),(4290,0,4292,'NetworkPort','ocs-inventory-ng',NULL,0,0,0,1,'2022-01-19 15:49:13','2022-01-19 15:49:13'),