-- Dumping data for table `glpi_racktypes`
--


--
-- Table structure for table `glpi_recurrentchanges`
--

CREATE TABLE `glpi_recurrentchanges` (
  `id` int unsigned NOT NULL AUTO_INCREMENT,
  `name` varchar(255) CHARACTER SET utf8mb4 COLLATE utf8mb4_unicode_ci DEFAULT NULL,
  `comment` text CHARACTER SET utf8mb4 COLLATE utf8mb4_unicode_ci,
  `entities_id` int unsigned NOT NULL DEFAULT '0',
  `is_recursive` tinyint NOT NULL DEFAULT '0',
  `is_active` tinyint NOT NULL DEFAULT '0',
  `changetemplates_id` int unsigned NOT NULL DEFAULT '0',
  `begin_date` timestamp NULL DEFAULT NULL,
  `periodicity` varchar(255) CHARACTER SET utf8mb4 COLLATE utf8mb4_unicode_ci DEFAULT NULL,
  `create_before` int NOT NULL DEFAULT '0',
  `next_creation_date` timestamp NULL DEFAULT NULL,
  `calendars_id` int unsigned NOT NULL DEFAULT '0',
  `end_date` timestamp NULL DEFAULT NULL,
  PRIMARY KEY (`id`),
  KEY `name` (`name`),
  KEY `entities_id` (`entities_id`),
  KEY `is_recursive` (`is_recursive`),
  KEY `is_active` (`is_active`),
  KEY `changetemplates_id` (`changetemplates_id`),
  KEY `next_creation_date` (`next_creation_date`),
  KEY `calendars_id` (`calendars_id`)
) ENGINE=InnoDB DEFAULT CHARSET=utf8mb4 COLLATE=utf8mb4_unicode_ci ROW_FORMAT=DYNAMIC;

--
-- Dumping data for table `glpi_recurrentchanges`
--


--
-- Table structure for table `glpi_refusedequipments`
--

CREATE TABLE `glpi_refusedequipments` (
  `id` int unsigned NOT NULL AUTO_INCREMENT,
  `name` varchar(255) CHARACTER SET utf8mb4 COLLATE utf8mb4_unicode_ci DEFAULT NULL,
  `itemtype` varchar(100) CHARACTER SET utf8mb4 COLLATE utf8mb4_unicode_ci DEFAULT NULL,
  `entities_id` int unsigned NOT NULL DEFAULT '0',
  `ip` varchar(255) CHARACTER SET utf8mb4 COLLATE utf8mb4_unicode_ci DEFAULT NULL,
  `mac` varchar(255) CHARACTER SET utf8mb4 COLLATE utf8mb4_unicode_ci DEFAULT NULL,
  `rules_id` int unsigned NOT NULL DEFAULT '0',
  `method` varchar(255) CHARACTER SET utf8mb4 COLLATE utf8mb4_unicode_ci DEFAULT NULL,
  `serial` varchar(255) CHARACTER SET utf8mb4 COLLATE utf8mb4_unicode_ci DEFAULT NULL,
  `uuid` varchar(255) CHARACTER SET utf8mb4 COLLATE utf8mb4_unicode_ci DEFAULT NULL,
  `agents_id` int unsigned NOT NULL DEFAULT '0',
  `autoupdatesystems_id` int unsigned NOT NULL DEFAULT '0',
  `date_creation` timestamp NULL DEFAULT NULL,
  `date_mod` timestamp NULL DEFAULT NULL,
  PRIMARY KEY (`id`),
  KEY `name` (`name`),
  KEY `entities_id` (`entities_id`),
  KEY `agents_id` (`agents_id`),
  KEY `autoupdatesystems_id` (`autoupdatesystems_id`),
  KEY `rules_id` (`rules_id`),
  KEY `date_creation` (`date_creation`),
  KEY `date_mod` (`date_mod`)
) ENGINE=InnoDB DEFAULT CHARSET=utf8mb4 COLLATE=utf8mb4_unicode_ci ROW_FORMAT=DYNAMIC;

--
-- Dumping data for table `glpi_refusedequipments`
--


--
-- Table structure for table `glpi_registeredids`
--

CREATE TABLE `glpi_registeredids` (
  `id` int unsigned NOT NULL AUTO_INCREMENT,
  `name` varchar(255) CHARACTER SET utf8mb4 COLLATE utf8mb4_unicode_ci DEFAULT NULL,
  `items_id` int unsigned NOT NULL DEFAULT '0',
  `itemtype` varchar(100) CHARACTER SET utf8mb4 COLLATE utf8mb4_unicode_ci NOT NULL,
  `device_type` varchar(100) CHARACTER SET utf8mb4 COLLATE utf8mb4_unicode_ci NOT NULL COMMENT 'USB, PCI ...',
  PRIMARY KEY (`id`),
  KEY `name` (`name`),
  KEY `device_type` (`device_type`),
  KEY `item` (`itemtype`,`items_id`)
) ENGINE=InnoDB DEFAULT CHARSET=utf8mb4 COLLATE=utf8mb4_unicode_ci;

--
-- Dumping data for table `glpi_registeredids`
--


--
-- Table structure for table `glpi_reminders`
--

CREATE TABLE `glpi_reminders` (
  `id` int unsigned NOT NULL AUTO_INCREMENT,
  `uuid` varchar(255) CHARACTER SET utf8mb4 COLLATE utf8mb4_unicode_ci DEFAULT NULL,
  `date` timestamp NULL DEFAULT NULL,
  `users_id` int unsigned NOT NULL DEFAULT '0',
  `name` varchar(255) CHARACTER SET utf8mb4 COLLATE utf8mb4_unicode_ci DEFAULT NULL,
  `text` mediumtext CHARACTER SET utf8mb4 COLLATE utf8mb4_unicode_ci,
  `begin` timestamp NULL DEFAULT NULL,
  `end` timestamp NULL DEFAULT NULL,
  `is_planned` tinyint(1) NOT NULL DEFAULT '0',
  `date_mod` timestamp NULL DEFAULT NULL,
  `state` int NOT NULL DEFAULT '0',
  `begin_view_date` timestamp NULL DEFAULT NULL,
  `end_view_date` timestamp NULL DEFAULT NULL,
  `date_creation` timestamp NULL DEFAULT NULL,
  PRIMARY KEY (`id`),
  UNIQUE KEY `uuid` (`uuid`),
  KEY `date` (`date`),
  KEY `begin` (`begin`),
  KEY `end` (`end`),
  KEY `users_id` (`users_id`),
  KEY `is_planned` (`is_planned`),
  KEY `state` (`state`),
  KEY `date_mod` (`date_mod`),
  KEY `date_creation` (`date_creation`),
  KEY `name` (`name`)
) ENGINE=InnoDB AUTO_INCREMENT=7 DEFAULT CHARSET=utf8mb4 COLLATE=utf8mb4_unicode_ci;

--
-- Dumping data for table `glpi_reminders`
--


--
-- Table structure for table `glpi_reminders_users`
--

CREATE TABLE `glpi_reminders_users` (
  `id` int unsigned NOT NULL AUTO_INCREMENT,
  `reminders_id` int unsigned NOT NULL DEFAULT '0',
  `users_id` int unsigned NOT NULL DEFAULT '0',
  PRIMARY KEY (`id`),
  KEY `reminders_id` (`reminders_id`),
  KEY `users_id` (`users_id`)
) ENGINE=InnoDB AUTO_INCREMENT=3 DEFAULT CHARSET=utf8mb4 COLLATE=utf8mb4_unicode_ci;

--
-- Dumping data for table `glpi_reminders_users`
--


--
-- Table structure for table `glpi_remindertranslations`
--

CREATE TABLE `glpi_remindertranslations` (
  `id` int unsigned NOT NULL AUTO_INCREMENT,
  `reminders_id` int unsigned NOT NULL DEFAULT '0',
  `language` varchar(5) CHARACTER SET utf8mb4 COLLATE utf8mb4_unicode_ci DEFAULT NULL,
  `name` mediumtext CHARACTER SET utf8mb4 COLLATE utf8mb4_unicode_ci,
  `text` longtext CHARACTER SET utf8mb4 COLLATE utf8mb4_unicode_ci,
  `users_id` int unsigned NOT NULL DEFAULT '0',
  `date_mod` timestamp NULL DEFAULT NULL,
  `date_creation` timestamp NULL DEFAULT NULL,
  PRIMARY KEY (`id`),
  KEY `item` (`reminders_id`,`language`),
  KEY `users_id` (`users_id`),
  KEY `date_creation` (`date_creation`),
  KEY `date_mod` (`date_mod`)
) ENGINE=InnoDB DEFAULT CHARSET=utf8mb4 COLLATE=utf8mb4_unicode_ci;

--
-- Dumping data for table `glpi_remindertranslations`
--


--
-- Table structure for table `glpi_requesttypes`
--

CREATE TABLE `glpi_requesttypes` (
  `id` int unsigned NOT NULL AUTO_INCREMENT,
  `name` varchar(255) CHARACTER SET utf8mb4 COLLATE utf8mb4_unicode_ci DEFAULT NULL,
  `is_helpdesk_default` tinyint(1) NOT NULL DEFAULT '0',
  `is_followup_default` tinyint(1) NOT NULL DEFAULT '0',
  `is_mail_default` tinyint(1) NOT NULL DEFAULT '0',
  `is_mailfollowup_default` tinyint(1) NOT NULL DEFAULT '0',
  `is_active` tinyint(1) NOT NULL DEFAULT '1',
  `is_ticketheader` tinyint(1) NOT NULL DEFAULT '1',
  `is_itilfollowup` tinyint(1) NOT NULL DEFAULT '1',
  `comment` mediumtext CHARACTER SET utf8mb4 COLLATE utf8mb4_unicode_ci,
  `date_mod` timestamp NULL DEFAULT NULL,
  `date_creation` timestamp NULL DEFAULT NULL,
  PRIMARY KEY (`id`),
  KEY `name` (`name`),
  KEY `is_helpdesk_default` (`is_helpdesk_default`),
  KEY `is_followup_default` (`is_followup_default`),
  KEY `is_mail_default` (`is_mail_default`),
  KEY `is_mailfollowup_default` (`is_mailfollowup_default`),
  KEY `date_mod` (`date_mod`),
  KEY `date_creation` (`date_creation`),
  KEY `is_active` (`is_active`),
  KEY `is_ticketheader` (`is_ticketheader`),
  KEY `is_itilfollowup` (`is_itilfollowup`)
) ENGINE=InnoDB AUTO_INCREMENT=7 DEFAULT CHARSET=utf8mb4 COLLATE=utf8mb4_unicode_ci;

--
-- Dumping data for table `glpi_requesttypes`
--

INSERT INTO `glpi_requesttypes` VALUES (1,'Helpdesk',1,1,0,0,1,1,1,NULL,NULL,NULL),(2,'E-Mail',0,0,1,1,1,1,1,NULL,NULL,NULL),(3,'Phone',0,0,0,0,1,1,1,NULL,NULL,NULL),(4,'Direct',0,0,0,0,1,1,1,NULL,NULL,NULL),(5,'Written',0,0,0,0,1,1,1,NULL,NULL,NULL),(6,'Other',0,0,0,0,1,1,1,NULL,NULL,NULL);

--
-- Table structure for table `glpi_reservationitems`
--

CREATE TABLE `glpi_reservationitems` (
  `id` int unsigned NOT NULL AUTO_INCREMENT,
  `itemtype` varchar(100) CHARACTER SET utf8mb4 COLLATE utf8mb4_unicode_ci NOT NULL,
  `entities_id` int unsigned NOT NULL DEFAULT '0',
  `is_recursive` tinyint(1) NOT NULL DEFAULT '0',
  `items_id` int unsigned NOT NULL DEFAULT '0',
  `comment` mediumtext CHARACTER SET utf8mb4 COLLATE utf8mb4_unicode_ci,
  `is_active` tinyint(1) NOT NULL DEFAULT '1',
  PRIMARY KEY (`id`),
  UNIQUE KEY `unicity` (`itemtype`,`items_id`),
  KEY `is_active` (`is_active`),
  KEY `item` (`itemtype`,`items_id`),
  KEY `entities_id` (`entities_id`),
  KEY `is_recursive` (`is_recursive`)
) ENGINE=InnoDB AUTO_INCREMENT=4 DEFAULT CHARSET=utf8mb4 COLLATE=utf8mb4_unicode_ci;

--
-- Dumping data for table `glpi_reservationitems`
--

INSERT INTO `glpi_reservationitems` VALUES (1,'Printer',1,0,17,NULL,1),(2,'Peripheral',1,0,19,NULL,1),(3,'Peripheral',1,0,75,NULL,1);

--
-- Table structure for table `glpi_reservations`
--

CREATE TABLE `glpi_reservations` (
  `id` int unsigned NOT NULL AUTO_INCREMENT,
  `reservationitems_id` int unsigned NOT NULL DEFAULT '0',
  `begin` timestamp NULL DEFAULT NULL,
  `end` timestamp NULL DEFAULT NULL,
  `users_id` int unsigned NOT NULL DEFAULT '0',
  `comment` mediumtext CHARACTER SET utf8mb4 COLLATE utf8mb4_unicode_ci,
  `group` int NOT NULL DEFAULT '0',
  PRIMARY KEY (`id`),
  KEY `begin` (`begin`),
  KEY `end` (`end`),
  KEY `users_id` (`users_id`),
  KEY `resagroup` (`reservationitems_id`,`group`)
) ENGINE=InnoDB DEFAULT CHARSET=utf8mb4 COLLATE=utf8mb4_unicode_ci;

--
-- Dumping data for table `glpi_reservations`
--


--
-- Table structure for table `glpi_rssfeeds`
--

CREATE TABLE `glpi_rssfeeds` (
  `id` int unsigned NOT NULL AUTO_INCREMENT,
  `name` varchar(255) CHARACTER SET utf8mb4 COLLATE utf8mb4_unicode_ci DEFAULT NULL,
  `users_id` int unsigned NOT NULL DEFAULT '0',
  `comment` mediumtext CHARACTER SET utf8mb4 COLLATE utf8mb4_unicode_ci,
  `url` mediumtext CHARACTER SET utf8mb4 COLLATE utf8mb4_unicode_ci,
  `refresh_rate` int NOT NULL DEFAULT '86400',
  `max_items` int NOT NULL DEFAULT '20',
  `have_error` tinyint(1) NOT NULL DEFAULT '0',
  `is_active` tinyint(1) NOT NULL DEFAULT '0',
  `date_mod` timestamp NULL DEFAULT NULL,
  `date_creation` timestamp NULL DEFAULT NULL,
  PRIMARY KEY (`id`),
  KEY `name` (`name`),
  KEY `users_id` (`users_id`),
  KEY `date_mod` (`date_mod`),
  KEY `have_error` (`have_error`),
  KEY `is_active` (`is_active`),
  KEY `date_creation` (`date_creation`)
) ENGINE=InnoDB DEFAULT CHARSET=utf8mb4 COLLATE=utf8mb4_unicode_ci;

--
-- Dumping data for table `glpi_rssfeeds`
--


--
-- Table structure for table `glpi_rssfeeds_users`
--

CREATE TABLE `glpi_rssfeeds_users` (
  `id` int unsigned NOT NULL AUTO_INCREMENT,
  `rssfeeds_id` int unsigned NOT NULL DEFAULT '0',
  `users_id` int unsigned NOT NULL DEFAULT '0',
  PRIMARY KEY (`id`),
  KEY `rssfeeds_id` (`rssfeeds_id`),
  KEY `users_id` (`users_id`)
) ENGINE=InnoDB DEFAULT CHARSET=utf8mb4 COLLATE=utf8mb4_unicode_ci;

--
-- Dumping data for table `glpi_rssfeeds_users`
--


--
-- Table structure for table `glpi_ruleactions`
--

CREATE TABLE `glpi_ruleactions` (
  `id` int unsigned NOT NULL AUTO_INCREMENT,
  `rules_id` int unsigned NOT NULL DEFAULT '0',
  `action_type` varchar(255) CHARACTER SET utf8mb4 COLLATE utf8mb4_unicode_ci DEFAULT NULL COMMENT 'VALUE IN (assign, regex_result, append_regex_result, affectbyip, affectbyfqdn, affectbymac)',
  `field` varchar(255) CHARACTER SET utf8mb4 COLLATE utf8mb4_unicode_ci DEFAULT NULL,
  `value` varchar(255) CHARACTER SET utf8mb4 COLLATE utf8mb4_unicode_ci DEFAULT NULL,
  PRIMARY KEY (`id`),
  KEY `rules_id` (`rules_id`),
  KEY `field_value` (`field`(50),`value`(50))
) ENGINE=InnoDB AUTO_INCREMENT=697 DEFAULT CHARSET=utf8mb4 COLLATE=utf8mb4_unicode_ci;

--
-- Dumping data for table `glpi_ruleactions`
--

INSERT INTO `glpi_ruleactions` VALUES (2,2,'assign','entities_id','0'),(3,3,'assign','entities_id','0'),(4,4,'assign','_refuse_email_no_response','1'),(5,5,'assign','_refuse_email_no_response','1'),(6,6,'fromitem','locations_id','1'),(7,7,'fromuser','locations_id','1'),(8,8,'assign','_import_category','1'),(9,9,'regex_result','_affect_user_by_regex','#0'),(10,10,'regex_result','_affect_user_by_regex','#0'),(11,11,'regex_result','_affect_user_by_regex','#0'),(12,12,'assign','_fusion','0'),(13,13,'assign','entities_id','0'),(14,14,'assign','entities_id','21'),(15,15,'assign','entities_id','2'),(16,16,'assign','entities_id','5'),(17,16,'assign','profiles_id','1'),(18,16,'assign','is_recursive','1'),(19,18,'assign','entities_id','1'),(20,19,'assign','entities_id','2'),(21,21,'assign','entities_id','1'),(22,22,'assign','entities_id','1'),(26,26,'assign','_affect_entity_by_user_entity','1'),(28,32,'assign','_refuse_email_no_response','1'),(29,33,'assign','slas_id_ttr','13'),(31,33,'assign','status','2'),(33,34,'assign','slas_id_ttr','29'),(35,34,'assign','status','2'),(37,35,'assign','_users_id_assign','1069'),(45,36,'assign','status','2'),(54,38,'assign','slas_id_ttr','30'),(56,38,'assign','status','2'),(59,39,'assign','slas_id_ttr','23'),(60,39,'assign','status','2'),(66,40,'assign','slas_id_ttr','3'),(69,41,'assign','slas_id_ttr','28'),(71,41,'assign','status','2'),(85,44,'assign','slas_id_ttr','26'),(94,46,'assign','slas_id_ttr','37'),(95,46,'assign','status','2'),(103,47,'assign','slas_id_ttr','3'),(107,48,'assign','slas_id_ttr','23'),(110,48,'assign','_users_id_assign','692'),(111,49,'assign','slas_id_ttr','29'),(113,49,'assign','status','2'),(117,27,'assign','slas_id_ttr','35'),(118,39,'assign','_users_id_assign','368'),(121,17,'assign','slas_id_ttr','29'),(123,17,'assign','status','2'),(139,50,'assign','slas_id_ttr','29'),(141,50,'assign','status','2'),(147,51,'assign','slas_id_ttr','27'),(156,52,'assign','status','2'),(157,52,'assign','slas_id_ttr','8'),(161,53,'assign','status','2'),(162,53,'assign','slas_id_ttr','40'),(167,54,'assign','_users_id_assign','1069'),(169,54,'assign','slas_id_ttr','40'),(173,27,'assign','status','2'),(176,55,'assign','status','2'),(186,56,'assign','slas_id_ttr','39'),(190,57,'assign','status','2'),(193,57,'assign','slas_id_ttr','29'),(195,58,'assign','status','2'),(197,58,'assign','slas_id_ttr','38'),(201,59,'assign','slas_id_ttr','14'),(204,59,'assign','_users_id_assign','565'),(207,56,'assign','status','2'),(208,60,'assign','entities_id','15'),(209,61,'assign','entities_id','15'),(211,45,'assign','status','2'),(212,42,'assign','slas_id_ttr','22'),(220,55,'assign','_users_id_assign','565'),(223,63,'assign','slas_id_ttr','23'),(231,64,'assign','slas_id_ttr','1'),(236,65,'assign','slas_id_ttr','1'),(241,66,'assign','slas_id_ttr','1'),(246,67,'assign','slas_id_ttr','2'),(251,68,'assign','slas_id_ttr','2'),(252,37,'assign','slas_id_ttr','26'),(256,69,'assign','slas_id_ttr','23'),(259,70,'assign','slas_id_ttr','14'),(262,70,'assign','_users_id_assign','565'),(264,71,'assign','slas_id_ttr','23'),(267,71,'assign','_users_id_assign','565'),(269,72,'assign','slas_id_ttr','23'),(272,72,'assign','_users_id_assign','565'),(274,73,'assign','slas_id_ttr','14'),(277,73,'assign','_users_id_assign','565'),(279,74,'assign','slas_id_ttr','14'),(282,74,'assign','_users_id_assign','565'),(284,75,'assign','slas_id_ttr','23'),(287,75,'assign','_users_id_assign','565'),(288,76,'assign','slas_id_ttr','15'),(289,76,'assign','status','2'),(293,77,'assign','slas_id_ttr','23'),(294,77,'assign','status','2'),(297,77,'assign','_users_id_assign','692'),(298,78,'assign','slas_id_ttr','31'),(299,78,'assign','status','2'),(303,79,'assign','slas_id_ttr','31'),(304,79,'assign','status','2'),(308,80,'assign','slas_id_ttr','32'),(309,80,'assign','status','2'),(313,81,'assign','slas_id_ttr','32'),(314,81,'assign','status','2'),(318,82,'assign','slas_id_ttr','23'),(319,82,'assign','status','2'),(322,82,'assign','_users_id_assign','752'),(324,83,'assign','slas_id_ttr','32'),(328,84,'assign','slas_id_ttr','35'),(332,84,'assign','status','2'),(333,85,'assign','slas_id_ttr','36'),(337,85,'assign','status','2'),(338,86,'assign','slas_id_ttr','34'),(342,86,'assign','status','2'),(343,87,'assign','entities_id','17'),(344,35,'assign','slas_id_ttr','40'),(345,88,'assign','entities_id','17'),(346,43,'assign','slas_id_ttr','11'),(347,43,'assign','priority','2'),(348,62,'assign','slas_id_tto','24'),(349,55,'assign','slas_id_ttr','14'),(350,55,'assign','priority','4'),(351,43,'assign','status','2'),(352,45,'assign','slas_id_ttr','11'),(353,45,'assign','priority','2'),(354,36,'assign','priority','2'),(355,36,'assign','slas_id_ttr','11'),(356,44,'assign','status','2'),(357,44,'assign','priority','3'),(358,51,'assign','status','2'),(359,51,'assign','priority','3'),(361,63,'assign','_users_id_assign','860'),(362,64,'assign','status','2'),(363,64,'assign','priority','2'),(364,65,'assign','status','2'),(365,65,'assign','priority','2'),(366,66,'assign','status','2'),(367,66,'assign','priority','2'),(368,67,'assign','status','2'),(369,67,'assign','priority','3'),(370,68,'assign','status','2'),(371,68,'assign','priority','3'),(373,42,'assign','_users_id_assign','692'),(374,37,'assign','status','2'),(375,37,'assign','priority','3'),(376,40,'assign','status','2'),(377,40,'assign','priority','2'),(378,47,'assign','status','2'),(379,47,'assign','priority','2'),(381,69,'assign','_users_id_assign','860'),(382,35,'assign','status','2'),(383,35,'assign','priority','3'),(384,54,'assign','status','2'),(385,54,'assign','priority','3'),(386,52,'assign','priority','3'),(387,53,'assign','_users_id_assign','353'),(388,53,'assign','priority','3'),(389,56,'assign','priority','3'),(390,58,'assign','priority','3'),(391,70,'assign','status','2'),(392,70,'assign','priority','4'),(393,71,'assign','status','2'),(394,71,'assign','priority','2'),(395,72,'assign','status','2'),(397,59,'assign','status','2'),(398,59,'assign','priority','4'),(399,73,'assign','status','2'),(400,73,'assign','priority','4'),(401,74,'assign','status','2'),(402,74,'assign','priority','4'),(403,75,'assign','status','2'),(405,33,'assign','priority','4'),(406,76,'assign','priority','2'),(408,41,'assign','priority','4'),(409,49,'assign','priority','4'),(410,17,'assign','priority','4'),(411,34,'assign','priority','4'),(412,50,'assign','priority','4'),(413,57,'assign','priority','4'),(414,38,'assign','priority','4'),(415,78,'assign','priority','3'),(416,79,'assign','priority','3'),(417,80,'assign','priority','2'),(418,81,'assign','priority','2'),(420,83,'assign','status','2'),(421,83,'assign','priority','2'),(422,27,'assign','priority','3'),(423,84,'assign','priority','3'),(424,85,'assign','priority','2'),(425,86,'assign','priority','4'),(426,46,'assign','priority','3'),(428,89,'assign','slas_id_ttr','23'),(429,89,'assign','_users_id_assign','860'),(430,90,'assign','slas_id_ttr','23'),(431,90,'assign','_users_id_assign','565'),(432,91,'assign','slas_id_ttr','23'),(433,91,'assign','_users_id_assign','565'),(434,92,'assign','slas_id_ttr','23'),(435,92,'assign','_users_id_assign','860'),(436,93,'assign','slas_id_ttr','23'),(437,93,'assign','_users_id_assign','692'),(438,94,'assign','slas_id_ttr','23'),(439,94,'assign','_users_id_assign','368'),(440,95,'assign','slas_id_ttr','23'),(441,95,'assign','_users_id_assign','1117'),(442,96,'assign','slas_id_ttr','23'),(443,96,'assign','_users_id_assign','565'),(444,97,'assign','slas_id_ttr','23'),(445,97,'assign','_users_id_assign','565'),(446,98,'assign','slas_id_ttr','23'),(447,98,'assign','_users_id_assign','1069'),(448,99,'assign','slas_id_ttr','23'),(449,99,'assign','_users_id_assign','692'),(451,69,'assign','status','2'),(452,42,'assign','status','2'),(453,63,'assign','status','2'),(454,48,'assign','status','2'),(455,89,'assign','status','2'),(456,91,'assign','status','2'),(457,92,'assign','status','2'),(458,93,'assign','status','2'),(459,94,'assign','status','2'),(460,95,'assign','status','2'),(461,97,'assign','status','2'),(462,98,'assign','status','2'),(463,99,'assign','status','2'),(464,96,'assign','status','2'),(465,100,'assign','status','2'),(466,100,'assign','slas_id_ttr','23'),(467,100,'assign','_users_id_assign','860'),(468,101,'assign','status','2'),(469,101,'assign','slas_id_ttr','23'),(470,101,'assign','_users_id_assign','752'),(471,103,'assign','slas_id_ttr','23'),(472,103,'assign','status','2'),(473,103,'assign','_users_id_assign','860'),(474,104,'assign','entities_id','20'),(475,105,'assign','specific_groups_id','37'),(476,106,'assign','slas_id_ttr','23'),(477,106,'assign','status','2'),(478,106,'assign','_users_id_assign','860'),(479,107,'assign','slas_id_ttr','23'),(480,107,'assign','status','2'),(481,107,'assign','_users_id_assign','860'),(482,108,'assign','entities_id','19'),(483,109,'assign','slas_id_ttr','25'),(484,109,'assign','_users_id_assign','565'),(485,109,'assign','status','2'),(486,109,'assign','priority','4'),(487,110,'assign','slas_id_ttr','25'),(488,110,'assign','_users_id_assign','565'),(489,110,'assign','status','2'),(490,110,'assign','priority','4'),(491,111,'assign','slas_id_ttr','14'),(492,111,'assign','_users_id_assign','565'),(493,111,'assign','status','2'),(494,111,'assign','priority','4'),(495,112,'assign','status','2'),(496,112,'assign','_users_id_assign','565'),(497,112,'assign','slas_id_ttr','25'),(498,112,'assign','priority','4'),(499,113,'assign','status','2'),(500,113,'assign','_users_id_assign','565'),(501,113,'assign','slas_id_ttr','25'),(502,113,'assign','priority','4'),(503,114,'assign','status','2'),(504,114,'assign','_users_id_assign','565'),(505,114,'assign','slas_id_ttr','14'),(506,114,'assign','priority','4'),(507,115,'assign','slas_id_ttr','23'),(508,115,'assign','_users_id_assign','565'),(509,115,'assign','status','2'),(510,115,'assign','priority','2'),(511,116,'assign','slas_id_ttr','23'),(512,116,'assign','_users_id_assign','565'),(513,116,'assign','status','2'),(514,116,'assign','priority','2'),(515,117,'assign','slas_id_ttr','23'),(516,117,'assign','_users_id_assign','565'),(517,117,'assign','status','2'),(518,117,'assign','priority','2'),(519,72,'assign','priority','2'),(520,118,'assign','slas_id_ttr','23'),(521,118,'assign','_users_id_assign','565'),(522,118,'assign','status','2'),(523,118,'assign','priority','2'),(524,119,'assign','slas_id_ttr','23'),(525,119,'assign','_users_id_assign','565'),(526,119,'assign','status','2'),(527,119,'assign','priority','2'),(528,120,'assign','slas_id_ttr','23'),(529,120,'assign','_users_id_assign','565'),(530,120,'assign','status','2'),(531,120,'assign','priority','2'),(532,121,'assign','slas_id_ttr','23'),(533,121,'assign','_users_id_assign','565'),(534,90,'assign','status','2'),(535,121,'assign','status','2'),(536,122,'assign','slas_id_ttr','23'),(537,122,'assign','_users_id_assign','565'),(538,122,'assign','status','2'),(539,123,'assign','slas_id_ttr','23'),(540,123,'assign','_users_id_assign','565'),(541,123,'assign','status','2'),(542,62,'fromuser','locations_id','1'),(543,124,'assign','slas_id_ttr','23'),(544,124,'assign','status','2'),(545,124,'assign','_users_id_assign','692'),(546,125,'assign','slas_id_ttr','23'),(547,125,'assign','status','2'),(548,125,'assign','_users_id_assign','692'),(549,126,'assign','status','2'),(550,126,'assign','slas_id_ttr','29'),(551,126,'assign','_users_id_assign','860'),(552,127,'assign','slas_id_ttr','23'),(553,127,'assign','status','2'),(554,127,'assign','_users_id_assign','368'),(555,128,'assign','slas_id_ttr','23'),(556,128,'assign','status','2'),(557,128,'assign','_users_id_assign','368'),(558,129,'assign','slas_id_ttr','23'),(559,129,'assign','status','2'),(560,129,'assign','_users_id_assign','368'),(561,130,'assign','slas_id_ttr','23'),(562,130,'assign','status','2'),(563,130,'assign','_users_id_assign','368'),(564,131,'assign','slas_id_ttr','23'),(565,131,'assign','status','2'),(566,131,'assign','_users_id_assign','1026'),(567,132,'assign','slas_id_ttr','23'),(568,132,'assign','status','2'),(569,132,'assign','_users_id_assign','860'),(570,133,'assign','status','2'),(571,133,'assign','slas_id_ttr','23'),(572,133,'assign','_users_id_assign','368'),(573,134,'assign','status','2'),(574,134,'assign','slas_id_ttr','23'),(575,134,'assign','_users_id_assign','368'),(576,135,'assign','status','2'),(577,135,'assign','slas_id_ttr','23'),(578,135,'assign','_users_id_assign','752'),(579,136,'assign','status','2'),(580,136,'assign','slas_id_ttr','23'),(581,136,'assign','_users_id_assign','368'),(582,137,'assign','status','2'),(583,137,'assign','slas_id_ttr','23'),(584,137,'assign','_groups_id_assign','60'),(585,138,'assign','status','2'),(586,138,'assign','slas_id_ttr','23'),(587,138,'assign','_users_id_assign','368'),(588,139,'assign','status','2'),(589,139,'assign','slas_id_ttr','23'),(590,139,'assign','_users_id_assign','368'),(591,140,'assign','status','2'),(592,140,'assign','slas_id_ttr','23'),(593,140,'assign','_users_id_assign','860'),(594,141,'assign','status','2'),(595,141,'assign','slas_id_ttr','23'),(596,141,'assign','_users_id_assign','860'),(597,142,'assign','status','2'),(598,142,'assign','slas_id_ttr','23'),(599,142,'assign','_users_id_assign','1117'),(600,56,'assign','_users_id_assign','565'),(601,143,'assign','entities_id','20'),(602,144,'assign','entities_id','19'),(603,145,'assign','entities_id','22'),(604,146,'assign','entities_id','21'),(605,147,'assign','entities_id','19'),(606,148,'assign','slas_id_ttr','23'),(607,148,'assign','status','2'),(608,148,'assign','_users_id_assign','860'),(609,149,'assign','slas_id_ttr','23'),(610,149,'assign','status','2'),(611,149,'assign','_users_id_assign','368'),(612,150,'assign','slas_id_ttr','23'),(613,150,'assign','status','2'),(614,150,'assign','_users_id_assign','368'),(616,78,'assign','_users_id_assign','752'),(617,151,'assign','_inventory','2'),(618,152,'assign','_inventory','0'),(619,153,'assign','_inventory','0'),(620,154,'assign','_inventory','0'),(621,155,'assign','_inventory','0'),(622,156,'assign','_inventory','0'),(623,157,'assign','_inventory','0'),(624,158,'assign','_inventory','0'),(625,159,'assign','_inventory','0'),(626,160,'assign','_inventory','2'),(627,161,'assign','_inventory','0'),(628,162,'assign','_inventory','0'),(629,163,'assign','_inventory','0'),(630,164,'assign','_inventory','0'),(631,165,'assign','_inventory','0'),(632,166,'assign','_inventory','0'),(633,167,'assign','_inventory','0'),(634,168,'assign','_inventory','0'),(635,169,'assign','_inventory','0'),(636,170,'assign','_inventory','0'),(637,171,'assign','_inventory','0'),(638,172,'assign','_inventory','2'),(639,173,'assign','_inventory','2'),(640,174,'assign','_inventory','0'),(641,175,'assign','_inventory','0'),(642,176,'assign','_inventory','0'),(643,177,'assign','_inventory','0'),(644,178,'assign','_inventory','2'),(645,179,'assign','_inventory','2'),(646,180,'assign','_inventory','0'),(647,181,'assign','_inventory','0'),(648,182,'assign','_inventory','0'),(649,183,'assign','_inventory','0'),(650,184,'assign','_inventory','2'),(651,185,'assign','_inventory','0'),(652,186,'assign','_inventory','0'),(653,187,'assign','_inventory','2'),(654,188,'assign','_inventory','0'),(655,189,'assign','_inventory','0'),(656,190,'assign','_inventory','2'),(657,191,'assign','_inventory','2'),(658,192,'assign','_inventory','0'),(659,193,'assign','_inventory','0'),(660,194,'assign','_inventory','2'),(661,195,'assign','_inventory','0'),(662,196,'assign','_inventory','0'),(663,197,'assign','_inventory','2'),(664,198,'assign','_inventory','0'),(665,199,'assign','_inventory','0'),(666,200,'assign','_inventory','2'),(667,201,'assign','_inventory','2'),(668,202,'assign','_inventory','0'),(669,203,'assign','_inventory','0'),(670,204,'assign','_inventory','0'),(671,205,'assign','_inventory','0'),(672,206,'assign','_inventory','2'),(673,207,'assign','_inventory','0'),(674,208,'assign','_inventory','0'),(675,209,'assign','_inventory','2'),(676,210,'assign','_inventory','0'),(677,211,'assign','_inventory','0'),(678,212,'assign','_inventory','2'),(679,213,'append_regex_result','name','#0'),(680,214,'append_regex_result','name','#1'),(681,215,'append_regex_result','name','#1 #2'),(682,216,'append_regex_result','name','#1'),(683,217,'append_regex_result','name','#2'),(684,218,'append_regex_result','name','#3'),(685,219,'append_regex_result','name','#2'),(686,220,'append_regex_result','name','#4'),(687,221,'append_regex_result','name','#4'),(688,27,'assign','_users_id_assign','1117'),(689,84,'assign','_users_id_assign','1117'),(690,86,'assign','_users_id_assign','368'),(691,46,'assign','_users_id_assign','1117'),(692,137,'assign','_users_id_assign','565'),(693,222,'assign','_users_id_assign','565'),(694,222,'assign','priority','4'),(695,222,'assign','status','2'),(696,222,'assign','slas_id_ttr','25');

--
-- Table structure for table `glpi_rulecriterias`
--

CREATE TABLE `glpi_rulecriterias` (
  `id` int unsigned NOT NULL AUTO_INCREMENT,
  `rules_id` int unsigned NOT NULL DEFAULT '0',
  `criteria` varchar(255) CHARACTER SET utf8mb4 COLLATE utf8mb4_unicode_ci DEFAULT NULL,
  `condition` int NOT NULL DEFAULT '0' COMMENT 'see define.php PATTERN_* and REGEX_* constant',
  `pattern` mediumtext CHARACTER SET utf8mb4 COLLATE utf8mb4_unicode_ci,
  PRIMARY KEY (`id`),
  KEY `rules_id` (`rules_id`),
  KEY `condition` (`condition`)
) ENGINE=InnoDB AUTO_INCREMENT=494 DEFAULT CHARSET=utf8mb4 COLLATE=utf8mb4_unicode_ci;

--
-- Dumping data for table `glpi_rulecriterias`
--

INSERT INTO `glpi_rulecriterias` VALUES (2,2,'uid',0,'*'),(3,2,'samaccountname',0,'*'),(4,2,'MAIL_EMAIL',0,'*'),(5,3,'_groups_id_requester',9,'1'),(6,4,'x-auto-response-suppress',6,'/\\S+/'),(7,5,'auto-submitted',6,'/^(?!.*no).+$/i'),(9,6,'locations_id',9,'1'),(10,6,'_locations_id_of_item',8,'1'),(11,7,'locations_id',9,'1'),(12,7,'_locations_id_of_requester',8,'1'),(13,8,'name',0,'*'),(14,9,'_itemtype',0,'Computer'),(15,9,'_auto',0,'1'),(16,9,'contact',6,'/(.*)@/'),(17,10,'_itemtype',0,'Computer'),(18,10,'_auto',0,'1'),(19,10,'contact',6,'/(.*)[,|\\/]/'),(20,11,'_itemtype',0,'Computer'),(21,11,'_auto',0,'1'),(22,11,'contact',6,'/(.*)/'),(23,12,'serial',10,'1'),(24,13,'TAG',0,'*'),(25,13,'OCS_SERVER',0,'1'),(27,15,'mailcollector',0,'20'),(28,18,'MAIL_EMAIL',2,'arintia.com'),(31,19,'MAIL_EMAIL',2,'ecologycolombia.com'),(34,20,'DESCRIPTION',2,''),(35,21,'TAG',0,'*'),(37,21,'DESCRIPTION',2,'Arintia'),(38,22,'mailcollector',0,'20'),(43,26,'mailcollector',0,'1'),(44,27,'itilcategories_id',0,'120'),(49,32,'_users_id_requester',9,'1'),(50,17,'itilcategories_id',0,'52'),(51,33,'itilcategories_id',0,'180'),(52,34,'itilcategories_id',0,'32'),(54,35,'itilcategories_id',0,'163'),(56,36,'itilcategories_id',0,'78'),(57,37,'itilcategories_id',0,'184'),(58,38,'itilcategories_id',0,'128'),(59,39,'itilcategories_id',0,'87'),(60,40,'itilcategories_id',0,'185'),(61,41,'itilcategories_id',0,'117'),(62,42,'itilcategories_id',0,'171'),(63,43,'itilcategories_id',0,'35'),(64,44,'itilcategories_id',0,'1'),(65,45,'itilcategories_id',0,'21'),(66,46,'itilcategories_id',0,'118'),(69,47,'itilcategories_id',0,'186'),(71,48,'type',0,'2'),(74,49,'itilcategories_id',0,'100'),(76,50,'itilcategories_id',0,'177'),(77,51,'itilcategories_id',0,'3'),(78,52,'itilcategories_id',0,'152'),(79,53,'itilcategories_id',0,'151'),(80,54,'itilcategories_id',0,'153'),(81,55,'itilcategories_id',0,'167'),(82,56,'itilcategories_id',0,'158'),(83,57,'itilcategories_id',0,'174'),(84,58,'itilcategories_id',0,'161'),(85,59,'itilcategories_id',0,'44'),(86,14,'_groups_id_requester',2,'Trucks'),(87,60,'_groups_id_requester',2,'Techos'),(89,61,'MAIL_EMAIL',2,'techossas.com'),(92,62,'status',0,'1'),(93,63,'itilcategories_id',0,'178'),(94,64,'itilcategories_id',0,'18'),(95,65,'itilcategories_id',0,'19'),(96,66,'itilcategories_id',0,'20'),(97,67,'itilcategories_id',0,'182'),(98,68,'itilcategories_id',0,'43'),(99,69,'itilcategories_id',0,'115'),(100,70,'itilcategories_id',0,'160'),(101,71,'itilcategories_id',0,'157'),(102,72,'itilcategories_id',0,'164'),(103,73,'itilcategories_id',0,'169'),(104,74,'itilcategories_id',0,'170'),(105,75,'itilcategories_id',0,'46'),(106,76,'itilcategories_id',0,'71'),(107,77,'itilcategories_id',0,'65'),(108,78,'itilcategories_id',0,'130'),(109,79,'itilcategories_id',0,'131'),(110,80,'itilcategories_id',0,'6'),(111,81,'itilcategories_id',0,'25'),(112,82,'itilcategories_id',0,'50'),(113,83,'itilcategories_id',0,'179'),(114,84,'itilcategories_id',0,'121'),(115,85,'itilcategories_id',0,'119'),(116,86,'itilcategories_id',0,'122'),(117,87,'mailcollector',0,'20'),(118,87,'_groups_id_requester',2,'Protenus'),(119,88,'MAIL_EMAIL',2,'protenus.com.co'),(123,48,'itilcategories_id',11,'12'),(124,89,'type',0,'2'),(125,89,'itilcategories_id',11,'183'),(126,90,'type',0,'2'),(127,90,'itilcategories_id',11,'150'),(128,91,'type',0,'2'),(129,91,'itilcategories_id',11,'162'),(130,92,'type',0,'2'),(131,92,'itilcategories_id',11,'10'),(132,93,'type',0,'2'),(133,93,'itilcategories_id',11,'16'),(134,94,'type',0,'2'),(135,94,'itilcategories_id',11,'55'),(136,95,'type',0,'2'),(137,95,'itilcategories_id',11,'141'),(138,96,'type',0,'2'),(139,96,'itilcategories_id',0,'151'),(140,97,'type',0,'2'),(141,97,'itilcategories_id',0,'163'),(142,98,'type',0,'2'),(143,98,'itilcategories_id',0,'153'),(144,99,'type',0,'2'),(145,99,'itilcategories_id',0,'152'),(146,45,'type',0,'1'),(147,43,'type',0,'1'),(148,36,'type',0,'1'),(149,44,'type',0,'1'),(150,51,'type',0,'1'),(151,63,'type',0,'2'),(152,64,'type',0,'1'),(153,65,'type',0,'1'),(154,66,'type',0,'1'),(155,67,'type',0,'1'),(156,68,'type',0,'1'),(157,42,'type',0,'2'),(158,35,'type',0,'1'),(159,37,'type',0,'1'),(160,40,'type',0,'1'),(161,47,'type',0,'1'),(162,69,'type',0,'2'),(163,54,'type',0,'1'),(164,52,'type',0,'1'),(165,53,'type',0,'1'),(166,56,'type',0,'1'),(167,58,'type',0,'1'),(169,70,'_locations_id_of_requester',2,'Faw'),(170,71,'type',0,'2'),(171,72,'type',0,'2'),(172,59,'type',0,'1'),(173,73,'type',0,'1'),(174,74,'type',0,'1'),(175,75,'type',0,'2'),(176,33,'type',0,'1'),(177,77,'type',0,'2'),(178,41,'type',0,'1'),(179,49,'type',0,'1'),(180,17,'type',0,'1'),(181,34,'type',0,'1'),(183,76,'type',0,'1'),(184,50,'type',0,'1'),(185,57,'type',0,'1'),(186,38,'type',0,'1'),(187,78,'type',0,'1'),(188,79,'type',0,'1'),(189,80,'type',0,'1'),(190,81,'type',0,'1'),(191,83,'type',0,'1'),(192,27,'type',0,'1'),(193,84,'type',0,'1'),(194,85,'type',0,'1'),(195,86,'type',0,'1'),(196,46,'type',0,'1'),(197,82,'type',0,'2'),(198,55,'_locations_id_of_requester',2,'Faw'),(199,39,'type',0,'2'),(200,100,'type',0,'2'),(201,100,'itilcategories_id',0,'158'),(202,101,'type',0,'2'),(203,101,'itilcategories_id',0,'161'),(204,103,'itilcategories_id',0,'117'),(205,103,'type',0,'2'),(206,104,'MAIL_EMAIL',2,'beglubricantes.com'),(209,105,'MAIL_EMAIL',2,'protenus.com.co'),(210,106,'itilcategories_id',0,'100'),(211,106,'type',0,'2'),(212,107,'itilcategories_id',0,'52'),(213,107,'type',0,'2'),(214,108,'MAIL_EMAIL',2,'construccioneselco.com'),(215,108,'MAIL_EMAIL',2,'muraglia.com.co'),(216,109,'itilcategories_id',0,'160'),(217,109,'_locations_id_of_requester',2,'Techos'),(218,110,'itilcategories_id',0,'160'),(219,110,'_locations_id_of_requester',2,'Caria'),(220,111,'itilcategories_id',0,'160'),(221,111,'_locations_id_of_requester',2,'Mineroil'),(222,112,'itilcategories_id',0,'167'),(223,112,'_locations_id_of_requester',2,'Techos'),(224,113,'itilcategories_id',0,'167'),(225,113,'_locations_id_of_requester',2,'Caria'),(226,114,'itilcategories_id',0,'167'),(227,114,'_locations_id_of_requester',2,'Mineroil'),(228,115,'itilcategories_id',0,'157'),(229,115,'_locations_id_of_requester',2,'Faw'),(230,115,'type',0,'2'),(231,55,'type',0,'1'),(232,112,'type',0,'1'),(233,113,'type',0,'1'),(234,114,'type',0,'1'),(235,70,'type',0,'1'),(236,109,'type',0,'1'),(237,110,'type',0,'1'),(238,111,'type',0,'1'),(239,71,'_locations_id_of_requester',2,'Techos'),(240,116,'itilcategories_id',0,'157'),(241,116,'_locations_id_of_requester',2,'Caria'),(242,116,'type',0,'2'),(243,117,'itilcategories_id',0,'157'),(244,117,'_locations_id_of_requester',2,'Mineroil'),(245,117,'type',0,'2'),(246,72,'_locations_id_of_requester',2,'Faw'),(247,118,'itilcategories_id',0,'164'),(248,118,'type',0,'2'),(249,118,'_locations_id_of_requester',2,'Techos'),(250,119,'itilcategories_id',0,'164'),(251,119,'type',0,'2'),(252,119,'_locations_id_of_requester',2,'Caria'),(253,120,'itilcategories_id',0,'164'),(254,120,'type',0,'2'),(255,120,'_locations_id_of_requester',2,'Mineroil'),(256,121,'type',0,'2'),(257,121,'itilcategories_id',11,'150'),(258,90,'_locations_id_of_requester',2,'Faw'),(259,121,'_locations_id_of_requester',2,'Techos'),(260,122,'type',0,'2'),(261,122,'itilcategories_id',11,'150'),(262,122,'_locations_id_of_requester',2,'Caria'),(263,123,'type',0,'2'),(264,123,'itilcategories_id',11,'150'),(265,123,'_locations_id_of_requester',2,'Mineroil'),(266,62,'_locations_id_of_requester',8,'1'),(267,124,'itilcategories_id',0,'32'),(268,124,'type',0,'2'),(269,125,'itilcategories_id',0,'177'),(270,125,'type',0,'2'),(271,126,'itilcategories_id',0,'174'),(272,126,'type',0,'2'),(273,127,'itilcategories_id',0,'128'),(274,127,'type',0,'2'),(275,128,'itilcategories_id',0,'130'),(276,128,'type',0,'2'),(277,129,'itilcategories_id',0,'131'),(278,129,'type',0,'2'),(279,130,'itilcategories_id',0,'6'),(280,130,'type',0,'2'),(281,131,'itilcategories_id',0,'25'),(282,131,'type',0,'2'),(283,132,'itilcategories_id',0,'179'),(284,132,'type',0,'2'),(285,133,'type',0,'2'),(286,133,'itilcategories_id',11,'173'),(287,134,'type',0,'2'),(288,134,'itilcategories_id',11,'140'),(289,135,'type',0,'2'),(290,135,'itilcategories_id',0,'31'),(291,136,'type',0,'2'),(292,136,'itilcategories_id',0,'99'),(293,137,'type',0,'2'),(294,137,'itilcategories_id',0,'145'),(295,138,'type',0,'2'),(296,138,'itilcategories_id',0,'149'),(297,139,'type',0,'2'),(298,139,'itilcategories_id',0,'37'),(299,140,'type',0,'2'),(300,140,'itilcategories_id',0,'148'),(301,141,'type',0,'2'),(302,141,'itilcategories_id',11,'28'),(303,142,'type',0,'2'),(304,142,'itilcategories_id',11,'94'),(306,60,'mailcollector',0,'20'),(307,143,'_groups_id_requester',2,'Caria'),(308,143,'mailcollector',0,'20'),(309,22,'_groups_id_requester',2,'Arintia'),(310,15,'_groups_id_requester',2,'Ecology'),(311,14,'mailcollector',0,'20'),(313,144,'mailcollector',0,'20'),(314,144,'_groups_id_requester',2,'Elco'),(316,145,'mailcollector',0,'20'),(317,145,'_groups_id_requester',2,'MCP'),(319,3,'mailcollector',0,'20'),(321,146,'mailcollector',0,'20'),(322,146,'_groups_id_requester',2,'Green'),(323,147,'mailcollector',0,'20'),(325,147,'_groups_id_requester',2,'Muraglia'),(326,148,'itilcategories_id',0,'196'),(327,148,'type',0,'2'),(328,149,'itilcategories_id',0,'197'),(329,149,'type',0,'2'),(330,150,'itilcategories_id',0,'189'),(331,150,'type',0,'2'),(332,151,'partial',0,'1'),(333,151,'itemtype',9,'1'),(334,152,'itemtype',9,'1'),(335,152,'mac',10,'1'),(336,152,'mac',8,'1'),(337,152,'ifnumber',10,'1'),(338,152,'ifnumber',8,'1'),(339,152,'link_criteria_port',203,'1'),(340,153,'itemtype',9,'1'),(341,153,'mac',10,'1'),(342,153,'mac',8,'1'),(343,153,'ifnumber',10,'1'),(344,153,'ifnumber',8,'1'),(345,154,'itemtype',9,'1'),(346,154,'mac',8,'1'),(347,154,'ifnumber',8,'1'),(348,155,'itemtype',9,'1'),(349,155,'ip',10,'1'),(350,155,'ip',8,'1'),(351,155,'ifdescr',10,'1'),(352,155,'ifdescr',8,'1'),(353,155,'link_criteria_port',203,'1'),(354,156,'itemtype',9,'1'),(355,156,'ip',10,'1'),(356,156,'ip',8,'1'),(357,156,'ifdescr',10,'1'),(358,156,'ifdescr',8,'1'),(359,157,'itemtype',9,'1'),(360,157,'ip',8,'1'),(361,157,'ifdescr',8,'1'),(362,158,'itemtype',9,'1'),(363,158,'mac',10,'1'),(364,158,'mac',8,'1'),(365,158,'only_these_criteria',204,'1'),(366,159,'itemtype',9,'1'),(367,159,'mac',8,'1'),(368,159,'only_these_criteria',204,'1'),(369,160,'itemtype',0,'Computer'),(370,160,'name',9,'1'),(371,161,'itemtype',0,'Computer'),(372,161,'serial',10,'1'),(373,161,'serial',8,'1'),(374,161,'uuid',10,'1'),(375,161,'uuid',8,'1'),(376,162,'itemtype',0,'Computer'),(377,162,'serial',10,'1'),(378,162,'serial',8,'1'),(379,162,'uuid',30,'1'),(380,163,'itemtype',0,'Computer'),(381,163,'uuid',8,'1'),(382,163,'serial',8,'1'),(383,164,'itemtype',0,'Computer'),(384,164,'serial',10,'1'),(385,164,'serial',8,'1'),(386,165,'itemtype',0,'Computer'),(387,165,'uuid',10,'1'),(388,165,'uuid',8,'1'),(389,166,'itemtype',0,'Computer'),(390,166,'mac',10,'1'),(391,166,'mac',8,'1'),(392,167,'itemtype',0,'Computer'),(393,167,'name',10,'1'),(394,167,'name',8,'1'),(395,168,'itemtype',0,'Computer'),(396,168,'serial',8,'1'),(397,169,'itemtype',0,'Computer'),(398,169,'uuid',8,'1'),(399,170,'itemtype',0,'Computer'),(400,170,'mac',8,'1'),(401,171,'itemtype',0,'Computer'),(402,171,'name',8,'1'),(403,172,'itemtype',0,'Computer'),(404,173,'itemtype',0,'Printer'),(405,173,'name',9,'1'),(406,174,'itemtype',0,'Printer'),(407,174,'serial',8,'1'),(408,174,'serial',10,'1'),(409,175,'itemtype',0,'Printer'),(410,175,'mac',8,'1'),(411,175,'mac',10,'1'),(412,176,'itemtype',0,'Printer'),(413,176,'serial',8,'1'),(414,177,'itemtype',0,'Printer'),(415,177,'mac',8,'1'),(416,178,'itemtype',0,'Printer'),(417,179,'itemtype',0,'NetworkEquipment'),(418,179,'name',9,'1'),(419,180,'itemtype',0,'NetworkEquipment'),(420,180,'serial',8,'1'),(421,180,'serial',10,'1'),(422,181,'itemtype',0,'NetworkEquipment'),(423,181,'mac',8,'1'),(424,181,'mac',10,'1'),(425,182,'itemtype',0,'NetworkEquipment'),(426,182,'serial',8,'1'),(427,183,'itemtype',0,'NetworkEquipment'),(428,183,'mac',8,'1'),(429,184,'itemtype',0,'NetworkEquipment'),(430,185,'itemtype',0,'Peripheral'),(431,185,'serial',8,'1'),(432,185,'serial',10,'1'),(433,186,'itemtype',0,'Peripheral'),(434,186,'serial',8,'1'),(435,187,'itemtype',0,'Peripheral'),(436,188,'itemtype',0,'Monitor'),(437,188,'serial',8,'1'),(438,188,'serial',10,'1'),(439,189,'itemtype',0,'Monitor'),(440,189,'serial',8,'1'),(441,190,'itemtype',0,'Monitor'),(442,191,'itemtype',0,'Phone'),(443,191,'name',9,'1'),(444,192,'itemtype',0,'Phone'),(445,192,'mac',10,'1'),(446,192,'mac',8,'1'),(447,193,'itemtype',0,'Phone'),(448,193,'mac',8,'1'),(449,194,'itemtype',0,'Phone'),(450,195,'itemtype',0,'Cluster'),(451,195,'uuid',8,'1'),(452,195,'uuid',10,'1'),(453,196,'itemtype',0,'Cluster'),(454,196,'uuid',8,'1'),(455,197,'itemtype',0,'Cluster'),(456,198,'itemtype',0,'Enclosure'),(457,198,'serial',8,'1'),(458,198,'serial',10,'1'),(459,199,'itemtype',0,'Enclosure'),(460,199,'serial',8,'1'),(461,200,'itemtype',0,'Enclosure'),(462,201,'name',9,'1'),(463,202,'serial',8,'1'),(464,202,'serial',10,'1'),(465,203,'mac',8,'1'),(466,203,'mac',10,'1'),(467,204,'serial',8,'1'),(468,205,'mac',8,'1'),(469,206,'itemtype',0,''),(470,207,'itemtype',0,'DatabaseInstance'),(471,207,'name',8,'1'),(472,207,'name',10,'1'),(473,207,'linked_item',10,'1'),(474,208,'itemtype',0,'DatabaseInstance'),(475,208,'name',8,'1'),(476,209,'itemtype',0,'DatabaseInstance'),(477,210,'itemtype',0,'Unmanaged'),(478,210,'name',8,'1'),(479,210,'name',10,'1'),(480,211,'itemtype',0,'Unmanaged'),(481,211,'name',8,'1'),(482,212,'itemtype',0,'Unmanaged'),(483,213,'os_name',6,'/(SUSE|SunOS|Red Hat|CentOS|Ubuntu|Debian|Fedora|AlmaLinux|Oracle|Amazon Linux)(?:\\D+|)([\\d.]*) ?(?:\\(?([\\w ]+)\\)?)?/'),(484,214,'os_name',6,'/(Microsoft)(?&#62;\\(R\\)|®)? (Windows) (XP|\\d\\.\\d|\\d{1,4}|Vista)(™)? ?(.*)/'),(485,215,'os_name',6,'/(Microsoft)(?&#62;\\(R\\)|®)? (?:(Hyper-V|Windows)(?:\\(R\\))?) ((?:Server|))(?:\\(R\\)|®)? (\\d{4}(?: R2)?)(?:[,\\s]++)?([^\\s]*)(?: Edition(?: x64)?)?$/'),(486,216,'os_name',6,'/(SUSE|SunOS|Red Hat|CentOS|Ubuntu|Debian|Fedora|AlmaLinux|Oracle)(?:\\D+|)([\\d.]+) ?(?:\\(?([\\w ]+)\\)?)?/'),(487,217,'os_name',6,'/(Microsoft)(?&#62;\\(R\\)|®)? (Windows) (XP|\\d\\.\\d|\\d{1,4}|Vista)(™)? ?(.*)/'),(488,218,'os_name',6,'/(Microsoft)(?&#62;\\(R\\)|®)? (?:(Hyper-V|Windows)(?:\\(R\\))?) ((?:Server|))(?:\\(R\\)|®)? (\\d{4}(?: R2)?)(?:[,\\s]++)?([^\\s]*)(?: Edition(?: x64)?)?$/'),(489,219,'os_name',6,'/(SUSE|SunOS|Red Hat|CentOS|Ubuntu|Debian|Fedora|AlmaLinux|Oracle)(?:\\D+|)([\\d.]+) ?(?:\\(?([\\w ]+)\\)?)?/'),(490,220,'os_name',6,'/(Microsoft)(?&#62;\\(R\\)|®)? (Windows) (XP|\\d\\.\\d|\\d{1,4}|Vista)(™)? ?(.*)/'),(491,221,'os_name',6,'/(Microsoft)(?&#62;\\(R\\)|®)? (?:(Hyper-V|Windows)(?:\\(R\\))?) ((?:Server|))(?:\\(R\\)|®)? (\\d{4}(?: R2)?)(?:[,\\s]++)?([^\\s]*)(?: Edition(?: x64)?)?$/'),(492,222,'itilcategories_id',0,'167'),(493,222,'type',0,'2');

--
-- Table structure for table `glpi_rulematchedlogs`
--

CREATE TABLE `glpi_rulematchedlogs` (
  `id` int unsigned NOT NULL AUTO_INCREMENT,
  `date` timestamp NULL DEFAULT NULL,
  `items_id` int unsigned NOT NULL DEFAULT '0',
  `itemtype` varchar(100) CHARACTER SET utf8mb4 COLLATE utf8mb4_unicode_ci DEFAULT NULL,
  `rules_id` int unsigned DEFAULT NULL,
  `agents_id` int unsigned NOT NULL DEFAULT '0',
  `method` varchar(255) CHARACTER SET utf8mb4 COLLATE utf8mb4_unicode_ci DEFAULT NULL,
  PRIMARY KEY (`id`),
  KEY `agents_id` (`agents_id`),
  KEY `item` (`itemtype`,`items_id`),
  KEY `rules_id` (`rules_id`)
) ENGINE=InnoDB DEFAULT CHARSET=utf8mb4 COLLATE=utf8mb4_unicode_ci ROW_FORMAT=DYNAMIC;

--
-- Dumping data for table `glpi_rulematchedlogs`
--


--
-- Table structure for table `glpi_rulerightparameters`
--

CREATE TABLE `glpi_rulerightparameters` (
  `id` int unsigned NOT NULL AUTO_INCREMENT,
  `name` varchar(255) CHARACTER SET utf8mb4 COLLATE utf8mb4_unicode_ci DEFAULT NULL,
  `value` varchar(255) CHARACTER SET utf8mb4 COLLATE utf8mb4_unicode_ci DEFAULT NULL,
  `comment` text CHARACTER SET utf8mb4 COLLATE utf8mb4_unicode_ci,
  `date_mod` timestamp NULL DEFAULT NULL,
  `date_creation` timestamp NULL DEFAULT NULL,
  PRIMARY KEY (`id`),
  KEY `date_mod` (`date_mod`),
  KEY `date_creation` (`date_creation`),
  KEY `name` (`name`)
) ENGINE=InnoDB AUTO_INCREMENT=15 DEFAULT CHARSET=utf8mb4 COLLATE=utf8mb4_unicode_ci;

--
-- Dumping data for table `glpi_rulerightparameters`
--

INSERT INTO `glpi_rulerightparameters` VALUES (1,'(LDAP)Organization','o','',NULL,NULL),(2,'(LDAP)Common Name','cn','',NULL,NULL),(3,'(LDAP)Department Number','departmentnumber','',NULL,NULL),(4,'(LDAP)Email','mail','',NULL,NULL),(5,'Object Class','objectclass','',NULL,NULL),(6,'(LDAP)User ID','uid','',NULL,NULL),(7,'(LDAP)Telephone Number','phone','',NULL,NULL),(8,'(LDAP)Employee Number','employeenumber','',NULL,NULL),(9,'(LDAP)Manager','manager','',NULL,NULL),(10,'(LDAP)DistinguishedName','dn','',NULL,NULL),(12,'(AD)User ID','samaccountname','',NULL,NULL),(13,'(LDAP) Title','title','',NULL,NULL),(14,'(LDAP) MemberOf','memberof','',NULL,NULL);

--
-- Table structure for table `glpi_rules`
--

CREATE TABLE `glpi_rules` (
  `id` int unsigned NOT NULL AUTO_INCREMENT,
  `entities_id` int unsigned NOT NULL DEFAULT '0',
  `sub_type` varchar(255) CHARACTER SET utf8mb4 COLLATE utf8mb4_unicode_ci NOT NULL DEFAULT '',
  `ranking` int NOT NULL DEFAULT '0',
  `name` varchar(255) CHARACTER SET utf8mb4 COLLATE utf8mb4_unicode_ci DEFAULT NULL,
  `description` mediumtext CHARACTER SET utf8mb4 COLLATE utf8mb4_unicode_ci,
  `match` char(10) CHARACTER SET utf8mb4 COLLATE utf8mb4_unicode_ci DEFAULT NULL COMMENT 'see define.php *_MATCHING constant',
  `is_active` tinyint(1) NOT NULL DEFAULT '1',
  `comment` mediumtext CHARACTER SET utf8mb4 COLLATE utf8mb4_unicode_ci,
  `date_mod` timestamp NULL DEFAULT NULL,
  `is_recursive` tinyint(1) NOT NULL DEFAULT '0',
  `uuid` varchar(255) CHARACTER SET utf8mb4 COLLATE utf8mb4_unicode_ci DEFAULT NULL,
  `condition` int NOT NULL DEFAULT '0',
  `date_creation` timestamp NULL DEFAULT NULL,
  PRIMARY KEY (`id`),
  KEY `entities_id` (`entities_id`),
  KEY `is_active` (`is_active`),
  KEY `sub_type` (`sub_type`),
  KEY `date_mod` (`date_mod`),
  KEY `is_recursive` (`is_recursive`),
  KEY `condition` (`condition`),
  KEY `date_creation` (`date_creation`),
  KEY `name` (`name`)
) ENGINE=InnoDB AUTO_INCREMENT=223 DEFAULT CHARSET=utf8mb4 COLLATE=utf8mb4_unicode_ci;

--
-- Dumping data for table `glpi_rules`
--

INSERT INTO `glpi_rules` VALUES (2,0,'RuleRight',1,'Root','','OR',0,NULL,'2020-03-13 04:07:41',0,'500717c8-2bd6e957-53a12b5fd35745.02608131',0,NULL),(3,0,'RuleMailCollector',1,'Root','','AND',1,NULL,'2023-05-04 12:38:56',0,'500717c8-2bd6e957-53a12b5fd36404.54713349',0,NULL),(4,0,'RuleMailCollector',15,'X-Auto-Response-Suppress','Exclude Auto-Reply emails using X-Auto-Response-Suppress header','AND',0,NULL,'2023-05-05 17:36:10',1,'500717c8-2bd6e957-53a12b5fd36d97.94503423',0,NULL),(5,0,'RuleMailCollector',14,'Auto-Reply Auto-Submitted','Exclude Auto-Reply emails using Auto-Submitted header','OR',0,NULL,'2023-05-05 17:36:10',1,'500717c8-2bd6e957-53a12b5fd376c2.87642651',0,NULL),(6,0,'RuleTicket',110,'Ticket location from item','','AND',0,'Automatically generated by GLPI 0.84','2023-06-29 15:16:14',1,'500717c8-2bd6e957-53a12b5fd37f94.10365341',1,NULL),(7,0,'RuleTicket',109,'Ticket location from user','','AND',0,'Automatically generated by GLPI 0.84','2023-06-29 15:16:14',1,'500717c8-2bd6e957-53a12b5fd38869.86002585',1,NULL),(8,0,'RuleSoftwareCategory',1,'Import category from inventory tool','','AND',0,'Automatically generated by GLPI 9.2',NULL,1,'500717c8-2bd6e957-53a12b5fd38869.86003425',1,NULL),(9,0,'RuleAsset',1,'Domain user assignation','','AND',1,'Automatically generated by GLPI 9.3',NULL,1,'fbeb1115-7a37b143-5a3a6fc1afdc17.92779763',3,NULL),(10,0,'RuleAsset',2,'Multiple users: assign to the first','','AND',1,'Automatically generated by GLPI 9.3',NULL,1,'fbeb1115-7a37b143-5a3a6fc1b03762.88595154',3,NULL),(11,0,'RuleAsset',3,'One user assignation','','AND',1,'Automatically generated by GLPI 9.3',NULL,1,'fbeb1115-7a37b143-5a3a6fc1b073e1.16257440',3,NULL),(12,0,'RuleImportComputer',1,'RootComputerOcs','','AND',1,'Generados automáticamente por GLPI 150',NULL,0,NULL,0,NULL),(13,0,'RuleImportEntity',1,'RootEntityOcs','','AND',1,'Generados automáticamente por GLPI 150','2020-03-20 22:00:11',1,NULL,0,NULL),(14,0,'RuleMailCollector',2,'Asignar Entidad_Trucks','','AND',1,'Asignación de Entidad por receptor de Correo Electronico','2023-09-21 14:58:31',0,'61c31e0c-d9d62df8-5e66bbbaa01da5.07164376',0,'2020-03-09 21:57:14'),(15,0,'RuleMailCollector',4,'Asignar Entidad_Ecology','','AND',1,'Asignación de Entidad por receptor de Correo Electronico','2023-05-05 17:24:41',0,'61c31e0c-d9d62df8-5e66bc3d4da643.51905249',0,'2020-03-09 21:59:25'),(16,0,'RuleRight',2,'','','OR',0,NULL,'2020-03-13 04:07:41',1,'61c31e0c-d9d62df8-5e6a883e7681c1.84007812',0,'2020-03-12 19:06:38'),(17,0,'RuleTicket',67,'1-ISistemas de Informacion &gt; Helisa_Modulos','Incidente','OR',1,'Gestion modulos ERP Helisa','2023-04-25 20:12:11',1,'61c31e0c-d9d62df8-5e6adc089a94c3.47442506',3,'2020-03-13 01:04:08'),(18,0,'RuleRight',3,'Asignar Entidad_Arintia','','AND',1,'Asignar la entidad Ecology a usuario sincronizado','2023-04-27 12:26:41',0,'61c31e0c-d9d62df8-5e6adc70b89b84.28866318',0,'2020-03-13 01:05:52'),(19,0,'RuleRight',4,'Asignar Entidad_Ecology','','AND',1,'Asignar la entidad Arintia a usuario sincronizado','2023-04-25 12:37:50',0,'61c31e0c-d9d62df8-5e6add824587d1.72009514',0,'2020-03-13 01:05:52'),(20,0,'RuleImportComputer',2,'Asignar Entidad_Arintia','','AND',0,'Asignar entidad a equipo de computo','2020-03-13 02:12:46',0,'61c31e0c-d9d62df8-5e6aec0a473a61.09212224',0,'2020-03-13 02:12:26'),(21,0,'RuleImportEntity',2,'Asignar Entidad_Arintia','','AND',0,'Asignar entidad Arintia a equipo','2020-03-13 04:05:17',1,'61c31e0c-d9d62df8-5e6aec98599fd8.86692438',0,'2020-03-13 02:14:48'),(22,0,'RuleMailCollector',6,'Asignar Entidad_Arintia','','AND',1,'Asignación de Entidad por receptor de Correo Electronico','2023-05-05 17:24:41',0,'61c31e0c-d9d62df8-5e6aee895f2430.97163679',0,'2020-03-13 02:23:05'),(26,0,'RuleMailCollector',13,'Recepcion de correo','','OR',0,'Recepcion de correo','2023-05-05 17:36:10',0,'61c31e0c-d9d62df8-5e6af0e3af1d30.79510669',0,'2020-03-13 02:33:07'),(27,0,'RuleTicket',90,'1-Comunicaciones &gt; Redes _Internet','Incidente','AND',1,'','2023-11-28 16:36:46',1,'61c31e0c-d9d62df8-5e7027ef5da8b3.89771125',3,'2020-03-17 01:29:19'),(32,0,'RuleMailCollector',12,'No crear Incidentes no-reply','No crear incidentes no-reply ','AND',0,NULL,'2023-05-05 17:36:10',1,'61c31e0c-d9d62df8-5e7bce40881880.53855162',0,'2020-03-25 21:33:52'),(33,0,'RuleTicket',59,'1-Sistemas de Informacion &gt; ERP_WO_Modulos','Incidente','AND',1,'Regla para la gestión y administración  del sistema World Office. ','2023-04-25 20:12:11',1,'61c31e0c-d9d62df8-5eb20961df0f43.16486883',3,'2020-05-06 00:48:33'),(34,0,'RuleTicket',69,'1-Sistemas de Información &gt; SiIGO_Modulos','Incidente','AND',1,'Gestion y administración de ERP SIIGO\r\n','2023-04-25 20:12:11',1,'61c31e0c-d9d62df8-5ee1741e0fcf99.25884611',3,'2020-05-06 00:48:33'),(35,0,'RuleTicket',22,'1-Aplicaciones &gt; Soluciones Moviles_SAP - Sales','Incidente','AND',1,'Gestión y administración de la aplicación SAP - Sales','2023-04-24 20:14:31',1,'61c31e0c-d9d62df8-5ee175a4935d57.95283067',3,'2020-05-06 00:48:33'),(36,0,'RuleTicket',5,'3-Aplicaciones &gt; Plataforma_365_SharePoint','Incidente','AND',1,'Regla para la gestion de casos de  SharePoint','2023-04-21 20:29:50',1,'61c31e0c-d9d62df8-5ee25892c18d78.27231896',3,'2020-05-06 00:48:33'),(37,0,'RuleTicket',17,'1-Aplicaciones &gt; Google Workspace_Correo','Incidente','AND',1,'Gestion de soporte a usuarios para el servicio de correo Electrónico','2023-04-24 19:26:03',1,'61c31e0c-d9d62df8-5ee259cbbddf81.56893737',3,'2020-05-06 00:48:33'),(38,0,'RuleTicket',75,'1-Gestion Activos &gt; Puestos de Trabajo_Equipo de Computo','Incidente','AND',1,'','2023-04-26 20:51:46',1,'61c31e0c-d9d62df8-5ee2da14623348.69044764',3,'2020-05-06 00:48:33'),(39,0,'RuleTicket',96,'2-Seguridad &gt; Ciberseguridad &gt; Antivirus','Requerimiento','AND',1,'Soporte y gestión a la solución de Antivirus','2023-06-29 14:25:16',1,'61c31e0c-d9d62df8-5ee2dac9875456.91243571',3,'2020-05-06 00:48:33'),(40,0,'RuleTicket',18,'2-Aplicaciones.&gt; Google Workspace_Drive','Incidente','AND',1,'Gestion de soporte para el servicio de Google Drive ','2023-04-24 19:26:03',1,'61c31e0c-d9d62df8-5ee92adcb83dc9.30883294',3,'2020-05-06 00:48:33'),(41,0,'RuleTicket',63,'1-Sistemas de Informacion &gt; Ofima_Modulos','Incidente','AND',1,'Gestion Modulos ERP Ofima','2023-04-25 20:12:11',1,'61c31e0c-d9d62df8-5ef22ea28ae550.98401189',3,'2020-05-06 00:48:33'),(42,0,'RuleTicket',15,' 6-Aplicaciones &gt; Soluciones Web_Capacitación','Requerimiento','AND',1,'Gestión y administración de soluciones WEB','2023-04-24 20:31:44',1,'61c31e0c-d9d62df8-5ef2894c22e7a4.96451479',3,'2020-05-06 00:48:33'),(43,0,'RuleTicket',3,'1-Aplicaciones. &gt; Plataforma_365_OneDrive','Incidente','AND',1,'Gestion de soporte a servicio de OneDrive ','2023-04-21 20:28:36',1,'61c31e0c-d9d62df8-5ef527aeddb479.05878688',3,'2020-05-06 00:48:33'),(44,0,'RuleTicket',6,'4-Aplicaciones &gt; Plataforma_365._correo','Incidente','AND',1,'Administración y Gestion del correo Corporativo','2023-04-21 20:31:12',1,'61c31e0c-d9d62df8-5ef5280deb3532.46240687',3,'2020-05-06 00:48:33'),(45,0,'RuleTicket',4,'2-Aplicaciones. &gt; Plataforma_365_Teams','Incidente','AND',1,'Gestion de soporte a servicio del aplicativo Teams.','2023-04-21 20:28:56',1,'61c31e0c-d9d62df8-5ef52b7b963398.96166776',3,'2020-05-06 00:48:33'),(46,0,'RuleTicket',95,'1-Seguridad &gt; Perimetral_Cámaras','Incidente','AND',1,'Gestion y soporte a cámaras de seguridad. ','2023-11-28 16:38:12',1,'61c31e0c-d9d62df8-5ef633efcc8ae1.27249683',3,'2020-05-06 00:48:33'),(47,0,'RuleTicket',19,'3- Aplicaciones &gt; Google Workspaces_Sites','Incidente','AND',1,'Gestion de soporte para el servicio de Google Sites','2023-04-24 19:26:03',1,'61c31e0c-d9d62df8-5f04d11e188b88.08600904',3,'2020-05-06 00:48:33'),(48,0,'RuleTicket',16,'7-Aplicaciones &gt; Soluciones Web','Requerimiento','AND',1,'','2023-04-24 20:31:44',1,'61c31e0c-d9d62df8-5f06009aad0808.93037064',3,'2020-05-06 00:48:33'),(49,0,'RuleTicket',65,'1-Sistemas de Información &gt;Anzio_Modulos','Incidente','AND',1,'Gestión y administración de ERP Anzio','2023-04-25 20:12:11',1,'5b56d996-d9d62df8-6048d6ba17f5a9.94385579',3,'2021-03-10 14:24:58'),(50,0,'RuleTicket',71,'1-Sistemas de Información &gt; Ingemax_Modulos','Incidente','AND',1,'Gestión y administración  de ERP Ingemax','2023-04-26 20:35:30',1,'5b56d996-d9d62df8-6081b6c0d76db4.41917021',3,'2021-04-22 17:47:44'),(51,0,'RuleTicket',7,'5-Aplicaciones.&gt; Plataforma_365_Ofimatica','Incidente','AND',1,'Gestion de soporte para el servicio de soporte Técnico a la suite de Ofimática\r\n','2023-04-21 20:32:15',1,'5b56d996-d9d62df8-6081b9999d28b5.40329768',3,'2021-04-22 17:59:53'),(52,0,'RuleTicket',26,'3- Aplicaciones &gt; Soluciones Moviles_Google AppSheet','Incidente','AND',1,'Gestión y administración de la aplicación Google AppSheet','2023-04-24 20:54:29',1,'5b56d996-d9d62df8-6081bd2fa80a95.61502779',3,'2021-04-22 18:15:11'),(53,0,'RuleTicket',28,'4- Aplicaciones &gt; Soluciones Moviles_Movil Ventas','Incidente','AND',1,'Gestión y administración de la aplicación Movil Ventas\r\n','2023-04-24 21:01:52',1,'5b56d996-d9d62df8-6081be920d3694.69416880',3,'2021-04-22 18:21:06'),(54,0,'RuleTicket',24,'2-Aplicaciones&gt; Soluciones Moviles_SAP - Bussiness One','Incidente','AND',1,'Gestión y administración de la aplicación SAP - Bussiness One','2023-04-24 20:45:58',1,'5b56d996-d9d62df8-6081de210f7126.33416142',3,'2021-04-22 20:35:45'),(55,0,'RuleTicket',34,'1-Sistemas de Informacion &gt; ERP_SAP B1_Modulos_PF1_Faw','Incidente','AND',1,'Regla para el escalamiento de casos Sap','2023-04-25 16:23:25',1,'5b56d996-d9d62df8-610561089cddf6.46218794',3,'2021-07-31 14:41:12'),(56,0,'RuleTicket',30,'5-Aplicaciones &gt; Soluciones Moviles_FawLovers','Incidente','AND',0,'Gestión y administración de la aplicación FawLovers','2023-06-27 22:56:58',1,'5b56d996-d9d62df8-61279f76beb9a1.27764086',3,'2021-08-26 14:04:38'),(57,0,'RuleTicket',73,'1-Sistemas de Informacion &gt; Nomina_Gestión','Incidente','AND',1,'Regla para la gestión de casos Nomina.','2023-04-26 20:47:12',1,'5b56d996-d9d62df8-6188571f4057a0.40661655',3,'2021-11-07 22:45:51'),(58,0,'RuleTicket',32,'6-Aplicaciones &gt; Soluciones Moviles_Diagsmart','Incidente','AND',1,'Gestión y administración de la aplicación Diagsmart','2023-04-24 21:15:24',1,'168bcec0-d9d62df8-61f6037c712115.55278318',3,'2022-01-30 03:18:20'),(59,0,'RuleTicket',54,'1-ISistemas de Informacion &gt; DMS One_Core Sap','Incidente','AND',1,'Regla para la gestión de casos DMS One','2023-04-25 20:12:11',1,'168bcec0-d9d62df8-6284f98e01f0f1.74004681',3,'2022-05-18 14:50:05'),(60,0,'RuleMailCollector',7,'Asignar Entidad_Techos','','AND',1,'Asignación de Entidad por receptor de Correo Electronico','2023-05-05 17:24:41',0,'3d1b5dab-d9d62df8-641e2602b5fec8.49566608',0,'2023-03-24 22:36:50'),(61,0,'RuleRight',5,'Asignar Entidad_Techos','','AND',1,'Asignar la entidad Techos a usuario sincronizado','2023-04-25 12:39:54',0,'3d1b5dab-d9d62df8-641e285ab19a48.48060137',0,'2023-03-24 22:46:50'),(62,0,'RuleTicket',2,'Nuevas Solicitudes','Ticket','OR',1,'Las nuevas solicitudes se asigna al grupo HelpDesk para que sea gestionada','2023-05-05 20:06:39',1,'3d1b5dab-d9d62df8-6425ab0cd89566.80270650',3,'2023-03-30 15:30:20'),(63,0,'RuleTicket',8,'6-Aplicaciones.&gt; Plataforma_365_Capacitación','Requerimiento','AND',1,'Gestion de soporte para el servicio de soporte Técnico a la suite de Ofimática\\r\\n','2023-05-02 14:18:05',1,'3d1b5dab-d9d62df8-642dadcc9fe080.85849500',3,'2023-04-05 17:20:12'),(64,0,'RuleTicket',10,'1-Aplicaciones &gt; Soluciones Web_Paginas Web','Incidente','AND',1,'Gestión y administración de soluciones WEB','2023-04-24 20:31:44',1,'3d1b5dab-d9d62df8-642db0068d2142.45881342',3,'2023-04-05 17:29:42'),(65,0,'RuleTicket',11,'2-Aplicaciones &gt; Soluciones Web_Software Inventario','Incidente','AND',1,'Gestión y administración de soluciones WEB','2023-04-24 20:31:44',1,'3d1b5dab-d9d62df8-642db00a693ea0.64434826',3,'2023-04-05 17:29:42'),(66,0,'RuleTicket',12,'3-Aplicaciones &gt; Soluciones Web_SmarHome','Incidente','AND',1,'Gestión y administración de soluciones WEB','2023-04-24 20:31:44',1,'3d1b5dab-d9d62df8-642db00d756914.52014335',3,'2023-04-05 17:29:42'),(67,0,'RuleTicket',13,'4-Aplicaciones &gt; Soluciones Web_Kalenis','Incidente','AND',1,'Gestión y administración de soluciones WEB','2023-04-24 20:31:44',1,'3d1b5dab-d9d62df8-642db010489af6.96581294',3,'2023-04-05 17:29:42'),(68,0,'RuleTicket',14,'5-Aplicaciones &gt; Soluciones Web_Insitu','Incidente','AND',1,'Gestión y administración de soluciones WEB','2023-04-24 20:31:44',1,'3d1b5dab-d9d62df8-642db0137ae2f2.40266976',3,'2023-04-05 17:29:42'),(69,0,'RuleTicket',20,'4- Aplicaciones &gt; Google Workspaces_Capacitación','Requerimiento','AND',1,'Gestion de soporte para el servicio de Google Sites','2023-05-02 14:21:01',1,'3d1b5dab-d9d62df8-642dc78a9bcad3.78073001',3,'2023-04-05 19:10:02'),(70,0,'RuleTicket',38,'2-Sistemas de Informacion &gt; ERP_SAP B1_Desarrollos_PF1_Faw','Incidente','AND',1,'Regla para la gestión de casos ERP SAP B1','2023-04-25 16:25:23',1,'3d1b5dab-d9d62df8-642dd0c17f8ae2.14170042',3,'2023-04-05 19:49:21'),(71,0,'RuleTicket',43,'3-Sistemas de Informacion &gt; ERP_SAP B1_Reportes_PF2_Techos','Requerimiento','AND',1,'Regla para la gestión de casos ERP SAP B1','2023-05-04 12:58:57',1,'3d1b5dab-d9d62df8-642dd0c5ab4651.69455834',3,'2023-04-05 19:49:21'),(72,0,'RuleTicket',46,'4-Sistemas de Informacion &gt; ERP_SAP B1_Capacitación_PF1_Faw','Requerimiento','AND',1,'Regla para la gestión de casos ERP SAP B1','2023-04-25 17:04:19',1,'3d1b5dab-d9d62df8-642dd0c90d2277.23989054',3,'2023-04-05 19:49:21'),(73,0,'RuleTicket',55,'2-ISistemas de Informacion &gt; DMS One_Time Control','Incidente','AND',1,'Regla para la gestión de casos DMS One','2023-04-25 20:12:11',1,'3d1b5dab-d9d62df8-642ddd0de6f8d1.64958074',3,'2023-04-05 20:41:49'),(74,0,'RuleTicket',56,'3-ISistemas de Informacion &gt; DMS One_Mobile','Incidente','AND',1,'Regla para la gestión de casos DMS One','2023-04-25 20:12:11',1,'3d1b5dab-d9d62df8-642ddd11dcf543.29043692',3,'2023-04-05 20:41:49'),(75,0,'RuleTicket',57,'4-ISistemas de Informacion &gt; DMS One_Capacitación','Requerimiento','AND',1,'Regla para la gestión de casos DMS One','2023-04-25 20:12:11',1,'3d1b5dab-d9d62df8-642ddd15223908.91561189',3,'2023-04-05 20:41:49'),(76,0,'RuleTicket',60,'2-Sistemas de Informacion &gt; ERP_WO_Reportes','Incidente','AND',1,'Regla para la gestión y administración  del sistema World Office. ','2023-04-25 20:12:11',1,'3d1b5dab-d9d62df8-642ddf8a697655.17703543',3,'2023-04-05 20:52:26'),(77,0,'RuleTicket',61,'3-Sistemas de Informacion &gt; ERP_WO_Capacitación','Requerimiento','AND',1,'Regla para la gestión y administración  del sistema World Office. ','2023-04-25 20:12:11',1,'3d1b5dab-d9d62df8-642ddf8f373118.15992867',3,'2023-04-05 20:52:26'),(78,0,'RuleTicket',77,'2-Gestion Activos &gt; Puestos de Trabajo_Impresoras','Incidente','AND',1,'','2023-11-15 15:31:22',1,'3d1b5dab-d9d62df8-642de848db3b52.80502955',3,'2023-04-05 21:29:44'),(79,0,'RuleTicket',79,'3-Gestion Activos &gt; Puestos de Trabajo_Periféricos','Incidente','AND',1,'','2023-04-26 21:03:51',1,'3d1b5dab-d9d62df8-642de84d1a4696.16490723',3,'2023-04-05 21:29:44'),(80,0,'RuleTicket',81,'4-Gestion Activos &gt; Puestos de Trabajo_Telefonía Movil','Incidente','AND',1,'','2023-04-26 21:06:48',1,'3d1b5dab-d9d62df8-642de8507b9b99.41222561',3,'2023-04-05 21:29:44'),(81,0,'RuleTicket',83,'5-Gestion Activos &gt; Puestos de Trabajo_Telefonía IP','Incidente','AND',1,'','2023-04-26 21:11:49',1,'3d1b5dab-d9d62df8-642de853e73020.03673428',3,'2023-04-05 21:29:44'),(82,0,'RuleTicket',85,'6-Gestion Activos &gt; Puestos de Trabajo_Capacitación','Requerimiento','AND',1,'','2023-04-26 21:14:48',1,'3d1b5dab-d9d62df8-642de857130d91.64922680',3,'2023-04-05 21:29:44'),(83,0,'RuleTicket',86,'7-Gestion Activos &gt; Puestos de Trabajo_Software','Incidente','AND',1,'','2023-04-26 21:14:48',1,'3d1b5dab-d9d62df8-642de85a939567.89391517',3,'2023-04-05 21:29:44'),(84,0,'RuleTicket',91,'2-Comunicaciones &gt; Redes _Wifi','Incidente','AND',1,'','2023-11-28 16:37:29',1,'3d1b5dab-d9d62df8-642df0d2cfd5f6.92542833',3,'2023-04-05 22:06:10'),(85,0,'RuleTicket',92,'3-Comunicaciones &gt; Redes _Ethernet','Incidente','AND',1,'','2023-05-10 21:54:00',1,'3d1b5dab-d9d62df8-642df0d6c110c4.34887988',3,'2023-04-05 22:06:10'),(86,0,'RuleTicket',93,'4-Comunicaciones &gt; Redes _VPN','Incidente','AND',1,'','2023-11-28 16:37:48',1,'3d1b5dab-d9d62df8-642df0da3a7d53.93321496',3,'2023-04-05 22:06:10'),(87,0,'RuleMailCollector',8,'Asignar Entidad_Protenus','','AND',1,'Asignación de Entidad por receptor de Correo Electronico','2023-05-05 17:24:41',0,'3d1b5dab-d9d62df8-64345547670e37.69805611',0,'2023-04-10 18:28:23'),(88,0,'RuleRight',6,'Asignar Entidad_Protenus','','AND',1,'Asignar la entidad Protenus a usuario sincronizado','2023-04-25 12:39:11',0,'3d1b5dab-d9d62df8-6436bab1dc2af9.66193432',0,'2023-04-12 14:05:37'),(89,0,'RuleTicket',21,'5- Aplicaciones &gt; Google Workspaces','Requerimiento','AND',1,'','2023-05-02 14:22:11',1,'3d1b5dab-d9d62df8-6440c39a0818c6.73243091',3,'2023-04-20 04:46:17'),(90,0,'RuleTicket',50,'5-Sistemas de Informacion &gt; ERP_SAP B1_PF1_Faw','Requerimiento','AND',1,'','2023-04-25 19:57:08',1,'3d1b5dab-d9d62df8-6440c4f46e6849.26068569',3,'2023-04-20 04:52:04'),(91,0,'RuleTicket',58,'5-ISistemas de Informacion &gt; DMS One','Requerimiento','AND',1,'','2023-04-25 20:12:11',1,'3d1b5dab-d9d62df8-6440c7158fccf7.17827497',3,'2023-04-20 05:01:09'),(92,0,'RuleTicket',9,'7-Aplicaciones.&gt; Plataforma_365','Requerimiento','AND',1,'','2023-05-02 14:18:40',1,'3d1b5dab-d9d62df8-6440c7b5e55817.36322366',3,'2023-04-20 05:03:49'),(93,0,'RuleTicket',62,'4-Sistemas de Informacion &gt; ERP_WO','Requerimiento','AND',1,'','2023-04-25 20:12:11',1,'3d1b5dab-d9d62df8-6440c8cfa93501.41619649',3,'2023-04-20 05:08:31'),(94,0,'RuleTicket',94,'5-Comunicaciones &gt; Redes','Requerimiento','AND',1,'','2023-05-10 21:54:00',1,'3d1b5dab-d9d62df8-6440ca0c343f73.54865135',3,'2023-04-20 05:13:48'),(95,0,'RuleTicket',98,'4-Seguridad &gt; Perimetral','Requerimiento','AND',1,'','2023-06-29 15:16:14',1,'3d1b5dab-d9d62df8-6440ca0ee2c1c6.88373989',3,'2023-04-20 05:13:48'),(96,0,'RuleTicket',29,'4- Aplicaciones &gt; Soluciones Moviles_Movil Ventas','Requerimiento','AND',1,'','2023-04-24 21:10:12',1,'3d1b5dab-d9d62df8-6440cc6d6f1d27.64012339',3,'2023-04-20 05:23:57'),(97,0,'RuleTicket',23,'1-Aplicaciones &gt; Soluciones Moviles_SAP - Sales','Requerimiento','AND',1,'','2023-04-24 20:50:38',1,'3d1b5dab-d9d62df8-64414c21bdf604.71950103',3,'2023-04-20 14:28:49'),(98,0,'RuleTicket',25,'2-Aplicaciones&gt; Soluciones Moviles_SAP - Bussiness One','Requerimiento','AND',1,'','2023-04-24 20:56:18',1,'3d1b5dab-d9d62df8-64414d4f92ac26.23660366',3,'2023-04-20 14:33:51'),(99,0,'RuleTicket',27,'3- Aplicaciones &gt; Soluciones Moviles_Google AppSheet','Requerimiento','AND',1,'','2023-04-24 21:03:21',1,'3d1b5dab-d9d62df8-64414e76b93036.47161667',3,'2023-04-20 14:38:46'),(100,0,'RuleTicket',31,'5-Aplicaciones &gt; Soluciones Moviles_FawLovers','Requerimiento','AND',0,'','2023-06-27 22:56:58',1,'3d1b5dab-d9d62df8-6442a08c136ca7.41292339',3,'2023-04-21 14:41:16'),(101,0,'RuleTicket',33,'6-Aplicaciones &gt; Soluciones Moviles_Diagsmart','Requerimiento','AND',1,'','2023-04-24 21:25:26',1,'3d1b5dab-d9d62df8-6442a0a8d876b9.22269861',3,'2023-04-21 14:41:44'),(103,0,'RuleTicket',64,'1-Sistemas de Informacion &gt; Ofima_Modulos','Requerimiento','AND',1,'Gestion Modulos ERP Ofima','2023-04-25 20:12:11',1,'3d1b5dab-d9d62df8-6446f54167ceb3.46644606',3,'2023-04-24 21:31:45'),(104,0,'RuleRight',7,'Asignar Entidad_Caria','','AND',1,'Asignar la entidad Caria a usuario sincronizado','2023-04-25 12:37:32',0,'3d1b5dab-d9d62df8-6446fb0b8c7ea4.45189512',0,'2023-04-24 21:56:27'),(105,0,'RuleRight',8,'Asignar usuario a grupo','','AND',0,'','2023-04-27 12:25:57',0,'3d1b5dab-d9d62df8-64471548f05f15.30114917',0,'2023-04-24 23:48:24'),(106,0,'RuleTicket',66,'1-Sistemas de Información &gt;Anzio_Modulos','Requerimiento','AND',1,'Gestión y administración de ERP Anzio','2023-04-25 20:12:11',1,'3d1b5dab-d9d62df8-6447cee743c104.68551548',3,'2023-04-25 13:00:23'),(107,0,'RuleTicket',68,'1-ISistemas de Informacion &gt; Helisa_Modulos','Requerimiento','AND',1,'Gestion modulos ERP Helisa','2023-04-25 20:12:11',1,'3d1b5dab-d9d62df8-6447d3ab30d5e7.68729303',3,'2023-04-25 13:20:43'),(108,0,'RuleRight',9,'Asignar Entidad_Elco y Muraglia','','OR',1,'Asignar la entidad Protenus a usuario sincronizado','2023-04-25 14:25:58',0,'3d1b5dab-d9d62df8-6447dfe2945a58.66124563',0,'2023-04-25 14:12:50'),(109,0,'RuleTicket',39,'2-Sistemas de Informacion &gt; ERP_SAP B1_Desarrollos_PF2_Techos','Incidente','AND',1,'Regla para la gestión de casos ERP SAP B1','2023-05-04 12:49:34',1,'3d1b5dab-d9d62df8-6447eec118e9d9.67294137',3,'2023-04-25 15:16:17'),(110,0,'RuleTicket',40,'2-Sistemas de Informacion &gt; ERP_SAP B1_Desarrollos_PF2_Caria','Incidente','AND',1,'Regla para la gestión de casos ERP SAP B1','2023-04-25 16:25:50',1,'3d1b5dab-d9d62df8-6447efdfc622b8.67483269',3,'2023-04-25 15:21:03'),(111,0,'RuleTicket',41,'2-Sistemas de Informacion &gt; ERP_SAP B1_Desarrollos_PF1_Mineroil','Incidente','AND',1,'Regla para la gestión de casos ERP SAP B1','2023-05-04 12:50:44',1,'3d1b5dab-d9d62df8-6447f0fa75fbb2.61506095',3,'2023-04-25 15:25:46'),(112,0,'RuleTicket',35,'1-Sistemas de Informacion &gt; ERP_SAP B1_Modulos_PF2_Techos','Incidente','AND',1,'Regla para el escalamiento de casos Sap','2023-05-04 12:46:17',1,'3d1b5dab-d9d62df8-6447f2e7952097.42587040',3,'2023-04-25 15:33:59'),(113,0,'RuleTicket',36,'1-Sistemas de Informacion &gt; ERP_SAP B1_Modulos_PF2_Caria','Incidente','AND',1,'Regla para el escalamiento de casos Sap','2023-04-25 16:23:58',1,'3d1b5dab-d9d62df8-6447f44cc39143.01958874',3,'2023-04-25 15:39:56'),(114,0,'RuleTicket',37,'1-Sistemas de Informacion &gt; ERP_SAP B1_Modulos_PF1_Mineroil','Incidente','AND',1,'Regla para el escalamiento de casos Sap','2023-05-04 12:46:45',1,'3d1b5dab-d9d62df8-6447f933261ec1.05469261',3,'2023-04-25 16:00:51'),(115,0,'RuleTicket',42,'3-Sistemas de Informacion &gt; ERP_SAP B1_Reportes_PF1_Faw','Requerimiento','AND',1,'Regla para la gestión de casos ERP SAP B1','2023-04-25 16:28:46',1,'3d1b5dab-d9d62df8-6447fa3faf5be1.43150409',3,'2023-04-25 16:05:19'),(116,0,'RuleTicket',44,'3-Sistemas de Informacion &gt; ERP_SAP B1_Reportes_PF2_Caria','Requerimiento','AND',1,'Regla para la gestión de casos ERP SAP B1','2023-04-25 16:39:45',1,'3d1b5dab-d9d62df8-6448015d0aa6d5.76917868',3,'2023-04-25 16:35:41'),(117,0,'RuleTicket',45,'3-Sistemas de Informacion &gt; ERP_SAP B1_Reportes_PF1_Mineroil','Requerimiento','AND',1,'Regla para la gestión de casos ERP SAP B1','2023-05-04 13:48:51',1,'3d1b5dab-d9d62df8-64480378c08c71.00386224',3,'2023-04-25 16:44:40'),(118,0,'RuleTicket',47,'4-Sistemas de Informacion &gt; ERP_SAP B1_Capacitación_PF2_Techos','Requerimiento','AND',1,'Regla para la gestión de casos ERP SAP B1','2023-05-04 13:50:17',1,'3d1b5dab-d9d62df8-644808d0032e06.34967272',3,'2023-04-25 17:07:27'),(119,0,'RuleTicket',48,'4-Sistemas de Informacion &gt; ERP_SAP B1_Capacitación_PF2_Caria','Requerimiento','AND',1,'Regla para la gestión de casos ERP SAP B1','2023-04-25 17:12:55',1,'3d1b5dab-d9d62df8-64480987ce43e4.51646847',3,'2023-04-25 17:10:31'),(120,0,'RuleTicket',49,'4-Sistemas de Informacion &gt; ERP_SAP B1_Capacitación_PF1_Mineroil','Requerimiento','AND',1,'Regla para la gestión de casos ERP SAP B1','2023-05-04 13:51:50',1,'3d1b5dab-d9d62df8-64480a38808ed5.80754064',3,'2023-04-25 17:13:28'),(121,0,'RuleTicket',51,'5-Sistemas de Informacion &gt; ERP_SAP B1_PF2_Techos','Requerimiento','AND',1,'','2023-05-04 13:53:04',1,'3d1b5dab-d9d62df8-64482e62448fe9.61517140',3,'2023-04-25 19:47:46'),(122,0,'RuleTicket',52,'5-Sistemas de Informacion &gt; ERP_SAP B1_PF2_Caria','Requerimiento','AND',1,'','2023-04-25 20:08:02',1,'3d1b5dab-d9d62df8-64483216e9ea49.10589816',3,'2023-04-25 20:03:34'),(123,0,'RuleTicket',53,'5-Sistemas de Informacion &gt; ERP_SAP B1_PF1_Mineroil','Requerimiento','AND',1,'','2023-05-04 13:53:42',1,'3d1b5dab-d9d62df8-64483369731af2.59043564',3,'2023-04-25 20:09:13'),(124,0,'RuleTicket',70,'1-Sistemas de Información &gt; SiIGO_Modulos','Requerimiento','AND',1,'Gestion y administración de ERP SIIGO\\r\\n','2023-04-26 20:40:53',1,'3d1b5dab-d9d62df8-644989d9456572.86305058',3,'2023-04-26 20:30:17'),(125,0,'RuleTicket',72,'1-Sistemas de Información &gt; Ingemax_Modulos','Requerimiento','AND',1,'Gestión y administración  de ERP Ingemax','2023-04-26 20:47:44',1,'3d1b5dab-d9d62df8-64498cfdb6f795.08024493',3,'2023-04-26 20:43:41'),(126,0,'RuleTicket',74,'1-Sistemas de Informacion &gt; Nomina_Gestión','Requerimiento','AND',1,'Regla para la gestión de casos Nomina.','2023-04-26 20:52:27',1,'3d1b5dab-d9d62df8-64498e8a583505.47685979',3,'2023-04-26 20:50:18'),(127,0,'RuleTicket',76,'1-Gestion Activos &gt; Puestos de Trabajo_Equipo de Computo','Requerimiento','AND',1,'','2023-04-26 21:01:39',1,'3d1b5dab-d9d62df8-6449902393d245.55420963',3,'2023-04-26 20:57:07'),(128,0,'RuleTicket',78,'2-Gestion Activos &gt; Puestos de Trabajo_Impresoras','Requerimiento','AND',1,'','2023-04-26 21:04:35',1,'3d1b5dab-d9d62df8-6449915304a584.37227695',3,'2023-04-26 21:02:10'),(129,0,'RuleTicket',80,'3-Gestion Activos &gt; Puestos de Trabajo_Periféricos','Requerimiento','AND',1,'','2023-04-26 21:07:32',1,'3d1b5dab-d9d62df8-64499201e14d36.91842472',3,'2023-04-26 21:05:05'),(130,0,'RuleTicket',82,'4-Gestion Activos &gt; Puestos de Trabajo_Telefonía Movil','Requerimiento','AND',1,'','2023-04-26 21:12:26',1,'3d1b5dab-d9d62df8-644992f3d61556.40311900',3,'2023-04-26 21:09:07'),(131,0,'RuleTicket',84,'5-Gestion Activos &gt; Puestos de Trabajo_Telefonía IP','Requerimiento','AND',1,'','2023-04-26 21:15:22',1,'3d1b5dab-d9d62df8-644993d6051dc3.07980755',3,'2023-04-26 21:12:53'),(132,0,'RuleTicket',87,'7-Gestion Activos &gt; Puestos de Trabajo_Software','Requerimiento','AND',1,'','2023-04-26 21:18:05',1,'3d1b5dab-d9d62df8-6449949182c415.11250639',3,'2023-04-26 21:16:01'),(133,0,'RuleTicket',99,'1-Infraestructura &gt; Conectividad','Requerimiento','AND',1,'','2023-06-29 15:16:14',1,'3d1b5dab-d9d62df8-644ab1d884c5b2.79733759',3,'2023-04-27 17:33:12'),(134,0,'RuleTicket',100,'2-Infraestructura &gt; Gestión de Servidores','Requerimiento','AND',1,'','2023-06-29 15:16:14',1,'3d1b5dab-d9d62df8-644ab4c33ef241.38617908',3,'2023-04-27 17:45:39'),(135,0,'RuleTicket',101,'3-Infraestructura &gt; Gestión Backup_Usuarios','Requerimiento','AND',1,'','2023-06-29 15:16:14',1,'3d1b5dab-d9d62df8-644ab7c9642278.86569399',3,'2023-04-27 17:58:33'),(136,0,'RuleTicket',102,'4-Infraestructura &gt; Gestión Backup_Servidores','Requerimiento','AND',1,'','2023-06-29 15:16:14',1,'3d1b5dab-d9d62df8-644ab91b6014d5.30057786',3,'2023-04-27 18:04:11'),(137,0,'RuleTicket',103,'5-Infraestructura &gt; Gestión Backup_SAP','Requerimiento','AND',1,'','2023-11-28 16:39:40',1,'3d1b5dab-d9d62df8-644abacebedb93.15300243',3,'2023-04-27 18:11:26'),(138,0,'RuleTicket',104,'6-Infraestructura &gt; Gestión Backup_World Office','Requerimiento','AND',1,'','2023-06-29 15:16:14',1,'3d1b5dab-d9d62df8-644abdc5443592.98636750',3,'2023-04-27 18:24:05'),(139,0,'RuleTicket',105,'7-Infraestructura &gt; Gestión Backup_Otros','Requerimiento','AND',1,'','2023-06-29 15:16:14',1,'3d1b5dab-d9d62df8-644abe6b3a02b3.30044382',3,'2023-04-27 18:26:51'),(140,0,'RuleTicket',106,'8-Infraestructura &gt; Gestión Backup_Nomina Heisohn','Requerimiento','AND',1,'','2023-06-29 15:16:14',1,'3d1b5dab-d9d62df8-644abf4024c300.57964396',3,'2023-04-27 18:30:24'),(141,0,'RuleTicket',107,'9-Infraestructura &gt; Tenant','Requerimiento','AND',1,'','2023-06-29 15:16:14',1,'3d1b5dab-d9d62df8-644ac00e1f38c0.48069935',3,'2023-04-27 18:33:50'),(142,0,'RuleTicket',108,'10-Infraestructura &gt; Gestión TI','Requerimiento','AND',1,'','2023-06-29 15:16:14',1,'3d1b5dab-d9d62df8-644ac1287bbaf4.59543308',3,'2023-04-27 18:38:32'),(143,0,'RuleMailCollector',5,'Asignar Entidad_Caria','','AND',1,'Asignación de Entidad por receptor de Correo Electronico','2023-05-05 17:24:41',0,'3d1b5dab-d9d62df8-64518c093d2df5.22997745',0,'2023-05-02 22:17:45'),(144,0,'RuleMailCollector',9,'Asignar Entidad_Elco','','AND',1,'Asignación de Entidad por receptor de Correo Electronico','2023-05-05 17:34:51',0,'3d1b5dab-d9d62df8-645190935e67a0.00806568',0,'2023-05-02 22:37:07'),(145,0,'RuleMailCollector',11,'Asignar Entidad_MCP','','AND',1,'Asignación de Entidad por receptor de Correo Electronico','2023-05-05 17:36:10',0,'3d1b5dab-d9d62df8-64519131de18d1.27878932',0,'2023-05-02 22:39:45'),(146,0,'RuleMailCollector',3,'Asignar Entidad_Trucks_Green','','AND',1,'Asignación de Entidad por receptor de Correo Electronico','2023-05-05 17:24:41',0,'3d1b5dab-d9d62df8-64553b10030267.70995869',0,'2023-05-05 17:21:19'),(147,0,'RuleMailCollector',10,'Asignar Entidad_Muraglia','','AND',1,'Asignación de Entidad por receptor de Correo Electronico','2023-05-05 17:36:10',0,'3d1b5dab-d9d62df8-64553dd0a203f4.01517203',0,'2023-05-05 17:33:04'),(148,0,'RuleTicket',88,'8-Gestion Activos &gt; Puestos de Trabajo_Novedad Ingreso','Requerimiento','AND',1,'','2023-05-10 21:51:31',1,'3d1b5dab-d9d62df8-645c109d3a86a9.56884490',3,'2023-05-10 21:46:05'),(149,0,'RuleTicket',89,'9-Gestion Activos &gt; Puestos de Trabajo_Novedad Retiro','Requerimiento','AND',1,'','2023-05-10 21:54:52',1,'3d1b5dab-d9d62df8-645c12086bf4d1.98424126',3,'2023-05-10 21:52:08'),(150,0,'RuleTicket',97,'3-Seguridad &gt; Ciberseguridad &gt; Soluciones Digitales','Requerimiento','AND',1,'Soporte y gestión a la soluciones Digitales','2023-06-29 15:16:14',1,'3d1b5dab-d9d62df8-649d9f4a314ac9.64151071',3,'2023-06-29 15:12:10'),(151,0,'RuleImportAsset',1,'No creation on partial import','','AND',1,'','2023-11-16 20:29:56',1,'glpi_rule_import_asset_no_creation_on_partial_import',0,'2023-11-16 20:29:56'),(152,0,'RuleImportAsset',2,'Global update (by mac+ifnumber restricted port)','','AND',1,'','2023-11-16 20:29:56',1,'glpi_rule_import_asset_global_update_mac_ifnumber_restricted_port',0,'2023-11-16 20:29:56'),(153,0,'RuleImportAsset',3,'Global update (by mac+ifnumber not restricted port)','','AND',1,'','2023-11-16 20:29:56',1,'glpi_rule_import_asset_global_update_mac_ifnumber_no_restricted_port',0,'2023-11-16 20:29:56'),(154,0,'RuleImportAsset',4,'Global import (by mac+ifnumber)','','AND',1,'','2023-11-16 20:29:56',1,'glpi_rule_import_asset_global_import_mac_ifnumber',0,'2023-11-16 20:29:56'),(155,0,'RuleImportAsset',5,'Global update (by ip+ifdescr restricted port)','','AND',1,'','2023-11-16 20:29:56',1,'glpi_rule_import_asset_global_update_mac_ifdescr_restricted_port',0,'2023-11-16 20:29:56'),(156,0,'RuleImportAsset',6,'Global update (by ip+ifdescr not restricted port)','','AND',1,'','2023-11-16 20:29:56',1,'glpi_rule_import_asset_global_update_ip_ifdescr_no_restricted_port',0,'2023-11-16 20:29:56'),(157,0,'RuleImportAsset',7,'Global import (by ip+ifdescr)','','AND',1,'','2023-11-16 20:29:56',1,'glpi_rule_import_asset_global_import_ip_ifdescr',0,'2023-11-16 20:29:56'),(158,0,'RuleImportAsset',8,'Update only mac address (mac on switch port)','','AND',1,'','2023-11-16 20:29:56',1,'glpi_rule_import_asset_update_only_mac_adress',0,'2023-11-16 20:29:56'),(159,0,'RuleImportAsset',9,'Import only mac address (mac on switch port)','','AND',1,'','2023-11-16 20:29:56',1,'glpi_rule_import_asset_import_only_mac_adress',0,'2023-11-16 20:29:56'),(160,0,'RuleImportAsset',10,'Computer constraint (name)','','AND',1,'','2023-11-16 20:29:56',1,'glpi_rule_import_asset_computer_constraint_name',0,'2023-11-16 20:29:56'),(161,0,'RuleImportAsset',11,'Computer update (by serial + uuid)','','AND',1,'','2023-11-16 20:29:56',1,'glpi_rule_import_asset_computer_update_serial_uuid',0,'2023-11-16 20:29:56'),(162,0,'RuleImportAsset',12,'Computer update (by serial + uuid is empty in GLPI)','','AND',1,'','2023-11-16 20:29:56',1,'glpi_rule_import_asset_computer_update_serial_uuid_empty',0,'2023-11-16 20:29:56'),(163,0,'RuleImportAsset',13,'Computer import (by serial + uuid)','','AND',1,'','2023-11-16 20:29:56',1,'glpi_rule_import_asset_computer_import_serial_uuid',0,'2023-11-16 20:29:56'),(164,0,'RuleImportAsset',14,'Computer update (by serial)','','AND',1,'','2023-11-16 20:29:56',1,'glpi_rule_import_asset_computer_update_serial',0,'2023-11-16 20:29:56'),(165,0,'RuleImportAsset',15,'Computer update (by uuid)','','AND',0,'','2023-11-16 20:29:56',1,'glpi_rule_import_asset_computer_update_uuid',0,'2023-11-16 20:29:56'),(166,0,'RuleImportAsset',16,'Computer update (by mac)','','AND',0,'','2023-11-16 20:29:56',1,'glpi_rule_import_asset_computer_update_mac',0,'2023-11-16 20:29:56'),(167,0,'RuleImportAsset',17,'Computer update (by name)','','AND',1,'','2023-11-16 20:29:56',1,'glpi_rule_import_asset_computer_update_name',0,'2023-11-16 20:29:56'),(168,0,'RuleImportAsset',18,'Computer import (by serial)','','AND',1,'','2023-11-16 20:29:56',1,'glpi_rule_import_asset_computer_import_serial',0,'2023-11-16 20:29:56'),(169,0,'RuleImportAsset',19,'Computer import (by uuid)','','AND',0,'','2023-11-16 20:29:56',1,'glpi_rule_import_asset_computer_import_uuid',0,'2023-11-16 20:29:56'),(170,0,'RuleImportAsset',20,'Computer import (by mac)','','AND',0,'','2023-11-16 20:29:56',1,'glpi_rule_import_asset_computer_import_mac',0,'2023-11-16 20:29:56'),(171,0,'RuleImportAsset',21,'Computer import (by name)','','AND',1,'','2023-11-16 20:29:56',1,'glpi_rule_import_asset_computer_import_name',0,'2023-11-16 20:29:56'),(172,0,'RuleImportAsset',22,'Computer import denied','','AND',1,'','2023-11-16 20:29:56',1,'glpi_rule_import_asset_computer_import_denied',0,'2023-11-16 20:29:56'),(173,0,'RuleImportAsset',23,'Printer constraint (name)','','AND',1,'','2023-11-16 20:29:56',1,'glpi_rule_import_asset_printer_constraint_name',0,'2023-11-16 20:29:56'),(174,0,'RuleImportAsset',24,'Printer update (by serial)','','AND',1,'','2023-11-16 20:29:56',1,'glpi_rule_import_asset_printer_update_serial',0,'2023-11-16 20:29:56'),(175,0,'RuleImportAsset',25,'Printer update (by mac)','','AND',0,'','2023-11-16 20:29:56',1,'glpi_rule_import_asset_printer_update_mac',0,'2023-11-16 20:29:56'),(176,0,'RuleImportAsset',26,'Printer import (by serial)','','AND',1,'','2023-11-16 20:29:56',1,'glpi_rule_import_asset_printer_import_serial',0,'2023-11-16 20:29:56'),(177,0,'RuleImportAsset',27,'Printer import (by mac)','','AND',0,'','2023-11-16 20:29:56',1,'glpi_rule_import_asset_printer_import_mac',0,'2023-11-16 20:29:56'),(178,0,'RuleImportAsset',28,'Printer import denied','','AND',1,'','2023-11-16 20:29:56',1,'glpi_rule_import_asset_printer_import_denied',0,'2023-11-16 20:29:56'),(179,0,'RuleImportAsset',29,'NetworkEquipment constraint (name)','','AND',1,'','2023-11-16 20:29:56',1,'glpi_rule_import_asset_networkequipment_constraint_name',0,'2023-11-16 20:29:56'),(180,0,'RuleImportAsset',30,'NetworkEquipment update (by serial)','','AND',1,'','2023-11-16 20:29:56',1,'glpi_rule_import_asset_networkequipment_update_serial',0,'2023-11-16 20:29:56'),(181,0,'RuleImportAsset',31,'NetworkEquipment update (by mac)','','AND',0,'','2023-11-16 20:29:56',1,'glpi_rule_import_asset_networkequipment_update_mac',0,'2023-11-16 20:29:56'),(182,0,'RuleImportAsset',32,'NetworkEquipment import (by serial)','','AND',1,'','2023-11-16 20:29:56',1,'glpi_rule_import_asset_networkequipment_import_serial',0,'2023-11-16 20:29:56'),(183,0,'RuleImportAsset',33,'NetworkEquipment import (by mac)','','AND',0,'','2023-11-16 20:29:56',1,'glpi_rule_import_asset_networkequipment_import_mac',0,'2023-11-16 20:29:56'),(184,0,'RuleImportAsset',34,'NetworkEquipment import denied','','AND',1,'','2023-11-16 20:29:56',1,'glpi_rule_import_asset_networkequipment_import_denied',0,'2023-11-16 20:29:56'),(185,0,'RuleImportAsset',35,'Device update (by serial)','','AND',1,'','2023-11-16 20:29:56',1,'glpi_rule_import_asset_device_update_serial',0,'2023-11-16 20:29:56'),(186,0,'RuleImportAsset',36,'Device import (by serial)','','AND',1,'','2023-11-16 20:29:56',1,'glpi_rule_import_asset_device_importe_serial',0,'2023-11-16 20:29:56'),(187,0,'RuleImportAsset',37,'Device import denied','','AND',1,'','2023-11-16 20:29:56',1,'glpi_rule_import_asset_device_import_denied',0,'2023-11-16 20:29:56'),(188,0,'RuleImportAsset',38,'Monitor update (by serial)','','AND',1,'','2023-11-16 20:29:56',1,'glpi_rule_import_asset_monitor_update_serial',0,'2023-11-16 20:29:56'),(189,0,'RuleImportAsset',39,'Monitor import (by serial)','','AND',1,'','2023-11-16 20:29:56',1,'glpi_rule_import_asset_monitor_import_serial',0,'2023-11-16 20:29:56'),(190,0,'RuleImportAsset',40,'Monitor import denied','','AND',1,'','2023-11-16 20:29:56',1,'glpi_rule_import_asset_monitor_import_denied',0,'2023-11-16 20:29:56'),(191,0,'RuleImportAsset',41,'Phone constraint (name)','','AND',0,'','2023-11-16 20:29:56',1,'glpi_rule_import_asset_phone_constraint_name',0,'2023-11-16 20:29:56'),(192,0,'RuleImportAsset',42,'Phone update (by mac)','','AND',0,'','2023-11-16 20:29:56',1,'glpi_rule_import_asset_phone_update_mac',0,'2023-11-16 20:29:56'),(193,0,'RuleImportAsset',43,'Phone import (by mac)','','AND',0,'','2023-11-16 20:29:56',1,'glpi_rule_import_asset_phone_import_mac',0,'2023-11-16 20:29:56'),(194,0,'RuleImportAsset',44,'Phone import denied','','AND',0,'','2023-11-16 20:29:56',1,'glpi_rule_import_asset_phone_import_denied',0,'2023-11-16 20:29:56'),(195,0,'RuleImportAsset',45,'Cluster update (by uuid)','','AND',1,'','2023-11-16 20:29:56',1,'glpi_rule_import_asset_cluster_update_uuid',0,'2023-11-16 20:29:56'),(196,0,'RuleImportAsset',46,'Cluster import (by uuid)','','AND',1,'','2023-11-16 20:29:56',1,'glpi_rule_import_asset_cluster_import_uuid',0,'2023-11-16 20:29:56'),(197,0,'RuleImportAsset',47,'Cluster import denied','','AND',1,'','2023-11-16 20:29:56',1,'glpi_rule_import_asset_cluster_import_denied',0,'2023-11-16 20:29:56'),(198,0,'RuleImportAsset',48,'Enclosure update (by serial)','','AND',1,'','2023-11-16 20:29:56',1,'glpi_rule_import_asset_enclosure_update_serial',0,'2023-11-16 20:29:56'),(199,0,'RuleImportAsset',49,'Enclosure import (by serial)','','AND',1,'','2023-11-16 20:29:56',1,'glpi_rule_import_asset_enclosure_import_serial',0,'2023-11-16 20:29:56'),(200,0,'RuleImportAsset',50,'Enclosure import denied','','AND',1,'','2023-11-16 20:29:56',1,'glpi_rule_import_asset_enclosure_import_denied',0,'2023-11-16 20:29:56'),(201,0,'RuleImportAsset',51,'Global constraint (name)','','AND',1,'','2023-11-16 20:29:56',1,'glpi_rule_import_asset_global_constraint_name',0,'2023-11-16 20:29:56'),(202,0,'RuleImportAsset',52,'Global update (by serial)','','AND',1,'','2023-11-16 20:29:56',1,'glpi_rule_import_asset_global_update_serial',0,'2023-11-16 20:29:56'),(203,0,'RuleImportAsset',53,'Global update (by mac)','','AND',0,'','2023-11-16 20:29:56',1,'glpi_rule_import_asset_global_update_mac',0,'2023-11-16 20:29:56'),(204,0,'RuleImportAsset',54,'Global import (by serial)','','AND',1,'','2023-11-16 20:29:56',1,'glpi_rule_import_asset_global_import_serial',0,'2023-11-16 20:29:56'),(205,0,'RuleImportAsset',55,'Global import (by mac)','','AND',0,'','2023-11-16 20:29:56',1,'glpi_rule_import_asset_global_import_mac',0,'2023-11-16 20:29:56'),(206,0,'RuleImportAsset',56,'Global import denied','','AND',1,'','2023-11-16 20:29:56',1,'glpi_rule_import_asset_global_import_denied',0,'2023-11-16 20:29:56'),(207,0,'RuleImportAsset',57,'Database update (by name)','','AND',1,'','2023-11-16 20:29:56',1,'glpi_rule_import_asset_database_update_name',0,'2023-11-16 20:29:56'),(208,0,'RuleImportAsset',58,'Database import (by name)','','AND',1,'','2023-11-16 20:29:56',1,'glpi_rule_import_asset_database_import_name',0,'2023-11-16 20:29:56'),(209,0,'RuleImportAsset',59,'Database import denied','','AND',1,'','2023-11-16 20:29:56',1,'glpi_rule_import_asset_database_import_denied',0,'2023-11-16 20:29:56'),(210,0,'RuleImportAsset',60,'Unmanaged update (by name)','','AND',1,'','2023-11-16 20:29:56',1,'glpi_rule_import_asset_unmanaged_update_name',0,'2023-11-16 20:29:56'),(211,0,'RuleImportAsset',61,'Unmanaged import (by name)','','AND',1,'','2023-11-16 20:29:56',1,'glpi_rule_import_asset_unmanaged_import_name',0,'2023-11-16 20:29:56'),(212,0,'RuleImportAsset',62,'Unmanaged import denied','','AND',1,'','2023-11-16 20:29:56',1,'glpi_rule_import_asset_unmanaged_import_denied',0,'2023-11-16 20:29:56'),(213,0,'RuleDictionnaryOperatingSystem',1,'Clean Linux OS Name','','AND',0,'/(SUSE|SunOS|Red Hat|CentOS|Ubuntu|Debian|Fedora|AlmaLinux|Oracle|Amazon Linux)(?:\\D+|)([\\d.]*) ?(?:\\(?([\\w ]+)\\)?)?/\n\n            Example :\n            Ubuntu 22.04.1 LTS -&#62; #0 = Ubuntu\n            SUSE Linux Enterprise Server 11 (x86_64)  -&#62;#0 = SUSE\n            SunOS -&#62; #0 = SunOS\n            Red Hat Enterprise Linux Server release 7.9 (Maipo) -&#62; #0 = Red Hat\n            Oracle Linux Server release 7.3 -&#62; #0 = Oracle\n            Fedora release 36 (Thirty Six) -&#62; #0 = Fedora\n            Debian GNU/Linux 9.5 (stretch) -&#62; #0 = Debian\n            CentOS Stream release 8 -&#62; #0 = CentOS\n            AlmaLinux 9.0 (Emerald Puma) -&#62; #0 = AlmaLinux\n            Amazon Linux 2023 -&#62; #0 = Amazon Linux','2023-11-16 20:29:56',1,'clean_linux_os_name',0,'2023-11-16 20:29:56'),(214,0,'RuleDictionnaryOperatingSystem',2,'Clean Windows OS Name','','AND',0,'/(Microsoft)(?&#62;\\(R\\)|®)? (Windows) (XP|\\d\\.\\d|\\d{1,4}|Vista)(™)? ?(.*)/\n\n            Example :\n            Microsoft Windows XP Professionnel -&#62; #1 : Windows\n            Microsoft Windows 7 Enterprise  -&#62; #1 : Windows\n            Microsoft® Windows Vista Professionnel  -&#62; #1 : Windows\n            Microsoft Windows XP Édition familiale  -&#62; #1 : Windows\n            Microsoft Windows 10 Entreprise  -&#62; #1 : Windows\n            Microsoft Windows 10 Professionnel  -&#62; #1 : Windows\n            Microsoft Windows 11 Professionnel  -&#62; #1 : Windows','2023-11-16 20:29:56',1,'clean_windows_os_name',0,'2023-11-16 20:29:56'),(215,0,'RuleDictionnaryOperatingSystem',3,'Clean Windows Server OS Name','','AND',0,'/(Microsoft)(?&#62;\\(R\\)|®)? (?:(Hyper-V|Windows)(?:\\(R\\))?) ((?:Server|))(?:\\(R\\)|®)? (\\d{4}(?: R2)?)(?:[,\\s]++)?([^\\s]*)(?: Edition(?: x64)?)?$/\n\n            Example :\n            Microsoft Windows Server 2012 R2 Datacenter -&#62; #1 #2 : Windows Server\n            Microsoft(R) Windows(R) Server 2003, Standard Edition x64 -&#62; #1 #2 : Windows Server\n            Microsoft Hyper-V Server 2012 R2 -&#62; #1 #2 : Hyper-V Server\n            Microsoft® Windows Server® 2008 Standard -&#62; #1 #2 : Windows Server','2023-11-16 20:29:56',1,'clean_windows_server_os_name',0,'2023-11-16 20:29:56'),(216,0,'RuleDictionnaryOperatingSystemVersion',1,'Clean Linux OS Version','','AND',0,'/(SUSE|SunOS|Red Hat|CentOS|Ubuntu|Debian|Fedora|AlmaLinux|Oracle)(?:\\D+|)([\\d.]+) ?(?:\\(?([\\w ]+)\\)?)?/\n\n            Example :\n            Ubuntu 22.04.1 LTS -&#62; #1 = 22.04.1\n            SUSE Linux Enterprise Server 11 (x86_64) -&#62; #1 =  11\n            SunOS 5.10 -&#62; #1 = 5.10\n            Red Hat Enterprise Linux Server release 7.9 (Maipo) -&#62; #1 = 7.9\n            Oracle Linux Server release 7.3 -&#62; #1 = 7.3\n            Fedora release 36 (Thirty Six) -&#62; #1 =  36\n            Debian GNU/Linux 9.5 (stretch) -&#62; #1 = 9.5\n            CentOS release 6.9 (Final) -&#62; #1 = 6.9\n            AlmaLinux 9.0 (Emerald Puma) -&#62; #1 = 9.0','2023-11-16 20:29:56',1,'clean_linux_os_version',0,'2023-11-16 20:29:56'),(217,0,'RuleDictionnaryOperatingSystemVersion',2,'Clean Windows OS Version','','AND',0,'/(Microsoft)(?&#62;\\(R\\)|®)? (Windows) (XP|\\d\\.\\d|\\d{1,4}|Vista)(™)? ?(.*)/\n\n            Example :\n            Microsoft Windows XP Professionnel -&#62; #2 : XP\n            Microsoft Windows 7 Enterprise  -&#62; #2 : 7\n            Microsoft® Windows Vista Professionnel  -&#62; #2 : Vista\n            Microsoft Windows XP Édition familiale  -&#62; #2 : XP\n            Microsoft Windows 10 Entreprise  -&#62; #2 : 10\n            Microsoft Windows 10 Professionnel  -&#62; #2 : 10\n            Microsoft Windows 11 Professionnel  -&#62; #2 : 11','2023-11-16 20:29:56',1,'clean_windows_os_version',0,'2023-11-16 20:29:56'),(218,0,'RuleDictionnaryOperatingSystemVersion',3,'Clean Windows Server OS Version','','AND',0,'/(Microsoft)(?&#62;\\(R\\)|®)? (?:(Hyper-V|Windows)(?:\\(R\\))?) ((?:Server|))(?:\\(R\\)|®)? (\\d{4}(?: R2)?)(?:[,\\s]++)?([^\\s]*)(?: Edition(?: x64)?)?$/\n\n            Example :\n            Microsoft Windows Server 2012 R2 Datacenter -&#62; #3 : 2012 R2\n            Microsoft(R) Windows(R) Server 2003, Standard Edition x64 -&#62; #3 : 2003\n            Microsoft Hyper-V Server 2012 R2 -&#62; #3 : 2012 R2\n            Microsoft® Windows Server® 2008 Standard -&#62; #3 : 2008','2023-11-16 20:29:56',1,'clean_windows_server_os_version',0,'2023-11-16 20:29:56'),(219,0,'RuleDictionnaryOperatingSystemEdition',1,'Clean Linux OS Edition','','AND',0,'/(SUSE|SunOS|Red Hat|CentOS|Ubuntu|Debian|Fedora|AlmaLinux|Oracle)(?:\\D+|)([\\d.]+) ?(?:\\(?([\\w ]+)\\)?)?/\n\n        Example :\n        Ubuntu 22.04.1 LTS -&#62; #2 = LTS\n        SUSE Linux Enterprise Server 11 (x86_64) -&#62; #2 = x86_64\n        Red Hat Enterprise Linux Server release 7.9 (Maipo) -&#62; #2 = Maipo\n        Red Hat Enterprise Linux Server release 6.10 (Santiago) -&#62; #2 = Santiago\n        Fedora release 36 (Thirty Six) -&#62; #2 = Thirty Six\n        Debian GNU/Linux 9.5 (stretch) -&#62; #2 = stretch\n        Debian GNU/Linux 8.9 (jessie) -&#62; #2 = jessie\n        CentOS Linux release 7.2.1511 (Core) -&#62; #2 = Core\n        AlmaLinux 9.0 (Emerald Puma) -&#62; #2 = Emerald Puma\n        AlmaLinux 8.6 (Sky Tiger) -&#62; #2 = Sky Tiger','2023-11-16 20:29:56',1,'clean_linux_os_edition',0,'2023-11-16 20:29:56'),(220,0,'RuleDictionnaryOperatingSystemEdition',2,'Clean Windows OS Edition','','AND',0,'/(Microsoft)(?&#62;\\(R\\)|®)? (Windows) (XP|\\d\\.\\d|\\d{1,4}|Vista)(™)? ?(.*)/\n\n        Example :\n        Microsoft Windows XP Professionnel -&#62; #4 : Professionnel\n        Microsoft Windows 7 Enterprise  -&#62; #4 : Enterprise\n        Microsoft® Windows Vista Professionnel  -&#62; #4 : Professionnel\n        Microsoft Windows XP Édition familiale  -&#62; #4 : Édition familiale\n        Microsoft Windows 10 Entreprise  -&#62; #4 : Entreprise\n        Microsoft Windows 10 Professionnel  -&#62; #4 : Professionnel\n        Microsoft Windows 11 Professionnel  -&#62; #4 : Professionnel','2023-11-16 20:29:56',1,'clean_windows_os_edition',0,'2023-11-16 20:29:56'),(221,0,'RuleDictionnaryOperatingSystemEdition',3,'Clean Windows Server OS Edition','','AND',0,'/(Microsoft)(?&#62;\\(R\\)|®)? (?:(Hyper-V|Windows)(?:\\(R\\))?) ((?:Server|))(?:\\(R\\)|®)? (\\d{4}(?: R2)?)(?:[,\\s]++)?([^\\s]*)(?: Edition(?: x64)?)?$/\n\n        Example :\n        Microsoft Windows Server 2012 R2 Datacenter -&#62; #4 : Datacenter\n        Microsoft(R) Windows(R) Server 2003, Standard Edition x64 -&#62; #4 : Standard\n        Microsoft Hyper-V Server 2012 R2 -&#62; #4 :\n        Microsoft® Windows Server® 2008 Standard -&#62; #4: Standard','2023-11-16 20:29:56',1,'clean_windows_server_os_edition',0,'2023-11-16 20:29:56'),(222,0,'RuleTicket',111,'Sistemas de Información &#62;ERP_SAP B1&#62; Modulos','Solicitud','AND',1,'Regla para la gestión de casos ERP SAP B1 en Modulos','2023-11-28 16:49:44',0,'5061abeb-dd7d8ac3-6566190702b193.81745000',3,'2023-11-28 16:44:55');

--
-- Table structure for table `glpi_savedsearches`
--

CREATE TABLE `glpi_savedsearches` (
  `id` int unsigned NOT NULL AUTO_INCREMENT,
  `name` varchar(255) CHARACTER SET utf8mb4 COLLATE utf8mb4_unicode_ci DEFAULT NULL,
  `type` int NOT NULL DEFAULT '0' COMMENT 'see SavedSearch:: constants',
  `itemtype` varchar(100) CHARACTER SET utf8mb4 COLLATE utf8mb4_unicode_ci NOT NULL,
  `users_id` int unsigned NOT NULL DEFAULT '0',
  `is_private` tinyint(1) NOT NULL DEFAULT '1',
  `entities_id` int unsigned NOT NULL DEFAULT '0',
  `is_recursive` tinyint(1) NOT NULL DEFAULT '0',
  `query` mediumtext CHARACTER SET utf8mb4 COLLATE utf8mb4_unicode_ci,
  `last_execution_time` int DEFAULT NULL,
  `do_count` tinyint(1) NOT NULL DEFAULT '2' COMMENT 'Do or do not count results on list display see SavedSearch::COUNT_* constants',
  `last_execution_date` timestamp NULL DEFAULT NULL,
  `counter` int NOT NULL DEFAULT '0',
  PRIMARY KEY (`id`),
  KEY `type` (`type`),
  KEY `itemtype` (`itemtype`),
  KEY `entities_id` (`entities_id`),
  KEY `users_id` (`users_id`),
  KEY `is_private` (`is_private`),
  KEY `is_recursive` (`is_recursive`),
  KEY `last_execution_time` (`last_execution_time`),
  KEY `last_execution_date` (`last_execution_date`),
  KEY `do_count` (`do_count`),
  KEY `name` (`name`)
) ENGINE=InnoDB AUTO_INCREMENT=8 DEFAULT CHARSET=utf8mb4 COLLATE=utf8mb4_unicode_ci;

--
-- Dumping data for table `glpi_savedsearches`
--

INSERT INTO `glpi_savedsearches` VALUES (1,'Búsqueda por técnico',1,'Ticket',860,1,0,1,'is_deleted=0&as_map=0&criteria%5B0%5D%5Blink%5D=AND&criteria%5B0%5D%5Bfield%5D=12&criteria%5B0%5D%5Bsearchtype%5D=equals&criteria%5B0%5D%5Bvalue%5D=notold&criteria%5B1%5D%5Blink%5D=AND&criteria%5B1%5D%5Bfield%5D=5&criteria%5B1%5D%5Bsearchtype%5D=equals&criteria%5B1%5D%5Bvalue%5D=860&search=Buscar&itemtype=Ticket',NULL,2,NULL,0),(2,'Casos Asignados - Jonathan Suarez',1,'Ticket',1026,1,0,1,'',NULL,2,NULL,0),(4,'tecnico',1,'Ticket',860,1,0,1,'',NULL,2,NULL,0),(6,'Líneas Corp.',1,'Line',825,1,1,1,'is_deleted=0&as_map=0&criteria%5B0%5D%5Blink%5D=AND&criteria%5B0%5D%5Bfield%5D=1&criteria%5B0%5D%5Bsearchtype%5D=contains&criteria%5B0%5D%5Bvalue%5D=&criteria%5B1%5D%5Blink%5D=AND&criteria%5B1%5D%5Bfield%5D=31&criteria%5B1%5D%5Bsearchtype%5D=contains&criteria%5B1%5D%5Bvalue%5D=Activo&criteria%5B2%5D%5Blink%5D=AND&criteria%5B2%5D%5Bfield%5D=4&criteria%5B2%5D%5Bsearchtype%5D=contains&criteria%5B2%5D%5Bvalue%5D=Plan_Emp&search=Buscar&itemtype=Line',NULL,2,NULL,0),(7,'Cumplimiento ANS',1,'Ticket',825,1,1,1,'',5,1,'2023-11-17 13:33:52',3);

--
-- Table structure for table `glpi_savedsearches_alerts`
--

CREATE TABLE `glpi_savedsearches_alerts` (
  `id` int unsigned NOT NULL AUTO_INCREMENT,
  `savedsearches_id` int unsigned NOT NULL DEFAULT '0',
  `name` varchar(255) CHARACTER SET utf8mb4 COLLATE utf8mb4_unicode_ci DEFAULT NULL,
  `is_active` tinyint(1) NOT NULL DEFAULT '0',
  `operator` tinyint(1) NOT NULL,
  `value` int NOT NULL,
  `date_mod` timestamp NULL DEFAULT NULL,
  `date_creation` timestamp NULL DEFAULT NULL,
  `frequency` int NOT NULL DEFAULT '0',
  PRIMARY KEY (`id`),
  UNIQUE KEY `unicity` (`savedsearches_id`,`operator`,`value`),
  KEY `name` (`name`),
  KEY `is_active` (`is_active`),
  KEY `date_mod` (`date_mod`),
  KEY `date_creation` (`date_creation`)
) ENGINE=InnoDB DEFAULT CHARSET=utf8mb4 COLLATE=utf8mb4_unicode_ci;

--
-- Dumping data for table `glpi_savedsearches_alerts`
--


--
-- Table structure for table `glpi_savedsearches_users`
--

CREATE TABLE `glpi_savedsearches_users` (
  `id` int unsigned NOT NULL AUTO_INCREMENT,
  `users_id` int unsigned NOT NULL DEFAULT '0',
  `itemtype` varchar(100) CHARACTER SET utf8mb4 COLLATE utf8mb4_unicode_ci NOT NULL,
  `savedsearches_id` int unsigned NOT NULL DEFAULT '0',
  PRIMARY KEY (`id`),
  UNIQUE KEY `unicity` (`users_id`,`itemtype`),
  KEY `savedsearches_id` (`savedsearches_id`)
) ENGINE=InnoDB DEFAULT CHARSET=utf8mb4 COLLATE=utf8mb4_unicode_ci;

--
-- Dumping data for table `glpi_savedsearches_users`
--


--
-- Table structure for table `glpi_slalevelactions`
--

CREATE TABLE `glpi_slalevelactions` (
  `id` int unsigned NOT NULL AUTO_INCREMENT,
  `slalevels_id` int unsigned NOT NULL DEFAULT '0',
  `action_type` varchar(255) CHARACTER SET utf8mb4 COLLATE utf8mb4_unicode_ci DEFAULT NULL,
  `field` varchar(255) CHARACTER SET utf8mb4 COLLATE utf8mb4_unicode_ci DEFAULT NULL,
  `value` varchar(255) CHARACTER SET utf8mb4 COLLATE utf8mb4_unicode_ci DEFAULT NULL,
  PRIMARY KEY (`id`),
  KEY `slalevels_id` (`slalevels_id`)
) ENGINE=InnoDB AUTO_INCREMENT=35 DEFAULT CHARSET=utf8mb4 COLLATE=utf8mb4_unicode_ci;

--
-- Dumping data for table `glpi_slalevelactions`
--

INSERT INTO `glpi_slalevelactions` VALUES (8,9,'append','_users_id_assign','565'),(9,10,'append','_users_id_assign','353'),(10,11,'append','_users_id_assign','692'),(11,12,'append','_users_id_assign','860'),(12,13,'append','_users_id_assign','875'),(13,14,'append','_users_id_assign','692'),(14,15,'append','_users_id_assign','692'),(15,16,'append','_users_id_assign','860'),(16,17,'append','_users_id_assign','692'),(17,18,'append','_users_id_assign','692'),(18,19,'append','_users_id_assign','692'),(19,20,'append','_users_id_assign','368'),(20,21,'append','_users_id_assign','368'),(21,22,'append','_users_id_assign','752'),(22,23,'append','_users_id_assign','1026'),(23,24,'append','_users_id_assign','368'),(24,25,'append','_users_id_assign','368'),(25,26,'append','_users_id_assign','368'),(26,27,'append','_users_id_assign','368'),(27,28,'append','_users_id_assign','1117'),(28,30,'append','_users_id_assign','368'),(29,31,'append','_users_id_assign','368'),(30,32,'append','_users_id_assign','860'),(31,33,'append','_users_id_assign','353'),(32,34,'append','_users_id_assign','565'),(33,35,'append','_users_id_assign','353'),(34,36,'append','_users_id_assign','565');

--
-- Table structure for table `glpi_slalevelcriterias`
--

CREATE TABLE `glpi_slalevelcriterias` (
  `id` int unsigned NOT NULL AUTO_INCREMENT,
  `slalevels_id` int unsigned NOT NULL DEFAULT '0',
  `criteria` varchar(255) CHARACTER SET utf8mb4 COLLATE utf8mb4_unicode_ci DEFAULT NULL,
  `condition` int NOT NULL DEFAULT '0' COMMENT 'see define.php PATTERN_* and REGEX_* constant',
  `pattern` varchar(255) CHARACTER SET utf8mb4 COLLATE utf8mb4_unicode_ci DEFAULT NULL,
  PRIMARY KEY (`id`),
  KEY `slalevels_id` (`slalevels_id`),
  KEY `condition` (`condition`)
) ENGINE=InnoDB AUTO_INCREMENT=51 DEFAULT CHARSET=utf8mb4 COLLATE=utf8mb4_unicode_ci;

--
-- Dumping data for table `glpi_slalevelcriterias`
--

INSERT INTO `glpi_slalevelcriterias` VALUES (14,11,'itilcategories_id',0,'35'),(15,11,'itilcategories_id',0,'21'),(16,11,'itilcategories_id',0,'78'),(17,12,'itilcategories_id',0,'184'),(18,12,'itilcategories_id',0,'1'),(19,13,'itilcategories_id',0,'3'),(20,14,'itilcategories_id',0,'18'),(21,14,'itilcategories_id',0,'19'),(22,14,'itilcategories_id',0,'20'),(24,15,'itilcategories_id',0,'182'),(25,15,'itilcategories_id',0,'43'),(26,16,'itilcategories_id',0,'185'),(27,16,'itilcategories_id',0,'186'),(28,20,'itilcategories_id',0,'100'),(29,20,'itilcategories_id',0,'52'),(30,20,'itilcategories_id',0,'32'),(31,20,'itilcategories_id',0,'177'),(32,20,'itilcategories_id',0,'174'),(33,22,'itilcategories_id',0,'130'),(34,22,'itilcategories_id',0,'131'),(35,23,'itilcategories_id',0,'25'),(36,23,'itilcategories_id',0,'179'),(37,26,'itilcategories_id',0,'120'),(38,26,'itilcategories_id',0,'121'),(39,10,'locations_id',2,'Faw'),(40,10,'locations_id',2,'Techos'),(41,9,'locations_id',2,'Caria'),(42,9,'locations_id',2,'Mineroil'),(43,33,'locations_id',2,'Faw'),(44,33,'locations_id',2,'Techos'),(45,34,'locations_id',2,'Caria'),(46,34,'locations_id',2,'Mineroil'),(47,35,'locations_id',2,'Faw'),(48,35,'locations_id',2,'Techos'),(49,36,'locations_id',2,'Caria'),(50,36,'locations_id',2,'Mineroil');

--
-- Table structure for table `glpi_slalevels`
--

CREATE TABLE `glpi_slalevels` (
  `id` int unsigned NOT NULL AUTO_INCREMENT,
  `name` varchar(255) CHARACTER SET utf8mb4 COLLATE utf8mb4_unicode_ci DEFAULT NULL,
  `slas_id` int unsigned NOT NULL DEFAULT '0',
  `execution_time` int NOT NULL,
  `is_active` tinyint(1) NOT NULL DEFAULT '1',
  `entities_id` int unsigned NOT NULL DEFAULT '0',
  `is_recursive` tinyint(1) NOT NULL DEFAULT '0',
  `match` char(10) CHARACTER SET utf8mb4 COLLATE utf8mb4_unicode_ci DEFAULT NULL COMMENT 'see define.php *_MATCHING constant',
  `uuid` varchar(255) CHARACTER SET utf8mb4 COLLATE utf8mb4_unicode_ci DEFAULT NULL,
  PRIMARY KEY (`id`),
  KEY `name` (`name`),
  KEY `is_active` (`is_active`),
  KEY `slas_id` (`slas_id`),
  KEY `entities_id` (`entities_id`),
  KEY `is_recursive` (`is_recursive`)
) ENGINE=InnoDB AUTO_INCREMENT=37 DEFAULT CHARSET=utf8mb4 COLLATE=utf8mb4_unicode_ci;

--
-- Dumping data for table `glpi_slalevels`
--

INSERT INTO `glpi_slalevels` VALUES (9,' N2_PF2SAP',25,-3600,0,0,1,'OR','3d1b5dab-d9d62df8-6441ba08ae24c1.51009006'),(10,'N2_PF1SAP',14,-3600,0,0,1,'OR','3d1b5dab-d9d62df8-6441c363b0d321.03840159'),(11,'A1_N2_P365',11,-14400,1,0,1,'OR','3d1b5dab-d9d62df8-6441c442014fb0.28089586'),(12,'N2_Correo',26,-7200,1,0,1,'OR','3d1b5dab-d9d62df8-6441c6b58e1390.51657646'),(13,'N2_Ofimatica',27,-7200,1,0,1,'AND','3d1b5dab-d9d62df8-64429a82428f38.89345085'),(14,'Nv2_PB_SolucionesWeb',1,-7200,1,0,1,'OR','3d1b5dab-d9d62df8-6442b204f25821.46689703'),(15,'Nv2_PM_SolucionesWeb',2,-7200,1,0,1,'OR','3d1b5dab-d9d62df8-6442bb7673b387.70733473'),(16,'N2_PB_Google Workspace',3,-28800,1,0,1,'AND','3d1b5dab-d9d62df8-6442bf22536978.94882702'),(17,'NV2_PA_WorldOffice',13,-3600,1,0,1,'AND','3d1b5dab-d9d62df8-6442c7d02df2e0.34671623'),(18,'NV2_PB_WorldOffice',15,-14400,1,0,1,'AND','3d1b5dab-d9d62df8-6442c9fbad27d2.99622840'),(19,'NV2_PA_Ofima',28,-3600,1,0,1,'AND','3d1b5dab-d9d62df8-6442ce39d1fec3.00939155'),(20,'NV2_PA_Otros Sistemas de Información',29,-3600,1,0,1,'OR','3d1b5dab-d9d62df8-6442cfaeca8137.75393406'),(21,'NV2_PA_Puestos de Trabajo',30,-3600,1,0,1,'AND','3d1b5dab-d9d62df8-6442d35b1a4ab1.89953417'),(22,'NV2_PM_Puestos de Trabajo',31,-7200,1,0,1,'OR','3d1b5dab-d9d62df8-6442d524057332.71350476'),(23,'NV2_PB_Puestos de Trabajo',32,-14400,1,0,1,'OR','3d1b5dab-d9d62df8-6442d69d10b030.76318367'),(24,'NV2_PB_Telefonía Movil',33,-14400,1,0,1,'AND','3d1b5dab-d9d62df8-6442d7fda4d228.19169640'),(25,'NV2_PA_Redes',34,-3600,1,0,1,'AND','3d1b5dab-d9d62df8-6442e5df08c0b5.94247185'),(26,'NV2_PM_Redes',35,-7200,1,0,1,'AND','3d1b5dab-d9d62df8-6442e6702e0be4.88924930'),(27,'NV2_PB_Redes',36,-14400,1,0,1,'AND','3d1b5dab-d9d62df8-6442e6fe0d5fe2.66937147'),(28,'NV2_PM_Perimetral',37,-7200,1,0,1,'AND','3d1b5dab-d9d62df8-6442e9b077fec6.24192804'),(29,'NV2_PM_SapMovil',7,-7200,1,0,1,'AND','3d1b5dab-d9d62df8-6442f7e5060488.27680608'),(30,'NV2_ PM_Google AppSheet',8,-7200,1,0,1,'AND','3d1b5dab-d9d62df8-6442fb3d4df6f0.83065873'),(31,'NV2_PM_Digsmart',38,-7200,1,0,1,'AND','3d1b5dab-d9d62df8-6442fc0dbe6ae2.26027345'),(32,'NV2_PM_FawLovers',39,-7200,1,0,1,'AND','3d1b5dab-d9d62df8-6442fcfb500a20.55298816'),(33,'N2_PF1SAP',40,-7200,0,0,1,'OR','3d1b5dab-d9d62df8-6446df08e17231.26544960'),(34,'N2_PF2SAP',41,-7200,0,0,1,'OR','3d1b5dab-d9d62df8-6446e01ec9b546.57379289'),(35,'N2_PF1SAP',42,-14400,0,0,1,'OR','3d1b5dab-d9d62df8-6446e17d9b9708.75397906'),(36,'N2_PF2SAP',43,-14400,0,0,1,'OR','3d1b5dab-d9d62df8-6446e23ca533b3.15415080');

--
-- Table structure for table `glpi_slalevels_tickets`
--

CREATE TABLE `glpi_slalevels_tickets` (
  `id` int unsigned NOT NULL AUTO_INCREMENT,
  `tickets_id` int unsigned NOT NULL DEFAULT '0',
  `slalevels_id` int unsigned NOT NULL DEFAULT '0',
  `date` timestamp NULL DEFAULT NULL,
  PRIMARY KEY (`id`),
  UNIQUE KEY `unicity` (`tickets_id`,`slalevels_id`),
  KEY `slalevels_id` (`slalevels_id`)
) ENGINE=InnoDB AUTO_INCREMENT=2140 DEFAULT CHARSET=utf8mb4 COLLATE=utf8mb4_unicode_ci;

--
-- Dumping data for table `glpi_slalevels_tickets`
--

INSERT INTO `glpi_slalevels_tickets` VALUES (2136,8059,20,'2023-12-04 13:24:02'),(2137,8061,20,'2023-12-04 14:06:01'),(2138,8062,20,'2023-12-04 14:39:01'),(2139,8064,20,'2023-12-04 15:00:00');

--
-- Table structure for table `glpi_slas`
--

CREATE TABLE `glpi_slas` (
  `id` int unsigned NOT NULL AUTO_INCREMENT,
  `name` varchar(255) CHARACTER SET utf8mb4 COLLATE utf8mb4_unicode_ci DEFAULT NULL,
  `entities_id` int unsigned NOT NULL DEFAULT '0',
  `is_recursive` tinyint(1) NOT NULL DEFAULT '0',
  `type` int NOT NULL DEFAULT '0',
  `comment` mediumtext CHARACTER SET utf8mb4 COLLATE utf8mb4_unicode_ci,
  `number_time` int NOT NULL,
  `calendars_id` int unsigned NOT NULL DEFAULT '0',
  `date_mod` timestamp NULL DEFAULT NULL,
  `definition_time` varchar(255) CHARACTER SET utf8mb4 COLLATE utf8mb4_unicode_ci DEFAULT NULL,
  `end_of_working_day` tinyint(1) NOT NULL DEFAULT '0',
  `date_creation` timestamp NULL DEFAULT NULL,
  `slms_id` int unsigned NOT NULL DEFAULT '0',
  `use_ticket_calendar` tinyint NOT NULL DEFAULT '0',
  PRIMARY KEY (`id`),
  KEY `name` (`name`),
  KEY `date_mod` (`date_mod`),
  KEY `date_creation` (`date_creation`),
  KEY `calendars_id` (`calendars_id`),
  KEY `slms_id` (`slms_id`),
  KEY `entities_id` (`entities_id`),
  KEY `is_recursive` (`is_recursive`)
) ENGINE=InnoDB AUTO_INCREMENT=44 DEFAULT CHARSET=utf8mb4 COLLATE=utf8mb4_unicode_ci;

--
-- Dumping data for table `glpi_slas`
--

INSERT INTO `glpi_slas` VALUES (1,'PB_SolucionesWeb',0,1,0,'Prioridad baja soluciones web',16,1,'2023-04-21 17:03:45','hour',0,'2020-05-06 00:43:47',1,0),(2,'PM_SolucionesWeb',0,1,0,'Tiempo de solución prioridad Critica',5,1,'2023-04-21 16:03:36','hour',0,'2020-05-06 00:44:21',1,0),(3,'PB_Google Workspace',0,1,0,'Prioridad baja',16,1,'2023-04-21 16:51:09','hour',0,'2020-06-10 03:10:15',2,0),(7,'PM_SapMovil',0,1,0,'',5,1,'2023-04-21 20:52:16','hour',0,'2020-06-10 12:16:48',3,0),(8,'PM_Google AppSheet ',0,1,0,'',5,1,'2023-04-21 21:07:07','hour',0,'2020-06-10 12:17:39',3,0),(11,'A1_N2_P365',0,1,0,'Nivel 2 Analista1',16,1,'2023-04-21 13:47:58','hour',0,'2020-06-10 23:46:00',4,0),(13,'PA_WorldOffice',0,1,0,'',3,1,'2023-04-21 17:27:26','hour',0,'2020-06-11 16:09:48',5,0),(14,'PA_PF1_SAP',0,1,0,'Tiempo para dar solución a un Incidente.',3,1,'2023-04-24 19:50:10','hour',0,'2021-03-20 00:32:58',6,0),(15,'PB_WorldOffice',0,1,0,'',16,1,'2023-04-21 17:34:21','hour',0,'2021-04-22 17:03:20',5,0),(16,'ANS-Inc. Alto',0,0,0,'Incidente Alto',3,1,'2023-04-20 23:24:58','hour',0,'2022-09-15 23:23:01',7,0),(17,'ANS-Inc. Medio',0,0,0,'Incidentes Medios',5,1,'2023-04-20 23:24:58','hour',0,'2023-03-29 00:04:57',7,0),(18,'ANS-Inc. Bajo',0,0,0,'Incidentes Bajos',16,1,'2023-04-20 23:24:58','hour',0,'2023-03-29 00:05:54',7,0),(19,'ANS-Req. Alto',0,0,0,'Requerimiento Alto',4,1,'2023-04-20 23:24:58','hour',0,'2023-03-29 00:06:24',7,0),(20,'ANS-Req. Medio',0,0,0,'Requerimiento Medio',12,1,'2023-04-20 23:24:58','hour',0,'2023-03-29 00:06:24',7,0),(21,'ANS-Req. Bajo',0,0,0,'Requerimiento Bajo',40,1,'2023-04-20 23:24:58','hour',0,'2023-03-29 00:06:24',7,0),(22,'ANS-Inc. Planificada',0,0,0,'Incidente Planificado',5,1,'2023-04-20 23:24:58','day',1,'2023-04-17 15:28:11',7,0),(23,'ANS-Req. Planificada',0,0,0,'',5,1,'2023-04-20 23:24:58','day',1,'2023-04-17 15:29:53',7,0),(24,'ANS-HelpDesk',0,0,1,'Tiempo para adueñarse',40,1,'2023-04-21 13:45:45','minute',0,'2023-04-19 14:13:32',7,0),(25,'PA_PF2_SAP',0,1,0,'ANS Nivel 2 Incidentes SAP - Profesional2',3,1,'2023-04-24 19:50:31','hour',0,'2023-04-20 22:16:00',6,0),(26,'N2_Correo',0,1,0,'',5,1,'2023-04-20 23:13:26','hour',0,'2023-04-20 23:11:21',4,0),(27,'N2_Ofimatica',0,1,0,'Nivel 2 Ofimática',5,1,'2023-04-21 14:14:40','hour',0,'2023-04-21 14:11:31',4,0),(28,'PA_Ofima',0,1,0,'',3,1,'2023-04-21 17:55:01','hour',0,'2023-04-21 17:55:01',5,0),(29,'PA_Otros Sistemas de Información',0,1,0,'',3,1,'2023-04-21 18:00:12','hour',0,'2023-04-21 18:00:12',5,0),(30,'PA_Puestos de Trabajo',0,1,0,'',3,1,'2023-04-21 18:17:20','hour',0,'2023-04-21 18:17:20',9,0),(31,'PM_Puestos de Trabajo',0,1,0,'',5,1,'2023-04-21 18:24:31','hour',0,'2023-04-21 18:24:31',9,0),(32,'PB_Puestos de Trabajo',0,1,0,'',16,1,'2023-04-21 18:31:10','hour',0,'2023-04-21 18:30:41',9,0),(33,'PB_Telefonía Movil',0,1,0,'',16,1,'2023-04-21 18:37:27','hour',0,'2023-04-21 18:37:27',9,0),(34,'PA_Redes',0,1,0,'',3,1,'2023-04-21 19:36:46','hour',0,'2023-04-21 19:36:46',10,0),(35,'PM_Redes',0,1,0,'',5,1,'2023-04-21 19:39:04','hour',0,'2023-04-21 19:39:04',10,0),(36,'PB_Redes',0,1,0,'',16,1,'2023-04-21 19:41:22','hour',0,'2023-04-21 19:41:22',10,0),(37,'PM_Perimetral',0,1,0,'',5,1,'2023-04-21 19:53:03','hour',0,'2023-04-21 19:53:03',11,0),(38,'PM_Digsmart',0,1,0,'',5,1,'2023-04-21 21:11:14','hour',0,'2023-04-21 21:11:14',3,0),(39,'PM_FawLovers',0,1,0,'',5,1,'2023-04-21 21:15:12','hour',0,'2023-04-21 21:15:12',3,0),(40,'PM_PF1_SAP',0,1,0,'Tiempo para dar solución a un Incidente.',5,1,'2023-04-24 19:54:49','hour',0,'2023-04-24 19:54:06',6,0),(41,'PM_PF2_SAP',0,1,0,'ANS Nivel 2 Incidentes SAP - Profesional2',5,1,'2023-04-24 20:00:28','hour',0,'2023-04-24 19:59:49',6,0),(42,'PB_PF1_SAP',0,1,0,'Tiempo para dar solución a un Incidente.',16,1,'2023-04-24 20:05:49','hour',0,'2023-04-24 20:04:54',6,0),(43,'PB_PF2_SAP',0,1,0,'Tiempo para dar solución a un Incidente.',16,1,'2023-04-24 20:10:14','hour',0,'2023-04-24 20:09:58',6,0);

--
-- Table structure for table `glpi_slms`
--

CREATE TABLE `glpi_slms` (
  `id` int unsigned NOT NULL AUTO_INCREMENT,
  `name` varchar(255) CHARACTER SET utf8mb4 COLLATE utf8mb4_unicode_ci DEFAULT NULL,
  `entities_id` int unsigned NOT NULL DEFAULT '0',
  `is_recursive` tinyint(1) NOT NULL DEFAULT '0',
  `comment` mediumtext CHARACTER SET utf8mb4 COLLATE utf8mb4_unicode_ci,
  `calendars_id` int unsigned NOT NULL DEFAULT '0',
  `date_mod` timestamp NULL DEFAULT NULL,
  `date_creation` timestamp NULL DEFAULT NULL,
  `use_ticket_calendar` tinyint NOT NULL DEFAULT '0',
  PRIMARY KEY (`id`),
  KEY `name` (`name`),
  KEY `entities_id` (`entities_id`),
  KEY `is_recursive` (`is_recursive`),
  KEY `calendars_id` (`calendars_id`),
  KEY `date_mod` (`date_mod`),
  KEY `date_creation` (`date_creation`)
) ENGINE=InnoDB AUTO_INCREMENT=13 DEFAULT CHARSET=utf8mb4 COLLATE=utf8mb4_unicode_ci;

--
-- Dumping data for table `glpi_slms`
--

INSERT INTO `glpi_slms` VALUES (1,'ANS-Inc.Soluciones Web',0,1,'ANS para soluciones web',1,'2023-04-21 16:01:26','2020-05-06 00:20:06',0),(2,'ANS-Inc.Google Workspace',0,1,'',1,'2023-04-21 16:44:52','2020-05-06 00:20:24',0),(3,'ANS-Inc.Soluciones Moviles',0,1,'',1,'2023-04-21 17:00:52','2020-05-06 00:20:43',0),(4,'ANS-Inc. Microsoft 365',0,1,'',1,'2023-04-20 22:52:21','2020-05-06 00:20:54',0),(5,'ANS-Inc._Sistemas de Información',0,1,'',1,'2023-04-21 17:48:21','2020-05-06 00:21:13',0),(6,'ANS-Inc. SAP',0,1,'Incidentes prioridad Alta SAP',1,'2023-04-24 14:18:40','2021-03-20 00:27:41',0),(7,'SLA_Arintia',0,0,'Acuerdos de nivel de Servicio Arintia',1,'2023-04-20 23:24:58','2022-09-12 23:40:18',0),(9,'ANS-Inc.Puestos de Trabajo',0,1,'',1,'2023-04-21 18:15:56','2023-04-21 17:44:00',0),(10,'ANS-Inc.Redes',0,1,'',1,'2023-04-21 19:35:05','2023-04-21 19:35:05',0),(11,'ANS-Inc.Perimetral',0,1,'',1,'2023-04-21 19:52:02','2023-04-21 19:52:02',0);

--
-- Table structure for table `glpi_socketmodels`
--

CREATE TABLE `glpi_socketmodels` (
  `id` int unsigned NOT NULL AUTO_INCREMENT,
  `name` varchar(255) CHARACTER SET utf8mb4 COLLATE utf8mb4_unicode_ci DEFAULT NULL,
  `comment` text CHARACTER SET utf8mb4 COLLATE utf8mb4_unicode_ci,
  `date_mod` timestamp NULL DEFAULT NULL,
  `date_creation` timestamp NULL DEFAULT NULL,
  PRIMARY KEY (`id`),
  KEY `name` (`name`),
  KEY `date_mod` (`date_mod`),
  KEY `date_creation` (`date_creation`)
) ENGINE=InnoDB DEFAULT CHARSET=utf8mb4 COLLATE=utf8mb4_unicode_ci ROW_FORMAT=DYNAMIC;

--
-- Dumping data for table `glpi_socketmodels`
--


--
-- Table structure for table `glpi_sockets`
--

CREATE TABLE `glpi_sockets` (
  `id` int unsigned NOT NULL AUTO_INCREMENT,
  `position` int NOT NULL DEFAULT '0',
  `locations_id` int unsigned NOT NULL DEFAULT '0',
  `name` varchar(255) CHARACTER SET utf8mb4 COLLATE utf8mb4_unicode_ci DEFAULT NULL,
  `socketmodels_id` int unsigned NOT NULL DEFAULT '0',
  `wiring_side` tinyint DEFAULT '1',
  `itemtype` varchar(255) CHARACTER SET utf8mb4 COLLATE utf8mb4_unicode_ci DEFAULT NULL,
  `items_id` int unsigned NOT NULL DEFAULT '0',
  `networkports_id` int unsigned NOT NULL DEFAULT '0',
  `comment` text CHARACTER SET utf8mb4 COLLATE utf8mb4_unicode_ci,
  `date_mod` timestamp NULL DEFAULT NULL,
  `date_creation` timestamp NULL DEFAULT NULL,
  PRIMARY KEY (`id`),
  KEY `name` (`name`),
  KEY `socketmodels_id` (`socketmodels_id`),
  KEY `location_name` (`locations_id`,`name`),
  KEY `item` (`itemtype`,`items_id`),
  KEY `networkports_id` (`networkports_id`),
  KEY `wiring_side` (`wiring_side`),
  KEY `date_mod` (`date_mod`),
  KEY `date_creation` (`date_creation`)
) ENGINE=InnoDB DEFAULT CHARSET=utf8mb4 COLLATE=utf8mb4_unicode_ci ROW_FORMAT=DYNAMIC;

--
-- Dumping data for table `glpi_sockets`
--


--
-- Table structure for table `glpi_softwarecategories`
--

CREATE TABLE `glpi_softwarecategories` (
  `id` int unsigned NOT NULL AUTO_INCREMENT,
  `name` varchar(255) CHARACTER SET utf8mb4 COLLATE utf8mb4_unicode_ci DEFAULT NULL,
  `comment` mediumtext CHARACTER SET utf8mb4 COLLATE utf8mb4_unicode_ci,
  `softwarecategories_id` int unsigned NOT NULL DEFAULT '0',
  `completename` mediumtext CHARACTER SET utf8mb4 COLLATE utf8mb4_unicode_ci,
  `level` int NOT NULL DEFAULT '0',
  `ancestors_cache` longtext CHARACTER SET utf8mb4 COLLATE utf8mb4_unicode_ci,
  `sons_cache` longtext CHARACTER SET utf8mb4 COLLATE utf8mb4_unicode_ci,
  PRIMARY KEY (`id`),
  KEY `softwarecategories_id` (`softwarecategories_id`),
  KEY `name` (`name`),
  KEY `level` (`level`)
) ENGINE=InnoDB AUTO_INCREMENT=2 DEFAULT CHARSET=utf8mb4 COLLATE=utf8mb4_unicode_ci;

--
-- Dumping data for table `glpi_softwarecategories`
--

INSERT INTO `glpi_softwarecategories` VALUES (1,'FUSION',NULL,0,'FUSION',1,NULL,'{\"1\":\"1\"}');

--
-- Table structure for table `glpi_softwarelicenses`
--

CREATE TABLE `glpi_softwarelicenses` (
  `id` int unsigned NOT NULL AUTO_INCREMENT,
  `softwares_id` int unsigned NOT NULL DEFAULT '0',
  `softwarelicenses_id` int unsigned NOT NULL DEFAULT '0',
  `completename` mediumtext CHARACTER SET utf8mb4 COLLATE utf8mb4_unicode_ci,
  `level` int NOT NULL DEFAULT '0',
  `entities_id` int unsigned NOT NULL DEFAULT '0',
  `is_recursive` tinyint(1) NOT NULL DEFAULT '0',
  `number` int NOT NULL DEFAULT '0',
  `softwarelicensetypes_id` int unsigned NOT NULL DEFAULT '0',
  `name` varchar(255) CHARACTER SET utf8mb4 COLLATE utf8mb4_unicode_ci DEFAULT NULL,
  `serial` varchar(255) CHARACTER SET utf8mb4 COLLATE utf8mb4_unicode_ci DEFAULT NULL,
  `otherserial` varchar(255) CHARACTER SET utf8mb4 COLLATE utf8mb4_unicode_ci DEFAULT NULL,
  `softwareversions_id_buy` int unsigned NOT NULL DEFAULT '0',
  `softwareversions_id_use` int unsigned NOT NULL DEFAULT '0',
  `expire` date DEFAULT NULL,
  `comment` mediumtext CHARACTER SET utf8mb4 COLLATE utf8mb4_unicode_ci,
  `date_mod` timestamp NULL DEFAULT NULL,
  `is_valid` tinyint(1) NOT NULL DEFAULT '1',
  `date_creation` timestamp NULL DEFAULT NULL,
  `is_deleted` tinyint(1) NOT NULL DEFAULT '0',
  `locations_id` int unsigned NOT NULL DEFAULT '0',
  `users_id_tech` int unsigned NOT NULL DEFAULT '0',
  `users_id` int unsigned NOT NULL DEFAULT '0',
  `groups_id_tech` int unsigned NOT NULL DEFAULT '0',
  `groups_id` int unsigned NOT NULL DEFAULT '0',
  `is_helpdesk_visible` tinyint(1) NOT NULL DEFAULT '0',
  `is_template` tinyint(1) NOT NULL DEFAULT '0',
  `template_name` varchar(255) CHARACTER SET utf8mb4 COLLATE utf8mb4_unicode_ci DEFAULT NULL,
  `states_id` int unsigned NOT NULL DEFAULT '0',
  `manufacturers_id` int unsigned NOT NULL DEFAULT '0',
  `contact` varchar(255) CHARACTER SET utf8mb4 COLLATE utf8mb4_unicode_ci DEFAULT NULL,
  `contact_num` varchar(255) CHARACTER SET utf8mb4 COLLATE utf8mb4_unicode_ci DEFAULT NULL,
  `allow_overquota` tinyint(1) NOT NULL DEFAULT '0',
  `pictures` text CHARACTER SET utf8mb4 COLLATE utf8mb4_unicode_ci,
  `ancestors_cache` longtext CHARACTER SET utf8mb4 COLLATE utf8mb4_unicode_ci,
  `sons_cache` longtext CHARACTER SET utf8mb4 COLLATE utf8mb4_unicode_ci,
  PRIMARY KEY (`id`),
  KEY `name` (`name`),
  KEY `is_template` (`is_template`),
  KEY `serial` (`serial`),
  KEY `otherserial` (`otherserial`),
  KEY `expire` (`expire`),
  KEY `softwareversions_id_buy` (`softwareversions_id_buy`),
  KEY `entities_id` (`entities_id`),
  KEY `softwarelicensetypes_id` (`softwarelicensetypes_id`),
  KEY `softwareversions_id_use` (`softwareversions_id_use`),
  KEY `date_mod` (`date_mod`),
  KEY `locations_id` (`locations_id`),
  KEY `users_id_tech` (`users_id_tech`),
  KEY `users_id` (`users_id`),
  KEY `groups_id_tech` (`groups_id_tech`),
  KEY `groups_id` (`groups_id`),
  KEY `is_helpdesk_visible` (`is_helpdesk_visible`),
  KEY `is_deleted` (`is_deleted`),
  KEY `date_creation` (`date_creation`),
  KEY `manufacturers_id` (`manufacturers_id`),
  KEY `states_id` (`states_id`),
  KEY `softwares_id_expire_number` (`softwares_id`,`expire`,`number`),
  KEY `allow_overquota` (`allow_overquota`),
  KEY `is_recursive` (`is_recursive`),
  KEY `softwarelicenses_id` (`softwarelicenses_id`),
  KEY `level` (`level`)
) ENGINE=InnoDB AUTO_INCREMENT=15 DEFAULT CHARSET=utf8mb4 COLLATE=utf8mb4_unicode_ci;

--
-- Dumping data for table `glpi_softwarelicenses`
--

INSERT INTO `glpi_softwarelicenses` VALUES (2,2,0,'Antivirus',1,0,1,1,1,'Antivirus','X7RIGD6','',0,0,'2021-11-30','Link: https://cloud.gravityzone.bitdefender.com/\r\nUsuario: administrador@ecologycolombia.com\r\nContraseña: Colombia2019*','2023-04-24 11:22:24',1,'2021-02-12 19:10:28',0,37,0,0,0,0,0,0,NULL,1,56,NULL,NULL,1,NULL,NULL,NULL),(3,1,0,'Bit Defender-ART',1,1,1,25,1,'Bit Defender-ART','X7RIGD6','',0,0,'2022-12-29','Link: https://cloud.gravityzone.bitdefender.com/\r\nUsuario: \r\nContraseña: ','2023-10-17 15:26:21',0,'2022-03-01 13:51:27',0,5,368,0,0,0,0,0,NULL,1,56,NULL,NULL,1,NULL,NULL,NULL),(4,3,0,'Licencias de Terminal server',1,15,0,5,0,'Licencias de Terminal server','','',0,0,NULL,'Licencias de terminal server para acceso a Servidor principal','2023-04-27 16:18:03',1,'2022-05-10 15:14:56',0,38,0,0,28,0,0,0,NULL,1,0,NULL,NULL,0,NULL,NULL,NULL),(5,4,0,'Bit Defender-2022',1,1,0,270,1,'Bit Defender-2022','123456','2022',1,0,'2023-07-29','','2022-09-07 20:28:42',1,'2022-09-01 22:19:53',0,36,368,0,28,28,0,0,NULL,1,0,NULL,NULL,1,NULL,NULL,NULL),(6,1,0,'Bit Defender',1,0,0,30,1,'Bit Defender','AL3296100C-EN','',0,0,'2022-12-29','Link: https://cloud.gravityzone.bitdefender.com/\r\nUsuario: administrador@ecologycolombia.com\r\nContraseña: @dm1nAnt12022*','2023-09-04 17:02:20',1,'2022-09-07 14:30:26',0,37,368,0,28,0,0,0,NULL,1,56,NULL,NULL,0,NULL,NULL,NULL),(7,11,0,'Google Workspace Business Starter',1,0,0,42,0,'Google Workspace Business Starter','3155-8773-0182','',0,0,'2024-08-12','Usuario: adminti@muraglia.com.co\r\nClave: @dm1nTI2022+*\r\nAcceso: https://admin.google.com/ac/home?hl=es','2023-05-05 00:39:33',1,'2022-09-26 17:12:52',0,56,0,0,28,64,0,0,NULL,1,115,NULL,NULL,0,NULL,NULL,NULL),(8,11,0,'Google Workspace Business Standard',1,0,1,10,0,'Google Workspace Business Standard','3155-8773-0182','',0,0,'2024-08-12','Usuario:adminti@muraglia.com.co\r\nClave: @dm1nTI2022+*\r\nAcceso: https://admin.google.com/ac/home?hl=es','2023-05-05 00:39:33',1,'2022-09-26 17:18:36',0,56,0,0,28,64,0,0,NULL,1,115,NULL,NULL,0,NULL,NULL,NULL),(9,11,0,'Google Workspace Enterprise Standard',1,0,0,24,0,'Google Workspace Enterprise Standard','','',0,0,'2024-09-16','Usuario: administrador@construccioneselco.com\r\nClave: @dm1nTI2022*+*\r\nAcceso: https://admin.google.com/ac/home?hl=es','2023-05-05 00:35:36',1,'2022-09-26 17:18:36',0,56,0,0,28,65,0,0,NULL,1,115,NULL,NULL,0,NULL,NULL,NULL),(10,5,0,'Acrobat Profesional',1,0,0,1,0,'Acrobat Profesional','ge','',0,0,NULL,'Licencia de adobe Profesional del area de Gestion humana\r\nCorreo: Gestionhumana@arintia.com\r\nClave Ad0GH2023*','2023-08-09 16:06:09',1,'2023-08-09 16:06:09',0,119,860,860,0,0,0,0,NULL,1,0,NULL,NULL,0,NULL,NULL,NULL),(11,16,0,'Adobe Suite Creative Cloud',1,2,0,1,0,'Adobe Suite Creative Cloud','AB03192600311CCO','',0,0,'2024-10-06','AB03192600311CCO\r\nhttps://account.adobe.com/orders\r\nusuario: admin@ecologycolombia.com\r\nClave: H4gl1s310$$\r\n','2023-10-19 15:29:21',1,'2023-10-19 15:26:17',0,0,860,1083,0,0,0,0,NULL,1,112,NULL,NULL,0,NULL,NULL,NULL),(12,8,0,'Office 365 Estandar',1,0,0,1,0,'Office 365 Estandar','','4',0,0,NULL,'Tenant de Amsa administrador\r\nhttps://login.microsoftonline.com/\r\nUsuario: admin@amsaquimicos.onmicrosoft.com\r\nClave: S1sC4r$dm2023%','2023-10-27 14:44:03',1,'2023-10-27 14:43:34',0,159,860,0,59,0,0,0,NULL,1,4,NULL,NULL,0,NULL,NULL,NULL),(13,8,0,'Office 365 Exchange',1,0,0,1,0,'Office 365 Exchange','','1',0,0,NULL,'Tenant de Amsa administrador\r\nhttps://login.microsoftonline.com/\r\nUsuario: admin@amsaquimicos.onmicrosoft.com\r\nClave: S1sC4r$dm2023%','2023-10-27 14:45:16',1,'2023-10-27 14:45:16',0,159,860,0,0,0,0,0,NULL,1,0,NULL,NULL,0,NULL,NULL,NULL),(14,8,0,'Office 365 Basic',1,0,0,1,0,'Office 365 Basic','','6',0,0,NULL,'Tenant de Amsa administrador\r\nhttps://login.microsoftonline.com/\r\nUsuario: admin@amsaquimicos.onmicrosoft.com\r\nClave: S1sC4r$dm2023%','2023-10-27 14:47:25',1,'2023-10-27 14:46:23',0,0,860,0,59,0,0,0,NULL,1,4,NULL,NULL,0,NULL,NULL,NULL);

--
-- Table structure for table `glpi_softwarelicensetypes`
--

CREATE TABLE `glpi_softwarelicensetypes` (
  `id` int unsigned NOT NULL AUTO_INCREMENT,
  `name` varchar(255) CHARACTER SET utf8mb4 COLLATE utf8mb4_unicode_ci DEFAULT NULL,
  `comment` mediumtext CHARACTER SET utf8mb4 COLLATE utf8mb4_unicode_ci,
  `date_mod` timestamp NULL DEFAULT NULL,
  `date_creation` timestamp NULL DEFAULT NULL,
  `softwarelicensetypes_id` int unsigned NOT NULL DEFAULT '0',
  `level` int NOT NULL DEFAULT '0',
  `ancestors_cache` longtext CHARACTER SET utf8mb4 COLLATE utf8mb4_unicode_ci,
  `sons_cache` longtext CHARACTER SET utf8mb4 COLLATE utf8mb4_unicode_ci,
  `entities_id` int unsigned NOT NULL DEFAULT '0',
  `is_recursive` tinyint(1) NOT NULL DEFAULT '0',
  `completename` mediumtext CHARACTER SET utf8mb4 COLLATE utf8mb4_unicode_ci,
  PRIMARY KEY (`id`),
  KEY `name` (`name`),
  KEY `date_mod` (`date_mod`),
  KEY `date_creation` (`date_creation`),
  KEY `softwarelicensetypes_id` (`softwarelicensetypes_id`),
  KEY `entities_id` (`entities_id`),
  KEY `is_recursive` (`is_recursive`),
  KEY `level` (`level`)
) ENGINE=InnoDB AUTO_INCREMENT=2 DEFAULT CHARSET=utf8mb4 COLLATE=utf8mb4_unicode_ci;

--
-- Dumping data for table `glpi_softwarelicensetypes`
--

INSERT INTO `glpi_softwarelicensetypes` VALUES (1,'OEM','',NULL,NULL,0,0,NULL,'{\"1\":1}',0,1,'OEM');

--
-- Table structure for table `glpi_softwares`
--

CREATE TABLE `glpi_softwares` (
  `id` int unsigned NOT NULL AUTO_INCREMENT,
  `entities_id` int unsigned NOT NULL DEFAULT '0',
  `is_recursive` tinyint(1) NOT NULL DEFAULT '0',
  `name` varchar(255) CHARACTER SET utf8mb4 COLLATE utf8mb4_unicode_ci DEFAULT NULL,
  `comment` mediumtext CHARACTER SET utf8mb4 COLLATE utf8mb4_unicode_ci,
  `locations_id` int unsigned NOT NULL DEFAULT '0',
  `users_id_tech` int unsigned NOT NULL DEFAULT '0',
  `groups_id_tech` int unsigned NOT NULL DEFAULT '0',
  `is_update` tinyint(1) NOT NULL DEFAULT '0',
  `softwares_id` int unsigned NOT NULL DEFAULT '0',
  `manufacturers_id` int unsigned NOT NULL DEFAULT '0',
  `is_deleted` tinyint(1) NOT NULL DEFAULT '0',
  `is_template` tinyint(1) NOT NULL DEFAULT '0',
  `template_name` varchar(255) CHARACTER SET utf8mb4 COLLATE utf8mb4_unicode_ci DEFAULT NULL,
  `date_mod` timestamp NULL DEFAULT NULL,
  `users_id` int unsigned NOT NULL DEFAULT '0',
  `groups_id` int unsigned NOT NULL DEFAULT '0',
  `ticket_tco` decimal(20,4) DEFAULT '0.0000',
  `is_helpdesk_visible` tinyint(1) NOT NULL DEFAULT '1',
  `softwarecategories_id` int unsigned NOT NULL DEFAULT '0',
  `is_valid` tinyint(1) NOT NULL DEFAULT '1',
  `date_creation` timestamp NULL DEFAULT NULL,
  `pictures` text CHARACTER SET utf8mb4 COLLATE utf8mb4_unicode_ci,
  PRIMARY KEY (`id`),
  KEY `date_mod` (`date_mod`),
  KEY `name` (`name`),
  KEY `is_template` (`is_template`),
  KEY `is_update` (`is_update`),
  KEY `softwarecategories_id` (`softwarecategories_id`),
  KEY `entities_id` (`entities_id`),
  KEY `manufacturers_id` (`manufacturers_id`),
  KEY `groups_id` (`groups_id`),
  KEY `users_id` (`users_id`),
  KEY `locations_id` (`locations_id`),
  KEY `users_id_tech` (`users_id_tech`),
  KEY `softwares_id` (`softwares_id`),
  KEY `is_deleted` (`is_deleted`),
  KEY `is_helpdesk_visible` (`is_helpdesk_visible`),
  KEY `groups_id_tech` (`groups_id_tech`),
  KEY `date_creation` (`date_creation`),
  KEY `is_recursive` (`is_recursive`)
) ENGINE=InnoDB AUTO_INCREMENT=17 DEFAULT CHARSET=utf8mb4 COLLATE=utf8mb4_unicode_ci;

--
-- Dumping data for table `glpi_softwares`
--

INSERT INTO `glpi_softwares` VALUES (1,0,1,'Antivirus','',36,368,28,0,0,56,0,0,NULL,'2023-01-06 21:47:18',0,28,0.0000,1,0,0,'2021-02-12 19:03:28',NULL),(2,0,0,'Bit Defender','',37,0,13,0,0,0,1,0,NULL,'2023-04-24 11:22:24',0,13,0.0000,1,0,1,'2021-02-12 19:03:28',NULL),(3,15,0,'Remote Desktop - TEC','',38,0,0,0,0,4,0,0,NULL,'2023-04-27 16:17:39',0,0,0.0000,0,0,1,'2022-05-10 15:14:49',NULL),(4,1,0,'Antivirus','',36,368,13,0,0,56,1,0,NULL,'2022-09-07 20:05:49',368,13,0.0000,1,0,1,'2022-08-24 13:25:14',NULL),(5,1,1,'Adobe','',0,0,28,0,0,112,0,0,NULL,'2023-04-24 12:02:11',0,44,0.0000,1,0,1,'2022-09-06 19:28:41',NULL),(6,2,0,'Adobe','',0,0,44,0,0,112,1,0,NULL,'2023-04-24 12:02:11',0,44,0.0000,1,0,1,'2022-09-06 19:42:52',NULL),(7,1,0,'Office 365','',0,368,28,0,0,4,1,0,NULL,'2022-09-07 20:05:49',0,0,0.0000,1,0,1,'2022-09-06 19:45:08',NULL),(8,2,0,'Office 365','',0,368,0,0,0,4,0,0,NULL,'2022-09-06 19:45:41',0,0,0.0000,1,0,1,'2022-09-06 19:45:41',NULL),(9,1,0,'ERP','',37,0,13,0,0,113,0,0,NULL,'2023-04-24 10:55:31',0,13,0.0000,1,0,1,'2022-09-06 19:52:43',NULL),(10,1,0,'DMS','',41,353,12,0,0,114,0,0,NULL,'2022-09-06 19:53:41',0,12,0.0000,1,0,1,'2022-09-06 19:53:41',NULL),(11,0,1,'Google Workspace ','',56,0,28,0,0,115,0,0,NULL,'2023-04-24 10:14:15',0,0,0.0000,1,0,1,'2022-09-26 17:09:57',NULL),(12,17,0,'Antivirus','',36,368,13,0,0,56,1,0,NULL,'2022-09-07 20:05:49',368,13,0.0000,1,0,1,'2022-08-24 13:25:14',NULL),(15,21,0,'Antivirus','',36,368,13,0,0,56,1,0,NULL,'2022-09-07 20:05:49',368,13,0.0000,1,0,1,'2022-08-24 13:25:14',NULL),(16,2,0,'Suite Adobe Creative Cloud','https://account.adobe.com/orders\r\nusuario: admin@ecologycolombia.com\r\nClave: H4gl1s310$$',14,860,34,0,0,112,0,0,NULL,'2023-10-19 15:29:30',0,0,0.0000,1,0,1,'2023-10-19 15:22:50',NULL);

--
-- Table structure for table `glpi_softwareversions`
--

CREATE TABLE `glpi_softwareversions` (
  `id` int unsigned NOT NULL AUTO_INCREMENT,
  `entities_id` int unsigned NOT NULL DEFAULT '0',
  `is_recursive` tinyint(1) NOT NULL DEFAULT '0',
  `softwares_id` int unsigned NOT NULL DEFAULT '0',
  `states_id` int unsigned NOT NULL DEFAULT '0',
  `name` varchar(255) CHARACTER SET utf8mb4 COLLATE utf8mb4_unicode_ci DEFAULT NULL,
  `arch` varchar(255) CHARACTER SET utf8mb4 COLLATE utf8mb4_unicode_ci DEFAULT NULL,
  `comment` mediumtext CHARACTER SET utf8mb4 COLLATE utf8mb4_unicode_ci,
  `operatingsystems_id` int unsigned NOT NULL DEFAULT '0',
  `date_mod` timestamp NULL DEFAULT NULL,
  `date_creation` timestamp NULL DEFAULT NULL,
  PRIMARY KEY (`id`),
  KEY `name` (`name`),
  KEY `softwares_id` (`softwares_id`),
  KEY `states_id` (`states_id`),
  KEY `entities_id` (`entities_id`),
  KEY `is_recursive` (`is_recursive`),
  KEY `operatingsystems_id` (`operatingsystems_id`),
  KEY `date_mod` (`date_mod`),
  KEY `date_creation` (`date_creation`),
  KEY `arch` (`arch`)
) ENGINE=InnoDB AUTO_INCREMENT=6 DEFAULT CHARSET=utf8mb4 COLLATE=utf8mb4_unicode_ci;

--
-- Dumping data for table `glpi_softwareversions`
--

INSERT INTO `glpi_softwareversions` VALUES (1,1,0,4,1,'Bitdefender Gravityzone Business',NULL,'',20,'2022-09-01 22:23:30','2022-09-01 22:23:30'),(2,1,0,12,1,'Bitdefender Gravityzone Business',NULL,'',20,'2022-09-01 22:23:30','2022-09-01 22:23:30'),(5,1,0,15,1,'Bitdefender Gravityzone Business',NULL,'',20,'2022-09-01 22:23:30','2022-09-01 22:23:30');

--
-- Table structure for table `glpi_solutiontemplates`
--

CREATE TABLE `glpi_solutiontemplates` (
  `id` int unsigned NOT NULL AUTO_INCREMENT,
  `entities_id` int unsigned NOT NULL DEFAULT '0',
  `is_recursive` tinyint(1) NOT NULL DEFAULT '0',
  `name` varchar(255) CHARACTER SET utf8mb4 COLLATE utf8mb4_unicode_ci DEFAULT NULL,
  `content` mediumtext CHARACTER SET utf8mb4 COLLATE utf8mb4_unicode_ci,
  `solutiontypes_id` int unsigned NOT NULL DEFAULT '0',
  `comment` mediumtext CHARACTER SET utf8mb4 COLLATE utf8mb4_unicode_ci,
  `date_mod` timestamp NULL DEFAULT NULL,
  `date_creation` timestamp NULL DEFAULT NULL,
  PRIMARY KEY (`id`),
  KEY `name` (`name`),
  KEY `is_recursive` (`is_recursive`),
  KEY `solutiontypes_id` (`solutiontypes_id`),
  KEY `entities_id` (`entities_id`),
  KEY `date_mod` (`date_mod`),
  KEY `date_creation` (`date_creation`)
) ENGINE=InnoDB AUTO_INCREMENT=3 DEFAULT CHARSET=utf8mb4 COLLATE=utf8mb4_unicode_ci;

--
-- Dumping data for table `glpi_solutiontemplates`
--

INSERT INTO `glpi_solutiontemplates` VALUES (1,0,1,'Solución Incidente','&lt;h2&gt;&lt;span style=\"color: #9ec24c;\"&gt;Su Incidente ha sido solucionado&lt;/span&gt;&lt;/h2&gt;&lt;h3&gt;&lt;span style=\"color: #fb9013;\"&gt;Estimado usuario, le informamos que su solicitud fue solucionada con éxito, a continuación se relaciona el detalle:&lt;/span&gt;&lt;/h3&gt;&lt;p&gt; &lt;/p&gt;&lt;p&gt; &lt;/p&gt;&lt;p&gt; &lt;/p&gt;&lt;p&gt; &lt;/p&gt;&lt;h3&gt;&lt;span style=\"color: #fb9013;\"&gt;Si la solución dada no satisface su necesidad, por favor devuelva este correo a gestion.ti@arintia.com y nuestro equipo se pondrá en contacto con usted nuevamente.&lt;/span&gt;&lt;/h3&gt;&lt;h4&gt;&lt;span style=\"color: #000080;\"&gt;Gracias por contactar nuestra mesa de ayuda.&lt;/span&gt;&lt;/h4&gt;&lt;p&gt;&lt;img src=\"http://arintia.com/wp-admin/images/LOGO ARINTIAG.png\" alt=\"\" width=\"900\" height=\"249\" /&gt;&lt;/p&gt;',0,'','2023-08-29 16:27:11','2023-08-11 20:20:31'),(2,0,1,'Solución Requerimiento','&lt;h2&gt;&lt;span style=\"color: #9ec24c;\"&gt;Su Requerimiento ha sido solucionado&lt;/span&gt;&lt;/h2&gt;&lt;h3&gt;&lt;span style=\"color: #fb9013;\"&gt;A continuación se relaciona el detalle de esta solución:&lt;/span&gt;&lt;/h3&gt;&lt;p&gt; &lt;/p&gt;&lt;p&gt; &lt;/p&gt;&lt;p&gt; &lt;/p&gt;&lt;h3&gt;&lt;span style=\"color: #fb9013;\"&gt;Si la solución dada no satisface su necesidad, por favor devuelva este correo a gestion.ti@arintia.com y nuestro equipo se pondrá en contacto con usted nuevamente.&lt;/span&gt;&lt;/h3&gt;&lt;h4&gt;&lt;span style=\"color: #000080;\"&gt;Gracias por contactar nuestra mesa de ayuda.&lt;/span&gt;&lt;/h4&gt;&lt;p&gt;&lt;img src=\"http://arintia.com/wp-admin/images/LOGO ARINTIAG.png\" alt=\"\" width=\"900\" height=\"249\" /&gt;&lt;/p&gt;',0,'','2023-08-29 16:36:48','2023-08-29 14:38:01');

--
-- Table structure for table `glpi_solutiontypes`
--

CREATE TABLE `glpi_solutiontypes` (
  `id` int unsigned NOT NULL AUTO_INCREMENT,
  `name` varchar(255) CHARACTER SET utf8mb4 COLLATE utf8mb4_unicode_ci DEFAULT NULL,
  `comment` mediumtext CHARACTER SET utf8mb4 COLLATE utf8mb4_unicode_ci,
  `entities_id` int unsigned NOT NULL DEFAULT '0',
  `is_recursive` tinyint(1) NOT NULL DEFAULT '1',
  `date_mod` timestamp NULL DEFAULT NULL,
  `date_creation` timestamp NULL DEFAULT NULL,
  PRIMARY KEY (`id`),
  KEY `name` (`name`),
  KEY `entities_id` (`entities_id`),
  KEY `is_recursive` (`is_recursive`),
  KEY `date_mod` (`date_mod`),
  KEY `date_creation` (`date_creation`)
) ENGINE=InnoDB DEFAULT CHARSET=utf8mb4 COLLATE=utf8mb4_unicode_ci;

--
-- Dumping data for table `glpi_solutiontypes`
--


--
-- Table structure for table `glpi_ssovariables`
--

CREATE TABLE `glpi_ssovariables` (
  `id` int unsigned NOT NULL AUTO_INCREMENT,
  `name` varchar(255) CHARACTER SET utf8mb4 COLLATE utf8mb4_unicode_ci DEFAULT NULL,
  `comment` text CHARACTER SET utf8mb4 COLLATE utf8mb4_unicode_ci,
  `date_mod` timestamp NULL DEFAULT NULL,
  `date_creation` timestamp NULL DEFAULT NULL,
  PRIMARY KEY (`id`),
  KEY `date_mod` (`date_mod`),
  KEY `date_creation` (`date_creation`),
  KEY `name` (`name`)
) ENGINE=InnoDB AUTO_INCREMENT=7 DEFAULT CHARSET=utf8mb4 COLLATE=utf8mb4_unicode_ci;

--
-- Dumping data for table `glpi_ssovariables`
--

INSERT INTO `glpi_ssovariables` VALUES (1,'HTTP_AUTH_USER','',NULL,NULL),(2,'REMOTE_USER','',NULL,NULL),(3,'PHP_AUTH_USER','',NULL,NULL),(4,'USERNAME','',NULL,NULL),(5,'REDIRECT_REMOTE_USER','',NULL,NULL),(6,'HTTP_REMOTE_USER','',NULL,NULL);

--
-- Table structure for table `glpi_states`
--

CREATE TABLE `glpi_states` (
  `id` int unsigned NOT NULL AUTO_INCREMENT,
  `name` varchar(255) CHARACTER SET utf8mb4 COLLATE utf8mb4_unicode_ci DEFAULT NULL,
  `entities_id` int unsigned NOT NULL DEFAULT '0',
  `is_recursive` tinyint(1) NOT NULL DEFAULT '0',
  `comment` mediumtext CHARACTER SET utf8mb4 COLLATE utf8mb4_unicode_ci,
  `states_id` int unsigned NOT NULL DEFAULT '0',
  `completename` mediumtext CHARACTER SET utf8mb4 COLLATE utf8mb4_unicode_ci,
  `level` int NOT NULL DEFAULT '0',
  `ancestors_cache` longtext CHARACTER SET utf8mb4 COLLATE utf8mb4_unicode_ci,
  `sons_cache` longtext CHARACTER SET utf8mb4 COLLATE utf8mb4_unicode_ci,
  `is_visible_computer` tinyint(1) NOT NULL DEFAULT '1',
  `is_visible_monitor` tinyint(1) NOT NULL DEFAULT '1',
  `is_visible_networkequipment` tinyint(1) NOT NULL DEFAULT '1',
  `is_visible_peripheral` tinyint(1) NOT NULL DEFAULT '1',
  `is_visible_phone` tinyint(1) NOT NULL DEFAULT '1',
  `is_visible_printer` tinyint(1) NOT NULL DEFAULT '1',
  `is_visible_softwareversion` tinyint(1) NOT NULL DEFAULT '1',
  `is_visible_softwarelicense` tinyint(1) NOT NULL DEFAULT '1',
  `is_visible_line` tinyint(1) NOT NULL DEFAULT '1',
  `is_visible_certificate` tinyint(1) NOT NULL DEFAULT '1',
  `is_visible_rack` tinyint(1) NOT NULL DEFAULT '1',
  `is_visible_passivedcequipment` tinyint(1) NOT NULL DEFAULT '1',
  `is_visible_enclosure` tinyint(1) NOT NULL DEFAULT '1',
  `is_visible_pdu` tinyint(1) NOT NULL DEFAULT '1',
  `is_visible_cluster` tinyint(1) NOT NULL DEFAULT '1',
  `is_visible_contract` tinyint(1) NOT NULL DEFAULT '1',
  `is_visible_appliance` tinyint(1) NOT NULL DEFAULT '1',
  `is_visible_databaseinstance` tinyint NOT NULL DEFAULT '1',
  `is_visible_cable` tinyint NOT NULL DEFAULT '1',
  `date_mod` timestamp NULL DEFAULT NULL,
  `date_creation` timestamp NULL DEFAULT NULL,
  PRIMARY KEY (`id`),
  UNIQUE KEY `unicity` (`states_id`,`name`),
  KEY `name` (`name`),
  KEY `is_visible_computer` (`is_visible_computer`),
  KEY `is_visible_monitor` (`is_visible_monitor`),
  KEY `is_visible_networkequipment` (`is_visible_networkequipment`),
  KEY `is_visible_peripheral` (`is_visible_peripheral`),
  KEY `is_visible_phone` (`is_visible_phone`),
  KEY `is_visible_printer` (`is_visible_printer`),
  KEY `is_visible_softwareversion` (`is_visible_softwareversion`),
  KEY `is_visible_softwarelicense` (`is_visible_softwarelicense`),
  KEY `is_visible_line` (`is_visible_line`),
  KEY `is_visible_certificate` (`is_visible_certificate`),
  KEY `is_visible_rack` (`is_visible_rack`),
  KEY `is_visible_enclosure` (`is_visible_enclosure`),
  KEY `is_visible_pdu` (`is_visible_pdu`),
  KEY `date_mod` (`date_mod`),
  KEY `date_creation` (`date_creation`),
  KEY `is_visible_cluster` (`is_visible_cluster`),
  KEY `is_visible_passivedcequipment` (`is_visible_passivedcequipment`),
  KEY `is_visible_contract` (`is_visible_contract`),
  KEY `is_visible_appliance` (`is_visible_appliance`),
  KEY `is_visible_cable` (`is_visible_cable`),
  KEY `is_visible_databaseinstance` (`is_visible_databaseinstance`),
  KEY `entities_id` (`entities_id`),
  KEY `is_recursive` (`is_recursive`),
  KEY `level` (`level`)
) ENGINE=InnoDB AUTO_INCREMENT=15 DEFAULT CHARSET=utf8mb4 COLLATE=utf8mb4_unicode_ci;

--
-- Dumping data for table `glpi_states`
--

INSERT INTO `glpi_states` VALUES (1,'Activo',0,1,'',0,'Activo',1,'[]','{\"1\":1}',1,1,1,1,1,1,1,1,1,1,1,1,1,1,1,1,1,1,1,'2020-03-11 17:02:22','2020-03-11 17:02:22'),(2,'Dado_de_Baja',0,1,'Equipos dados de baja por salida definitiva de un colaborador. ',0,'Dado_de_Baja',1,'[]','{\"2\":2}',1,1,1,1,1,1,1,1,1,1,1,1,1,1,1,1,1,1,1,'2021-05-07 16:06:50','2020-03-11 17:02:37'),(3,'Disponible',0,1,'',0,'Disponible',1,'[]','{\"3\":3}',1,1,1,1,1,1,1,1,1,1,1,1,1,1,1,1,1,1,1,'2020-03-11 17:02:55','2020-03-11 17:02:55'),(4,'Devolución_Prov.',0,1,'Devolución a Proveedor',0,'Devolución_Prov.',1,'[]','{\"4\":4}',1,1,1,1,1,1,1,1,1,1,1,1,1,1,1,1,1,1,1,'2021-11-17 14:33:31','2020-09-22 16:45:22'),(7,'Entrega_Usuario',0,1,'Entrega a usuario Final',0,'Entrega_Usuario',1,'[]','{\"7\":7}',1,1,1,1,1,1,1,1,1,1,1,1,1,1,1,1,1,1,1,'2021-11-17 14:34:02','2020-11-26 21:40:23'),(9,'Baja_por_Cambio',1,0,'Equipos que se dan de baja por fallas, pero se deben reemplazar.',0,'Baja_por_Cambio',1,'[]','{\"9\":\"9\"}',1,1,1,1,1,1,1,1,1,1,1,1,1,1,1,1,1,1,1,'2021-05-06 13:50:09','2021-05-06 13:50:09'),(10,'Dado_de_Baja_Cambio',0,1,'Equipos dados de baja por mal desempeño y se debe realizar el cambio de equipo.',0,'Dado_de_Baja_Cambio',1,'[]','{\"10\":10}',1,1,1,1,1,1,1,1,1,1,1,1,1,1,1,1,1,1,1,'2021-05-07 16:08:33','2021-05-07 16:08:28'),(11,'Activo_Backup',0,1,'Equipo de Backup dado por el proveedor. sin costo mes. ',0,'Activo_Backup',1,'[]','{\"11\":11}',1,1,1,1,1,1,1,1,1,1,1,1,1,1,1,1,1,1,1,'2022-05-10 22:18:57','2021-11-17 14:35:34'),(14,'Hurto',1,0,'',0,'Hurto',1,'[]','{\"14\":\"14\"}',1,1,1,1,1,1,1,1,1,1,1,1,1,1,1,1,1,1,1,'2022-07-25 23:23:28','2022-07-25 23:23:28');

--
-- Table structure for table `glpi_suppliers`
--

CREATE TABLE `glpi_suppliers` (
  `id` int unsigned NOT NULL AUTO_INCREMENT,
  `entities_id` int unsigned NOT NULL DEFAULT '0',
  `is_recursive` tinyint(1) NOT NULL DEFAULT '0',
  `name` varchar(255) CHARACTER SET utf8mb4 COLLATE utf8mb4_unicode_ci DEFAULT NULL,
  `suppliertypes_id` int unsigned NOT NULL DEFAULT '0',
  `registration_number` varchar(255) CHARACTER SET utf8mb4 COLLATE utf8mb4_unicode_ci DEFAULT NULL,
  `address` mediumtext CHARACTER SET utf8mb4 COLLATE utf8mb4_unicode_ci,
  `postcode` varchar(255) CHARACTER SET utf8mb4 COLLATE utf8mb4_unicode_ci DEFAULT NULL,
  `town` varchar(255) CHARACTER SET utf8mb4 COLLATE utf8mb4_unicode_ci DEFAULT NULL,
  `state` varchar(255) CHARACTER SET utf8mb4 COLLATE utf8mb4_unicode_ci DEFAULT NULL,
  `country` varchar(255) CHARACTER SET utf8mb4 COLLATE utf8mb4_unicode_ci DEFAULT NULL,
  `website` varchar(255) CHARACTER SET utf8mb4 COLLATE utf8mb4_unicode_ci DEFAULT NULL,
  `phonenumber` varchar(255) CHARACTER SET utf8mb4 COLLATE utf8mb4_unicode_ci DEFAULT NULL,
  `comment` mediumtext CHARACTER SET utf8mb4 COLLATE utf8mb4_unicode_ci,
  `is_deleted` tinyint(1) NOT NULL DEFAULT '0',
  `fax` varchar(255) CHARACTER SET utf8mb4 COLLATE utf8mb4_unicode_ci DEFAULT NULL,
  `email` varchar(255) CHARACTER SET utf8mb4 COLLATE utf8mb4_unicode_ci DEFAULT NULL,
  `date_mod` timestamp NULL DEFAULT NULL,
  `date_creation` timestamp NULL DEFAULT NULL,
  `is_active` tinyint(1) NOT NULL DEFAULT '0',
  `pictures` text CHARACTER SET utf8mb4 COLLATE utf8mb4_unicode_ci,
  PRIMARY KEY (`id`),
  KEY `name` (`name`),
  KEY `entities_id` (`entities_id`),
  KEY `suppliertypes_id` (`suppliertypes_id`),
  KEY `is_deleted` (`is_deleted`),
  KEY `date_mod` (`date_mod`),
  KEY `date_creation` (`date_creation`),
  KEY `is_active` (`is_active`),
  KEY `is_recursive` (`is_recursive`)
) ENGINE=InnoDB AUTO_INCREMENT=34 DEFAULT CHARSET=utf8mb4 COLLATE=utf8mb4_unicode_ci;

--
-- Dumping data for table `glpi_suppliers`
--

INSERT INTO `glpi_suppliers` VALUES (1,0,1,'Arintia Group',1,NULL,'','11001','Bogotá','Cundinamarca','Colombia','www.arintia.com','(571)-786 8521','',0,'','eariza1219@gmail.com','2021-08-06 14:17:44','2020-03-11 21:36:20',1,NULL),(2,0,1,'Renta PC',2,NULL,'','11001','Bogotá','Cundinamarca','Colombia','','(571)-6113790','',0,'','comercialrpc@rentapc.com.co','2020-03-17 19:12:48','2020-03-17 19:12:16',1,NULL),(3,0,1,'Distribuciones y Servicios Integrados (DSLI)',2,NULL,'','11001','Bogotá','Cundinamarca','Colombia','','3203891847','DSLI impresoras Nohora',0,'','diseloinsas@gmail.com','2020-09-01 17:14:04','2020-03-17 19:19:23',1,NULL),(4,0,1,'',0,NULL,'','','','','','','','',1,'','','2020-03-17 19:19:35','2020-03-17 19:19:27',1,NULL),(5,0,1,'Soluciones Integrales M&M S.A.S.',2,NULL,'','11001','Bogotá','Cundinamarca','Colombia','','3125907264','Nohora',0,'','solucionesintegralesm.m@hotmail.com','2020-07-03 14:17:31','2020-03-17 19:26:03',1,NULL),(6,0,1,'MemoriasMicros&partes S.A.S.',2,NULL,'','11001','Bogotá','Cundinamarca','Colombia','www.memoriasmicrosypartes.com','3103220634','',0,'','Adriana_ladino@memoriasmicrosypartes.com','2020-03-17 20:44:11','2020-03-17 19:28:29',1,NULL),(7,0,1,'Winstall security LTDA',2,NULL,'','11001','Bogotá','Cundinamarca','Colombia','','346 6066','',0,'','servicliente@winstallsecurityltda.com','2020-03-17 19:30:33','2020-03-17 19:30:33',1,NULL),(8,0,1,'Serviredes de Colombia S.A.S.',2,NULL,'','11001','Bogotá','Cundinamarca','Colombia','','(571)-7323435','',0,'','serviredesdecolombia@hotmail.com','2020-03-17 19:32:56','2020-03-17 19:32:56',1,NULL),(9,0,0,'Movistar',2,NULL,'','','','','','','','',0,'','','2020-03-17 19:35:42','2020-03-17 19:35:11',1,NULL),(10,0,1,'Claro Colombia S.A.',2,NULL,'','11001','Bogotá','Cundinamarca','Colombia','www.claro.com.co/empresas','(601)-748 8888 ','Correo pyme  contactopyme.co@claro.com.co\r\n\r\nAsesor Edwin Lopez Fuentes',0,'310 2529225','edwin.lopezc.ext@claro.com.co','2022-09-08 18:26:08','2020-03-17 19:35:20',1,NULL),(11,0,1,'Tigo S.A.',2,NULL,'','','Bogota','Cundinamarca','Colombia','www.tigoune.com.co','018000 513 287','',0,'','','2020-12-15 14:42:17','2020-03-17 19:35:28',1,NULL),(12,0,1,'Net2Phone',2,NULL,'','11001','Bogotá','Cundinamarca','Colombia','net2phone.co','(571) 794 4800','',0,'','comercial.co@idt.net','2020-03-17 20:06:57','2020-03-17 20:06:57',1,NULL),(13,0,1,'Conexcol Cloud Colombia S.A.S.',1,NULL,'','','Bogota','Cundinamarca','Colombia','www.conexcol.net.co','(571)381 92 62','https://tawk.to/chat/571534fb326174f724f5cd5d/default/?$_tawk_popout=true',0,'','soporte@conexcol.net.co','2020-03-18 18:19:21','2020-03-17 20:42:37',1,NULL),(14,0,0,'Distribuciones y Servicios Integrados',0,NULL,'','','Bogota','Cundinamarca','Colombia','','','',1,'','','2020-03-17 20:46:50','2020-03-17 20:46:27',1,NULL),(15,0,1,'Ecology Colombia SAS',1,NULL,'','','','','','','','',0,'','','2020-03-17 20:47:28','2020-03-17 20:47:28',1,NULL),(16,0,0,'Solitelco',0,NULL,'','','Bogotá','','Colombia','solintelco.com','3008519904','',0,'3164703462','solintelco1@gmail.com','2020-03-17 20:48:38','2020-03-17 20:48:38',1,NULL),(17,0,1,'World Office',2,NULL,'','','Bogota','Cundinamarca','Colombia','www.worldoffice.com.co','0571-7451010','',0,'','contactenos@worldoffice.com.co q','2020-03-17 20:50:51','2020-03-17 20:50:40',1,NULL),(18,0,1,'Hostgator',2,NULL,'','','','','Estados unidos','https://cliente.hostgator.co/','','',0,'','','2022-09-08 18:29:50','2020-11-17 14:50:55',1,NULL),(19,0,1,'Heinsohn Business Technology S A',2,NULL,'','110111','Bogota','Bogota','Colombia','https://www.heinsohn.com.co/','(1)9172172','',0,'','enino@heinsohn.com.co','2021-08-06 13:50:55','2021-08-05 20:58:05',1,NULL),(20,0,1,'H&CO - DMS One',2,NULL,'','','','','Costa Rica','www.hcoadvisors.com','','',1,'','','2023-05-24 10:14:02','2021-09-01 19:56:25',1,NULL),(21,0,0,'H&CO - DMS One',2,NULL,'','','','','Costa Rica','www.hcoadvisors.com','','',1,'','','2021-10-28 16:59:48','2021-10-01 17:07:35',1,NULL),(22,14,1,'DMS One',2,NULL,'','','','','costa rica','http://dmsmobile.arintia.com.co:90/DMSOneMobile/v2417/#','','',1,'','','2021-10-28 16:59:06','2021-09-01 19:56:25',1,NULL),(23,0,1,'Heinsohn Business Technology S A',2,NULL,'','110111','Bogota','Bogota','Colombia','https://www.heinsohn.com.co/','(1)9172172','',1,'','enino@heinsohn.com.co','2023-05-24 10:14:26','2021-08-05 20:58:05',0,NULL),(24,0,1,'H&CO - DMS One',2,NULL,'','','','','Costa Rica','www.hcoadvisors.com','','',0,'','','2022-09-08 18:23:59','2021-09-01 19:56:25',1,NULL),(25,0,1,'CYBERSAFE SAS',2,NULL,'','','','Bogota','Colombia','','3184012530','',0,'','yarli.baquero@cybersafe.com.co','2022-09-07 14:25:06','2022-09-07 14:22:24',1,NULL),(26,0,1,'Sitech soluciones en tecnología',2,NULL,'','','','Bogotá','Colombia','','3172544535','',0,'','info@sitechcolombia.com','2022-09-07 15:32:59','2022-09-07 15:32:59',1,NULL),(27,0,1,'Puntear SAS',2,NULL,'','','Bogotá','Bogotá','Colombia','','315 7824764','',0,'601 477 7070','empresas@puntear.com','2022-09-07 16:13:15','2022-09-07 16:13:15',1,NULL),(28,0,1,'HostDime S.A.S.',2,NULL,'','000000','Bogota','Cundinamarca','Colombia','HostDime.com.co','6017956699','',0,'','','2022-09-08 13:01:25','2022-09-08 13:00:26',1,NULL),(29,0,1,'Godaddy',2,NULL,'','','','','','https://www.godaddy.com/es','','',0,'','','2022-09-15 21:39:47','2022-09-15 21:39:47',0,NULL),(30,0,1,'Google',2,NULL,'','','','Estados unidos','','https://admin.google.com/','','',0,'','','2023-05-04 22:20:56','2022-09-26 17:34:18',1,NULL),(31,14,1,'H&CO - DMS One',2,NULL,'','','','','Costa Rica','www.hcoadvisors.com','','',1,'','','2023-05-24 10:14:02','2021-09-01 19:56:25',1,NULL),(32,0,0,'Adatec SAS',2,NULL,'000000','000000','Cali','Valle del Cauca','Colombia','https://adatec.co/','300 9124038','',0,'','','2023-09-27 22:35:31','2023-09-27 22:35:31',1,NULL),(33,0,0,'Movil Ventas SAS',2,NULL,'000000','000000','Medellín ','Antioquia ','Colombia','https://movilventas.com/','304 340 988','',0,'','','2023-09-27 22:42:59','2023-09-27 22:42:59',1,NULL);

--
-- Table structure for table `glpi_suppliers_tickets`
--

CREATE TABLE `glpi_suppliers_tickets` (
  `id` int unsigned NOT NULL AUTO_INCREMENT,
  `tickets_id` int unsigned NOT NULL DEFAULT '0',
  `suppliers_id` int unsigned NOT NULL DEFAULT '0',
  `type` int NOT NULL DEFAULT '1',
  `use_notification` tinyint(1) NOT NULL DEFAULT '1',
  `alternative_email` varchar(255) CHARACTER SET utf8mb4 COLLATE utf8mb4_unicode_ci DEFAULT NULL,
  PRIMARY KEY (`id`),
  UNIQUE KEY `unicity` (`tickets_id`,`type`,`suppliers_id`),
  KEY `group` (`suppliers_id`,`type`)
) ENGINE=InnoDB AUTO_INCREMENT=113 DEFAULT CHARSET=utf8mb4 COLLATE=utf8mb4_unicode_ci;

--
-- Dumping data for table `glpi_suppliers_tickets`
--

INSERT INTO `glpi_suppliers_tickets` VALUES (1,75,17,2,0,'contactenos@worldoffice.com.co'),(2,167,11,2,0,''),(3,218,10,2,0,'cliente.co@claro.com.co'),(4,361,7,2,1,'servicliente@winstallsecurityltda.com'),(5,391,12,2,0,'comercial.co@idt.net'),(7,428,11,2,0,''),(8,458,2,2,0,'comercialrpc@rentapc.com.co'),(9,496,11,2,0,''),(10,497,2,2,0,'comercialrpc@rentapc.com.co'),(12,1107,11,2,0,''),(13,1130,2,2,0,'comercialrpc@rentapc.com.co'),(15,2031,1,2,1,'ariza1219@gmail.com'),(19,2032,1,2,1,'ariza1219@gmail.com'),(20,2035,1,2,1,'eariza1219@gmail.com'),(21,2036,1,2,1,'eariza1219@gmail.com'),(24,2037,1,2,1,'eariza@mrsplash.com'),(25,2039,1,2,1,''),(27,2045,19,2,1,'enino@heinsohn.com.co'),(29,2048,1,2,1,'eariza@mrsplash.com'),(30,2050,19,2,1,'enino@heinsohn.com.co'),(31,2054,19,2,1,'enino@heinsohn.com.co'),(32,2055,19,2,1,'enino@heinsohn.com.co'),(33,2058,19,2,1,'enino@heinsohn.com.co'),(34,2062,19,2,1,'enino@heinsohn.com.co'),(35,2065,19,2,1,'enino@heinsohn.com.co'),(36,2064,19,2,1,'enino@heinsohn.com.co'),(37,2104,19,2,1,'enino@heinsohn.com.co'),(38,2112,19,2,1,'enino@heinsohn.com.co'),(39,2117,19,2,1,'enino@heinsohn.com.co'),(40,2110,19,2,1,'enino@heinsohn.com.co'),(41,2136,19,2,1,'enino@heinsohn.com.co'),(42,2137,19,2,1,'lgualtero@heinsohn.com.co'),(43,2147,19,2,1,'enino@heinsohn.com.co'),(44,2157,19,2,1,'lgualtero@heinsohn.com.co'),(47,2162,20,2,1,''),(48,2176,20,2,1,''),(49,2194,19,2,1,'enino@heinsohn.com.co'),(50,2196,19,2,1,'enino@heinsohn.com.co'),(51,2210,19,2,1,'enino@heinsohn.com.co'),(52,2218,19,2,1,'enino@heinsohn.com.co'),(53,2228,19,2,1,'enino@heinsohn.com.co'),(56,2235,20,2,1,''),(57,2233,20,2,1,''),(58,2203,20,2,1,''),(59,2236,20,2,1,''),(60,2231,20,2,1,''),(62,2279,20,2,1,''),(63,2257,20,2,1,''),(66,2307,19,2,1,'enino@heinsohn.com.co'),(68,2289,20,2,1,''),(69,2309,19,2,1,'enino@heinsohn.com.co'),(70,2315,19,2,1,'enino@heinsohn.com.co'),(71,2329,20,2,1,''),(72,2339,20,2,1,''),(73,2340,20,2,1,''),(74,2341,20,2,1,''),(75,2342,20,2,1,''),(76,2343,20,2,1,''),(77,2344,20,2,1,''),(78,2345,20,2,1,''),(79,2346,20,2,1,''),(80,2347,20,2,1,''),(81,2348,20,2,1,''),(82,2349,20,2,1,''),(83,2350,20,2,1,''),(84,2351,20,2,1,''),(85,2352,20,2,1,''),(86,2353,20,2,1,''),(87,2354,20,2,1,''),(88,2355,20,2,1,''),(89,2356,20,2,1,''),(90,2357,20,2,1,''),(91,2358,20,2,1,''),(92,2359,20,2,1,''),(93,2360,20,2,1,''),(94,2361,22,2,1,''),(95,2410,19,2,1,'sebarbosa@heinsohn.com.co'),(96,2459,20,2,1,''),(97,2464,20,2,1,''),(98,2473,19,2,1,'enino@heinsohn.com.co'),(99,2375,19,2,1,'enino@heinsohn.com.co'),(100,2428,19,2,0,'enino@heinsohn.com.co'),(101,2452,19,2,0,'enino@heinsohn.com.co'),(102,2477,19,2,1,'enino@heinsohn.com.co'),(103,2498,20,2,1,''),(104,2444,20,2,0,''),(105,2591,19,2,1,'enino@heinsohn.com.co'),(106,2540,19,2,1,'enino@heinsohn.com.co'),(107,3911,19,2,1,''),(108,3985,24,2,1,''),(109,4650,24,2,1,''),(110,5553,10,2,1,'edwin.lopezc.ext@claro.com.co'),(111,6496,10,2,1,''),(112,6691,10,2,1,'');

--
-- Table structure for table `glpi_suppliertypes`
--

CREATE TABLE `glpi_suppliertypes` (
  `id` int unsigned NOT NULL AUTO_INCREMENT,
  `name` varchar(255) CHARACTER SET utf8mb4 COLLATE utf8mb4_unicode_ci DEFAULT NULL,
  `comment` mediumtext CHARACTER SET utf8mb4 COLLATE utf8mb4_unicode_ci,
  `date_mod` timestamp NULL DEFAULT NULL,
  `date_creation` timestamp NULL DEFAULT NULL,
  PRIMARY KEY (`id`),
  KEY `name` (`name`),
  KEY `date_mod` (`date_mod`),
  KEY `date_creation` (`date_creation`)
) ENGINE=InnoDB AUTO_INCREMENT=4 DEFAULT CHARSET=utf8mb4 COLLATE=utf8mb4_unicode_ci;

--
-- Dumping data for table `glpi_suppliertypes`
--

INSERT INTO `glpi_suppliertypes` VALUES (1,'Propietario','','2020-03-11 21:34:56','2020-03-11 21:34:56'),(2,'Proveedor','','2020-03-11 21:38:00','2020-03-11 21:38:00'),(3,'Empleado','','2020-03-11 21:38:08','2020-03-11 21:38:08');

--
-- Table structure for table `glpi_taskcategories`
--

CREATE TABLE `glpi_taskcategories` (
  `id` int unsigned NOT NULL AUTO_INCREMENT,
  `entities_id` int unsigned NOT NULL DEFAULT '0',
  `is_recursive` tinyint(1) NOT NULL DEFAULT '0',
  `taskcategories_id` int unsigned NOT NULL DEFAULT '0',
  `name` varchar(255) CHARACTER SET utf8mb4 COLLATE utf8mb4_unicode_ci DEFAULT NULL,
  `completename` mediumtext CHARACTER SET utf8mb4 COLLATE utf8mb4_unicode_ci,
  `comment` mediumtext CHARACTER SET utf8mb4 COLLATE utf8mb4_unicode_ci,
  `level` int NOT NULL DEFAULT '0',
  `ancestors_cache` longtext CHARACTER SET utf8mb4 COLLATE utf8mb4_unicode_ci,
  `sons_cache` longtext CHARACTER SET utf8mb4 COLLATE utf8mb4_unicode_ci,
  `is_active` tinyint(1) NOT NULL DEFAULT '1',
  `is_helpdeskvisible` tinyint(1) NOT NULL DEFAULT '1',
  `date_mod` timestamp NULL DEFAULT NULL,
  `date_creation` timestamp NULL DEFAULT NULL,
  `knowbaseitemcategories_id` int unsigned NOT NULL DEFAULT '0',
  PRIMARY KEY (`id`),
  KEY `name` (`name`),
  KEY `taskcategories_id` (`taskcategories_id`),
  KEY `entities_id` (`entities_id`),
  KEY `is_recursive` (`is_recursive`),
  KEY `is_active` (`is_active`),
  KEY `is_helpdeskvisible` (`is_helpdeskvisible`),
  KEY `date_mod` (`date_mod`),
  KEY `date_creation` (`date_creation`),
  KEY `knowbaseitemcategories_id` (`knowbaseitemcategories_id`),
  KEY `level` (`level`)
) ENGINE=InnoDB AUTO_INCREMENT=3 DEFAULT CHARSET=utf8mb4 COLLATE=utf8mb4_unicode_ci;

--
-- Dumping data for table `glpi_taskcategories`
--

INSERT INTO `glpi_taskcategories` VALUES (1,0,1,0,'Telefonía VoIP','Telefonía VoIP','',1,'[]','{\"1\":1,\"2\":2}',1,1,'2021-03-23 02:16:30','2021-03-23 02:16:30',0),(2,0,1,1,'Configuración UF','Telefonía VoIP > Configuración UF','',2,'{\"1\":1}','{\"2\":2}',1,1,'2023-05-16 15:23:19','2021-03-23 02:16:52',0);

--
-- Table structure for table `glpi_tasktemplates`
--

CREATE TABLE `glpi_tasktemplates` (
  `id` int unsigned NOT NULL AUTO_INCREMENT,
  `entities_id` int unsigned NOT NULL DEFAULT '0',
  `is_recursive` tinyint(1) NOT NULL DEFAULT '0',
  `name` varchar(255) CHARACTER SET utf8mb4 COLLATE utf8mb4_unicode_ci DEFAULT NULL,
  `content` mediumtext CHARACTER SET utf8mb4 COLLATE utf8mb4_unicode_ci,
  `taskcategories_id` int unsigned NOT NULL DEFAULT '0',
  `actiontime` int NOT NULL DEFAULT '0',
  `comment` mediumtext CHARACTER SET utf8mb4 COLLATE utf8mb4_unicode_ci,
  `date_mod` timestamp NULL DEFAULT NULL,
  `date_creation` timestamp NULL DEFAULT NULL,
  `state` int NOT NULL DEFAULT '0',
  `is_private` tinyint(1) NOT NULL DEFAULT '0',
  `users_id_tech` int unsigned NOT NULL DEFAULT '0',
  `groups_id_tech` int unsigned NOT NULL DEFAULT '0',
  PRIMARY KEY (`id`),
  KEY `name` (`name`),
  KEY `is_recursive` (`is_recursive`),
  KEY `taskcategories_id` (`taskcategories_id`),
  KEY `entities_id` (`entities_id`),
  KEY `date_mod` (`date_mod`),
  KEY `date_creation` (`date_creation`),
  KEY `is_private` (`is_private`),
  KEY `users_id_tech` (`users_id_tech`),
  KEY `groups_id_tech` (`groups_id_tech`)
) ENGINE=InnoDB DEFAULT CHARSET=utf8mb4 COLLATE=utf8mb4_unicode_ci;

--
-- Dumping data for table `glpi_tasktemplates`
--


--
-- Table structure for table `glpi_ticketcosts`
--

CREATE TABLE `glpi_ticketcosts` (
  `id` int unsigned NOT NULL AUTO_INCREMENT,
  `tickets_id` int unsigned NOT NULL DEFAULT '0',
  `name` varchar(255) CHARACTER SET utf8mb4 COLLATE utf8mb4_unicode_ci DEFAULT NULL,
  `comment` mediumtext CHARACTER SET utf8mb4 COLLATE utf8mb4_unicode_ci,
  `begin_date` date DEFAULT NULL,
  `end_date` date DEFAULT NULL,
  `actiontime` int NOT NULL DEFAULT '0',
  `cost_time` decimal(20,4) NOT NULL DEFAULT '0.0000',
  `cost_fixed` decimal(20,4) NOT NULL DEFAULT '0.0000',
  `cost_material` decimal(20,4) NOT NULL DEFAULT '0.0000',
  `budgets_id` int unsigned NOT NULL DEFAULT '0',
  `entities_id` int unsigned NOT NULL DEFAULT '0',
  PRIMARY KEY (`id`),
  KEY `name` (`name`),
  KEY `tickets_id` (`tickets_id`),
  KEY `begin_date` (`begin_date`),
  KEY `end_date` (`end_date`),
  KEY `entities_id` (`entities_id`),
  KEY `budgets_id` (`budgets_id`)
) ENGINE=InnoDB DEFAULT CHARSET=utf8mb4 COLLATE=utf8mb4_unicode_ci;

--
-- Dumping data for table `glpi_ticketcosts`
--


--
-- Table structure for table `glpi_ticketrecurrents`
--

CREATE TABLE `glpi_ticketrecurrents` (
  `id` int unsigned NOT NULL AUTO_INCREMENT,
  `name` varchar(255) CHARACTER SET utf8mb4 COLLATE utf8mb4_unicode_ci DEFAULT NULL,
  `comment` mediumtext CHARACTER SET utf8mb4 COLLATE utf8mb4_unicode_ci,
  `entities_id` int unsigned NOT NULL DEFAULT '0',
  `is_recursive` tinyint(1) NOT NULL DEFAULT '0',
  `is_active` tinyint(1) NOT NULL DEFAULT '0',
  `tickettemplates_id` int unsigned NOT NULL DEFAULT '0',
  `begin_date` timestamp NULL DEFAULT NULL,
  `periodicity` varchar(255) CHARACTER SET utf8mb4 COLLATE utf8mb4_unicode_ci DEFAULT NULL,
  `create_before` int NOT NULL DEFAULT '0',
  `next_creation_date` timestamp NULL DEFAULT NULL,
  `calendars_id` int unsigned NOT NULL DEFAULT '0',
  `end_date` timestamp NULL DEFAULT NULL,
  PRIMARY KEY (`id`),
  KEY `entities_id` (`entities_id`),
  KEY `is_recursive` (`is_recursive`),
  KEY `is_active` (`is_active`),
  KEY `tickettemplates_id` (`tickettemplates_id`),
  KEY `next_creation_date` (`next_creation_date`),
  KEY `calendars_id` (`calendars_id`),
  KEY `name` (`name`)
) ENGINE=InnoDB DEFAULT CHARSET=utf8mb4 COLLATE=utf8mb4_unicode_ci;

--
-- Dumping data for table `glpi_ticketrecurrents`
--


--
-- Table structure for table `glpi_tickets`
--

CREATE TABLE `glpi_tickets` (
  `id` int unsigned NOT NULL AUTO_INCREMENT,
  `entities_id` int unsigned NOT NULL DEFAULT '0',
  `name` varchar(255) CHARACTER SET utf8mb4 COLLATE utf8mb4_unicode_ci DEFAULT NULL,
  `date` timestamp NULL DEFAULT NULL,
  `closedate` timestamp NULL DEFAULT NULL,
  `solvedate` timestamp NULL DEFAULT NULL,
  `takeintoaccountdate` timestamp NULL DEFAULT NULL,
  `date_mod` timestamp NULL DEFAULT NULL,
  `users_id_lastupdater` int unsigned NOT NULL DEFAULT '0',
  `status` int NOT NULL DEFAULT '1',
  `users_id_recipient` int unsigned NOT NULL DEFAULT '0',
  `requesttypes_id` int unsigned NOT NULL DEFAULT '0',
  `content` longtext CHARACTER SET utf8mb4 COLLATE utf8mb4_unicode_ci,
  `urgency` int NOT NULL DEFAULT '1',
  `impact` int NOT NULL DEFAULT '1',
  `priority` int NOT NULL DEFAULT '1',
  `itilcategories_id` int unsigned NOT NULL DEFAULT '0',
  `type` int NOT NULL DEFAULT '1',
  `global_validation` int NOT NULL DEFAULT '1',
  `slas_id_ttr` int unsigned NOT NULL DEFAULT '0',
  `slas_id_tto` int unsigned NOT NULL DEFAULT '0',
  `slalevels_id_ttr` int unsigned NOT NULL DEFAULT '0',
  `time_to_resolve` timestamp NULL DEFAULT NULL,
  `time_to_own` timestamp NULL DEFAULT NULL,
  `begin_waiting_date` timestamp NULL DEFAULT NULL,
  `sla_waiting_duration` int NOT NULL DEFAULT '0',
  `ola_waiting_duration` int NOT NULL DEFAULT '0',
  `olas_id_tto` int unsigned NOT NULL DEFAULT '0',
  `olas_id_ttr` int unsigned NOT NULL DEFAULT '0',
  `olalevels_id_ttr` int unsigned NOT NULL DEFAULT '0',
  `ola_ttr_begin_date` timestamp NULL DEFAULT NULL,
  `internal_time_to_resolve` timestamp NULL DEFAULT NULL,
  `internal_time_to_own` timestamp NULL DEFAULT NULL,
  `waiting_duration` int NOT NULL DEFAULT '0',
  `close_delay_stat` int NOT NULL DEFAULT '0',
  `solve_delay_stat` int NOT NULL DEFAULT '0',
  `takeintoaccount_delay_stat` int NOT NULL DEFAULT '0',
  `actiontime` int NOT NULL DEFAULT '0',
  `is_deleted` tinyint(1) NOT NULL DEFAULT '0',
  `locations_id` int unsigned NOT NULL DEFAULT '0',
  `validation_percent` int NOT NULL DEFAULT '0',
  `date_creation` timestamp NULL DEFAULT NULL,
  `ola_tto_begin_date` timestamp NULL DEFAULT NULL,
  PRIMARY KEY (`id`),
  KEY `date` (`date`),
  KEY `closedate` (`closedate`),
  KEY `status` (`status`),
  KEY `priority` (`priority`),
  KEY `request_type` (`requesttypes_id`),
  KEY `date_mod` (`date_mod`),
  KEY `entities_id` (`entities_id`),
  KEY `users_id_recipient` (`users_id_recipient`),
  KEY `solvedate` (`solvedate`),
  KEY `urgency` (`urgency`),
  KEY `impact` (`impact`),
  KEY `global_validation` (`global_validation`),
  KEY `slas_id_tto` (`slas_id_tto`),
  KEY `slas_id_ttr` (`slas_id_ttr`),
  KEY `time_to_resolve` (`time_to_resolve`),
  KEY `time_to_own` (`time_to_own`),
  KEY `olas_id_tto` (`olas_id_tto`),
  KEY `olas_id_ttr` (`olas_id_ttr`),
  KEY `slalevels_id_ttr` (`slalevels_id_ttr`),
  KEY `internal_time_to_resolve` (`internal_time_to_resolve`),
  KEY `internal_time_to_own` (`internal_time_to_own`),
  KEY `users_id_lastupdater` (`users_id_lastupdater`),
  KEY `type` (`type`),
  KEY `itilcategories_id` (`itilcategories_id`),
  KEY `is_deleted` (`is_deleted`),
  KEY `name` (`name`),
  KEY `locations_id` (`locations_id`),
  KEY `date_creation` (`date_creation`),
  KEY `ola_waiting_duration` (`ola_waiting_duration`),
  KEY `olalevels_id_ttr` (`olalevels_id_ttr`),
  KEY `takeintoaccountdate` (`takeintoaccountdate`)
) ENGINE=InnoDB AUTO_INCREMENT=8065 DEFAULT CHARSET=utf8mb4 COLLATE=utf8mb4_unicode_ci;

--
-- Dumping data for table `glpi_tickets`
--

INSERT INTO `glpi_tickets` VALUES (1439,1,'Configuración impresora','2021-04-12 14:29:47',NULL,NULL,NULL,'2023-04-24 11:11:30',113,1,0,2,'&lt;div style=\"font-family: Calibri, Arial, Helvetica, sans-serif; font-size: 12pt; color: #000000; background-color: #ffffff;\"&gt;Buenos días,&lt;/div&gt;&lt;div style=\"font-family: Calibri, Arial, Helvetica, sans-serif; font-size: 12pt; color: #000000; background-color: #ffffff;\"&gt; &lt;/div&gt;&lt;div style=\"font-family: Calibri, Arial, Helvetica, sans-serif; font-size: 12pt; color: #000000; background-color: #ffffff;\"&gt;la impresora del segundo piso de distrivalles no está funcionando. Solicito por favor que se configure este computador con la impresora del primer piso.&lt;/div&gt;&lt;div style=\"font-family: Calibri, Arial, Helvetica, sans-serif; font-size: 12pt; color: #000000; background-color: #ffffff;\"&gt; &lt;/div&gt;&lt;div style=\"font-family: Calibri, Arial, Helvetica, sans-serif; font-size: 12pt; color: #000000; background-color: #ffffff;\"&gt;Quedo atenta&lt;/div&gt;&lt;div style=\"font-family: Calibri, Arial, Helvetica, sans-serif; font-size: 12pt; color: #000000; background-color: #ffffff;\"&gt; &lt;/div&gt;&lt;div style=\"font-family: Calibri, Arial, Helvetica, sans-serif; font-size: 12pt; color: #000000; background-color: #ffffff;\"&gt;Muchas gracias.&lt;/div&gt;&lt;div style=\"font-family: Calibri, Arial, Helvetica, sans-serif; font-size: 12pt; color: #000000; background-color: #ffffff;\"&gt; &lt;/div&gt;&lt;div style=\"font-family: Calibri, Arial, Helvetica, sans-serif; font-size: 12pt; color: #000000; background-color: #ffffff;\"&gt;att,&lt;/div&gt;&lt;div&gt;&lt;div style=\"font-family: Calibri, Arial, Helvetica, sans-serif; font-size: 12pt; color: #000000;\"&gt; &lt;/div&gt;&lt;div&gt;&lt;div&gt;&lt;div&gt;&lt;p&gt;&lt;a href=\"http://helpdesk.arintia.com.co/glpi/front/document.send.php?docid=1273&amp;tickets_id=1439\" target=\"_blank\" rel=\"noopener\"&gt;&lt;img src=\"http://helpdesk.arintia.com.co/glpi/front/document.send.php?docid=1273&amp;tickets_id=1439\" alt=\"5b56d996-d9d62df8-60745975be8223.75241316\" width=\"1334\" /&gt;&lt;/a&gt;&lt;/p&gt;&lt;/div&gt;&lt;/div&gt;&lt;/div&gt;&lt;/div&gt;',3,3,2,107,1,1,0,11,0,'2023-04-22 01:17:38','2021-04-12 18:29:47',NULL,0,0,0,0,0,NULL,NULL,NULL,63793071,0,0,14,0,1,0,0,'2021-04-12 14:30:01',NULL),(1501,1,'Importante: foto FAW para material Diesel','2021-04-21 22:49:23',NULL,NULL,NULL,'2023-04-24 11:34:15',113,1,0,2,'&lt;div class=\"WordSection1\"&gt;&lt;p class=\"MsoNormal\"&gt;&lt;span style=\"color: gray;\"&gt;Hola Cathe, ¿cómo estás?&lt;/span&gt;&lt;/p&gt;&lt;p class=\"MsoNormal\"&gt;&lt;span style=\"color: gray;\"&gt;Te pido tu ayudita por fa para descargar en alta esta foto para un tema urgente de un material de FAW. &lt;/span&gt;&lt;/p&gt;&lt;p class=\"MsoNormal\"&gt;&lt;span style=\"color: gray;\"&gt; &lt;/span&gt;&lt;/p&gt;&lt;p class=\"MsoNormal\"&gt;&lt;span style=\"color: gray;\"&gt;&lt;a href=\"https://www.shutterstock.com/es/image-photo/highway-skyline-city-buildings-1926047687\"&gt;https://www.shutterstock.com/es/image-photo/highway-skyline-city-buildings-1926047687&lt;/a&gt;&lt;/span&gt;&lt;/p&gt;&lt;p class=\"MsoNormal\"&gt;&lt;span style=\"color: gray;\"&gt; &lt;/span&gt;&lt;/p&gt;&lt;p class=\"MsoNormal\"&gt;&lt;span style=\"color: gray;\"&gt;Gracias!&lt;/span&gt;&lt;/p&gt;&lt;p class=\"MsoNormal\"&gt;&lt;span style=\"color: gray;\"&gt; &lt;/span&gt;&lt;/p&gt;&lt;p class=\"MsoNormal\"&gt;&lt;span style=\"color: gray; mso-fareast-language: ES-CO;\"&gt;&lt;a href=\"http://helpdesk.arintia.com.co/glpi/front/document.send.php?docid=1129&amp;tickets_id=1501\" target=\"_blank\" rel=\"noopener\"&gt;&lt;img src=\"http://helpdesk.arintia.com.co/glpi/front/document.send.php?docid=1129&amp;tickets_id=1501\" alt=\"5b56d996-d9d62df8-604fb944b8f4f3.47518685\" width=\"2668\" /&gt;&lt;/a&gt;&lt;/span&gt;&lt;/p&gt;&lt;p class=\"MsoNormal\"&gt; &lt;/p&gt;&lt;/div&gt;',3,3,2,18,1,1,0,11,0,'2023-04-21 15:22:58','2021-04-22 17:00:00',NULL,0,0,0,0,0,NULL,NULL,NULL,62902378,0,0,38,0,1,0,0,'2021-04-21 22:50:01',NULL),(3884,1,'ADICION ESPACIOS EN MODULO CREACION DE CLIENTES','2022-07-15 21:02:39','2023-05-24 02:43:35','2023-05-24 02:43:35',NULL,'2023-05-24 02:43:35',565,6,862,2,'&lt;div class=\"WordSection1\"&gt;&lt;p class=\"MsoNormal\"&gt;Buenas tardes&lt;/p&gt;&lt;p class=\"MsoNormal\"&gt; &lt;/p&gt;&lt;p class=\"MsoNormal\"&gt;Solicito adicionar al modulo de creación de terceros espacio para fecha de creación del cliente y espacio para trazabilidad de cupos.&lt;/p&gt;&lt;p class=\"MsoNormal\"&gt; &lt;/p&gt;&lt;p class=\"MsoNormal\"&gt;Cordialmente&lt;span style=\"mso-fareast-language: ES-CO;\"&gt;, &lt;/span&gt;&lt;/p&gt;&lt;p class=\"MsoNormal\"&gt;&lt;span style=\"mso-fareast-language: ES-CO;\"&gt; &lt;/span&gt;&lt;/p&gt;&lt;p class=\"MsoNormal\"&gt;&lt;span style=\"mso-fareast-language: ES-CO;\"&gt;&lt;a href=\"http://192.168.11.15/glpi/front/document.send.php?docid=2377&amp;tickets_id=3884\" target=\"_blank\" rel=\"noopener\"&gt;&lt;img src=\"http://192.168.11.15/glpi/front/document.send.php?docid=2377&amp;tickets_id=3884\" alt=\"5b56d996-d9d62df8-61bcbd471fd7a6.84877556\" width=\"1072\" /&gt;&lt;/a&gt;&lt;/span&gt;&lt;/p&gt;&lt;p class=\"MsoNormal\"&gt; &lt;/p&gt;&lt;/div&gt;',3,3,3,150,2,4,17,24,0,'2023-03-29 20:50:53','2022-07-15 21:42:39',NULL,0,0,0,0,0,NULL,NULL,NULL,6126494,1368547,1368547,740,0,0,78,0,'2022-07-15 21:06:01',NULL),(4289,1,'Proceso de manejo de SAP','2022-09-08 16:25:01','2023-06-22 20:19:48','2023-06-22 20:19:48',NULL,'2023-06-22 20:19:48',353,6,605,2,'&lt;div class=\"WordSection1\"&gt;&lt;p class=\"MsoNormal\"&gt; &lt;/p&gt;&lt;p class=\"MsoNormal\"&gt;Buenos días, compañeros de mesa de ayuda TI&lt;/p&gt;&lt;p class=\"MsoNormal\"&gt; &lt;/p&gt;&lt;p class=\"MsoNormal\"&gt;Les comento que desde ambiental necesitamos una ayuda para poder registrar unos datos ambientales&lt;/p&gt;&lt;p class=\"MsoNormal\"&gt;Lo que necesito es con SAP o con  alguna herramienta tener un reporte de la producción de la línea de lubricantes  a nivel diario, mensual  y con proyecciones de ventas&lt;/p&gt;&lt;p class=\"MsoNormal\"&gt; &lt;/p&gt;&lt;p class=\"MsoNormal\"&gt;La idea es que eso este enlazado con ambiental, con producción&lt;/p&gt;&lt;p class=\"MsoNormal\"&gt; &lt;/p&gt;&lt;p class=\"MsoNormal\"&gt;Quedo atento, cordialmente,&lt;/p&gt;&lt;p class=\"MsoNormal\"&gt;&lt;span style=\"mso-fareast-language: ES-CO;\"&gt;&lt;a href=\"http://192.168.11.15/glpi/front/document.send.php?docid=3531&amp;tickets_id=4289\" target=\"_blank\" rel=\"noopener\"&gt;&lt;img src=\"http://192.168.11.15/glpi/front/document.send.php?docid=3531&amp;tickets_id=4289\" alt=\"3e2289dc-d9d62df8-630698223486a9.84287862\" width=\"500\" /&gt;&lt;/a&gt;&lt;/span&gt;&lt;/p&gt;&lt;p class=\"MsoNormal\"&gt; &lt;/p&gt;&lt;/div&gt;',3,3,4,150,1,1,16,24,0,'2022-10-27 17:14:49','2022-09-08 17:05:01',NULL,1154988,0,0,0,0,NULL,NULL,NULL,5649969,1272518,1272518,1339,0,0,47,0,'2022-09-08 16:25:01',NULL),(4806,1,'Crear SP','2022-12-07 17:48:02','2023-06-22 20:41:41','2023-06-22 20:41:41',NULL,'2023-06-22 20:41:41',353,6,565,2,'&lt;div class=\"WordSection1\"&gt;&lt;p class=\"MsoNormal\"&gt;Buena tardes&lt;/p&gt;&lt;p class=\"MsoNormal\"&gt; &lt;/p&gt;&lt;p class=\"MsoNormal\"&gt;Crear SP que evite que los usuarios nos continúen creando artículos con el método de costeo “Lote” y no promedio ponderado.&lt;/p&gt;&lt;p class=\"MsoNormal\"&gt; &lt;/p&gt;&lt;p class=\"MsoNormal\"&gt;PSI&lt;/p&gt;&lt;p class=\"MsoNormal\"&gt; &lt;/p&gt;&lt;p class=\"MsoNormal\"&gt;&lt;span style=\"mso-fareast-language: ES-CO;\"&gt;&lt;a href=\"http://192.168.11.15/glpi/front/document.send.php?docid=3570&amp;tickets_id=4806\" target=\"_blank\" rel=\"noopener\"&gt;&lt;img src=\"http://192.168.11.15/glpi/front/document.send.php?docid=3570&amp;tickets_id=4806\" alt=\"3e2289dc-d9d62df8-630e3c3a8c64a3.04042806\" width=\"640\" /&gt;&lt;/a&gt;&lt;/span&gt;&lt;/p&gt;&lt;p class=\"MsoNormal\"&gt; &lt;/p&gt;&lt;/div&gt;',3,3,5,150,1,1,2,24,0,'2023-01-24 20:59:43','2022-12-07 18:28:02',NULL,1156301,0,0,0,0,NULL,NULL,NULL,1156301,3676318,3676318,4078,0,0,5,0,'2022-12-07 17:48:02',NULL),(4827,1,'Crear SP para evitar que el usuario cambie el grupo de articulo con stock','2022-12-14 18:13:01','2023-06-22 20:42:59','2023-06-22 20:42:59',NULL,'2023-06-22 20:42:59',353,6,565,2,'&lt;div class=\"WordSection1\"&gt;&lt;p class=\"MsoNormal\"&gt;Buenas tardes&lt;/p&gt;&lt;p class=\"MsoNormal\"&gt; &lt;/p&gt;&lt;p class=\"MsoNormal\"&gt;Crear SP para evitar que los usuarios cambien los grupos de artículos con STOCK&lt;/p&gt;&lt;p class=\"MsoNormal\"&gt; &lt;/p&gt;&lt;p class=\"MsoNormal\"&gt;PSI&lt;/p&gt;&lt;p class=\"MsoNormal\"&gt; &lt;/p&gt;&lt;p class=\"MsoNormal\"&gt;&lt;span style=\"mso-fareast-language: ES-CO;\"&gt;&lt;a href=\"http://helpdesk.arintia.com.co/glpi/front/document.send.php?docid=3570&amp;tickets_id=4827\" target=\"_blank\" rel=\"noopener\"&gt;&lt;img src=\"http://helpdesk.arintia.com.co/glpi/front/document.send.php?docid=3570&amp;tickets_id=4827\" alt=\"3e2289dc-d9d62df8-630e3c3a8c64a3.04042806\" width=\"640\" /&gt;&lt;/a&gt;&lt;/span&gt;&lt;/p&gt;&lt;p class=\"MsoNormal\"&gt; &lt;/p&gt;&lt;/div&gt;',3,3,5,150,2,1,2,24,0,'2023-01-31 21:26:00','2022-12-14 18:53:01',NULL,1156379,0,0,0,0,NULL,NULL,NULL,1156379,3503819,3503819,2137,0,0,5,0,'2022-12-14 18:13:01',NULL),(5157,15,'Informes Celaud Techos','2023-02-16 18:24:01','2023-06-14 20:58:55','2023-06-09 23:38:59',NULL,'2023-06-14 20:58:55',692,6,456,2,'&lt;div class=\"WordSection1\"&gt;&lt;p class=\"MsoNormal\"&gt;Buenas Tardes&lt;/p&gt;&lt;p class=\"MsoNormal\"&gt; &lt;/p&gt;&lt;p class=\"MsoNormal\"&gt;Adjunto comparto el archivo a generar para enviar celaud, para techos es importante la generación de esta información&lt;/p&gt;&lt;p class=\"MsoNormal\"&gt;Muchas gracias&lt;/p&gt;&lt;p class=\"MsoNormal\"&gt; &lt;/p&gt;&lt;p class=\"MsoNormal\"&gt;&lt;span style=\"mso-fareast-language: ES-MX;\"&gt;&lt;a href=\"http://192.168.11.15/glpi/front/document.send.php?docid=3577&amp;tickets_id=5157\" target=\"_blank\" rel=\"noopener\"&gt;&lt;img src=\"http://192.168.11.15/glpi/front/document.send.php?docid=3577&amp;tickets_id=5157\" alt=\"3e2289dc-d9d62df8-6310af2de0ce94.38886037\" width=\"1334\" /&gt;&lt;/a&gt;&lt;/span&gt;&lt;/p&gt;&lt;p class=\"MsoNormal\"&gt; &lt;/p&gt;&lt;/div&gt;',3,3,5,163,2,1,2,24,0,'2023-03-24 18:39:37','2023-02-16 19:04:01','2023-06-09 23:38:59',872136,0,0,0,0,NULL,NULL,NULL,872136,2009958,1912823,6007,0,0,47,0,'2023-02-16 18:24:01',NULL),(5174,15,'BIOMETRICOS TECHOS','2023-02-20 20:44:01','2023-05-10 15:51:39','2023-05-10 15:51:39',NULL,'2023-05-10 15:51:39',875,6,329,2,'&lt;div class=\"WordSection1\"&gt;&lt;p class=\"MsoNormal\"&gt;Buen dia&lt;/p&gt;&lt;p class=\"MsoNormal\"&gt;&lt;span style=\"mso-fareast-language: ES-CO;\"&gt; &lt;/span&gt;&lt;/p&gt;&lt;p class=\"MsoNormal\"&gt;&lt;span style=\"mso-fareast-language: ES-CO;\"&gt;Solicito de su colaboracion en la instalacion de de biometricos Para Techos en sede Itagui, Fontibon, Y bucaramanaga.  Hago claridad que los biometricos en Bucaramanga deben estar separados,  por difeencia de horarios.&lt;/span&gt;&lt;/p&gt;&lt;p class=\"MsoNormal\"&gt;&lt;span style=\"mso-fareast-language: ES-CO;\"&gt; &lt;/span&gt;&lt;/p&gt;&lt;p class=\"MsoNormal\"&gt;&lt;span style=\"mso-fareast-language: ES-CO;\"&gt; &lt;/span&gt;&lt;/p&gt;&lt;p class=\"MsoNormal\"&gt;&lt;span style=\"mso-fareast-language: ES-CO;\"&gt; &lt;/span&gt;&lt;/p&gt;&lt;p class=\"MsoNormal\"&gt;&lt;span style=\"mso-fareast-language: ES-CO;\"&gt;Quedo atenta,&lt;/span&gt;&lt;/p&gt;&lt;p class=\"MsoNormal\"&gt;&lt;span style=\"mso-fareast-language: ES-CO;\"&gt; &lt;/span&gt;&lt;/p&gt;&lt;p class=\"MsoNormal\"&gt;&lt;span style=\"mso-fareast-language: ES-CO;\"&gt; &lt;/span&gt;&lt;/p&gt;&lt;p class=\"MsoNormal\"&gt;&lt;span style=\"mso-fareast-language: ES-CO;\"&gt; &lt;/span&gt;&lt;/p&gt;&lt;p class=\"MsoNormal\"&gt;&lt;span style=\"mso-fareast-language: ES-CO;\"&gt;&lt;a href=\"http://192.168.11.15/glpi/front/document.send.php?docid=3998&amp;tickets_id=5174\" target=\"_blank\" rel=\"noopener\"&gt;&lt;img src=\"http://192.168.11.15/glpi/front/document.send.php?docid=3998&amp;tickets_id=5174\" alt=\"3e2289dc-d9d62df8-637bacf1bc8fd7.87587337\" width=\"589\" /&gt;&lt;/a&gt;&lt;/span&gt;&lt;/p&gt;&lt;p class=\"MsoNormal\"&gt; &lt;/p&gt;&lt;/div&gt;',3,3,2,131,2,1,0,24,0,'2023-03-06 03:08:42','2023-02-20 21:24:01',NULL,0,0,0,0,0,NULL,NULL,NULL,998681,5809377,5809377,694,0,0,5,0,'2023-02-20 20:44:01',NULL),(5206,15,'RV: INFORME DE VENTAS 2023.xlsx','2023-02-22 22:03:01','2023-09-06 13:51:38','2023-08-28 19:50:00',NULL,'2023-09-06 13:51:38',692,6,713,2,'&lt;div class=\"WordSection1\"&gt;&lt;p class=\"MsoNormal\"&gt; &lt;/p&gt;&lt;p class=\"MsoNormal\"&gt; &lt;/p&gt;&lt;div&gt;&lt;div style=\"border: none; border-top: solid #E1E1E1 1.0pt; padding: 3.0pt 0cm 0cm 0cm;\"&gt;&lt;p class=\"MsoNormal\"&gt;&lt;strong&gt;&lt;span lang=\"ES\" style=\"mso-fareast-language: ES-CO;\"&gt;De:&lt;/span&gt;&lt;/strong&gt;&lt;span lang=\"ES\" style=\"mso-fareast-language: ES-CO;\"&gt; Mauricio Flórez Ortiz mauricio.florez@techossas.com &lt;br /&gt;&lt;strong&gt;Enviado el:&lt;/strong&gt; lunes, 20 de febrero de 2023 8:03 a. m.&lt;br /&gt;&lt;strong&gt;Para:&lt;/strong&gt; David Jhonathan Ballen Sanchez david.ballen@techossas.com; Viviana Rojas Gonzalez lady.rojas@arintia.com&lt;br /&gt;&lt;strong&gt;Asunto:&lt;/strong&gt; RE: INFORME DE VENTAS 2023.xlsx&lt;/span&gt;&lt;/p&gt;&lt;/div&gt;&lt;/div&gt;&lt;p class=\"MsoNormal\"&gt; &lt;/p&gt;&lt;p class=\"MsoNormal\"&gt;Hola, buen día,&lt;/p&gt;&lt;p class=\"MsoNormal\"&gt; &lt;/p&gt;&lt;p class=\"MsoNormal\"&gt;El informe de ventas que me envían tiene una importante cantidad de ventas con costos en cero, y las utilidades que se reportan no son ciertas.&lt;/p&gt;&lt;p class=\"MsoNormal\"&gt; &lt;/p&gt;&lt;p class=\"MsoNormal\"&gt;Les agradezco por favor revisar y enviarme el informe corregido, necesito conocer la información correcta.&lt;/p&gt;&lt;p class=\"MsoNormal\"&gt; &lt;/p&gt;&lt;p class=\"MsoNormal\"&gt;Saludos,  &lt;/p&gt;&lt;p class=\"MsoNormal\"&gt; &lt;/p&gt;&lt;div&gt;&lt;p class=\"MsoNormal\"&gt;&lt;span style=\"mso-fareast-language: ES-CO;\"&gt;&lt;a href=\"http://192.168.11.15/glpi/front/document.send.php?docid=4468&amp;tickets_id=5206\" target=\"_blank\" rel=\"noopener\"&gt;&lt;img src=\"http://192.168.11.15/glpi/front/document.send.php?docid=4468&amp;tickets_id=5206\" alt=\"3e2289dc-d9d62df8-63f6911e1a9de1.17616747\" width=\"4151\" /&gt;&lt;/a&gt;&lt;/span&gt;&lt;/p&gt;&lt;/div&gt;&lt;p class=\"MsoNormal\"&gt; &lt;/p&gt;&lt;div&gt;&lt;div style=\"border: none; border-top: solid #E1E1E1 1.0pt; padding: 3.0pt 0cm 0cm 0cm;\"&gt;&lt;p class=\"MsoNormal\"&gt;&lt;strong&gt;&lt;span lang=\"ES\" style=\"mso-fareast-language: ES-CO;\"&gt;De:&lt;/span&gt;&lt;/strong&gt;&lt;span lang=\"ES\" style=\"mso-fareast-language: ES-CO;\"&gt; David Jhonathan Ballen Sanchez &lt;&lt;a href=\"mailto:david.ballen@techossas.com\"&gt;david.ballen@techossas.com&lt;/a&gt;&gt; &lt;br /&gt;&lt;strong&gt;Enviado el:&lt;/strong&gt; miércoles, 15 de febrero de 2023 8:44 a. m.&lt;br /&gt;&lt;strong&gt;Para:&lt;/strong&gt; Gustavo Adolfo Escobar Betancourt &lt;&lt;a href=\"mailto:gustavo.escobar@techossas.com\"&gt;gustavo.escobar@techossas.com&lt;/a&gt;&gt;; Nidia Johanna Dávila Torres &lt;&lt;a href=\"mailto:nidia.davila@techossas.com\"&gt;nidia.davila@techossas.com&lt;/a&gt;&gt;; Carlos Daniel Londoño Zea &lt;&lt;a href=\"mailto:carlos.londono@techossas.com\"&gt;carlos.londono@techossas.com&lt;/a&gt;&gt;; José Luís Mindiola Cáceres &lt;&lt;a href=\"mailto:jose.mindiola@techossas.com\"&gt;jose.mindiola@techossas.com&lt;/a&gt;&gt;; Angela Beatriz Gómez Soto &lt;&lt;a href=\"mailto:angela.gomez@arintia.com\"&gt;angela.gomez@arintia.com&lt;/a&gt;&gt;; Mauricio Flórez Ortiz &lt;&lt;a href=\"mailto:mauricio.florez@techossas.com\"&gt;mauricio.florez@techossas.com&lt;/a&gt;&gt;&lt;br /&gt;&lt;strong&gt;Asunto:&lt;/strong&gt; INFORME DE VENTAS 2023.xlsx&lt;/span&gt;&lt;/p&gt;&lt;/div&gt;&lt;/div&gt;&lt;p class=\"MsoNormal\"&gt; &lt;/p&gt;&lt;p class=\"MsoNormal\"&gt; &lt;/p&gt;&lt;p class=\"MsoNormal\"&gt; &lt;/p&gt;&lt;p class=\"MsoNormal\"&gt;&lt;span style=\"mso-fareast-language: ES-CO;\"&gt;&lt;a href=\"http://192.168.11.15/glpi/front/document.send.php?docid=4196&amp;tickets_id=5206\" target=\"_blank\" rel=\"noopener\"&gt;&lt;img src=\"http://192.168.11.15/glpi/front/document.send.php?docid=4196&amp;tickets_id=5206\" alt=\"3e2289dc-d9d62df8-63bec64fe665a5.15858461\" width=\"4151\" /&gt;&lt;/a&gt;&lt;/span&gt;&lt;/p&gt;&lt;p class=\"MsoNormal\"&gt; &lt;/p&gt;&lt;p class=\"MsoNormal\"&gt; &lt;/p&gt;&lt;/div&gt;',3,3,3,150,1,1,17,24,0,'2023-02-23 20:33:01','2023-02-23 13:13:01','2023-08-28 19:50:00',0,0,0,0,0,NULL,NULL,NULL,0,4758517,4540619,890,0,0,38,0,'2023-02-22 22:03:01',NULL),(5274,15,'RV: Comité seguimiento Post salida -SAP','2023-03-06 23:03:02','2023-09-06 13:51:38','2023-08-31 19:49:49',NULL,'2023-09-06 13:51:38',692,6,713,2,'&lt;div class=\"WordSection1\"&gt;&lt;p class=\"MsoNormal\"&gt; &lt;/p&gt;&lt;p class=\"MsoNormal\"&gt; &lt;/p&gt;&lt;div&gt;&lt;div style=\"border: none; border-top: solid #E1E1E1 1.0pt; padding: 3.0pt 0cm 0cm 0cm;\"&gt;&lt;p class=\"MsoNormal\"&gt;&lt;strong&gt;&lt;span lang=\"ES\" style=\"mso-fareast-language: ES-CO;\"&gt;De:&lt;/span&gt;&lt;/strong&gt;&lt;span lang=\"ES\" style=\"mso-fareast-language: ES-CO;\"&gt; Mauricio Flórez Ortiz mauricio.florez@techossas.com &lt;br /&gt;&lt;strong&gt;Enviado el:&lt;/strong&gt; lunes, 6 de marzo de 2023 8:12 a. m.&lt;br /&gt;&lt;strong&gt;Para:&lt;/strong&gt; Viviana Rojas Gonzalez lady.rojas@arintia.com; Edgar Ariza Rodríguez edgar.ariza@arintia.com; Cristhian Camilo Osorio Castañeda cristhian.osorio@arintia.com&lt;br /&gt;&lt;strong&gt;CC:&lt;/strong&gt; Dennis Alejandra Arboleda Restrepo dennis.arboleda@arintia.com; Luis Gerardo Jiménez Castañeda luis.jimenez@techossas.com&lt;br /&gt;&lt;strong&gt;Asunto:&lt;/strong&gt; RE: Comité seguimiento Post salida -SAP&lt;/span&gt;&lt;/p&gt;&lt;/div&gt;&lt;/div&gt;&lt;p class=\"MsoNormal\"&gt; &lt;/p&gt;&lt;p class=\"MsoNormal\"&gt;Buen día,&lt;/p&gt;&lt;p class=\"MsoNormal\"&gt; &lt;/p&gt;&lt;p class=\"MsoNormal\"&gt;Tenemos un inconveniente muy grande que viene de varios meses atrás, según me informan.&lt;/p&gt;&lt;p class=\"MsoNormal\"&gt;El inconveniente consiste en que en SAP hay clientes que están configurados como pago de CONTADO y los pedidos están pasando directo a entrega sin pasar por crédito y cartera,  y ahora mismo hay una cartera muy grande de estos casos a los cuales les entregaron la mercancía, no han pagado y no tenían crédito.   &lt;/p&gt;&lt;p class=\"MsoNormal\"&gt; &lt;/p&gt;&lt;p class=\"MsoNormal\"&gt;Ese pago de contado puede tener dos tipos, uno que corresponde a CONTADO ANTICIPADO, donde la orden de venta debería pasar por validación automática en crédito y cartera, para ver sí se encuentra registrado el anticipo para que se pueda liberar la orden de venta.&lt;/p&gt;&lt;p class=\"MsoNormal\"&gt; &lt;/p&gt;&lt;p class=\"MsoNormal\"&gt;El segundo tipo es CONTADO CONTRAENTREGA, donde el pedido se envía al cliente, pero para que se autorice el descargue, el área de logística valida que el cliente pague al transportador.  &lt;/p&gt;&lt;p class=\"MsoNormal\"&gt; &lt;/p&gt;&lt;p class=\"MsoNormal\"&gt;Este tema lo habíamos conversado en una reunión con Cristhian pero veo que el tema no evolucionó. ¿Cuál sería la solución desde SAP a este tema?&lt;/p&gt;&lt;p class=\"MsoNormal\"&gt;Les defino que este tema entra dentro de los prioritarios por favor , gracias.&lt;/p&gt;&lt;p class=\"MsoNormal\"&gt; &lt;/p&gt;&lt;p class=\"MsoNormal\"&gt;Saludos,&lt;/p&gt;&lt;p class=\"MsoNormal\"&gt; &lt;/p&gt;&lt;div&gt;&lt;p class=\"MsoNormal\"&gt;&lt;span style=\"mso-fareast-language: ES-CO;\"&gt;&lt;a href=\"http://192.168.11.15/glpi/front/document.send.php?docid=4540&amp;tickets_id=5274\" target=\"_blank\" rel=\"noopener\"&gt;&lt;img src=\"http://192.168.11.15/glpi/front/document.send.php?docid=4540&amp;tickets_id=5274\" alt=\"3e2289dc-d9d62df8-6406712b3c2098.67328388\" width=\"4151\" /&gt;&lt;/a&gt;&lt;/span&gt;&lt;/p&gt;&lt;/div&gt;&lt;p class=\"MsoNormal\"&gt; &lt;/p&gt;&lt;div&gt;&lt;div style=\"border: none; border-top: solid #E1E1E1 1.0pt; padding: 3.0pt 0cm 0cm 0cm;\"&gt;&lt;p class=\"MsoNormal\"&gt;&lt;strong&gt;&lt;span lang=\"ES\" style=\"mso-fareast-language: ES-CO;\"&gt;De:&lt;/span&gt;&lt;/strong&gt;&lt;span lang=\"ES\" style=\"mso-fareast-language: ES-CO;\"&gt; Viviana Rojas Gonzalez &lt;&lt;a href=\"mailto:lady.rojas@arintia.com\"&gt;lady.rojas@arintia.com&lt;/a&gt;&gt; &lt;br /&gt;&lt;strong&gt;Enviado el:&lt;/strong&gt; jueves, 2 de marzo de 2023 8:47 a. m.&lt;br /&gt;&lt;strong&gt;Para:&lt;/strong&gt; Mauricio Flórez Ortiz &lt;&lt;a href=\"mailto:mauricio.florez@techossas.com\"&gt;mauricio.florez@techossas.com&lt;/a&gt;&gt;; Edgar Ariza Rodríguez &lt;&lt;a href=\"mailto:edgar.ariza@arintia.com\"&gt;edgar.ariza@arintia.com&lt;/a&gt;&gt;&lt;br /&gt;&lt;strong&gt;CC:&lt;/strong&gt; Gustavo Adolfo Escobar Betancourt &lt;&lt;a href=\"mailto:gustavo.escobar@techossas.com\"&gt;gustavo.escobar@techossas.com&lt;/a&gt;&gt;; Dennis Alejandra Arboleda Restrepo &lt;&lt;a href=\"mailto:dennis.arboleda@arintia.com\"&gt;dennis.arboleda@arintia.com&lt;/a&gt;&gt;&lt;br /&gt;&lt;strong&gt;Asunto:&lt;/strong&gt; RE: Comité seguimiento Post salida -SAP&lt;/span&gt;&lt;/p&gt;&lt;/div&gt;&lt;/div&gt;&lt;p class=\"MsoNormal\"&gt; &lt;/p&gt;&lt;p class=\"MsoNormal\"&gt;Buenos días Mauricio&lt;/p&gt;&lt;p class=\"MsoNormal\"&gt;Cordial Saludo&lt;/p&gt;&lt;p class=\"MsoNormal\"&gt; &lt;/p&gt;&lt;p class=\"MsoNormal\"&gt;Aprovecho para consultarles sí ya quedó realizado en SAP el ajuste que pedí con respecto al tema de los pagos de contado que vimos en la reunión con Viviana. Este requerimiento  quedó como compromiso del último comité de cartera con la vicepresidencia financiera.&lt;/p&gt;&lt;p class=\"MsoNormal\"&gt;Rta: &lt;span style=\"background: yellow; mso-highlight: yellow;\"&gt;No has tratado conmigo temas de pagos&lt;/span&gt;, &lt;span style=\"background: yellow; mso-highlight: yellow;\"&gt;no tengo conocimiento sobre el compromiso que realizaron&lt;/span&gt;. &lt;span style=\"background: yellow; mso-highlight: yellow;\"&gt;Sí es una solicitud que hizo Dennis sobre una carta de reclamación la entrega es mañana&lt;/span&gt;.&lt;/p&gt;&lt;p class=\"MsoNormal\"&gt; &lt;/p&gt;&lt;p class=\"MsoNormal\"&gt;La última reunión que tuvimos fue pendientes de compras y en este no se trato temas de pagos.&lt;/p&gt;&lt;p class=\"MsoNormal\"&gt; &lt;/p&gt;&lt;p class=\"MsoNormal\"&gt;Para su conocimiento e información&lt;/p&gt;&lt;p class=\"MsoNormal\"&gt; &lt;/p&gt;&lt;div&gt;&lt;div style=\"border: none; border-top: solid #E1E1E1 1.0pt; padding: 3.0pt 0cm 0cm 0cm;\"&gt;&lt;p class=\"MsoNormal\"&gt;&lt;strong&gt;&lt;span lang=\"ES\" style=\"mso-fareast-language: ES-CO;\"&gt;De:&lt;/span&gt;&lt;/strong&gt;&lt;span lang=\"ES\" style=\"mso-fareast-language: ES-CO;\"&gt; Mauricio Flórez Ortiz &lt;&lt;a href=\"mailto:mauricio.florez@techossas.com\"&gt;mauricio.florez@techossas.com&lt;/a&gt;&gt; &lt;br /&gt;&lt;strong&gt;Enviado el:&lt;/strong&gt; jueves, 2 de marzo de 2023 7:53 a. m.&lt;br /&gt;&lt;strong&gt;Para:&lt;/strong&gt; Edgar Ariza Rodríguez &lt;&lt;a href=\"mailto:edgar.ariza@arintia.com\"&gt;edgar.ariza@arintia.com&lt;/a&gt;&gt;; Viviana Rojas Gonzalez &lt;&lt;a href=\"mailto:lady.rojas@arintia.com\"&gt;lady.rojas@arintia.com&lt;/a&gt;&gt;&lt;br /&gt;&lt;strong&gt;CC:&lt;/strong&gt; Gustavo Adolfo Escobar Betancourt &lt;&lt;a href=\"mailto:gustavo.escobar@techossas.com\"&gt;gustavo.escobar@techossas.com&lt;/a&gt;&gt;; Dennis Alejandra Arboleda Restrepo &lt;&lt;a href=\"mailto:dennis.arboleda@arintia.com\"&gt;dennis.arboleda@arintia.com&lt;/a&gt;&gt;&lt;br /&gt;&lt;strong&gt;Asunto:&lt;/strong&gt; RE: Comité seguimiento Post salida -SAP&lt;/span&gt;&lt;/p&gt;&lt;/div&gt;&lt;/div&gt;&lt;p class=\"MsoNormal\"&gt; &lt;/p&gt;&lt;p class=\"MsoNormal\"&gt;Hola Vivi y Edgar,&lt;/p&gt;&lt;p class=\"MsoNormal\"&gt; &lt;/p&gt;&lt;p class=\"MsoNormal\"&gt;Perdón, me di cuenta que leí el correo y no lo contesté.&lt;/p&gt;&lt;p class=\"MsoNormal\"&gt; &lt;/p&gt;&lt;p class=\"MsoNormal\"&gt;En ventas quisiera que sólo fuese un director y no el asesor. Me gustaría que pudiésemos cambiar al director comercial que asiste  y que ahora citemos a Carlos para que no sea sólo Gustavo.&lt;/p&gt;&lt;p class=\"MsoNormal\"&gt; &lt;/p&gt;&lt;p class=\"MsoNormal\"&gt;Aprovecho para consultarles sí ya quedó realizado en SAP el ajuste que pedí con respecto al tema de los pagos de contado que vimos en la reunión con Viviana. Este requerimiento  quedó como compromiso del último comité de cartera con la vicepresidencia financiera.&lt;/p&gt;&lt;p class=\"MsoNormal\"&gt; &lt;/p&gt;&lt;p class=\"MsoNormal\"&gt;Quedo atento,&lt;/p&gt;&lt;p class=\"MsoNormal\"&gt; &lt;/p&gt;&lt;p class=\"MsoNormal\"&gt; &lt;/p&gt;&lt;div&gt;&lt;p class=\"MsoNormal\"&gt;&lt;span style=\"mso-fareast-language: ES-CO;\"&gt;&lt;a href=\"http://192.168.11.15/glpi/front/document.send.php?docid=4540&amp;tickets_id=5274\" target=\"_blank\" rel=\"noopener\"&gt;&lt;img src=\"http://192.168.11.15/glpi/front/document.send.php?docid=4540&amp;tickets_id=5274\" alt=\"3e2289dc-d9d62df8-6406712b3c2098.67328388\" width=\"4151\" /&gt;&lt;/a&gt;&lt;/span&gt;&lt;/p&gt;&lt;/div&gt;&lt;p class=\"MsoNormal\"&gt; &lt;/p&gt;&lt;div&gt;&lt;div style=\"border: none; border-top: solid #E1E1E1 1.0pt; padding: 3.0pt 0cm 0cm 0cm;\"&gt;&lt;p class=\"MsoNormal\"&gt;&lt;strong&gt;&lt;span lang=\"ES\" style=\"mso-fareast-language: ES-CO;\"&gt;De:&lt;/span&gt;&lt;/strong&gt;&lt;span lang=\"ES\" style=\"mso-fareast-language: ES-CO;\"&gt; Edgar Ariza Rodríguez &lt;&lt;a href=\"mailto:edgar.ariza@arintia.com\"&gt;edgar.ariza@arintia.com&lt;/a&gt;&gt; &lt;br /&gt;&lt;strong&gt;Enviado el:&lt;/strong&gt; viernes, 24 de febrero de 2023 2:57 p. m.&lt;br /&gt;&lt;strong&gt;Para:&lt;/strong&gt; Mauricio Flórez Ortiz &lt;&lt;a href=\"mailto:mauricio.florez@techossas.com\"&gt;mauricio.florez@techossas.com&lt;/a&gt;&gt;; Viviana Rojas Gonzalez &lt;&lt;a href=\"mailto:lady.rojas@arintia.com\"&gt;lady.rojas@arintia.com&lt;/a&gt;&gt;&lt;br /&gt;&lt;strong&gt;Asunto:&lt;/strong&gt; RE: Comité seguimiento Post salida -SAP&lt;/span&gt;&lt;/p&gt;&lt;/div&gt;&lt;/div&gt;&lt;p class=\"MsoNormal\"&gt; &lt;/p&gt;&lt;p class=\"MsoNormal\"&gt;&lt;span style=\"color: #4472c4;\"&gt;Cordial Saludo,&lt;/span&gt;&lt;/p&gt;&lt;p class=\"MsoNormal\"&gt;&lt;span style=\"color: #4472c4;\"&gt;Mauricio, adjunto lista de lideres Funcionales (responsables por proceso) con quienes realizamos el proceso de Impetración. Por favor confirmar si siguen las mismas personas para agendarlos y realizar la planificaciones de las necesidades a trabajar cada semana. &lt;/span&gt;&lt;/p&gt;&lt;p class=\"MsoNormal\"&gt;&lt;span style=\"color: #4472c4;\"&gt;&lt;a id=\"OWAAM516A0422BCBE46808AE0640F0F332F4B\" href=\"mailto:lady.rojas@arintia.com\"&gt;@Viviana Rojas Gonzalez&lt;/a&gt;, una vez tengamos la confinación por pare de Mauricio por favor agendar con cada uno reunión de una hora para revisar las tareas que tenemos pendientes a hoy para definir fechas de entrega.&lt;/span&gt;&lt;/p&gt;&lt;p class=\"MsoNormal\"&gt;&lt;span style=\"color: #4472c4;\"&gt; &lt;/span&gt;&lt;/p&gt;&lt;div&gt;&lt;div&gt;&lt;div&gt;&lt;div&gt;&lt;table class=\"MsoNormalTable\" style=\"width: 357px; border-collapse: collapse; border-spacing: 0px;\" border=\"0\" cellpadding=\"0\"&gt;&lt;tbody&gt;&lt;tr style=\"height: 16.5pt;\"&gt;&lt;td style=\"width: 357px; padding: 0cm 3.5pt 0cm 3.5pt; height: 16.5pt; white-space: nowrap;\" colspan=\"2\"&gt;&lt;p class=\"MsoNormal\" style=\"text-align: center;\"&gt;&lt;strong&gt;&lt;span style=\"color: black; mso-fareast-language: ES-CO;\"&gt;Líder Funcional por Proceso&lt;/span&gt;&lt;/strong&gt;&lt;/p&gt;&lt;/td&gt;&lt;/tr&gt;&lt;tr style=\"height: 16.5pt;\"&gt;&lt;td style=\"width: 147px; border: solid windowtext 1.0pt; background: #9BC2E6; padding: 0cm 3.5pt 0cm 3.5pt; height: 16.5pt;\"&gt;&lt;p class=\"MsoNormal\" style=\"text-align: center;\"&gt;&lt;strong&gt;&lt;span style=\"font-size: 10.0pt;\"&gt;Rol&lt;/span&gt;&lt;/strong&gt;&lt;/p&gt;&lt;/td&gt;&lt;td style=\"width: 211px; border: solid windowtext 1.0pt; border-left: none; background: #9BC2E6; padding: 0cm 3.5pt 0cm 3.5pt; height: 16.5pt;\"&gt;&lt;p class=\"MsoNormal\" style=\"text-align: center;\"&gt;&lt;strong&gt;&lt;span style=\"font-size: 10.0pt;\"&gt;Responsable Asignado&lt;/span&gt;&lt;/strong&gt;&lt;/p&gt;&lt;/td&gt;&lt;/tr&gt;&lt;tr style=\"height: 33.0pt;\"&gt;&lt;td style=\"width: 147px; border: solid black 1.0pt; border-top: none; padding: 0cm 3.5pt 0cm 3.5pt; height: 33.0pt;\"&gt;&lt;p class=\"MsoNormal\"&gt;&lt;strong&gt;Líder de Finanzas&lt;br /&gt;Contabilidad&lt;/strong&gt;&lt;/p&gt;&lt;/td&gt;&lt;td style=\"width: 211px; border-top: none; border-left: none; border-bottom: solid windowtext 1.0pt; border-right: solid windowtext 1.0pt; padding: 0cm 3.5pt 0cm 3.5pt; height: 33.0pt;\"&gt;&lt;p class=\"MsoNormal\"&gt;Ricardo Cardenas&lt;br /&gt;Juan P Arenales (Corp.)&lt;/p&gt;&lt;/td&gt;&lt;/tr&gt;&lt;tr style=\"height: 16.5pt;\"&gt;&lt;td style=\"width: 147px; border-top: none; border-left: solid black 1.0pt; border-bottom: none; border-right: solid black 1.0pt; padding: 0cm 3.5pt 0cm 3.5pt; height: 16.5pt; white-space: nowrap;\"&gt;&lt;p class=\"MsoNormal\"&gt;&lt;strong&gt;Líder Logístico &lt;/strong&gt;&lt;/p&gt;&lt;/td&gt;&lt;td style=\"width: 211px; border: none; border-right: solid windowtext 1.0pt; padding: 0cm 3.5pt 0cm 3.5pt; height: 16.5pt;\"&gt;&lt;p class=\"MsoNormal\"&gt;Luis Gerardo Jimenez&lt;/p&gt;&lt;/td&gt;&lt;/tr&gt;&lt;tr style=\"height: 16.5pt;\"&gt;&lt;td style=\"width: 147px; border: solid black 1.0pt; padding: 0cm 3.5pt 0cm 3.5pt; height: 16.5pt; white-space: nowrap;\"&gt;&lt;p class=\"MsoNormal\"&gt;&lt;strong&gt;CRM&lt;/strong&gt;&lt;/p&gt;&lt;/td&gt;&lt;td style=\"width: 211px; border: solid black 1.0pt; border-left: none; padding: 0cm 3.5pt 0cm 3.5pt; height: 16.5pt;\"&gt;&lt;p class=\"MsoNormal\"&gt;Dennis Arboleda (Corp.)&lt;/p&gt;&lt;/td&gt;&lt;/tr&gt;&lt;tr style=\"height: 33.0pt;\"&gt;&lt;td style=\"width: 147px; border: solid black 1.0pt; border-top: none; padding: 0cm 3.5pt 0cm 3.5pt; height: 33.0pt; white-space: nowrap;\"&gt;&lt;p class=\"MsoNormal\"&gt;&lt;strong&gt;Líder de Ventas&lt;/strong&gt;&lt;/p&gt;&lt;/td&gt;&lt;td style=\"width: 211px; border-top: none; border-left: none; border-bottom: solid windowtext 1.0pt; border-right: solid windowtext 1.0pt; padding: 0cm 3.5pt 0cm 3.5pt; height: 33.0pt;\"&gt;&lt;p class=\"MsoNormal\"&gt;Gustavo Escobar &lt;br /&gt;Margarita Umaña (Construcción)&lt;/p&gt;&lt;/td&gt;&lt;/tr&gt;&lt;tr style=\"height: 33.0pt;\"&gt;&lt;td style=\"width: 147px; border: solid black 1.0pt; border-top: none; padding: 0cm 3.5pt 0cm 3.5pt; height: 33.0pt; white-space: nowrap;\"&gt;&lt;p class=\"MsoNormal\"&gt;&lt;strong&gt;Líder de Compras&lt;/strong&gt;&lt;/p&gt;&lt;/td&gt;&lt;td style=\"width: 211px; border-top: none; border-left: none; border-bottom: solid windowtext 1.0pt; border-right: solid windowtext 1.0pt; padding: 0cm 3.5pt 0cm 3.5pt; height: 33.0pt;\" valign=\"bottom\"&gt;&lt;p class=\"MsoNormal\"&gt;Laura Rojas / Astrid Posada&lt;br /&gt;David Ballen&lt;/p&gt;&lt;/td&gt;&lt;/tr&gt;&lt;tr style=\"height: 16.5pt;\"&gt;&lt;td style=\"width: 147px; border: solid black 1.0pt; border-top: none; padding: 0cm 3.5pt 0cm 3.5pt; height: 16.5pt; white-space: nowrap;\"&gt;&lt;p class=\"MsoNormal\"&gt;&lt;strong&gt; &lt;/strong&gt;&lt;/p&gt;&lt;/td&gt;&lt;td style=\"width: 211px; border-top: none; border-left: none; border-bottom: solid windowtext 1.0pt; border-right: solid windowtext 1.0pt; padding: 0cm 3.5pt 0cm 3.5pt; height: 16.5pt;\" valign=\"bottom\"&gt;&lt;p class=\"MsoNormal\"&gt; &lt;/p&gt;&lt;/td&gt;&lt;/tr&gt;&lt;tr style=\"height: 16.5pt;\"&gt;&lt;td style=\"width: 147px; border: solid black 1.0pt; border-top: none; padding: 0cm 3.5pt 0cm 3.5pt; height: 16.5pt; white-space: nowrap;\"&gt;&lt;p class=\"MsoNormal\"&gt;&lt;strong&gt;líder SGI&lt;/strong&gt;&lt;/p&gt;&lt;/td&gt;&lt;td style=\"width: 211px; border-top: none; border-left: none; border-bottom: solid windowtext 1.0pt; border-right: solid windowtext 1.0pt; padding: 0cm 3.5pt 0cm 3.5pt; height: 16.5pt;\" valign=\"bottom\"&gt;&lt;p class=\"MsoNormal\"&gt;Jon Góngora&lt;/p&gt;&lt;/td&gt;&lt;/tr&gt;&lt;tr style=\"height: 16.5pt;\"&gt;&lt;td style=\"width: 147px; border: solid black 1.0pt; border-top: none; padding: 0cm 3.5pt 0cm 3.5pt; height: 16.5pt; white-space: nowrap;\"&gt;&lt;p class=\"MsoNormal\"&gt;&lt;strong&gt;Líder de Procesos&lt;/strong&gt;&lt;/p&gt;&lt;/td&gt;&lt;td style=\"width: 211px; border-top: none; border-left: none; border-bottom: solid windowtext 1.0pt; border-right: solid windowtext 1.0pt; padding: 0cm 3.5pt 0cm 3.5pt; height: 16.5pt; white-space: nowrap;\"&gt;&lt;p class=\"MsoNormal\"&gt;Cristhian Osorio&lt;/p&gt;&lt;/td&gt;&lt;/tr&gt;&lt;tr style=\"height: 16.5pt;\"&gt;&lt;td style=\"width: 147px; border-top: none; border-left: solid black 1.0pt; border-bottom: none; border-right: solid black 1.0pt; padding: 0cm 3.5pt 0cm 3.5pt; height: 16.5pt; white-space: nowrap;\"&gt;&lt;p class=\"MsoNormal\"&gt;&lt;strong&gt;Líder Auditoria&lt;/strong&gt;&lt;/p&gt;&lt;/td&gt;&lt;td style=\"width: 211px; border-top: none; border-left: none; border-bottom: solid windowtext 1.0pt; border-right: solid windowtext 1.0pt; padding: 0cm 3.5pt 0cm 3.5pt; height: 16.5pt; white-space: nowrap;\"&gt;&lt;p class=\"MsoNormal\"&gt;Rocio Peña / Yennifer Barrera&lt;/p&gt;&lt;/td&gt;&lt;/tr&gt;&lt;tr style=\"height: 16.5pt;\"&gt;&lt;td style=\"width: 147px; border: solid black 1.0pt; padding: 0cm 3.5pt 0cm 3.5pt; height: 16.5pt;\"&gt;&lt;p class=\"MsoNormal\"&gt;&lt;strong&gt;Líder de TI&lt;/strong&gt;&lt;/p&gt;&lt;/td&gt;&lt;td style=\"width: 211px; border-top: none; border-left: none; border-bottom: solid windowtext 1.0pt; border-right: solid windowtext 1.0pt; padding: 0cm 3.5pt 0cm 3.5pt; height: 16.5pt; white-space: nowrap;\"&gt;&lt;p class=\"MsoNormal\"&gt;Viviana Rojas&lt;/p&gt;&lt;/td&gt;&lt;/tr&gt;&lt;/tbody&gt;&lt;/table&gt;&lt;p class=\"MsoNormal\"&gt;&lt;span style=\"font-size: 12.0pt; color: black; mso-fareast-language: ES-CO;\"&gt; &lt;/span&gt;&lt;/p&gt;&lt;p class=\"MsoNormal\"&gt;&lt;span style=\"font-size: 12.0pt; color: black; mso-fareast-language: ES-CO;\"&gt; &lt;/span&gt;&lt;/p&gt;&lt;p class=\"MsoNormal\"&gt;&lt;span style=\"font-size: 12.0pt; color: black; mso-fareast-language: ES-CO;\"&gt; &lt;/span&gt;&lt;/p&gt;&lt;p class=\"MsoNormal\"&gt;&lt;span style=\"font-size: 12.0pt; color: black; mso-fareast-language: ES-CO;\"&gt; &lt;/span&gt;&lt;/p&gt;&lt;p class=\"MsoNormal\"&gt;&lt;span style=\"font-size: 12.0pt; color: black; mso-fareast-language: ES-CO;\"&gt; &lt;/span&gt;&lt;/p&gt;&lt;/div&gt;&lt;div&gt;&lt;p class=\"MsoNormal\"&gt;&lt;span style=\"font-size: 12.0pt; color: black; mso-fareast-language: ES-CO;\"&gt; &lt;/span&gt;&lt;/p&gt;&lt;/div&gt;&lt;div&gt;&lt;p class=\"MsoNormal\"&gt;&lt;span style=\"font-size: 12.0pt;\"&gt;Cordialmente; &lt;/span&gt;&lt;/p&gt;&lt;/div&gt;&lt;div&gt;&lt;p class=\"MsoNormal\"&gt;&lt;span style=\"font-size: 12.0pt; color: black; mso-fareast-language: ES-CO;\"&gt; &lt;/span&gt;&lt;/p&gt;&lt;/div&gt;&lt;div&gt;&lt;p class=\"MsoNormal\"&gt;&lt;span style=\"font-size: 12.0pt; color: black; mso-fareast-language: ES-CO;\"&gt; &lt;/span&gt;&lt;/p&gt;&lt;/div&gt;&lt;div&gt;&lt;p class=\"MsoNormal\"&gt;&lt;span style=\"color: #4472c4; mso-fareast-language: ES-CO;\"&gt;&lt;a href=\"http://192.168.11.15/glpi/front/document.send.php?docid=49&amp;tickets_id=5274\" target=\"_blank\" rel=\"noopener\"&gt;&lt;img src=\"http://192.168.11.15/glpi/front/document.send.php?docid=49&amp;tickets_id=5274\" alt=\"61c31e0c-d9d62df8-5f05dbb4a16668.81509196\" width=\"\" /&gt;&lt;/a&gt;&lt;/span&gt;&lt;/p&gt;&lt;/div&gt;&lt;/div&gt;&lt;/div&gt;&lt;/div&gt;&lt;p class=\"MsoNormal\"&gt;&lt;span style=\"color: #4472c4;\"&gt; &lt;/span&gt;&lt;/p&gt;&lt;div&gt;&lt;p class=\"MsoNormal\"&gt;&lt;span lang=\"ES\" style=\"mso-fareast-language: ES-CO;\"&gt;--------Cita original---------&lt;br /&gt;&lt;strong&gt;De:&lt;/strong&gt; Edgar Ariza Rodríguez &lt;br /&gt;&lt;strong&gt;Enviado el:&lt;/strong&gt; martes, 31 de enero de 2023 4:46 p. m.&lt;br /&gt;&lt;strong&gt;Para:&lt;/strong&gt; Cristhian Camilo Osorio Castañeda; Edgar Ariza Rodríguez; Nelson Alfonso Buitrago; Angela Beatriz Gómez Soto; Yesenia Díaz Guzmán; Viviana Rojas Gonzalez; Emilia Morales Torres; Luis Gerardo Jiménez Castañeda; Mauricio Guillermo Flórez Ortiz; Consultoría SAPBO; Lady Yazmin Quintero Calderon; Juan Pablo Arenales Moreno; Ricardo Cardenas Castiblanco; David Jhonathan Ballen Sanchez; Monica Sanabria Hernández; Gustavo Adolfo Escobar Betancourt; Laura Consuelo Rojas Ayala; Dennis Alejandra Arboleda Restrepo; José Luís Mindiola Cáceres; Nidia Johanna Dávila Torres; Carlos Daniel Londoño Zea; Yennifer Marcela Barrera Escobar; Rocio Peña Marquéz&lt;br /&gt;&lt;strong&gt;CC:&lt;/strong&gt; &lt;a href=\"mailto:astrid.posada@techossas.com\"&gt;astrid.posada@techossas.com&lt;/a&gt;&lt;br /&gt;&lt;strong&gt;Asunto:&lt;/strong&gt; Comité seguimiento Post salida -SAP&lt;br /&gt;&lt;strong&gt;Cuándo:&lt;/strong&gt; viernes, 24 de febrero de 2023 7:30 a. m.-8:00 a. m. (UTC-05:00) Bogotá, Lima, Quito, Rio Branco.&lt;br /&gt;&lt;strong&gt;Ubicación:&lt;/strong&gt; Reunión de Microsoft Teams&lt;/span&gt;&lt;/p&gt;&lt;/div&gt;&lt;p class=\"MsoNormal\"&gt; &lt;/p&gt;&lt;p class=\"MsoNormal\"&gt;Objetivo:&lt;/p&gt;&lt;p class=\"MsoNormal\"&gt;Dar a conocer el estado del proyecto a la fecha y la planificación de tareas para la siguiente semana.&lt;/p&gt;&lt;div&gt;&lt;p class=\"MsoNormal\"&gt;&lt;span style=\"color: #5f5f5f;\"&gt;________________________________________________________________________________&lt;/span&gt;&lt;/p&gt;&lt;/div&gt;&lt;div&gt;&lt;div style=\"margin-top: 18.0pt; margin-bottom: 15.0pt;\"&gt;&lt;p class=\"MsoNormal\"&gt;&lt;span lang=\"ES\" style=\"font-size: 18.0pt;\"&gt;Reunión de Microsoft Teams&lt;/span&gt;&lt;/p&gt;&lt;/div&gt;&lt;div style=\"margin-bottom: 15.0pt;\"&gt;&lt;div&gt;&lt;p class=\"MsoNormal\"&gt;&lt;strong&gt;&lt;span lang=\"ES\" style=\"font-size: 10.5pt;\"&gt;Únase a través de su ordenador, aplicación móvil o dispositivo de sala&lt;/span&gt;&lt;/strong&gt;&lt;/p&gt;&lt;/div&gt;&lt;p class=\"MsoNormal\"&gt;&lt;span lang=\"ES\"&gt;&lt;a href=\"https://teams.microsoft.com/l/meetup-join/19%3ameeting_MmM2YzZjOTUtMTkzNi00YTYzLWIzN2UtMzM2ZDI0YzJiYjdh%40thread.v2/0?context=%7b%22Tid%22%3a%220472a893-76a3-4add-94fa-0e458fbded03%22%2c%22Oid%22%3a%221437176d-0136-4041-bbe1-51d8ad93a54b%22%7d\" target=\"_blank\" rel=\"noopener\"&gt;&lt;span style=\"font-size: 10.5pt;\"&gt;Haga clic aquí para unirse a la reunión&lt;/span&gt;&lt;/a&gt; &lt;/span&gt;&lt;/p&gt;&lt;/div&gt;&lt;div style=\"margin-top: 15.0pt; margin-bottom: 15.0pt;\"&gt;&lt;div style=\"margin-bottom: 3.0pt;\"&gt;&lt;p class=\"MsoNormal\"&gt;&lt;span lang=\"ES\" style=\"font-size: 10.5pt;\"&gt;ID de la reunión: &lt;/span&gt;&lt;span lang=\"ES\" style=\"font-size: 12.0pt;\"&gt;240 212 933 980&lt;/span&gt; &lt;span lang=\"ES\"&gt;&lt;br /&gt;&lt;/span&gt;&lt;span lang=\"ES\" style=\"font-size: 10.5pt;\"&gt;Código de acceso: &lt;/span&gt;&lt;span lang=\"ES\" style=\"font-size: 12.0pt;\"&gt;PcXH7Z &lt;/span&gt;&lt;/p&gt;&lt;div&gt;&lt;p class=\"MsoNormal\"&gt;&lt;span lang=\"ES\" style=\"font-size: 10.5pt;\"&gt;&lt;a href=\"https://www.microsoft.com/en-us/microsoft-teams/download-app\" target=\"_blank\" rel=\"noopener\"&gt;&lt;span style=\"color: #6264a7;\"&gt;Descargar Teams&lt;/span&gt;&lt;/a&gt; | &lt;a href=\"https://www.microsoft.com/microsoft-teams/join-a-meeting\" target=\"_blank\" rel=\"noopener\"&gt; &lt;span style=\"color: #6264a7;\"&gt;Unirse en la web&lt;/span&gt;&lt;/a&gt;&lt;/span&gt;&lt;/p&gt;&lt;/div&gt;&lt;/div&gt;&lt;/div&gt;&lt;div style=\"margin-top: 15.0pt; margin-bottom: 18.0pt;\"&gt;&lt;p class=\"MsoNormal\"&gt;&lt;span lang=\"ES\"&gt;&lt;a href=\"https://aka.ms/JoinTeamsMeeting\" target=\"_blank\" rel=\"noopener\"&gt;&lt;span style=\"font-size: 10.5pt; color: #6264a7;\"&gt;Infórmese&lt;/span&gt;&lt;/a&gt; | &lt;a href=\"https://teams.microsoft.com/meetingOptions/?organizerId=1437176d-0136-4041-bbe1-51d8ad93a54b&amp;tenantId=0472a893-76a3-4add-94fa-0e458fbded03&amp;threadId=19_meeting_MmM2YzZjOTUtMTkzNi00YTYzLWIzN2UtMzM2ZDI0YzJiYjdh@thread.v2&amp;messageId=0&amp;language=es-ES\" target=\"_blank\" rel=\"noopener\"&gt; &lt;span style=\"font-size: 10.5pt; color: #6264a7;\"&gt;Opciones de reunión&lt;/span&gt;&lt;/a&gt; &lt;/span&gt;&lt;/p&gt;&lt;/div&gt;&lt;/div&gt;&lt;div&gt;&lt;p class=\"MsoNormal\"&gt;&lt;span style=\"color: #5f5f5f;\"&gt;________________________________________________________________________________&lt;/span&gt;&lt;/p&gt;&lt;/div&gt;&lt;p class=\"MsoNormal\"&gt; &lt;/p&gt;&lt;/div&gt;',3,3,3,150,1,1,17,24,0,'2023-03-07 21:00:00','2023-03-07 13:40:00','2023-08-31 19:49:49',0,0,0,0,0,NULL,NULL,NULL,0,4483298,4367989,1,0,0,38,0,'2023-03-06 23:03:02',NULL),(5275,15,'RV: PEDIDOS EN PICKING Y REMISONES SIN ENTREGA','2023-03-06 23:08:02','2023-05-15 16:51:39','2023-05-05 15:50:48',NULL,'2023-05-15 16:51:39',692,6,947,2,'&lt;div class=\"WordSection1\"&gt;&lt;p class=\"MsoNormal\"&gt; &lt;/p&gt;&lt;p class=\"MsoNormal\"&gt; &lt;/p&gt;&lt;div&gt;&lt;div style=\"border: none; border-top: solid #E1E1E1 1.0pt; padding: 3.0pt 0cm 0cm 0cm;\"&gt;&lt;p class=\"MsoNormal\"&gt;&lt;strong&gt;&lt;span lang=\"ES\" style=\"mso-fareast-language: ES-CO;\"&gt;De:&lt;/span&gt;&lt;/strong&gt;&lt;span lang=\"ES\" style=\"mso-fareast-language: ES-CO;\"&gt; Mauricio Flórez Ortiz mauricio.florez@techossas.com &lt;br /&gt;&lt;strong&gt;Enviado el:&lt;/strong&gt; lunes, 6 de marzo de 2023 8:11 a. m.&lt;br /&gt;&lt;strong&gt;Para:&lt;/strong&gt; Viviana Rojas Gonzalez lady.rojas@arintia.com&lt;br /&gt;&lt;strong&gt;CC:&lt;/strong&gt; Jon Erley Góngora Ducuara jon.gongora@arintia.com&lt;br /&gt;&lt;strong&gt;Asunto:&lt;/strong&gt; RV: PEDIDOS EN PICKING Y REMISONES SIN ENTREGA&lt;/span&gt;&lt;/p&gt;&lt;/div&gt;&lt;/div&gt;&lt;p class=\"MsoNormal\"&gt; &lt;/p&gt;&lt;p class=\"MsoNormal\"&gt;Hola Vivi, buen día,&lt;/p&gt;&lt;p class=\"MsoNormal\"&gt; &lt;/p&gt;&lt;p class=\"MsoNormal\"&gt;Según este correo de Luis Gerardo, ¿SAP sugiere como buena practica que se vaya remisionando la mercancía, aunque no se envié aun? Entiendo que esto haría que los inventarios físicos no correspondan con el sistema. ¿Me aclaras por favor?&lt;/p&gt;&lt;p class=\"MsoNormal\"&gt; &lt;/p&gt;&lt;p class=\"MsoNormal\"&gt; &lt;/p&gt;&lt;p class=\"MsoNormal\"&gt;Saludos,&lt;/p&gt;&lt;p class=\"MsoNormal\"&gt; &lt;/p&gt;&lt;div&gt;&lt;p class=\"MsoNormal\"&gt;&lt;span style=\"mso-fareast-language: ES-CO;\"&gt;&lt;a href=\"http://helpdesk.arintia.com.co/glpi/front/document.send.php?docid=4540&amp;tickets_id=5275\" target=\"_blank\" rel=\"noopener\"&gt;&lt;img src=\"http://helpdesk.arintia.com.co/glpi/front/document.send.php?docid=4540&amp;tickets_id=5275\" alt=\"3e2289dc-d9d62df8-6406712b3c2098.67328388\" width=\"4151\" /&gt;&lt;/a&gt;&lt;/span&gt;&lt;/p&gt;&lt;/div&gt;&lt;p class=\"MsoNormal\"&gt; &lt;/p&gt;&lt;div&gt;&lt;div style=\"border: none; border-top: solid #E1E1E1 1.0pt; padding: 3.0pt 0cm 0cm 0cm;\"&gt;&lt;p class=\"MsoNormal\"&gt;&lt;strong&gt;&lt;span lang=\"ES\" style=\"mso-fareast-language: ES-CO;\"&gt;De:&lt;/span&gt;&lt;/strong&gt;&lt;span lang=\"ES\" style=\"mso-fareast-language: ES-CO;\"&gt; Luis Gerardo Jiménez Castañeda &lt;&lt;a href=\"mailto:luis.jimenez@techossas.com\"&gt;luis.jimenez@techossas.com&lt;/a&gt;&gt; &lt;br /&gt;&lt;strong&gt;Enviado el:&lt;/strong&gt; viernes, 3 de marzo de 2023 8:07 a. m.&lt;br /&gt;&lt;strong&gt;Para:&lt;/strong&gt; Mauricio Flórez Ortiz &lt;&lt;a href=\"mailto:mauricio.florez@techossas.com\"&gt;mauricio.florez@techossas.com&lt;/a&gt;&gt;; Gustavo Adolfo Escobar Betancourt &lt;&lt;a href=\"mailto:gustavo.escobar@techossas.com\"&gt;gustavo.escobar@techossas.com&lt;/a&gt;&gt;; David Jhonathan Ballen Sanchez &lt;&lt;a href=\"mailto:david.ballen@techossas.com\"&gt;david.ballen@techossas.com&lt;/a&gt;&gt;; Laura Consuelo Rojas Ayala &lt;&lt;a href=\"mailto:laura.rojas@techossas.com\"&gt;laura.rojas@techossas.com&lt;/a&gt;&gt;&lt;br /&gt;&lt;strong&gt;CC:&lt;/strong&gt; Carlos Andres Cachaya Fernandez &lt;&lt;a href=\"mailto:carlos.cachaya@techossas.com\"&gt;carlos.cachaya@techossas.com&lt;/a&gt;&gt;; Esneider Lesmes Vasquez &lt;&lt;a href=\"mailto:esneider.lesmes@techossas.com\"&gt;esneider.lesmes@techossas.com&lt;/a&gt;&gt;; Cristhian Camilo Osorio Castañeda &lt;&lt;a href=\"mailto:cristhian.osorio@arintia.com\"&gt;cristhian.osorio@arintia.com&lt;/a&gt;&gt;; Laura Camila Quintero Tibaduiza &lt;&lt;a href=\"mailto:laura.quintero@arintia.com\"&gt;laura.quintero@arintia.com&lt;/a&gt;&gt;; Monica Sanabria Hernández &lt;&lt;a href=\"mailto:monica.sanabria@techossas.com\"&gt;monica.sanabria@techossas.com&lt;/a&gt;&gt;&lt;br /&gt;&lt;strong&gt;Asunto:&lt;/strong&gt; RE: PEDIDOS EN PICKING Y REMISONES SIN ENTREGA&lt;/span&gt;&lt;/p&gt;&lt;/div&gt;&lt;/div&gt;&lt;p class=\"MsoNormal\"&gt; &lt;/p&gt;&lt;p class=\"MsoNormal\"&gt;Jefe, buenos días:&lt;/p&gt;&lt;p class=\"MsoNormal\"&gt; &lt;/p&gt;&lt;p class=\"MsoNormal\"&gt;Respecto al punto de tecnología ya tuve conversación con Viviana y se revisó lo siguiente:&lt;/p&gt;&lt;p class=\"MsoNormal\"&gt; &lt;/p&gt;&lt;ul style=\"margin-top: 0cm;\" type=\"disc\"&gt;&lt;li class=\"MsoListParagraph\" style=\"margin-left: 0cm; mso-list: l1 level1 lfo1;\"&gt;En el momento de montar un pedido se crea un compromiso en sistema, el cual se considera blando pues este hace descuento de disponibilidad pero el producto en stock sigue siendo el mismo&lt;/li&gt;&lt;li class=\"MsoListParagraph\" style=\"margin-left: 0cm; mso-list: l1 level1 lfo1;\"&gt;Cuando se genera picking y se hace remisión es cuando se hace real descuento de inventario, y la facturación es la legalización contable del movimiento&lt;/li&gt;&lt;li class=\"MsoListParagraph\" style=\"margin-left: 0cm; mso-list: l1 level1 lfo1;\"&gt;En síntesis el montaje del pedido hace compromiso pero este no garantiza reservar el producto, esta reserva o prioridad se hace real una vez se remisione&lt;/li&gt;&lt;/ul&gt;&lt;p class=\"MsoNormal\"&gt; &lt;/p&gt;&lt;p class=\"MsoNormal\"&gt; &lt;/p&gt;&lt;p class=\"MsoNormal\"&gt;Cordialmente&lt;/p&gt;&lt;p class=\"MsoNormal\"&gt; &lt;/p&gt;&lt;div&gt;&lt;p class=\"MsoNormal\"&gt;&lt;span style=\"mso-fareast-language: ES-CO;\"&gt;&lt;a href=\"http://helpdesk.arintia.com.co/glpi/front/document.send.php?docid=4283&amp;tickets_id=5275\" target=\"_blank\" rel=\"noopener\"&gt;&lt;img src=\"http://helpdesk.arintia.com.co/glpi/front/document.send.php?docid=4283&amp;tickets_id=5275\" alt=\"3e2289dc-d9d62df8-63ceb6c8e164c5.83367377\" width=\"1280\" /&gt;&lt;/a&gt;&lt;/span&gt;&lt;/p&gt;&lt;/div&gt;&lt;p class=\"MsoNormal\"&gt; &lt;/p&gt;&lt;div&gt;&lt;div style=\"border: none; border-top: solid #E1E1E1 1.0pt; padding: 3.0pt 0cm 0cm 0cm;\"&gt;&lt;p class=\"MsoNormal\"&gt;&lt;strong&gt;&lt;span lang=\"ES\" style=\"mso-fareast-language: ES-CO;\"&gt;De:&lt;/span&gt;&lt;/strong&gt;&lt;span lang=\"ES\" style=\"mso-fareast-language: ES-CO;\"&gt; Mauricio Flórez Ortiz &lt;&lt;a href=\"mailto:mauricio.florez@techossas.com\"&gt;mauricio.florez@techossas.com&lt;/a&gt;&gt; &lt;br /&gt;&lt;strong&gt;Enviado el:&lt;/strong&gt; viernes, 3 de marzo de 2023 8:01 a. m.&lt;br /&gt;&lt;strong&gt;Para:&lt;/strong&gt; Luis Gerardo Jiménez Castañeda &lt;&lt;a href=\"mailto:luis.jimenez@techossas.com\"&gt;luis.jimenez@techossas.com&lt;/a&gt;&gt;; Gustavo Adolfo Escobar Betancourt &lt;&lt;a href=\"mailto:gustavo.escobar@techossas.com\"&gt;gustavo.escobar@techossas.com&lt;/a&gt;&gt;; David Jhonathan Ballen Sanchez &lt;&lt;a href=\"mailto:david.ballen@techossas.com\"&gt;david.ballen@techossas.com&lt;/a&gt;&gt;; Laura Consuelo Rojas Ayala &lt;&lt;a href=\"mailto:laura.rojas@techossas.com\"&gt;laura.rojas@techossas.com&lt;/a&gt;&gt;&lt;br /&gt;&lt;strong&gt;CC:&lt;/strong&gt; Carlos Andres Cachaya Fernandez &lt;&lt;a href=\"mailto:carlos.cachaya@techossas.com\"&gt;carlos.cachaya@techossas.com&lt;/a&gt;&gt;; Esneider Lesmes Vasquez &lt;&lt;a href=\"mailto:esneider.lesmes@techossas.com\"&gt;esneider.lesmes@techossas.com&lt;/a&gt;&gt;; Cristhian Camilo Osorio Castañeda &lt;&lt;a href=\"mailto:cristhian.osorio@arintia.com\"&gt;cristhian.osorio@arintia.com&lt;/a&gt;&gt;; Laura Camila Quintero Tibaduiza &lt;&lt;a href=\"mailto:laura.quintero@arintia.com\"&gt;laura.quintero@arintia.com&lt;/a&gt;&gt;; Monica Sanabria Hernández &lt;&lt;a href=\"mailto:monica.sanabria@techossas.com\"&gt;monica.sanabria@techossas.com&lt;/a&gt;&gt;&lt;br /&gt;&lt;strong&gt;Asunto:&lt;/strong&gt; RE: PEDIDOS EN PICKING Y REMISONES SIN ENTREGA&lt;/span&gt;&lt;/p&gt;&lt;/div&gt;&lt;/div&gt;&lt;p class=\"MsoNormal\"&gt; &lt;/p&gt;&lt;p class=\"MsoNormal\"&gt;Buen día para todos,&lt;/p&gt;&lt;p class=\"MsoNormal\"&gt; &lt;/p&gt;&lt;p class=\"MsoNormal\"&gt;Espero ser claro con los siguientes puntos:&lt;/p&gt;&lt;p class=\"MsoNormal\"&gt; &lt;/p&gt;&lt;ol style=\"margin-top: 0cm;\" start=\"1\" type=\"1\"&gt;&lt;li class=\"MsoListParagraph\" style=\"margin-left: 0cm; mso-list: l0 level1 lfo2;\"&gt;David por favor analiza el caso y me cuentas cuál es la razón para que esos pedidos tengan aún pendientes de entrega. Hay que dar solución al inconveniente de raíz. Ya habíamos llegado a unos acuerdos y quedamos en que la solicitud de compra y orden de compra no son posteriores al picking. La solicitud de compra de faltantes debe salir del resultado de (stock - lo comprometido+ lo comprado que viene en camino). Sí queda faltando algo que se debe pedir, Se revisan unidades mínimas de empaque, y abastecimiento define sí esas cantidades mínimas se piden para atender el pedido y tener en stock o sí es algo de baja rotación, en cuyo caso contactamos al cliente para decirle que ese material, en razón a que es un material que se pide bajo pedido, la fábrica nos exige un pedido de mínimo tantas unidades y así el cliente defina sí nos pide cantidades adicionales o no lo compra. Pregunto a procesos sí ya hizo este ajuste que se acordó en reunión. Cristhian, necesito por favor que móvil ventas cuando se conecte con sap para mirar existencias no tome el valor de stock, sino el stock – el comprometido para que no disponga de material que ya fue comprometido.&lt;/li&gt;&lt;li class=\"MsoListParagraph\" style=\"margin-left: 0cm; mso-list: l0 level1 lfo2;\"&gt;Les dejo esta reflexión a todos, ¿creen que después de incumplirle a un cliente y enviarle la mercancía incompleta, la solución al problema es llamarlo para ver sí efectivamente lo requiere?&lt;/li&gt;&lt;/ol&gt;&lt;p class=\"MsoListParagraph\"&gt;Entendamos que sí nos lo pidió, es porque lo necesita. Seamos empáticos con el cliente, ¿ustedes no creen que actuar con los clientes de esta forma nos debe estar creando una muy mala imagen con los clientes?&lt;/p&gt;&lt;ol style=\"margin-top: 0cm;\" start=\"3\" type=\"1\"&gt;&lt;li class=\"MsoListParagraph\" style=\"margin-left: 0cm; mso-list: l0 level1 lfo2;\"&gt;Logística no sólo debe validar sí es un pedido de menor valor, debe revisar sí esto tal vez corresponde a un faltante de una orden de venta mucho más grande sobre la cual el flete se absorbe, puede ser también el complemento de una venta directa que por unidades de empaque se debe atender desde la bodega. Ahora bien, sí la solicitud es un único pedido de menor cuantía, ahí sí es un tema para que el área comercial revise con el cliente el cobro del flete.&lt;/li&gt;&lt;li class=\"MsoListParagraph\" style=\"margin-left: 0cm; mso-list: l0 level1 lfo2;\"&gt;Espero que estos casos ya queden resueltos y se repitan menos, y sólo por esta vez ,necesito por favor que el área comercial, después de hablar con David y Compras, le informen al cliente cuando le estaría llegando el pendiente, para que validemos sí esos faltante de enero por ejemplo, ya fueron resueltos por el cliente o sí aun nos están esperando.&lt;/li&gt;&lt;li class=\"MsoListParagraph\" style=\"margin-left: 0cm; mso-list: l0 level1 lfo2;\"&gt;Luis Gerardo, infórmame por favor qué consultaste con tecnología (SAP), con respecto a sí la practica adecuada era la que tu proponías de mantener la mercancía remisionada varios días para estuviese comprometida.&lt;/li&gt;&lt;/ol&gt;&lt;p class=\"MsoNormal\"&gt; &lt;/p&gt;&lt;p class=\"MsoNormal\"&gt; &lt;/p&gt;&lt;p class=\"MsoNormal\"&gt;Saludos,&lt;/p&gt;&lt;p class=\"MsoNormal\"&gt; &lt;/p&gt;&lt;p class=\"MsoNormal\"&gt; &lt;/p&gt;&lt;p class=\"MsoNormal\"&gt; &lt;/p&gt;&lt;div&gt;&lt;p class=\"MsoNormal\"&gt;&lt;span style=\"mso-fareast-language: ES-CO;\"&gt;&lt;a href=\"http://helpdesk.arintia.com.co/glpi/front/document.send.php?docid=4540&amp;tickets_id=5275\" target=\"_blank\" rel=\"noopener\"&gt;&lt;img src=\"http://helpdesk.arintia.com.co/glpi/front/document.send.php?docid=4540&amp;tickets_id=5275\" alt=\"3e2289dc-d9d62df8-6406712b3c2098.67328388\" width=\"4151\" /&gt;&lt;/a&gt;&lt;/span&gt;&lt;/p&gt;&lt;/div&gt;&lt;p class=\"MsoNormal\"&gt; &lt;/p&gt;&lt;div&gt;&lt;div style=\"border: none; border-top: solid #E1E1E1 1.0pt; padding: 3.0pt 0cm 0cm 0cm;\"&gt;&lt;p class=\"MsoNormal\"&gt;&lt;strong&gt;&lt;span lang=\"ES\" style=\"mso-fareast-language: ES-CO;\"&gt;De:&lt;/span&gt;&lt;/strong&gt;&lt;span lang=\"ES\" style=\"mso-fareast-language: ES-CO;\"&gt; Luis Gerardo Jiménez Castañeda &lt;&lt;a href=\"mailto:luis.jimenez@techossas.com\"&gt;&lt;span style=\"color: windowtext;\"&gt;un&lt;/span&gt;&lt;/a&gt;&gt; &lt;br /&gt;&lt;strong&gt;Enviado el:&lt;/strong&gt; sábado, 25 de febrero de 2023 10:32 a. m.&lt;br /&gt;&lt;strong&gt;Para:&lt;/strong&gt; Gustavo Adolfo Escobar Betancourt &lt;&lt;a href=\"mailto:gustavo.escobar@techossas.com\"&gt;gustavo.escobar@techossas.com&lt;/a&gt;&gt;; Mauricio Flórez Ortiz &lt;&lt;a href=\"mailto:mauricio.florez@techossas.com\"&gt;mauricio.florez@techossas.com&lt;/a&gt;&gt;&lt;br /&gt;&lt;strong&gt;CC:&lt;/strong&gt; Carlos Andres Cachaya Fernandez &lt;&lt;a href=\"mailto:carlos.cachaya@techossas.com\"&gt;carlos.cachaya@techossas.com&lt;/a&gt;&gt;; Esneider Lesmes Vasquez &lt;&lt;a href=\"mailto:esneider.lesmes@techossas.com\"&gt;esneider.lesmes@techossas.com&lt;/a&gt;&gt;&lt;br /&gt;&lt;strong&gt;Asunto:&lt;/strong&gt; RE: PEDIDOS EN PICKING Y REMISONES SIN ENTREGA&lt;/span&gt;&lt;/p&gt;&lt;/div&gt;&lt;/div&gt;&lt;p class=\"MsoNormal\"&gt; &lt;/p&gt;&lt;p class=\"MsoNormal\"&gt;Gustavo, buenos días:&lt;/p&gt;&lt;p class=\"MsoNormal\"&gt; &lt;/p&gt;&lt;p class=\"MsoNormal\"&gt;Estamos de acuerdo; debemos trabajar en equipo, ante lo pendiente de despacho estoy revisando con Andres lo siguiente:&lt;/p&gt;&lt;p class=\"MsoNormal\"&gt; &lt;/p&gt;&lt;ul style=\"margin-top: 0cm;\" type=\"disc\"&gt;&lt;li class=\"MsoListParagraph\" style=\"margin-left: 0cm; mso-list: l2 level1 lfo3;\"&gt;Para el lunes daremos prioridad a las remisiones revisadas por ustedes, ya estamos verificando que vehículos tendremos lunes y martes&lt;/li&gt;&lt;li class=\"MsoListParagraph\" style=\"margin-left: 0cm; mso-list: l2 level1 lfo3;\"&gt;Se está haciendo verificación de remisiones abiertas sin facturar para garantizar limpiar al máximo&lt;/li&gt;&lt;/ul&gt;&lt;p class=\"MsoNormal\"&gt; &lt;/p&gt;&lt;p class=\"MsoNormal\"&gt; &lt;/p&gt;&lt;p class=\"MsoNormal\"&gt;De Uds. requerimos:&lt;/p&gt;&lt;p class=\"MsoNormal\"&gt; &lt;/p&gt;&lt;ul style=\"margin-top: 0cm;\" type=\"disc\"&gt;&lt;li class=\"MsoListParagraph\" style=\"margin-left: 0cm; mso-list: l2 level1 lfo3;\"&gt;Revisar el picking entregado a Uds. el jueves, ya que como enviaste en un correo anterior hay pendientes de enero y febrero; al revisar esto encuentro que en enero 36 de 69 pedidos (52%) son pedidos de menos de $100000, y 13 de 69 (18%) están entre $100001 y $300000, estos dan un 70% de los pedidos por debajo del monto mínimo, esto debe ser verificado uno a uno para saber que se anula y que realmente se puede entregar; teniendo en cuenta que estos montos no compensan el recurso logístico utilizado; entendiendo que muchos de estos son disponibles por abastecimientos posteriores a su picking inicial&lt;/li&gt;&lt;/ul&gt;&lt;p class=\"MsoNormal\"&gt; &lt;/p&gt;&lt;ul style=\"margin-top: 0cm;\" type=\"disc\"&gt;&lt;li class=\"MsoListParagraph\" style=\"margin-left: 0cm; mso-list: l2 level1 lfo3;\"&gt;Los pedidos de mayor valor ya comenzaron a ser atacados independiente que Uds. no los hayan verificado y así avanzar en revisión por valor&lt;/li&gt;&lt;/ul&gt;&lt;p class=\"MsoListParagraph\"&gt; &lt;/p&gt;&lt;ul style=\"margin-top: 0cm;\" type=\"disc\"&gt;&lt;li class=\"MsoListParagraph\" style=\"margin-left: 0cm; mso-list: l2 level1 lfo3;\"&gt;En caso de encontrar pedidos ya verificados por Uds. que aun son susceptibles de entrega, validaremos en conjunto la prioridad de envío en conjunto con lo del día para lograr evacuar lo mayor posible&lt;/li&gt;&lt;/ul&gt;&lt;p class=\"MsoListParagraph\"&gt; &lt;/p&gt;&lt;p class=\"MsoNormal\"&gt; &lt;/p&gt;&lt;p class=\"MsoNormal\"&gt;Cordialmente&lt;/p&gt;&lt;p class=\"MsoNormal\"&gt; &lt;/p&gt;&lt;div&gt;&lt;p class=\"MsoNormal\"&gt;&lt;span style=\"mso-fareast-language: ES-CO;\"&gt;&lt;a href=\"http://helpdesk.arintia.com.co/glpi/front/document.send.php?docid=4283&amp;tickets_id=5275\" target=\"_blank\" rel=\"noopener\"&gt;&lt;img src=\"http://helpdesk.arintia.com.co/glpi/front/document.send.php?docid=4283&amp;tickets_id=5275\" alt=\"3e2289dc-d9d62df8-63ceb6c8e164c5.83367377\" width=\"1280\" /&gt;&lt;/a&gt;&lt;/span&gt;&lt;/p&gt;&lt;/div&gt;&lt;p class=\"MsoNormal\"&gt; &lt;/p&gt;&lt;div&gt;&lt;div style=\"border: none; border-top: solid #E1E1E1 1.0pt; padding: 3.0pt 0cm 0cm 0cm;\"&gt;&lt;p class=\"MsoNormal\"&gt;&lt;strong&gt;&lt;span lang=\"ES\" style=\"mso-fareast-language: ES-CO;\"&gt;De:&lt;/span&gt;&lt;/strong&gt;&lt;span lang=\"ES\" style=\"mso-fareast-language: ES-CO;\"&gt; Gustavo Adolfo Escobar Betancourt &lt;&lt;a href=\"mailto:gustavo.escobar@techossas.com\"&gt;gustavo.escobar@techossas.com&lt;/a&gt;&gt; &lt;br /&gt;&lt;strong&gt;Enviado el:&lt;/strong&gt; sábado, 25 de febrero de 2023 10:02 a. m.&lt;br /&gt;&lt;strong&gt;Para:&lt;/strong&gt; Luis Gerardo Jiménez Castañeda &lt;&lt;a href=\"mailto:luis.jimenez@techossas.com\"&gt;luis.jimenez@techossas.com&lt;/a&gt;&gt;; Mauricio Flórez Ortiz &lt;&lt;a href=\"mailto:mauricio.florez@techossas.com\"&gt;mauricio.florez@techossas.com&lt;/a&gt;&gt;&lt;br /&gt;&lt;strong&gt;CC:&lt;/strong&gt; Carlos Andres Cachaya Fernandez &lt;&lt;a href=\"mailto:carlos.cachaya@techossas.com\"&gt;carlos.cachaya@techossas.com&lt;/a&gt;&gt;; Esneider Lesmes Vasquez &lt;&lt;a href=\"mailto:esneider.lesmes@techossas.com\"&gt;esneider.lesmes@techossas.com&lt;/a&gt;&gt;&lt;br /&gt;&lt;strong&gt;Asunto:&lt;/strong&gt; PEDIDOS EN PICKING Y REMISONES SIN ENTREGA&lt;br /&gt;&lt;strong&gt;Importancia:&lt;/strong&gt; Alta&lt;/span&gt;&lt;/p&gt;&lt;/div&gt;&lt;/div&gt;&lt;p class=\"MsoNormal\"&gt; &lt;/p&gt;&lt;p class=\"MsoNormal\"&gt;&lt;span lang=\"ES-MX\"&gt;Luis, buen día&lt;/span&gt;&lt;/p&gt;&lt;p class=\"MsoNormal\"&gt;&lt;span lang=\"ES-MX\"&gt; &lt;/span&gt;&lt;/p&gt;&lt;p class=\"MsoNormal\"&gt;&lt;span lang=\"ES-MX\"&gt;En la tarde de ayer estuve revisando con andres los pedidos remisionados pendientes de entrega, realizando el conteo tenemos 70 pedidos remisionados pendientes de despacho, me indica que difícilmente se lograra entregar la totalidad antes del cierre de mes, sin contar los pedidos que salgan entre hoy y el día martes.&lt;/span&gt;&lt;/p&gt;&lt;p class=\"MsoNormal\"&gt;&lt;span lang=\"ES-MX\"&gt; &lt;/span&gt;&lt;/p&gt;&lt;p class=\"MsoNormal\"&gt;&lt;span lang=\"ES-MX\"&gt;Sacando exporte , tenemos $288 Millones en total y donde para el caso de &lt;strong&gt;mayorista tenemos 191 millones.&lt;/strong&gt;&lt;/span&gt;&lt;/p&gt;&lt;p class=\"MsoNormal\"&gt;&lt;span lang=\"ES-MX\"&gt; &lt;/span&gt;&lt;/p&gt;&lt;p class=\"MsoNormal\"&gt;&lt;span lang=\"ES-MX\"&gt;&lt;a href=\"http://helpdesk.arintia.com.co/glpi/front/document.send.php?docid=4541&amp;tickets_id=5275\" target=\"_blank\" rel=\"noopener\"&gt;&lt;img src=\"http://helpdesk.arintia.com.co/glpi/front/document.send.php?docid=4541&amp;tickets_id=5275\" alt=\"3e2289dc-d9d62df8-6406725883ac83.74877273\" width=\"361\" /&gt;&lt;/a&gt;&lt;/span&gt;&lt;/p&gt;&lt;p class=\"MsoNormal\"&gt;&lt;span lang=\"ES-MX\"&gt; &lt;/span&gt;&lt;/p&gt;&lt;table class=\"MsoNormalTable\" style=\"width: 365px; border-collapse: collapse; border-spacing: 0px;\" border=\"0\" cellpadding=\"0\"&gt;&lt;tbody&gt;&lt;tr style=\"height: 15.0pt;\"&gt;&lt;td style=\"width: 239px; border: none; border-bottom: solid #95B3D7 1.0pt; background: #DCE6F1; padding: 0cm 3.5pt 0cm 3.5pt; height: 15.0pt; white-space: nowrap;\" valign=\"bottom\"&gt;&lt;p class=\"MsoNormal\"&gt;&lt;strong&gt;&lt;span style=\"color: black; mso-fareast-language: ES-MX;\"&gt;Etiquetas de fila&lt;/span&gt;&lt;/strong&gt;&lt;/p&gt;&lt;/td&gt;&lt;td style=\"width: 126px; border: none; border-bottom: solid #95B3D7 1.0pt; background: #DCE6F1; padding: 0cm 3.5pt 0cm 3.5pt; height: 15.0pt; white-space: nowrap;\" valign=\"bottom\"&gt;&lt;p class=\"MsoNormal\"&gt;&lt;strong&gt;&lt;span style=\"color: black; mso-fareast-language: ES-MX;\"&gt;Suma de Importe &lt;/span&gt;&lt;/strong&gt;&lt;/p&gt;&lt;/td&gt;&lt;/tr&gt;&lt;tr style=\"height: 15.0pt;\"&gt;&lt;td style=\"width: 239px; padding: 0cm 3.5pt 0cm 3.5pt; height: 15.0pt; white-space: nowrap;\" valign=\"bottom\"&gt;&lt;p class=\"MsoNormal\"&gt;&lt;span style=\"color: black; mso-fareast-language: ES-MX;\"&gt;ANA MARIA VILLA RAMIREZ&lt;/span&gt;&lt;/p&gt;&lt;/td&gt;&lt;td style=\"width: 126px; padding: 0cm 3.5pt 0cm 3.5pt; height: 15.0pt; white-space: nowrap;\" valign=\"bottom\"&gt;&lt;p class=\"MsoNormal\"&gt;&lt;span style=\"color: black; mso-fareast-language: ES-MX;\"&gt;$              31,025,271 &lt;/span&gt;&lt;/p&gt;&lt;/td&gt;&lt;/tr&gt;&lt;tr style=\"height: 15.0pt;\"&gt;&lt;td style=\"width: 239px; padding: 0cm 3.5pt 0cm 3.5pt; height: 15.0pt; white-space: nowrap;\" valign=\"bottom\"&gt;&lt;p class=\"MsoNormal\"&gt;&lt;span style=\"color: black; mso-fareast-language: ES-MX;\"&gt;CESAR AUGUSTO SALAMANCA&lt;/span&gt;&lt;/p&gt;&lt;/td&gt;&lt;td style=\"width: 126px; padding: 0cm 3.5pt 0cm 3.5pt; height: 15.0pt; white-space: nowrap;\" valign=\"bottom\"&gt;&lt;p class=\"MsoNormal\"&gt;&lt;span style=\"color: black; mso-fareast-language: ES-MX;\"&gt;$              58,282,390 &lt;/span&gt;&lt;/p&gt;&lt;/td&gt;&lt;/tr&gt;&lt;tr style=\"height: 15.0pt;\"&gt;&lt;td style=\"width: 239px; padding: 0cm 3.5pt 0cm 3.5pt; height: 15.0pt; white-space: nowrap;\" valign=\"bottom\"&gt;&lt;p class=\"MsoNormal\"&gt;&lt;span style=\"color: black; mso-fareast-language: ES-MX;\"&gt;CYNTHIA LOPEZ&lt;/span&gt;&lt;/p&gt;&lt;/td&gt;&lt;td style=\"width: 126px; padding: 0cm 3.5pt 0cm 3.5pt; height: 15.0pt; white-space: nowrap;\" valign=\"bottom\"&gt;&lt;p class=\"MsoNormal\"&gt;&lt;span style=\"color: black; mso-fareast-language: ES-MX;\"&gt;$              12,999,142 &lt;/span&gt;&lt;/p&gt;&lt;/td&gt;&lt;/tr&gt;&lt;tr style=\"height: 15.0pt;\"&gt;&lt;td style=\"width: 239px; padding: 0cm 3.5pt 0cm 3.5pt; height: 15.0pt; white-space: nowrap;\" valign=\"bottom\"&gt;&lt;p class=\"MsoNormal\"&gt;&lt;span style=\"color: black; mso-fareast-language: ES-MX;\"&gt;ELIANA MARCELA ROSERO BERRIO&lt;/span&gt;&lt;/p&gt;&lt;/td&gt;&lt;td style=\"width: 126px; padding: 0cm 3.5pt 0cm 3.5pt; height: 15.0pt; white-space: nowrap;\" valign=\"bottom\"&gt;&lt;p class=\"MsoNormal\"&gt;&lt;span style=\"color: black; mso-fareast-language: ES-MX;\"&gt;$              26,555,867 &lt;/span&gt;&lt;/p&gt;&lt;/td&gt;&lt;/tr&gt;&lt;tr style=\"height: 15.0pt;\"&gt;&lt;td style=\"width: 239px; padding: 0cm 3.5pt 0cm 3.5pt; height: 15.0pt; white-space: nowrap;\" valign=\"bottom\"&gt;&lt;p class=\"MsoNormal\"&gt;&lt;span style=\"color: black; mso-fareast-language: ES-MX;\"&gt;VICTOR AUGUSTO CAMACHO TORRES&lt;/span&gt;&lt;/p&gt;&lt;/td&gt;&lt;td style=\"width: 126px; padding: 0cm 3.5pt 0cm 3.5pt; height: 15.0pt; white-space: nowrap;\" valign=\"bottom\"&gt;&lt;p class=\"MsoNormal\"&gt;&lt;span style=\"color: black; mso-fareast-language: ES-MX;\"&gt;$              41,613,629 &lt;/span&gt;&lt;/p&gt;&lt;/td&gt;&lt;/tr&gt;&lt;tr style=\"height: 15.0pt;\"&gt;&lt;td style=\"width: 239px; padding: 0cm 3.5pt 0cm 3.5pt; height: 15.0pt; white-space: nowrap;\" valign=\"bottom\"&gt;&lt;p class=\"MsoNormal\"&gt;&lt;span style=\"color: black; mso-fareast-language: ES-MX;\"&gt;YOLANDA ISABEL REYES RIOS&lt;/span&gt;&lt;/p&gt;&lt;/td&gt;&lt;td style=\"width: 126px; padding: 0cm 3.5pt 0cm 3.5pt; height: 15.0pt; white-space: nowrap;\" valign=\"bottom\"&gt;&lt;p class=\"MsoNormal\"&gt;&lt;span style=\"color: black; mso-fareast-language: ES-MX;\"&gt;$              20,533,636 &lt;/span&gt;&lt;/p&gt;&lt;/td&gt;&lt;/tr&gt;&lt;tr style=\"height: 15.0pt;\"&gt;&lt;td style=\"width: 239px; border: none; border-top: solid #95B3D7 1.0pt; background: #DCE6F1; padding: 0cm 3.5pt 0cm 3.5pt; height: 15.0pt; white-space: nowrap;\" valign=\"bottom\"&gt;&lt;p class=\"MsoNormal\"&gt;&lt;strong&gt;&lt;span style=\"color: black; mso-fareast-language: ES-MX;\"&gt;Total general&lt;/span&gt;&lt;/strong&gt;&lt;/p&gt;&lt;/td&gt;&lt;td style=\"width: 126px; border: none; border-top: solid #95B3D7 1.0pt; background: #DCE6F1; padding: 0cm 3.5pt 0cm 3.5pt; height: 15.0pt; white-space: nowrap;\" valign=\"bottom\"&gt;&lt;p class=\"MsoNormal\"&gt;&lt;strong&gt;&lt;span style=\"color: black; mso-fareast-language: ES-MX;\"&gt;$           191,009,935 &lt;/span&gt;&lt;/strong&gt;&lt;/p&gt;&lt;/td&gt;&lt;/tr&gt;&lt;/tbody&gt;&lt;/table&gt;&lt;p class=\"MsoNormal\"&gt;&lt;span lang=\"ES-MX\"&gt; &lt;/span&gt;&lt;/p&gt;&lt;p class=\"MsoNormal\"&gt;&lt;span lang=\"ES-MX\"&gt; &lt;/span&gt;&lt;/p&gt;&lt;p class=\"MsoNormal\"&gt;&lt;span lang=\"ES-MX\"&gt;Esto requiere un plan de choque estratégico inmediato el cual quiero que revisemos al detalle, no puedo seguir arrastrando facturación para el mes siguiente desdibujando la gestión comercial. ¿Que requerimos?, construyamos juntos, y de ser necesario ver que se puede dejar facturado para entregar la primera semana del mes. Sumando a esto el informe de pendientes de picking o remisión, en el canal ferretero y mayorista corona los clientes no tienen lio con la facturación.&lt;/span&gt;&lt;/p&gt;&lt;p class=\"MsoNormal\"&gt;&lt;span lang=\"ES-MX\"&gt; &lt;/span&gt;&lt;/p&gt;&lt;p class=\"MsoNormal\"&gt;&lt;span lang=\"ES-MX\"&gt;Quedo atento a comentarios.&lt;/span&gt;&lt;/p&gt;&lt;p class=\"MsoNormal\"&gt;&lt;span lang=\"ES-MX\"&gt; &lt;/span&gt;&lt;/p&gt;&lt;p class=\"MsoNormal\"&gt;&lt;span lang=\"ES-MX\"&gt;Saludos. &lt;/span&gt;&lt;/p&gt;&lt;p class=\"MsoNormal\"&gt;&lt;span lang=\"ES-MX\"&gt; &lt;/span&gt;&lt;/p&gt;&lt;p class=\"MsoNormal\"&gt;&lt;span lang=\"ES-MX\" style=\"mso-fareast-language: ES-MX;\"&gt;&lt;a href=\"http://helpdesk.arintia.com.co/glpi/front/document.send.php?docid=4520&amp;tickets_id=5275\" target=\"_blank\" rel=\"noopener\"&gt;&lt;img src=\"http://helpdesk.arintia.com.co/glpi/front/document.send.php?docid=4520&amp;tickets_id=5275\" alt=\"3e2289dc-d9d62df8-6400295cc35e81.80143417\" width=\"400\" /&gt;&lt;/a&gt;&lt;/span&gt;&lt;/p&gt;&lt;p class=\"MsoNormal\"&gt;&lt;span lang=\"ES-MX\"&gt; &lt;/span&gt;&lt;/p&gt;&lt;/div&gt;',3,3,3,150,1,1,17,24,0,'2023-03-07 21:00:00','2023-03-07 13:40:00','2023-05-05 15:50:48',0,0,0,0,0,NULL,NULL,NULL,0,1689699,1480848,1,0,0,38,0,'2023-03-06 23:08:02',NULL),(5341,1,'SOLICITUD','2023-03-22 20:00:01','2023-05-09 15:13:33','2023-05-09 15:13:33',NULL,'2023-05-09 15:13:33',295,6,771,2,'&lt;div class=\"WordSection1\"&gt;&lt;p class=\"MsoNormal\"&gt; &lt;/p&gt;&lt;p class=\"MsoNormal\"&gt;Buena tarde&lt;/p&gt;&lt;p class=\"MsoNormal\"&gt; &lt;/p&gt;&lt;p class=\"MsoNormal\"&gt;Cordial saludo&lt;/p&gt;&lt;p class=\"MsoNormal\"&gt; &lt;/p&gt;&lt;p class=\"MsoNormal\"&gt;De manera muy atenta solicito su colaboración con la asignación de una pantalla.&lt;/p&gt;&lt;p class=\"MsoNormal\"&gt; &lt;/p&gt;&lt;p class=\"MsoNormal\"&gt;Muchas gracias&lt;/p&gt;&lt;p class=\"MsoNormal\"&gt;&lt;span style=\"mso-fareast-language: ES-CO;\"&gt;&lt;a href=\"http://helpdesk.arintia.com.co/glpi/front/document.send.php?docid=4600&amp;tickets_id=5341\" target=\"_blank\" rel=\"noopener\"&gt;&lt;img src=\"http://helpdesk.arintia.com.co/glpi/front/document.send.php?docid=4600&amp;tickets_id=5341\" alt=\"3d1b5dab-d9d62df8-641b5e47765742.14377995\" width=\"1299\" /&gt;&lt;/a&gt;&lt;/span&gt;&lt;/p&gt;&lt;p class=\"MsoNormal\"&gt; &lt;/p&gt;&lt;/div&gt;',3,3,2,131,2,1,0,24,0,'2023-05-10 03:27:20','2023-03-22 20:40:01',NULL,0,0,0,0,0,NULL,NULL,NULL,4026439,103573,103573,292,0,0,47,0,'2023-03-22 20:00:01',NULL),(5346,15,'Layout Picking','2023-03-23 14:06:01','2023-07-07 20:45:18','2023-07-04 15:29:41',NULL,'2023-07-07 21:03:01',692,6,947,2,'&lt;div class=\"WordSection1\"&gt;&lt;p class=\"MsoNormal\"&gt;Buenos días Julian Mateo&lt;/p&gt;&lt;p class=\"MsoNormal\"&gt;Cordial Saludo&lt;/p&gt;&lt;p class=\"MsoNormal\"&gt; &lt;/p&gt;&lt;p class=\"MsoNormal\"&gt;Por favor apóyame con este layout que es para Picking de Techos&lt;/p&gt;&lt;p class=\"MsoNormal\"&gt; &lt;/p&gt;&lt;p class=\"MsoNormal\"&gt;Gracias&lt;/p&gt;&lt;p class=\"MsoNormal\"&gt; &lt;/p&gt;&lt;p class=\"MsoNormal\"&gt;&lt;span style=\"mso-fareast-language: ES-CO;\"&gt;&lt;a href=\"http://helpdesk.arintia.com.co/glpi/front/document.send.php?docid=3570&amp;tickets_id=5346\" target=\"_blank\" rel=\"noopener\"&gt;&lt;img src=\"http://helpdesk.arintia.com.co/glpi/front/document.send.php?docid=3570&amp;tickets_id=5346\" alt=\"3e2289dc-d9d62df8-630e3c3a8c64a3.04042806\" width=\"640\" /&gt;&lt;/a&gt;&lt;/span&gt;&lt;/p&gt;&lt;p class=\"MsoNormal\"&gt; &lt;/p&gt;&lt;/div&gt;',3,3,3,167,2,1,23,24,0,'2023-05-05 22:30:00','2023-03-23 14:46:01','2023-07-04 15:29:41',3083251,0,0,0,0,NULL,NULL,NULL,862051,1761106,1639569,445,0,0,45,0,'2023-03-23 14:06:01',NULL),(5385,15,'RUTAS MV ( UBICACION)','2023-03-28 20:12:01','2023-05-11 13:24:37','2023-05-11 13:24:37',NULL,'2023-05-11 23:24:02',752,6,0,2,'&lt;div class=\"WordSection1\"&gt;&lt;p class=\"MsoNormal\"&gt;Buen día&lt;/p&gt;&lt;p class=\"MsoNormal\"&gt; &lt;/p&gt;&lt;p class=\"MsoNormal\"&gt;Hemos detectado en repetidas ocasiones que el aplicativo o celular de la comercial &lt;a id=\"OWAAMAD9028EAB5EE4D2AA74FD869DC830C4B\" href=\"mailto:yolanda.reyes@techossas.com\"&gt; @Yolanda Isabel Reyes Ríos&lt;/a&gt; no registra trazabilidad de geo ruta; ejemplo el día de hoy donde me comparte ubicación pero el mv no registra mv , si hay pedidos montados y registro de visitas.&lt;/p&gt;&lt;p class=\"MsoNormal\"&gt;Agradezco por favro me ayuden a revisar si es fallo del equipo, aplicación y/o mal uso del mismo.&lt;/p&gt;&lt;p class=\"MsoNormal\"&gt; &lt;/p&gt;&lt;p class=\"MsoNormal\"&gt;Quedo atento a comentarios.&lt;/p&gt;&lt;p class=\"MsoNormal\"&gt; &lt;/p&gt;&lt;p class=\"MsoNormal\"&gt;Saludos.&lt;/p&gt;&lt;p class=\"MsoNormal\"&gt; &lt;/p&gt;&lt;p class=\"MsoNormal\"&gt; &lt;/p&gt;&lt;p class=\"MsoNormal\"&gt;&lt;span style=\"mso-fareast-language: ES-MX;\"&gt;&lt;a href=\"http://192.168.11.15/glpi/front/document.send.php?docid=4520&amp;tickets_id=5385\" target=\"_blank\" rel=\"noopener\"&gt;&lt;img src=\"http://192.168.11.15/glpi/front/document.send.php?docid=4520&amp;tickets_id=5385\" alt=\"3e2289dc-d9d62df8-6400295cc35e81.80143417\" width=\"400\" /&gt;&lt;/a&gt;&lt;/span&gt;&lt;/p&gt;&lt;p class=\"MsoNormal\"&gt; &lt;/p&gt;&lt;/div&gt;',3,3,3,151,1,1,8,24,0,'2023-04-11 19:11:16','2023-03-28 20:52:01',NULL,320355,0,0,0,0,NULL,NULL,NULL,320449,749507,749507,834,0,0,0,0,'2023-03-28 20:12:01',NULL),(5417,22,'RV: Cuadros Comisiones MCP','2023-03-31 20:03:01','2023-06-22 20:45:07','2023-06-22 20:45:07',NULL,'2023-06-22 20:45:07',353,6,565,2,'&lt;div class=\"WordSection1\"&gt;&lt;p class=\"MsoNormal\"&gt; &lt;/p&gt;&lt;p class=\"MsoNormal\"&gt; &lt;/p&gt;&lt;div&gt;&lt;div style=\"border: none; border-top: solid #E1E1E1 1.0pt; padding: 3.0pt 0cm 0cm 0cm;\"&gt;&lt;p class=\"MsoNormal\"&gt;&lt;strong&gt;&lt;span lang=\"ES\" style=\"mso-fareast-language: ES-CO;\"&gt;De:&lt;/span&gt;&lt;/strong&gt;&lt;span lang=\"ES\" style=\"mso-fareast-language: ES-CO;\"&gt; Andres Felipe Consuegra Santamaria andres.consuegra@arintia.com &lt;br /&gt;&lt;strong&gt;Enviado el:&lt;/strong&gt; miércoles, 14 de diciembre de 2022 9:56 a. m.&lt;br /&gt;&lt;strong&gt;Para:&lt;/strong&gt; Viviana Rojas Gonzalez lady.rojas@arintia.com&lt;br /&gt;&lt;strong&gt;Asunto:&lt;/strong&gt; Cuadros Comisiones MCP&lt;/span&gt;&lt;/p&gt;&lt;/div&gt;&lt;/div&gt;&lt;p class=\"MsoNormal\"&gt; &lt;/p&gt;&lt;p class=\"MsoNormal\"&gt; &lt;/p&gt;&lt;p class=\"MsoNormal\"&gt; &lt;/p&gt;&lt;p class=\"MsoNormal\"&gt;&lt;span style=\"mso-fareast-language: ES-CO;\"&gt;&lt;a href=\"http://192.168.11.15/glpi/front/document.send.php?docid=3797&amp;tickets_id=5417\" target=\"_blank\" rel=\"noopener\"&gt;&lt;img src=\"http://192.168.11.15/glpi/front/document.send.php?docid=3797&amp;tickets_id=5417\" alt=\"3e2289dc-d9d62df8-6344324a72ba68.12413103\" width=\"667\" /&gt;&lt;/a&gt;&lt;/span&gt;&lt;/p&gt;&lt;p class=\"MsoNormal\"&gt; &lt;/p&gt;&lt;/div&gt;',3,3,5,167,2,1,2,24,0,'2023-06-23 15:39:21','2023-03-31 20:43:01',NULL,2018180,0,0,0,0,NULL,NULL,NULL,2018180,2146,2146,1,0,0,48,0,'2023-03-31 20:03:01',NULL),(5437,1,'RE: Proceso de OT por desemsanble','2023-04-04 01:24:01',NULL,NULL,NULL,'2023-04-24 10:42:57',113,2,456,2,'&lt;div class=\"WordSection1\"&gt;&lt;p class=\"MsoNormal\"&gt;Buen dia, Jorge&lt;/p&gt;&lt;p class=\"MsoNormal\"&gt; &lt;/p&gt;&lt;p class=\"MsoNormal\"&gt;De acuerdo me parece un tema que no se puede dejar avanzar mas&lt;/p&gt;&lt;p class=\"MsoNormal\"&gt;Quedo atento&lt;/p&gt;&lt;p class=\"MsoNormal\"&gt; &lt;/p&gt;&lt;div&gt;&lt;p class=\"MsoNormal\"&gt;&lt;span style=\"mso-fareast-language: ES-MX;\"&gt;&lt;a href=\"http://helpdesk.arintia.com.co/glpi/front/document.send.php?docid=3577&amp;tickets_id=5437\" target=\"_blank\" rel=\"noopener\"&gt;&lt;img src=\"http://helpdesk.arintia.com.co/glpi/front/document.send.php?docid=3577&amp;tickets_id=5437\" alt=\"3e2289dc-d9d62df8-6310af2de0ce94.38886037\" width=\"1334\" /&gt;&lt;/a&gt;&lt;/span&gt;&lt;/p&gt;&lt;/div&gt;&lt;p class=\"MsoNormal\"&gt; &lt;/p&gt;&lt;div&gt;&lt;div style=\"border: none; border-top: solid #E1E1E1 1.0pt; padding: 3.0pt 0cm 0cm 0cm;\"&gt;&lt;p class=\"MsoNormal\"&gt;&lt;strong&gt;&lt;span lang=\"ES\" style=\"mso-fareast-language: ES-MX;\"&gt;De:&lt;/span&gt;&lt;/strong&gt;&lt;span lang=\"ES\" style=\"mso-fareast-language: ES-MX;\"&gt; Jorge Alberto Méndez Hernandez &lt;jorge.mendez@arintia.com&gt; &lt;br /&gt;&lt;strong&gt;Enviado el:&lt;/strong&gt; lunes, 3 de abril de 2023 4:58 p. m.&lt;br /&gt;&lt;strong&gt;Para:&lt;/strong&gt; Gestión de las TICS &lt;gestion.ti@arintia.com&gt;&lt;br /&gt;&lt;strong&gt;CC:&lt;/strong&gt; Juan Pablo Arenales Moreno &lt;juan.arenales@arintia.com&gt;; Diana Isabel Rojas Mejia &lt;diana.rojas@arintia.com&gt;&lt;br /&gt;&lt;strong&gt;Asunto:&lt;/strong&gt; RV: Proceso de OT por desemsanble&lt;/span&gt;&lt;/p&gt;&lt;/div&gt;&lt;/div&gt;&lt;p class=\"MsoNormal\"&gt; &lt;/p&gt;&lt;p class=\"MsoNormal\"&gt;&lt;span lang=\"ES-CO\"&gt;Equipo de TI &lt;/span&gt;&lt;/p&gt;&lt;p class=\"MsoNormal\"&gt;&lt;span lang=\"ES-CO\"&gt; &lt;/span&gt;&lt;/p&gt;&lt;p class=\"MsoNormal\"&gt;&lt;span lang=\"ES-CO\"&gt;De acuerdo a esta solicitud, como le damos avanze&lt;/span&gt;&lt;/p&gt;&lt;p class=\"MsoNormal\"&gt;&lt;span lang=\"ES-CO\"&gt; &lt;/span&gt;&lt;/p&gt;&lt;p class=\"MsoNormal\"&gt;&lt;span lang=\"ES-CO\"&gt;Hacemos una reunión para entender bien los puntos del proceso; ya que es un tema bastante critico que no se ha podido controlar e identificar los costos reales vs provisión de las ot de desensamble &lt;/span&gt;&lt;/p&gt;&lt;p class=\"MsoNormal\"&gt;&lt;span lang=\"ES-CO\"&gt; &lt;/span&gt;&lt;/p&gt;&lt;p class=\"MsoNormal\"&gt;&lt;span lang=\"ES-CO\"&gt;Gracias&lt;/span&gt;&lt;/p&gt;&lt;p class=\"MsoNormal\"&gt;&lt;span lang=\"ES-CO\"&gt;JM &lt;/span&gt;&lt;/p&gt;&lt;p class=\"MsoNormal\"&gt;&lt;span lang=\"ES-CO\"&gt; &lt;/span&gt;&lt;/p&gt;&lt;div&gt;&lt;div style=\"border: none; border-top: solid #E1E1E1 1.0pt; padding: 3.0pt 0cm 0cm 0cm;\"&gt;&lt;p class=\"MsoNormal\"&gt;&lt;strong&gt;&lt;span lang=\"ES\" style=\"mso-fareast-language: ES-CO;\"&gt;De:&lt;/span&gt;&lt;/strong&gt;&lt;span lang=\"ES\" style=\"mso-fareast-language: ES-CO;\"&gt; Jorge Alberto Méndez Hernandez &lt;br /&gt;&lt;strong&gt;Enviado el:&lt;/strong&gt; miércoles, 15 de marzo de 2023 8:47 a. m.&lt;br /&gt;&lt;strong&gt;Para:&lt;/strong&gt; Gestión de las TICS &lt;&lt;a href=\"mailto:gestion.ti@arintia.com\"&gt;gestion.ti@arintia.com&lt;/a&gt;&gt;; Elvis Alexander Salazar Núñez &lt;&lt;a href=\"mailto:elvis.salazar@arintia.com\"&gt;elvis.salazar@arintia.com&lt;/a&gt;&gt;; Wilson Alfredo Villarraga Rodriguez &lt;&lt;a href=\"mailto:wilson.villarraga@arintia.com\"&gt;wilson.villarraga@arintia.com&lt;/a&gt;&gt;; Orlando Benavides Farfán &lt;&lt;a href=\"mailto:orlando.benavides@arintia.com\"&gt;orlando.benavides@arintia.com&lt;/a&gt;&gt;&lt;br /&gt;&lt;strong&gt;CC:&lt;/strong&gt; Juan Pablo Arenales Moreno &lt;&lt;a href=\"mailto:juan.arenales@arintia.com\"&gt;juan.arenales@arintia.com&lt;/a&gt;&gt;&lt;br /&gt;&lt;strong&gt;Asunto:&lt;/strong&gt; Proceso de OT por desemsanble&lt;/span&gt;&lt;/p&gt;&lt;/div&gt;&lt;/div&gt;&lt;p class=\"MsoNormal\"&gt;&lt;span lang=\"ES-CO\"&gt; &lt;/span&gt;&lt;/p&gt;&lt;p class=\"MsoNormal\"&gt;&lt;span lang=\"ES-CO\"&gt;Buen día Teams TI &lt;/span&gt;&lt;/p&gt;&lt;p class=\"MsoNormal\"&gt;&lt;span lang=\"ES-CO\"&gt; &lt;/span&gt;&lt;/p&gt;&lt;p class=\"MsoNormal\"&gt;&lt;span lang=\"ES-CO\"&gt;Hago la siguiente solicitud ya que en el desarrollo de la actividad del proceso de aprovisionamiento de desensamblé es necesario la conciliación desde la parte de contabilidad.&lt;/span&gt;&lt;/p&gt;&lt;p class=\"MsoNormal\"&gt;&lt;span lang=\"ES-CO\"&gt;Para esto para el informe de SAP es posible ver que cuando se haga la entrada de almacén por parte de OT aprovisionamiento se referencia el # de la OT que se abrió para el control del préstamo de esos repuestos.&lt;/span&gt;&lt;/p&gt;&lt;p class=\"MsoNormal\"&gt;&lt;span lang=\"ES-CO\"&gt; &lt;/span&gt;&lt;/p&gt;&lt;p class=\"MsoNormal\"&gt;&lt;span lang=\"ES-CO\"&gt;&lt;a id=\"OWAAMA52C187FBEF1400D8CD9C50CFA0CB898\" href=\"mailto:elvis.salazar@arintia.com\"&gt;@Elvis Alexander Salazar Núñez&lt;/a&gt;, Por favor agregar la actividad conciliación en el proceso de OT aprovisionamiento para tener trazabilidad de costo provisionado vs costo real.&lt;/span&gt;&lt;/p&gt;&lt;p class=\"MsoNormal\"&gt;&lt;span lang=\"ES-CO\"&gt;&lt;a id=\"OWAAMDC540EE6627542C287D81CC9C5EAB928\" href=\"mailto:wilson.villarraga@arintia.com\"&gt;@Wilson Alfredo Villarraga Rodriguez&lt;/a&gt;, &lt;a id=\"OWAAM7653027B789F47D38ADDF9AD87F1FD68\" href=\"mailto:orlando.benavides@arintia.com\"&gt; @Orlando Benavides Farfán&lt;/a&gt; por favor de ahora en adelante solo referenciar la OT que se abrió por aprovisionamiento en la entrada de mercancía perteneciente al equipo del cual se desensamblo el primer repuesto.&lt;/span&gt;&lt;/p&gt;&lt;p class=\"MsoNormal\"&gt;&lt;span lang=\"ES-CO\"&gt; &lt;/span&gt;&lt;/p&gt;&lt;p class=\"MsoNormal\"&gt;&lt;span lang=\"ES-CO\"&gt;La idea con esta actualización es desde la parte parte contable porder conciliar información entre Costo Provisionado vs Costo real y poder tener mapeado la utilidad en el proceso &lt;/span&gt;&lt;/p&gt;&lt;p class=\"MsoNormal\"&gt;&lt;span lang=\"ES-CO\"&gt; &lt;/span&gt;&lt;/p&gt;&lt;p class=\"MsoNormal\"&gt;&lt;span lang=\"ES-CO\"&gt; &lt;/span&gt;&lt;/p&gt;&lt;p class=\"MsoNormal\"&gt;&lt;span lang=\"ES-CO\"&gt;Muchas gracias&lt;/span&gt;&lt;/p&gt;&lt;p class=\"MsoNormal\"&gt;&lt;span lang=\"ES-CO\"&gt;JM&lt;/span&gt;&lt;/p&gt;&lt;p class=\"MsoNormal\"&gt;&lt;span lang=\"ES-CO\"&gt; &lt;/span&gt;&lt;/p&gt;&lt;p class=\"MsoNormal\"&gt;&lt;span lang=\"ES-CO\"&gt; &lt;/span&gt;&lt;/p&gt;&lt;p class=\"MsoNormal\"&gt;&lt;span lang=\"ES-CO\"&gt; &lt;/span&gt;&lt;/p&gt;&lt;/div&gt;',3,3,5,167,2,1,2,1,0,'2023-04-04 16:00:00','2023-04-04 13:15:00',NULL,0,0,0,0,0,NULL,NULL,NULL,0,0,0,1,0,1,0,0,'2023-04-04 01:24:01',NULL),(5442,1,'Prueba','2023-04-04 15:10:51',NULL,NULL,NULL,'2023-04-24 10:14:15',113,2,0,2,'&lt;meta content=\"text/html; charset=utf-8\" /&gt; &lt;meta content=\"Microsoft Word 15 (filtered medium)\" /&gt;  &lt;div class=\"WordSection1\"&gt; &lt;p class=\"MsoNormal\"&gt;&nbsp;&lt;/p&gt; &lt;p class=\"MsoNormal\"&gt;&nbsp;&lt;/p&gt; &lt;p class=\"MsoNormal\"&gt;&lt;span lang=\"ES-MX\" style=\"mso-fareast-language:ES-CO\"&gt;Agradeciendo la atención prestada&lt;/span&gt;&lt;/p&gt; &lt;p class=\"MsoNormal\"&gt;&lt;span lang=\"ES-MX\" style=\"mso-fareast-language:ES-CO\"&gt;&nbsp;&lt;/span&gt;&lt;/p&gt; &lt;p class=\"MsoNormal\"&gt;&lt;span lang=\"ES-MX\" style=\"mso-fareast-language:ES-CO\"&gt;Cordialmente &lt;/span&gt;&lt;/p&gt; &lt;p class=\"MsoNormal\"&gt;&lt;span lang=\"ES-MX\" style=\"mso-fareast-language:ES-CO\"&gt;&nbsp;&lt;/span&gt;&lt;/p&gt; &lt;p class=\"MsoNormal\"&gt;&lt;span lang=\"ES-MX\" style=\"mso-fareast-language:ES-CO\"&gt;&lt;img width=\"589\" height=\"184\" style=\"width:6.1354in;height:1.9166in\" id=\"Imagen_x0020_1\" src=\"denied:cid:image001.jpg@01D966DD.865763E0\" alt=\"image\" /&gt;&lt;/span&gt;&lt;/p&gt; &lt;p class=\"MsoNormal\"&gt;&nbsp;&lt;/p&gt; &lt;/div&gt;',3,3,3,0,1,1,17,0,0,'2023-04-05 13:40:51',NULL,NULL,0,0,0,0,0,NULL,NULL,NULL,0,0,0,391,0,1,0,0,'2023-04-04 15:10:51',NULL),(5443,1,'Prueba2','2023-04-04 15:18:02',NULL,NULL,NULL,'2023-04-24 10:14:15',113,2,0,2,'&lt;meta content=\"text/html; charset=utf-8\" /&gt; &lt;meta content=\"Microsoft Word 15 (filtered medium)\" /&gt;  &lt;div class=\"WordSection1\"&gt; &lt;p class=\"MsoNormal\"&gt;&nbsp;&lt;/p&gt; &lt;p class=\"MsoNormal\"&gt;&nbsp;&lt;/p&gt; &lt;p class=\"MsoNormal\"&gt;&lt;span lang=\"ES-MX\" style=\"mso-fareast-language:ES-CO\"&gt;Agradeciendo la atención prestada&lt;/span&gt;&lt;/p&gt; &lt;p class=\"MsoNormal\"&gt;&lt;span lang=\"ES-MX\" style=\"mso-fareast-language:ES-CO\"&gt;&nbsp;&lt;/span&gt;&lt;/p&gt; &lt;p class=\"MsoNormal\"&gt;&lt;span lang=\"ES-MX\" style=\"mso-fareast-language:ES-CO\"&gt;Cordialmente &lt;/span&gt;&lt;/p&gt; &lt;p class=\"MsoNormal\"&gt;&lt;span lang=\"ES-MX\" style=\"mso-fareast-language:ES-CO\"&gt;&nbsp;&lt;/span&gt;&lt;/p&gt; &lt;p class=\"MsoNormal\"&gt;&lt;span lang=\"ES-MX\" style=\"mso-fareast-language:ES-CO\"&gt;&lt;img width=\"589\" height=\"184\" style=\"width:6.1354in;height:1.9166in\" id=\"Imagen_x0020_1\" src=\"denied:cid:image001.jpg@01D966DE.BA562180\" alt=\"image\" /&gt;&lt;/span&gt;&lt;/p&gt; &lt;p class=\"MsoNormal\"&gt;&nbsp;&lt;/p&gt; &lt;/div&gt;',3,3,3,0,1,1,17,0,0,'2023-04-05 13:48:02',NULL,NULL,0,0,0,0,0,NULL,NULL,NULL,0,0,0,277041,0,1,0,0,'2023-04-04 15:18:02',NULL),(5445,1,'Prueba3','2023-04-04 15:25:56',NULL,NULL,NULL,'2023-04-24 10:14:15',113,2,0,2,'&lt;meta content=\"text/html; charset=utf-8\" /&gt; &lt;meta content=\"Microsoft Word 15 (filtered medium)\" /&gt;  &lt;div class=\"WordSection1\"&gt; &lt;p class=\"MsoNormal\"&gt;&nbsp;&lt;/p&gt; &lt;p class=\"MsoNormal\"&gt;&nbsp;&lt;/p&gt; &lt;p class=\"MsoNormal\"&gt;&lt;span lang=\"ES-MX\" style=\"mso-fareast-language:ES-CO\"&gt;Agradeciendo la atención prestada&lt;/span&gt;&lt;/p&gt; &lt;p class=\"MsoNormal\"&gt;&lt;span lang=\"ES-MX\" style=\"mso-fareast-language:ES-CO\"&gt;&nbsp;&lt;/span&gt;&lt;/p&gt; &lt;p class=\"MsoNormal\"&gt;&lt;span lang=\"ES-MX\" style=\"mso-fareast-language:ES-CO\"&gt;Cordialmente &lt;/span&gt;&lt;/p&gt; &lt;p class=\"MsoNormal\"&gt;&lt;span lang=\"ES-MX\" style=\"mso-fareast-language:ES-CO\"&gt;&nbsp;&lt;/span&gt;&lt;/p&gt; &lt;p class=\"MsoNormal\"&gt;&lt;span lang=\"ES-MX\" style=\"mso-fareast-language:ES-CO\"&gt;&lt;img width=\"589\" height=\"184\" style=\"width:6.1354in;height:1.9166in\" src=\"denied:cid:image001.jpg@01D966DF.D8E55A70\" alt=\"image\" /&gt;&lt;/span&gt;&lt;/p&gt; &lt;p class=\"MsoNormal\"&gt;&nbsp;&lt;/p&gt; &lt;/div&gt;',3,3,3,0,1,1,17,0,0,'2023-04-05 13:55:56',NULL,NULL,0,0,0,0,0,NULL,NULL,NULL,0,0,0,276567,0,1,0,0,'2023-04-04 15:25:56',NULL),(5446,1,'Prueba4','2023-04-04 15:42:16',NULL,NULL,NULL,'2023-04-24 10:14:15',113,2,0,2,'&lt;meta content=\"text/html; charset=utf-8\" /&gt; &lt;meta content=\"Microsoft Word 15 (filtered medium)\" /&gt;  &lt;div class=\"WordSection1\"&gt; &lt;p class=\"MsoNormal\"&gt;&nbsp;&lt;/p&gt; &lt;p class=\"MsoNormal\"&gt;&nbsp;&lt;/p&gt; &lt;p class=\"MsoNormal\"&gt;&lt;span lang=\"ES-MX\" style=\"mso-fareast-language:ES-CO\"&gt;Agradeciendo la atención prestada&lt;/span&gt;&lt;/p&gt; &lt;p class=\"MsoNormal\"&gt;&lt;span lang=\"ES-MX\" style=\"mso-fareast-language:ES-CO\"&gt;&nbsp;&lt;/span&gt;&lt;/p&gt; &lt;p class=\"MsoNormal\"&gt;&lt;span lang=\"ES-MX\" style=\"mso-fareast-language:ES-CO\"&gt;Cordialmente &lt;/span&gt;&lt;/p&gt; &lt;p class=\"MsoNormal\"&gt;&lt;span lang=\"ES-MX\" style=\"mso-fareast-language:ES-CO\"&gt;&nbsp;&lt;/span&gt;&lt;/p&gt; &lt;p class=\"MsoNormal\"&gt;&lt;span lang=\"ES-MX\" style=\"mso-fareast-language:ES-CO\"&gt;&lt;img width=\"589\" height=\"184\" style=\"width:6.1354in;height:1.9166in\" id=\"Imagen_x0020_1\" src=\"denied:cid:image001.jpg@01D966E1.F7A300F0\" alt=\"image\" /&gt;&lt;/span&gt;&lt;/p&gt; &lt;p class=\"MsoNormal\"&gt;&nbsp;&lt;/p&gt; &lt;/div&gt;',3,3,3,0,1,1,17,0,0,'2023-04-05 14:12:16',NULL,NULL,0,0,0,0,0,NULL,NULL,NULL,0,0,0,275587,0,1,0,0,'2023-04-04 15:42:16',NULL),(5449,1,'RE: Novedades Garantias e Ingenieria','2023-04-04 17:39:01',NULL,NULL,NULL,'2023-04-24 10:07:08',113,2,657,2,'&lt;div class=\"WordSection1\"&gt;&lt;p class=\"MsoNormal\"&gt;Giovanny, por favor prioridad a esto gracias!!&lt;/p&gt;&lt;p class=\"MsoNormal\"&gt; &lt;/p&gt;&lt;div&gt;&lt;div style=\"border: none; border-top: solid #E1E1E1 1.0pt; padding: 3.0pt 0cm 0cm 0cm;\"&gt;&lt;p class=\"MsoNormal\"&gt;&lt;strong&gt;&lt;span lang=\"ES\"&gt;De:&lt;/span&gt;&lt;/strong&gt;&lt;span lang=\"ES\"&gt; Richard Esteban Diaz Vasquez richard.diaz@arintia.com &lt;br /&gt;&lt;strong&gt;Enviado el:&lt;/strong&gt; martes, 4 de abril de 2023 10:53 a. m.&lt;br /&gt;&lt;strong&gt;Para:&lt;/strong&gt; Gestión de las TICS gestion.ti@arintia.com; Giovanny Alexander Morales Rodriguez giovanny.morales@arintia.com&lt;br /&gt;&lt;strong&gt;CC:&lt;/strong&gt; Lucas Arteaga lucas.arteaga@arintia.com; Sergio Padilla Ochoa sergio.padilla@arintia.com&lt;br /&gt;&lt;strong&gt;Asunto:&lt;/strong&gt; Novedades Garantias e Ingenieria&lt;br /&gt;&lt;strong&gt;Importancia:&lt;/strong&gt; Alta&lt;/span&gt;&lt;/p&gt;&lt;/div&gt;&lt;/div&gt;&lt;p class=\"MsoNormal\"&gt; &lt;/p&gt;&lt;p class=\"MsoNormal\"&gt;&lt;span lang=\"ES-CO\" style=\"font-size: 14.0pt;\"&gt;Muy buenos días, ¿cómo están?&lt;/span&gt;&lt;/p&gt;&lt;p class=\"MsoNormal\"&gt;&lt;span lang=\"ES-CO\" style=\"font-size: 14.0pt;\"&gt; &lt;/span&gt;&lt;/p&gt;&lt;p class=\"MsoNormal\"&gt;&lt;span lang=\"ES-CO\" style=\"font-size: 14.0pt;\"&gt;Solicito amablemente su ayuda en los siguientes temas:&lt;/span&gt;&lt;/p&gt;&lt;p class=\"MsoNormal\"&gt;&lt;span lang=\"ES-CO\" style=\"font-size: 14.0pt;\"&gt; &lt;/span&gt;&lt;/p&gt;&lt;ol style=\"margin-top: 0cm;\" start=\"1\" type=\"1\"&gt;&lt;li class=\"MsoListParagraph\" style=\"margin-left: 0cm; mso-list: l3 level1 lfo3;\"&gt;&lt;span lang=\"ES-CO\" style=\"font-size: 14.0pt;\"&gt;Instalar el navegador Internet Explorer o cambiar un computador al que se le pueda instalar; la razón, los navegadores actuales no permiten ingresar ni subir información de las garantías en las plataformas de Weichai y FAW (que son las fábricas). se trató con: Google Chrome, Opera, Firefox, Yandex y Edge (incluso en la opción que da de mantener en internet Explorer) y ninguno permite realizar esta acción o buscar una opción que permita.&lt;/span&gt;&lt;/li&gt;&lt;/ol&gt;&lt;p class=\"MsoListParagraph\"&gt;&lt;span lang=\"ES-CO\" style=\"font-size: 14.0pt;\"&gt; &lt;/span&gt;&lt;/p&gt;&lt;ol style=\"margin-top: 0cm;\" start=\"2\" type=\"1\"&gt;&lt;li class=\"MsoListParagraph\" style=\"margin-left: 0cm; mso-list: l3 level1 lfo3;\"&gt;&lt;span lang=\"ES-CO\" style=\"font-size: 14.0pt;\"&gt;El área de ingeniería tiene una APP desarrollada por appsheet, tiene un usuario maestro &lt;a href=\"mailto:app.admin@arintiaenergy.com\"&gt;app.admin@arintiaenergy.com&lt;/a&gt; que es gestionado por TI hasta donde tengo entendido por &lt;a id=\"OWAAMCC015A6384674487B839F3E5E9EEBE7D\" href=\"mailto:giovanny.morales@arintia.com\"&gt; @Giovanny Alexander Morales Rodriguez&lt;/a&gt; pero al intentar ingresar me pide la clave la cual cambio hace 4 días (me sale un letrero con esta informacion), solicito amablemente la clave para poder realizar cambios y demás soportes en la app.&lt;/span&gt;&lt;/li&gt;&lt;/ol&gt;&lt;p class=\"MsoListParagraph\"&gt;&lt;span lang=\"ES-CO\" style=\"font-size: 14.0pt;\"&gt; &lt;/span&gt;&lt;/p&gt;&lt;ol style=\"margin-top: 0cm;\" start=\"3\" type=\"1\"&gt;&lt;li class=\"MsoListParagraph\" style=\"margin-left: 0cm; mso-list: l3 level1 lfo3;\"&gt;&lt;span lang=\"ES-CO\" style=\"font-size: 14.0pt;\"&gt;Solicito acceso al One drive que pertenecía a la ingeniera Nina Ramirez para extraer la información presente en este drive, para ello necesitaría el usuario y la contraseña.&lt;/span&gt;&lt;/li&gt;&lt;/ol&gt;&lt;p class=\"MsoListParagraph\"&gt;&lt;span lang=\"ES-CO\" style=\"font-size: 14.0pt;\"&gt; &lt;/span&gt;&lt;/p&gt;&lt;p class=\"MsoNormal\"&gt;&lt;span lang=\"ES-CO\" style=\"font-size: 14.0pt;\"&gt;Agradezco a todos su colaboración lo antes posible, quedo atento a los comentarios.&lt;/span&gt;&lt;/p&gt;&lt;p class=\"MsoNormal\"&gt;&lt;span lang=\"ES-CO\"&gt; &lt;/span&gt;&lt;/p&gt;&lt;p class=\"MsoNormal\"&gt;&lt;span lang=\"ES-CO\"&gt;&lt;a href=\"http://192.168.11.15/glpi/front/document.send.php?docid=4678&amp;tickets_id=5449\" target=\"_blank\" rel=\"noopener\"&gt;&lt;img src=\"http://192.168.11.15/glpi/front/document.send.php?docid=4678&amp;tickets_id=5449\" alt=\"3d1b5dab-d9d62df8-642b43fec8b2b4.50105881\" width=\"910\" /&gt;&lt;/a&gt;&lt;/span&gt;&lt;/p&gt;&lt;p class=\"MsoNormal\"&gt;&lt;span lang=\"ES-CO\"&gt; &lt;/span&gt;&lt;/p&gt;&lt;/div&gt;',3,3,3,1,2,1,17,0,0,'2023-04-05 16:09:01',NULL,NULL,0,0,0,0,0,NULL,NULL,NULL,0,0,0,1,0,1,0,0,'2023-04-04 17:39:01',NULL),(5453,1,'CAMBIO LOGO TECHOS EGRESOS','2023-04-04 20:51:02','2023-05-15 16:51:39','2023-05-05 15:43:07',NULL,'2023-05-15 16:51:39',692,6,837,2,'&lt;div class=\"WordSection1\"&gt;&lt;p class=\"MsoNormal\"&gt;&lt;span lang=\"ES\" style=\"font-size: 12.0pt;\"&gt;Buenas tardes,&lt;/span&gt;&lt;/p&gt;&lt;p class=\"MsoNormal\"&gt;&lt;span lang=\"ES\" style=\"font-size: 12.0pt;\"&gt; &lt;/span&gt;&lt;/p&gt;&lt;p class=\"MsoNormal\"&gt;&lt;span lang=\"ES\" style=\"font-size: 12.0pt;\"&gt;Solicito amablemente su colaboración con el cambio de logo de techos en los egresos.&lt;/span&gt;&lt;/p&gt;&lt;p class=\"MsoNormal\"&gt;&lt;span lang=\"ES\" style=\"font-size: 12.0pt;\"&gt; &lt;/span&gt;&lt;/p&gt;&lt;p class=\"MsoNormal\"&gt; &lt;/p&gt;&lt;p&gt;&lt;a href=\"http://192.168.11.15/glpi/front/document.send.php?docid=4690&amp;tickets_id=5453\" target=\"_blank\" rel=\"noopener\"&gt;&lt;img src=\"http://192.168.11.15/glpi/front/document.send.php?docid=4690&amp;tickets_id=5453\" alt=\"3d1b5dab-d9d62df8-642c8dbc554b38.69428163\" width=\"644\" /&gt;&lt;/a&gt;&lt;/p&gt;&lt;p class=\"MsoNormal\"&gt;&lt;span lang=\"ES\" style=\"font-size: 12.0pt;\"&gt; &lt;/span&gt;&lt;/p&gt;&lt;p class=\"MsoNormal\"&gt;&lt;span lang=\"ES\" style=\"font-size: 12.0pt;\"&gt;Gracias,&lt;/span&gt;&lt;/p&gt;&lt;p class=\"MsoNormal\"&gt;&lt;span style=\"mso-fareast-language: ES-CO;\"&gt; &lt;/span&gt;&lt;/p&gt;&lt;p class=\"MsoNormal\"&gt;&lt;span style=\"font-size: 12.0pt;\"&gt;Cordialmente,&lt;/span&gt;&lt;/p&gt;&lt;p class=\"MsoNormal\"&gt;&lt;span style=\"font-size: 12.0pt;\"&gt; &lt;/span&gt;&lt;/p&gt;&lt;p class=\"MsoNormal\"&gt;&lt;span style=\"font-size: 12.0pt;\"&gt;&lt;a href=\"http://192.168.11.15/glpi/front/document.send.php?docid=4691&amp;tickets_id=5453\" target=\"_blank\" rel=\"noopener\"&gt;&lt;img src=\"http://192.168.11.15/glpi/front/document.send.php?docid=4691&amp;tickets_id=5453\" alt=\"3d1b5dab-d9d62df8-642c8dbc5a1295.18113389\" width=\"7255\" /&gt;&lt;/a&gt;&lt;/span&gt;&lt;/p&gt;&lt;p class=\"MsoNormal\"&gt;&lt;span style=\"font-size: 12.0pt;\"&gt; &lt;/span&gt;&lt;/p&gt;&lt;p class=\"MsoNormal\"&gt;&lt;span lang=\"ES\" style=\"font-size: 12.0pt;\"&gt; &lt;/span&gt;&lt;/p&gt;&lt;/div&gt;',3,3,3,167,2,1,17,24,0,'2023-05-05 16:35:25','2023-04-04 21:31:02','2023-05-05 15:43:07',753263,0,0,0,0,NULL,NULL,NULL,753263,224174,14862,1,0,0,47,0,'2023-04-04 20:51:02',NULL),(5465,1,'LAS OBSERVACIONES  DE LOS PEDIDOS HECHAS EN SAP MOBILE  NO SALEN PARA EL PICKING','2023-04-10 18:06:01','2023-05-09 15:31:10','2023-05-09 15:31:10',NULL,'2023-05-09 15:31:10',353,6,467,2,'&lt;div class=\"WordSection1\"&gt;&lt;p class=\"MsoNormal\"&gt;Buenos días,&lt;/p&gt;&lt;p class=\"MsoNormal\"&gt; &lt;/p&gt;&lt;p class=\"MsoNormal\"&gt;En varias reuniones me han manifestado los comerciales que las notas que colocan en los pedidos para la aplicación de SAP no le salen al equipo logístico y por esta razón se han presentado unas situaciones en donde identificamos que para nosotros si es importante que desde logística puedan ver esta información relevante que colocan los comerciales.&lt;/p&gt;&lt;p class=\"MsoNormal\"&gt; &lt;/p&gt;&lt;p class=\"MsoNormal\"&gt;Agradezco el acostumbrado apoyo con esta solicitud. Un saludo¡&lt;/p&gt;&lt;p class=\"MsoNormal\"&gt; &lt;/p&gt;&lt;p class=\"MsoNormal\"&gt;&lt;span style=\"color: #002060;\"&gt;&lt;a href=\"http://192.168.11.15/glpi/front/document.send.php?docid=3132&amp;tickets_id=5465\" target=\"_blank\" rel=\"noopener\"&gt;&lt;img src=\"http://192.168.11.15/glpi/front/document.send.php?docid=3132&amp;tickets_id=5465\" alt=\"d533cb22-d9d62df8-62aa54111648b7.97995296\" width=\"667\" /&gt;&lt;/a&gt;&lt;/span&gt;&lt;/p&gt;&lt;p class=\"MsoNormal\"&gt; &lt;/p&gt;&lt;/div&gt;',3,3,3,167,1,1,17,24,0,'2023-05-08 16:53:50','2023-04-10 18:46:01',NULL,661669,0,0,0,0,NULL,NULL,NULL,661669,47240,47240,1,0,0,84,0,'2023-04-10 18:06:01',NULL),(5466,22,'REQUERIMIENTO QUIMICOS','2023-04-10 19:39:01','2023-05-09 22:15:26','2023-05-09 22:15:26',NULL,'2023-05-09 22:15:26',875,6,618,2,'&lt;div class=\"WordSection1\"&gt;&lt;p class=\"MsoNormal\"&gt; &lt;/p&gt;&lt;p class=\"MsoNormal\"&gt;Cordial saludo,&lt;/p&gt;&lt;p class=\"MsoNormal\"&gt; &lt;/p&gt;&lt;p class=\"MsoNormal\"&gt; &lt;/p&gt;&lt;p class=\"MsoNormal\"&gt;Requiero por favor para químicos una base de ventilación para mi portátil &lt;span style=\"mso-ligatures: none;\"&gt;&lt;a href=\"http://192.168.11.15/glpi/front/document.send.php?docid=4704&amp;tickets_id=5466\" target=\"_blank\" rel=\"noopener\"&gt;&lt;img src=\"http://192.168.11.15/glpi/front/document.send.php?docid=4704&amp;tickets_id=5466\" alt=\"3d1b5dab-d9d62df8-643465dae43139.80938883\" width=\"331\" /&gt;&lt;/a&gt;&lt;/span&gt;&lt;/p&gt;&lt;p class=\"MsoNormal\"&gt;Y si es posible un teclado auxiliar también.&lt;/p&gt;&lt;p class=\"MsoNormal\"&gt; &lt;/p&gt;&lt;p class=\"MsoNormal\"&gt;Gracias.&lt;/p&gt;&lt;p class=\"MsoNormal\"&gt; &lt;/p&gt;&lt;p class=\"MsoNormal\"&gt;&lt;span style=\"mso-fareast-language: ES-CO;\"&gt;&lt;a href=\"http://192.168.11.15/glpi/front/document.send.php?docid=3823&amp;tickets_id=5466\" target=\"_blank\" rel=\"noopener\"&gt;&lt;img src=\"http://192.168.11.15/glpi/front/document.send.php?docid=3823&amp;tickets_id=5466\" alt=\"3e2289dc-d9d62df8-63471e381ed161.81237419\" width=\"970\" /&gt;&lt;/a&gt;&lt;/span&gt;&lt;/p&gt;&lt;p class=\"MsoNormal\"&gt; &lt;/p&gt;&lt;/div&gt;',3,3,3,131,2,1,17,24,0,'2023-04-18 20:58:37','2023-04-10 20:19:01',NULL,191976,0,0,0,0,NULL,NULL,NULL,462793,264792,264792,1,0,0,48,0,'2023-04-10 19:39:01',NULL),(5487,1,'RE:  NOVEDAD DE ORDEN DE TRABAJO OT2883-03','2023-04-12 20:39:01',NULL,NULL,NULL,'2023-04-24 10:42:57',113,2,0,2,'&lt;div class=\"WordSection1\"&gt;&lt;p class=\"MsoNormal\"&gt;Buena tarde:&lt;/p&gt;&lt;p class=\"MsoNormal\"&gt; &lt;/p&gt;&lt;p class=\"MsoNormal\"&gt; &lt;/p&gt;&lt;p class=\"MsoNormal\"&gt; &lt;/p&gt;&lt;p class=\"MsoNormal\"&gt; &lt;/p&gt;&lt;p class=\"MsoNormal\"&gt;Desde Almacen se evidencia dos requisiciones de las cuales fueron dos se trasladó 1 la otra, anexo imágenes de cómo se refleja en el sistema.&lt;/p&gt;&lt;div&gt;&lt;p class=\"MsoNormal\"&gt;&lt;span style=\"mso-fareast-language: ES-CO;\"&gt; &lt;/span&gt;&lt;/p&gt;&lt;p class=\"MsoNormal\"&gt;&lt;span style=\"mso-fareast-language: ES-CO;\"&gt; &lt;/span&gt;&lt;/p&gt;&lt;p class=\"MsoNormal\"&gt;&lt;span style=\"mso-fareast-language: ES-CO;\"&gt;&lt;a href=\"http://helpdesk.arintia.com.co/glpi/front/document.send.php?docid=4726&amp;tickets_id=5487\" target=\"_blank\" rel=\"noopener\"&gt;&lt;img src=\"http://helpdesk.arintia.com.co/glpi/front/document.send.php?docid=4726&amp;tickets_id=5487\" alt=\"3d1b5dab-d9d62df8-643716ee33e233.15288495\" width=\"643\" /&gt;&lt;/a&gt;&lt;/span&gt;&lt;/p&gt;&lt;p class=\"MsoNormal\"&gt;&lt;span style=\"mso-fareast-language: ES-CO;\"&gt; &lt;/span&gt;&lt;/p&gt;&lt;p class=\"MsoNormal\"&gt;&lt;span style=\"mso-fareast-language: ES-CO;\"&gt; &lt;/span&gt;&lt;/p&gt;&lt;ul style=\"margin-top: 0cm;\" type=\"disc\"&gt;&lt;li class=\"MsoListParagraph\" style=\"margin-left: 0cm; mso-list: l0 level1 lfo3;\"&gt;&lt;span style=\"mso-fareast-language: ES-CO;\"&gt;Esta fue la que se traslado.&lt;/span&gt;&lt;/li&gt;&lt;/ul&gt;&lt;p class=\"MsoNormal\"&gt;&lt;span style=\"mso-fareast-language: ES-CO;\"&gt;&lt;a href=\"http://helpdesk.arintia.com.co/glpi/front/document.send.php?docid=4727&amp;tickets_id=5487\" target=\"_blank\" rel=\"noopener\"&gt;&lt;img src=\"http://helpdesk.arintia.com.co/glpi/front/document.send.php?docid=4727&amp;tickets_id=5487\" alt=\"3d1b5dab-d9d62df8-643716ee3482b3.39892405\" width=\"1902\" /&gt;&lt;/a&gt;&lt;/span&gt;&lt;/p&gt;&lt;p class=\"MsoNormal\"&gt;&lt;span style=\"mso-fareast-language: ES-CO;\"&gt; &lt;/span&gt;&lt;/p&gt;&lt;p class=\"MsoNormal\"&gt;&lt;span style=\"mso-fareast-language: ES-CO;\"&gt; &lt;/span&gt;&lt;/p&gt;&lt;ul style=\"margin-top: 0cm;\" type=\"disc\"&gt;&lt;li class=\"MsoListParagraph\" style=\"margin-left: 0cm; mso-list: l2 level1 lfo2;\"&gt;&lt;span style=\"mso-fareast-language: ES-CO;\"&gt;Quedo el traslado.&lt;/span&gt;&lt;/li&gt;&lt;/ul&gt;&lt;p class=\"MsoNormal\"&gt;&lt;span style=\"mso-fareast-language: ES-CO;\"&gt;&lt;a href=\"http://helpdesk.arintia.com.co/glpi/front/document.send.php?docid=4728&amp;tickets_id=5487\" target=\"_blank\" rel=\"noopener\"&gt;&lt;img src=\"http://helpdesk.arintia.com.co/glpi/front/document.send.php?docid=4728&amp;tickets_id=5487\" alt=\"3d1b5dab-d9d62df8-643716ee351cf4.13447121\" width=\"1922\" /&gt;&lt;/a&gt;&lt;/span&gt;&lt;/p&gt;&lt;p class=\"MsoNormal\"&gt;&lt;span style=\"mso-fareast-language: ES-CO;\"&gt; &lt;/span&gt;&lt;/p&gt;&lt;p class=\"MsoNormal\"&gt;&lt;span style=\"mso-fareast-language: ES-CO;\"&gt; &lt;/span&gt;&lt;/p&gt;&lt;p class=\"MsoNormal\"&gt;&lt;span style=\"mso-fareast-language: ES-CO;\"&gt; &lt;/span&gt;&lt;/p&gt;&lt;ul style=\"margin-top: 0cm;\" type=\"disc\"&gt;&lt;li class=\"MsoListParagraph\" style=\"margin-left: 0cm; mso-list: l1 level1 lfo1;\"&gt;&lt;span style=\"mso-fareast-language: ES-CO;\"&gt;Asi se ve reflejado en la Orden. &lt;/span&gt;&lt;/li&gt;&lt;/ul&gt;&lt;p class=\"MsoNormal\"&gt;&lt;span style=\"mso-fareast-language: ES-CO;\"&gt; &lt;/span&gt;&lt;/p&gt;&lt;p class=\"MsoNormal\"&gt;&lt;span style=\"mso-fareast-language: ES-CO;\"&gt;&lt;a href=\"http://helpdesk.arintia.com.co/glpi/front/document.send.php?docid=4729&amp;tickets_id=5487\" target=\"_blank\" rel=\"noopener\"&gt;&lt;img src=\"http://helpdesk.arintia.com.co/glpi/front/document.send.php?docid=4729&amp;tickets_id=5487\" alt=\"3d1b5dab-d9d62df8-643716ee3b2840.80928569\" width=\"829\" /&gt;&lt;/a&gt;&lt;/span&gt;&lt;/p&gt;&lt;p class=\"MsoNormal\"&gt;&lt;span style=\"mso-fareast-language: ES-CO;\"&gt; &lt;/span&gt;&lt;/p&gt;&lt;p class=\"MsoNormal\"&gt;&lt;span style=\"mso-fareast-language: ES-CO;\"&gt; &lt;/span&gt;&lt;/p&gt;&lt;p class=\"MsoNormal\"&gt;&lt;span style=\"mso-fareast-language: ES-CO;\"&gt;Por favor con su ayuda.&lt;/span&gt;&lt;/p&gt;&lt;p class=\"MsoNormal\"&gt;&lt;span style=\"mso-fareast-language: ES-CO;\"&gt; &lt;/span&gt;&lt;/p&gt;&lt;p class=\"MsoNormal\"&gt;&lt;span style=\"mso-fareast-language: ES-CO;\"&gt;&lt;a href=\"http://helpdesk.arintia.com.co/glpi/front/document.send.php?docid=4701&amp;tickets_id=5487\" target=\"_blank\" rel=\"noopener\"&gt;&lt;img src=\"http://helpdesk.arintia.com.co/glpi/front/document.send.php?docid=4701&amp;tickets_id=5487\" alt=\"3d1b5dab-d9d62df8-643417ce089413.87422884\" width=\"1280\" /&gt;&lt;/a&gt;&lt;/span&gt;&lt;/p&gt;&lt;/div&gt;&lt;p class=\"MsoNormal\"&gt; &lt;/p&gt;&lt;div&gt;&lt;div style=\"border: none; border-top: solid #E1E1E1 1.0pt; padding: 3.0pt 0cm 0cm 0cm;\"&gt;&lt;p class=\"MsoNormal\"&gt;&lt;strong&gt;&lt;span lang=\"ES\" style=\"mso-fareast-language: ES-CO;\"&gt;De:&lt;/span&gt;&lt;/strong&gt;&lt;span lang=\"ES\" style=\"mso-fareast-language: ES-CO;\"&gt; Jeisson Stiven Caro Riveros &lt;auxiliar.operativo@arintia.com&gt; &lt;br /&gt;&lt;strong&gt;Enviado el:&lt;/strong&gt; miércoles, 12 de abril de 2023 3:19 p. m.&lt;br /&gt;&lt;strong&gt;Para:&lt;/strong&gt; Gestión de las TICS &lt;gestion.ti@arintia.com&gt;; Jose Alexander Soler Murcia &lt;jose.soler@arintia.com&gt;&lt;br /&gt;&lt;strong&gt;CC:&lt;/strong&gt; Jeferson Cubides Ariza &lt;jeferson.cubides@arintia.com&gt;; Arnulfo García Saenz &lt;arnulfo.garcia@arintia.com&gt;; Diana Correa &lt;almacen.mosquera@arintia.com&gt;&lt;br /&gt;&lt;strong&gt;Asunto:&lt;/strong&gt; RE: NOVEDAD DE ORDEN DE TRABAJO OT2883-03&lt;/span&gt;&lt;/p&gt;&lt;/div&gt;&lt;/div&gt;&lt;p class=\"MsoNormal\"&gt; &lt;/p&gt;&lt;p class=\"MsoNormal\"&gt;Buenas tardes&lt;/p&gt;&lt;p class=\"MsoNormal\"&gt; &lt;/p&gt;&lt;p class=\"MsoNormal\"&gt;Para conocimiento de ustedes la siguiente orden de trabajo se cargaron  repuestos los cuales dejo guardar, pero a la hora de validad orden no se ven reflejados.&lt;/p&gt;&lt;p class=\"MsoNormal\"&gt; &lt;/p&gt;&lt;p class=\"MsoNormal\"&gt;&lt;![if !vml]&gt;&lt;/p&gt;&lt;p&gt;&lt;a href=\"http://helpdesk.arintia.com.co/glpi/front/document.send.php?docid=4730&amp;tickets_id=5487\" target=\"_blank\" rel=\"noopener\"&gt;&lt;img src=\"http://helpdesk.arintia.com.co/glpi/front/document.send.php?docid=4730&amp;tickets_id=5487\" alt=\"3d1b5dab-d9d62df8-643716ee3be117.36288134\" width=\"545\" /&gt;&lt;/a&gt;&lt;/p&gt;&lt;p class=\"MsoNormal\"&gt; &lt;/p&gt;&lt;p class=\"MsoNormal\"&gt; &lt;/p&gt;&lt;p class=\"MsoNormal\"&gt; &lt;/p&gt;&lt;p class=\"MsoNormal\"&gt;&lt;strong&gt;REPUESTOS CARGADOS &lt;br style=\"clear: both;\" /&gt;&lt;/strong&gt;&lt;/p&gt;&lt;p class=\"MsoNormal\"&gt; &lt;/p&gt;&lt;p class=\"MsoNormal\"&gt;&lt;![if !vml]&gt;&lt;/p&gt;&lt;p&gt;&lt;a href=\"http://helpdesk.arintia.com.co/glpi/front/document.send.php?docid=4731&amp;tickets_id=5487\" target=\"_blank\" rel=\"noopener\"&gt;&lt;img src=\"http://helpdesk.arintia.com.co/glpi/front/document.send.php?docid=4731&amp;tickets_id=5487\" alt=\"3d1b5dab-d9d62df8-643716ee3cb876.04273508\" width=\"783\" /&gt;&lt;/a&gt;&lt;/p&gt;&lt;p class=\"MsoNormal\"&gt; &lt;/p&gt;&lt;p class=\"MsoNormal\"&gt; &lt;/p&gt;&lt;p class=\"MsoNormal\"&gt; &lt;/p&gt;&lt;p class=\"MsoNormal\"&gt; &lt;/p&gt;&lt;p class=\"MsoNormal\"&gt; &lt;/p&gt;&lt;p class=\"MsoNormal\"&gt; &lt;/p&gt;&lt;p class=\"MsoNormal\"&gt; &lt;/p&gt;&lt;p class=\"MsoNormal\"&gt; &lt;/p&gt;&lt;p class=\"MsoNormal\"&gt;                                               &lt;strong&gt;HORA ACTUAL DE LA OT &lt;/strong&gt;&lt;/p&gt;&lt;p class=\"MsoNormal\"&gt; &lt;/p&gt;&lt;p class=\"MsoNormal\"&gt; &lt;/p&gt;&lt;p class=\"MsoNormal\"&gt; &lt;/p&gt;&lt;p class=\"MsoNormal\"&gt;&lt;span lang=\"ES\"&gt;Agradezco su pronto repuesto como se puede solventar esa novedad &lt;/span&gt;&lt;/p&gt;&lt;p class=\"MsoNormal\"&gt; &lt;/p&gt;&lt;p class=\"MsoNormal\"&gt; &lt;/p&gt;&lt;p class=\"MsoNormal\"&gt; &lt;/p&gt;&lt;p class=\"MsoNormal\"&gt; &lt;/p&gt;&lt;div&gt;&lt;div style=\"border: none; border-top: solid #E1E1E1 1.0pt; padding: 3.0pt 0cm 0cm 0cm;\"&gt;&lt;p class=\"MsoNormal\"&gt;&lt;strong&gt;&lt;span lang=\"ES\" style=\"mso-fareast-language: ES-CO;\"&gt;De:&lt;/span&gt;&lt;/strong&gt;&lt;span lang=\"ES\" style=\"mso-fareast-language: ES-CO;\"&gt; Jeisson Stiven Caro Riveros &lt;br /&gt;&lt;strong&gt;Enviado el:&lt;/strong&gt; miércoles, 5 de abril de 2023 11:40 a. m.&lt;br /&gt;&lt;strong&gt;Para:&lt;/strong&gt; Gestión de las TICS &lt;&lt;a href=\"mailto:gestion.ti@arintia.com\"&gt;gestion.ti@arintia.com&lt;/a&gt;&gt;; Jose Alexander Soler Murcia &lt;&lt;a href=\"mailto:jose.soler@arintia.com\"&gt;jose.soler@arintia.com&lt;/a&gt;&gt;&lt;br /&gt;&lt;strong&gt;CC:&lt;/strong&gt; Jeferson Cubides Ariza &lt;&lt;a href=\"mailto:jeferson.cubides@arintia.com\"&gt;jeferson.cubides@arintia.com&lt;/a&gt;&gt;; Jennifer Alexandra Zarate &lt;&lt;a href=\"mailto:jennifer.zarate@arintia.com\"&gt;jennifer.zarate@arintia.com&lt;/a&gt;&gt;; William Garzón Ramirez &lt;&lt;a href=\"mailto:william.garzon@arintia.com\"&gt;william.garzon@arintia.com&lt;/a&gt;&gt;&lt;br /&gt;&lt;strong&gt;Asunto:&lt;/strong&gt; NOVEDAD DE ORDEN DE TRABAJO 2789-03&lt;/span&gt;&lt;/p&gt;&lt;/div&gt;&lt;/div&gt;&lt;p class=\"MsoNormal\"&gt; &lt;/p&gt;&lt;p class=\"MsoNormal\"&gt;&lt;span lang=\"ES\"&gt;Buen día &lt;/span&gt;&lt;/p&gt;&lt;p class=\"MsoNormal\"&gt;&lt;span lang=\"ES\"&gt; &lt;/span&gt;&lt;/p&gt;&lt;p class=\"MsoNormal\"&gt;&lt;span lang=\"ES\"&gt;Por favor de su colaboración grandemente con este error que se presenta frecuentemente &lt;/span&gt;&lt;/p&gt;&lt;p class=\"MsoNormal\"&gt;&lt;span lang=\"ES\"&gt;A la hora se va finalizar la siguiente orden de trabajo tengo este error el cual no deja finalizar.&lt;/span&gt;&lt;/p&gt;&lt;p class=\"MsoNormal\"&gt;&lt;span lang=\"ES\"&gt; &lt;/span&gt;&lt;/p&gt;&lt;p class=\"MsoNormal\"&gt;&lt;span lang=\"ES\"&gt;&lt;a href=\"http://helpdesk.arintia.com.co/glpi/front/document.send.php?docid=4697&amp;tickets_id=5487\" target=\"_blank\" rel=\"noopener\"&gt;&lt;img src=\"http://helpdesk.arintia.com.co/glpi/front/document.send.php?docid=4697&amp;tickets_id=5487\" alt=\"3d1b5dab-d9d62df8-642da646b9cce6.25149642\" width=\"879\" /&gt;&lt;/a&gt;&lt;/span&gt;&lt;/p&gt;&lt;p class=\"MsoNormal\"&gt;&lt;span lang=\"ES\"&gt; &lt;/span&gt;&lt;/p&gt;&lt;p class=\"MsoNormal\"&gt;&lt;span lang=\"ES\"&gt; &lt;/span&gt;&lt;/p&gt;&lt;p class=\"MsoNormal\"&gt;&lt;span lang=\"ES\"&gt;Agradezco su pronto repuesto como se puede solventar esa novedad &lt;/span&gt;&lt;/p&gt;&lt;/div&gt;',3,3,3,167,2,1,17,0,0,'2023-04-13 19:09:01',NULL,NULL,0,0,0,0,0,NULL,NULL,NULL,0,0,0,1,0,1,0,0,'2023-04-12 20:39:01',NULL),(5503,22,'Favor reactivar pagina cliente Siderurgica Lube quality test','2023-04-14 13:12:02','2023-06-14 20:58:55','2023-05-16 18:13:59',NULL,'2023-06-14 20:58:55',692,6,760,2,'&lt;div class=\"WordSection1\"&gt;&lt;p class=\"MsoNormal\"&gt;&lt;span style=\"mso-fareast-language: EN-US;\"&gt;Buen día.&lt;/span&gt;&lt;/p&gt;&lt;p class=\"MsoNormal\"&gt;&lt;span style=\"mso-fareast-language: EN-US;\"&gt; &lt;/span&gt;&lt;/p&gt;&lt;p class=\"MsoNormal\"&gt;&lt;span style=\"mso-fareast-language: EN-US;\"&gt;Solicito autorización para tener acceso total a los grupos de Teams, relacionados correo en cola.&lt;/span&gt;&lt;/p&gt;&lt;p class=\"MsoNormal\"&gt;&lt;span style=\"mso-fareast-language: EN-US;\"&gt;Quedo atento.&lt;/span&gt;&lt;/p&gt;&lt;p class=\"MsoNormal\"&gt;&lt;span style=\"mso-fareast-language: EN-US;\"&gt; &lt;/span&gt;&lt;/p&gt;&lt;p class=\"MsoNormal\"&gt;&lt;span style=\"mso-fareast-language: EN-US;\"&gt;Cordial saludo.&lt;/span&gt;&lt;/p&gt;&lt;p class=\"MsoNormal\"&gt;&lt;span style=\"mso-fareast-language: EN-US;\"&gt; &lt;/span&gt;&lt;/p&gt;&lt;div&gt;&lt;p class=\"MsoNormal\"&gt; &lt;/p&gt;&lt;p&gt;&lt;a href=\"http://192.168.11.15/glpi/front/document.send.php?docid=4748&amp;tickets_id=5503\" target=\"_blank\" rel=\"noopener\"&gt;&lt;img src=\"http://192.168.11.15/glpi/front/document.send.php?docid=4748&amp;tickets_id=5503\" alt=\"3d1b5dab-d9d62df8-6439514d6b0b65.87362474\" width=\"3334\" /&gt;&lt;/a&gt;&lt;/p&gt;&lt;/div&gt;&lt;p class=\"MsoNormal\"&gt;&lt;span style=\"mso-fareast-language: EN-US;\"&gt; &lt;/span&gt;&lt;/p&gt;&lt;div&gt;&lt;div style=\"border: none; border-top: solid #E1E1E1 1.0pt; padding: 3.0pt 0cm 0cm 0cm;\"&gt;&lt;p class=\"MsoNormal\"&gt;&lt;strong&gt;&lt;span lang=\"ES\"&gt;De:&lt;/span&gt;&lt;/strong&gt;&lt;span lang=\"ES\"&gt; Edgar Ariza Rodríguez edgar.ariza@arintia.com &lt;br /&gt;&lt;strong&gt;Enviado el:&lt;/strong&gt; miércoles, 12 de abril de 2023 11:23 a. m.&lt;br /&gt;&lt;strong&gt;Para:&lt;/strong&gt; Luis Francisco Villarreal Celis luis.villarreal@arintia.com; Juan Carlos Culma Gonzalez juan.culma@arintia.com; Diego Andrés García Santos diego.garcia@arintia.com&lt;br /&gt;&lt;strong&gt;CC:&lt;/strong&gt; Andres Enrique Polanco Ponton andres.polanco@arintia.com; Jorge Enrique Osorio Medina jorge.osorio@arintia.com&lt;br /&gt;&lt;strong&gt;Asunto:&lt;/strong&gt; Favor reactivar pagina cliente Siderurgica Lube quality test&lt;/span&gt;&lt;/p&gt;&lt;/div&gt;&lt;/div&gt;&lt;p class=\"MsoNormal\"&gt; &lt;/p&gt;&lt;p class=\"MsoNormal\"&gt;&lt;span style=\"color: #4472c4; mso-fareast-language: EN-US;\"&gt;Cordial Saludo,&lt;/span&gt;&lt;/p&gt;&lt;p class=\"MsoNormal\"&gt;&lt;span style=\"color: #4472c4; mso-fareast-language: EN-US;\"&gt;Luis Francisco, Con gusto realizaremos la revisión a la solicitud realizada. No olvidar nuestro principal canal para registrar estas solicitudes en le la mesa de servicio (&lt;a href=\"mailto:gestion.ti@arintia.com\"&gt;gestion.ti@arintia.com&lt;/a&gt;) y que uno de nuestros agentes lo contacte para dar solución a solicitud.&lt;/span&gt;&lt;/p&gt;&lt;p class=\"MsoNormal\"&gt;&lt;span style=\"color: #4472c4; mso-fareast-language: EN-US;\"&gt; &lt;/span&gt;&lt;/p&gt;&lt;div&gt;&lt;div&gt;&lt;div&gt;&lt;div&gt;&lt;p class=\"MsoNormal\"&gt;&lt;span style=\"font-size: 12.0pt; color: black;\"&gt; &lt;/span&gt;&lt;/p&gt;&lt;p class=\"MsoNormal\"&gt;&lt;span style=\"font-size: 12.0pt; color: black;\"&gt; &lt;/span&gt;&lt;/p&gt;&lt;p class=\"MsoNormal\"&gt;&lt;span style=\"font-size: 12.0pt; color: black;\"&gt; &lt;/span&gt;&lt;/p&gt;&lt;/div&gt;&lt;div&gt;&lt;p class=\"MsoNormal\"&gt;&lt;span style=\"font-size: 12.0pt; color: black;\"&gt; &lt;/span&gt;&lt;/p&gt;&lt;/div&gt;&lt;div&gt;&lt;p class=\"MsoNormal\"&gt;&lt;span style=\"font-size: 12.0pt;\"&gt;Cordialmente; &lt;/span&gt;&lt;/p&gt;&lt;/div&gt;&lt;div&gt;&lt;p class=\"MsoNormal\"&gt;&lt;span style=\"font-size: 12.0pt; color: black;\"&gt; &lt;/span&gt;&lt;/p&gt;&lt;/div&gt;&lt;div&gt;&lt;p class=\"MsoNormal\"&gt;&lt;span style=\"font-size: 12.0pt; color: black;\"&gt; &lt;/span&gt;&lt;/p&gt;&lt;/div&gt;&lt;div&gt;&lt;p class=\"MsoNormal\"&gt;&lt;span style=\"color: #4472c4;\"&gt;&lt;a href=\"http://192.168.11.15/glpi/front/document.send.php?docid=49&amp;tickets_id=5503\" target=\"_blank\" rel=\"noopener\"&gt;&lt;img src=\"http://192.168.11.15/glpi/front/document.send.php?docid=49&amp;tickets_id=5503\" alt=\"61c31e0c-d9d62df8-5f05dbb4a16668.81509196\" width=\"\" /&gt;&lt;/a&gt;&lt;/span&gt;&lt;/p&gt;&lt;/div&gt;&lt;/div&gt;&lt;/div&gt;&lt;/div&gt;&lt;p class=\"MsoNormal\"&gt;&lt;span style=\"color: #4472c4; mso-fareast-language: EN-US;\"&gt; &lt;/span&gt;&lt;/p&gt;&lt;div&gt;&lt;div style=\"border: none; border-top: solid #E1E1E1 1.0pt; padding: 3.0pt 0cm 0cm 0cm;\"&gt;&lt;p class=\"MsoNormal\"&gt;&lt;strong&gt;&lt;span lang=\"ES\"&gt;De:&lt;/span&gt;&lt;/strong&gt;&lt;span lang=\"ES\"&gt; Luis Francisco Villarreal Celis &lt;&lt;a href=\"mailto:luis.villarreal@arintia.com\"&gt;luis.villarreal@arintia.com&lt;/a&gt;&gt; &lt;br /&gt;&lt;strong&gt;Enviado el:&lt;/strong&gt; miércoles, 12 de abril de 2023 9:49 a. m.&lt;br /&gt;&lt;strong&gt;Para:&lt;/strong&gt; Edgar Ariza Rodríguez &lt;&lt;a href=\"mailto:edgar.ariza@arintia.com\"&gt;edgar.ariza@arintia.com&lt;/a&gt;&gt;; Juan Carlos Culma Gonzalez &lt;&lt;a href=\"mailto:juan.culma@arintia.com\"&gt;juan.culma@arintia.com&lt;/a&gt;&gt;; Diego Andrés García Santos &lt;&lt;a href=\"mailto:diego.garcia@arintia.com\"&gt;diego.garcia@arintia.com&lt;/a&gt;&gt;&lt;br /&gt;&lt;strong&gt;CC:&lt;/strong&gt; Andres Enrique Polanco Ponton &lt;&lt;a href=\"mailto:andres.polanco@arintia.com\"&gt;andres.polanco@arintia.com&lt;/a&gt;&gt;; Jorge Enrique Osorio Medina &lt;&lt;a href=\"mailto:jorge.osorio@arintia.com\"&gt;jorge.osorio@arintia.com&lt;/a&gt;&gt;&lt;br /&gt;&lt;strong&gt;Asunto:&lt;/strong&gt; favor reactivar pagina cliente Siderurgica Lube quality test&lt;/span&gt;&lt;/p&gt;&lt;/div&gt;&lt;/div&gt;&lt;p class=\"MsoNormal\"&gt; &lt;/p&gt;&lt;div&gt;&lt;p class=\"MsoNormal\" style=\"background: white;\"&gt;&lt;span style=\"font-size: 12.0pt; color: black;\"&gt;Señor Edgar, &lt;/span&gt;&lt;/p&gt;&lt;/div&gt;&lt;div&gt;&lt;p class=\"MsoNormal\" style=\"background: white;\"&gt;&lt;span style=\"font-size: 12.0pt; color: black;\"&gt; &lt;/span&gt;&lt;/p&gt;&lt;/div&gt;&lt;div&gt;&lt;p class=\"MsoNormal\" style=\"background: white;\"&gt;&lt;span style=\"font-size: 12.0pt; color: black;\"&gt;el  cliente lubricantes GSR de una siderurgica de Boyaca, que recibe el servicio del lube quality test fue a ingresar sus muestras de aceite usado a la plataforma, no pudo accesar, le sale una ventana que no se encuentra su acceso,  para que por favor nuevamente le activen su ingreso y quedo pendiente de cualquier instruccion, favor copiar a Juan Carlos quien es el reemplazo de Reinaldo Cala.&lt;/span&gt;&lt;/p&gt;&lt;/div&gt;&lt;div&gt;&lt;p class=\"MsoNormal\" style=\"background: white;\"&gt;&lt;span style=\"font-size: 12.0pt; color: black;\"&gt; &lt;/span&gt;&lt;/p&gt;&lt;/div&gt;&lt;div&gt;&lt;p class=\"MsoNormal\" style=\"background: white;\"&gt;&lt;span style=\"font-size: 12.0pt; color: black;\"&gt;favor asignarle a Juan Carlos los accesos  teams que le muestro a continuación en estos pantallazos,  puesto que es quien reemplazó a Reinaldo Cala, &lt;/span&gt;&lt;/p&gt;&lt;/div&gt;&lt;div&gt;&lt;p class=\"MsoNormal\" style=\"background: white;\"&gt;&lt;span style=\"font-size: 12.0pt; color: black;\"&gt; &lt;/span&gt;&lt;/p&gt;&lt;/div&gt;&lt;div&gt;&lt;p class=\"MsoNormal\" style=\"background: white;\"&gt;&lt;span style=\"font-size: 12.0pt; color: black;\"&gt;&lt;a href=\"http://192.168.11.15/glpi/front/document.send.php?docid=4749&amp;tickets_id=5503\" target=\"_blank\" rel=\"noopener\"&gt;&lt;img src=\"http://192.168.11.15/glpi/front/document.send.php?docid=4749&amp;tickets_id=5503\" alt=\"3d1b5dab-d9d62df8-6439514d6c3e47.69126152\" width=\"527\" /&gt;&lt;/a&gt;&lt;/span&gt;&lt;/p&gt;&lt;/div&gt;&lt;div&gt;&lt;p class=\"MsoNormal\" style=\"background: white;\"&gt;&lt;span style=\"font-size: 12.0pt; color: black;\"&gt; &lt;/span&gt;&lt;/p&gt;&lt;/div&gt;&lt;div&gt;&lt;p class=\"MsoNormal\" style=\"background: white;\"&gt;&lt;span style=\"font-size: 12.0pt; color: black;\"&gt;&lt;a href=\"http://192.168.11.15/glpi/front/document.send.php?docid=4750&amp;tickets_id=5503\" target=\"_blank\" rel=\"noopener\"&gt;&lt;img src=\"http://192.168.11.15/glpi/front/document.send.php?docid=4750&amp;tickets_id=5503\" alt=\"3d1b5dab-d9d62df8-6439514d6cdb71.21196343\" width=\"303\" /&gt;&lt;/a&gt;&lt;/span&gt;&lt;/p&gt;&lt;/div&gt;&lt;div&gt;&lt;p class=\"MsoNormal\" style=\"background: white;\"&gt;&lt;span style=\"font-size: 12.0pt; color: black;\"&gt; &lt;/span&gt;&lt;/p&gt;&lt;/div&gt;&lt;div&gt;&lt;p class=\"MsoNormal\" style=\"background: white;\"&gt;&lt;span style=\"font-size: 12.0pt; color: black;\"&gt;&lt;a href=\"http://192.168.11.15/glpi/front/document.send.php?docid=4751&amp;tickets_id=5503\" target=\"_blank\" rel=\"noopener\"&gt;&lt;img src=\"http://192.168.11.15/glpi/front/document.send.php?docid=4751&amp;tickets_id=5503\" alt=\"3d1b5dab-d9d62df8-6439514d6d8869.72314616\" width=\"346\" /&gt;&lt;/a&gt;&lt;/span&gt;&lt;/p&gt;&lt;/div&gt;&lt;div&gt;&lt;p class=\"MsoNormal\" style=\"background: white;\"&gt;&lt;span style=\"font-size: 12.0pt; color: black;\"&gt; &lt;/span&gt;&lt;/p&gt;&lt;/div&gt;&lt;div&gt;&lt;p class=\"MsoNormal\" style=\"background: white;\"&gt;&lt;span style=\"font-size: 12.0pt; color: black;\"&gt; &lt;/span&gt;&lt;/p&gt;&lt;/div&gt;&lt;div&gt;&lt;p class=\"MsoNormal\" style=\"background: white;\"&gt;&lt;span style=\"font-size: 12.0pt; color: black;\"&gt;gracias quedo atento a su direccionamiento&lt;/span&gt;&lt;/p&gt;&lt;/div&gt;&lt;div&gt;&lt;p class=\"MsoNormal\" style=\"background: white;\"&gt;&lt;span style=\"font-size: 12.0pt; color: black;\"&gt; &lt;/span&gt;&lt;/p&gt;&lt;/div&gt;&lt;div&gt;&lt;p class=\"MsoNormal\" style=\"background: white;\"&gt;&lt;span style=\"font-size: 12.0pt; color: black;\"&gt;&lt;a href=\"http://192.168.11.15/glpi/front/document.send.php?docid=3180&amp;tickets_id=5503\" target=\"_blank\" rel=\"noopener\"&gt;&lt;img src=\"http://192.168.11.15/glpi/front/document.send.php?docid=3180&amp;tickets_id=5503\" alt=\"3e2289dc-d9d62df8-62b48e0e65ef34.10983679\" width=\"1920\" /&gt;&lt;/a&gt;&lt;/span&gt;&lt;/p&gt;&lt;/div&gt;&lt;/div&gt;',3,3,3,21,2,1,23,24,0,'2023-05-22 22:30:00','2023-04-14 13:52:02','2023-05-16 18:13:59',2519672,0,0,0,0,NULL,NULL,NULL,663872,834741,106645,1,0,0,71,0,'2023-04-14 13:12:02',NULL),(5506,1,'Favor reactivar pagina cliente Siderurgica Lube quality test entre otros clientes de lubricantes','2023-04-14 16:21:01',NULL,NULL,NULL,'2023-04-24 10:42:57',113,2,0,2,'&lt;div class=\"elementToProof\" style=\"font-family: Calibri, Arial, Helvetica, sans-serif; font-size: 12pt; color: #000000; background-color: #ffffff;\"&gt; &lt;/div&gt;&lt;div class=\"elementToProof\"&gt;&lt;div style=\"font-family: Calibri, Arial, Helvetica, sans-serif; font-size: 12pt; color: #000000;\"&gt;Señores Gestión de la TICS, &lt;/div&gt;&lt;div style=\"font-family: Calibri, Arial, Helvetica, sans-serif; font-size: 12pt; color: #000000;\"&gt;agradecemos todo su apoyo y soporte ante los clientes que están usando la plataforma de ingresos de muestras y equipos,  recibo de los formatos con los reportes, diagnósticos y recomendaciones en el  servicio de laboratorio - Lube Quality Test- para sus muestras de aceite de seguimiento de desempeño de sus equipos lubricados con nuestros aceites y que forman parte de los Contratos de suministros; Juan Carlos Culma, es quién quedo a cargo en reemplazo de Reinaldo Cala quien ya no esta con nosotros.&lt;/div&gt;&lt;div style=\"font-family: Calibri, Arial, Helvetica, sans-serif; font-size: 12pt; color: #000000;\"&gt; &lt;/div&gt;&lt;div style=\"font-family: Calibri, Arial, Helvetica, sans-serif; font-size: 12pt; color: #000000;\"&gt;Juan Carlos también requiere como el Ing de soporte e ing de lubricación tener acceso en los teams a las carpetas que ya envié a solicitud en el email anterior.&lt;/div&gt;&lt;div style=\"font-family: Calibri, Arial, Helvetica, sans-serif; font-size: 12pt; color: #000000;\"&gt; &lt;/div&gt;&lt;div style=\"font-family: Calibri, Arial, Helvetica, sans-serif; font-size: 12pt; color: #000000;\"&gt;quedo atento a cualquier informacion adicional y a sus requerimientos&lt;/div&gt;&lt;div id=\"Signature\"&gt;&lt;div&gt;&lt;p&gt;&lt;a href=\"http://192.168.11.15/glpi/front/document.send.php?docid=3180&amp;tickets_id=5506\" target=\"_blank\" rel=\"noopener\"&gt;&lt;img src=\"http://192.168.11.15/glpi/front/document.send.php?docid=3180&amp;tickets_id=5506\" alt=\"3e2289dc-d9d62df8-62b48e0e65ef34.10983679\" width=\"1920\" /&gt;&lt;/a&gt;&lt;/p&gt;&lt;/div&gt;&lt;/div&gt;&lt;/div&gt;&lt;div id=\"appendonsend\"&gt; &lt;/div&gt;&lt;hr style=\"display: inline-block; width: 98%;\" tabindex=\"-1\" /&gt;&lt;div id=\"divRplyFwdMsg\" dir=\"ltr\"&gt;&lt;span style=\"font-size: 11pt; color: #000000; font-family: Calibri, sans-serif;\"&gt;&lt;strong&gt;De:&lt;/strong&gt; Juan Carlos Culma Gonzalez &lt;juan.culma@arintia.com&gt;&lt;br /&gt;&lt;strong&gt;Enviado:&lt;/strong&gt; viernes, 14 de abril de 2023 8:10&lt;br /&gt;&lt;strong&gt;Para:&lt;/strong&gt; Gestión de las TICS &lt;gestion.ti@arintia.com&gt;&lt;br /&gt;&lt;strong&gt;Cc:&lt;/strong&gt; Andres Enrique Polanco Ponton &lt;andres.polanco@arintia.com&gt;; Jorge Enrique Osorio Medina &lt;jorge.osorio@arintia.com&gt;; Luis Francisco Villarreal Celis &lt;luis.villarreal@arintia.com&gt;; Edgar Ariza Rodríguez &lt;edgar.ariza@arintia.com&gt;; Catherine Hernández Bedoya &lt;catherine.hernandez@arintia.com&gt;&lt;br /&gt;&lt;strong&gt;Asunto:&lt;/strong&gt; RE: Favor reactivar pagina cliente Siderurgica Lube quality test&lt;/span&gt;&lt;div&gt; &lt;/div&gt;&lt;/div&gt;&lt;div lang=\"ES-CO\" style=\"word-wrap: break-word;\"&gt;&lt;div class=\"x_WordSection1\"&gt;&lt;p class=\"x_MsoNormal\"&gt;Buen día.&lt;/p&gt;&lt;p class=\"x_MsoNormal\"&gt; &lt;/p&gt;&lt;p class=\"x_MsoNormal\"&gt;Solicito autorización para tener acceso total a los grupos de Teams, relacionados correo en cola.&lt;/p&gt;&lt;p class=\"x_MsoNormal\"&gt;Quedo atento.&lt;/p&gt;&lt;p class=\"x_MsoNormal\"&gt; &lt;/p&gt;&lt;p class=\"x_MsoNormal\"&gt;Cordial saludo.&lt;/p&gt;&lt;p class=\"x_MsoNormal\"&gt; &lt;/p&gt;&lt;div&gt;&lt;p class=\"x_MsoNormal\"&gt; &lt;/p&gt;&lt;p&gt;&lt;a href=\"http://192.168.11.15/glpi/front/document.send.php?docid=4748&amp;tickets_id=5506\" target=\"_blank\" rel=\"noopener\"&gt;&lt;img src=\"http://192.168.11.15/glpi/front/document.send.php?docid=4748&amp;tickets_id=5506\" alt=\"3d1b5dab-d9d62df8-6439514d6b0b65.87362474\" width=\"3334\" /&gt;&lt;/a&gt;&lt;/p&gt;&lt;/div&gt;&lt;p class=\"x_MsoNormal\"&gt; &lt;/p&gt;&lt;div&gt;&lt;div style=\"border: none; border-top: solid #E1E1E1 1.0pt; padding: 3.0pt 0cm 0cm 0cm;\"&gt;&lt;p class=\"x_MsoNormal\"&gt;&lt;strong&gt;&lt;span lang=\"ES\"&gt;De:&lt;/span&gt;&lt;/strong&gt;&lt;span lang=\"ES\"&gt; Edgar Ariza Rodríguez &lt;edgar.ariza@arintia.com&gt; &lt;br /&gt;&lt;strong&gt;Enviado el:&lt;/strong&gt; miércoles, 12 de abril de 2023 11:23 a. m.&lt;br /&gt;&lt;strong&gt;Para:&lt;/strong&gt; Luis Francisco Villarreal Celis &lt;luis.villarreal@arintia.com&gt;; Juan Carlos Culma Gonzalez &lt;juan.culma@arintia.com&gt;; Diego Andrés García Santos &lt;diego.garcia@arintia.com&gt;&lt;br /&gt;&lt;strong&gt;CC:&lt;/strong&gt; Andres Enrique Polanco Ponton &lt;andres.polanco@arintia.com&gt;; Jorge Enrique Osorio Medina &lt;jorge.osorio@arintia.com&gt;&lt;br /&gt;&lt;strong&gt;Asunto:&lt;/strong&gt; Favor reactivar pagina cliente Siderurgica Lube quality test&lt;/span&gt;&lt;/p&gt;&lt;/div&gt;&lt;/div&gt;&lt;p class=\"x_MsoNormal\"&gt; &lt;/p&gt;&lt;p class=\"x_MsoNormal\"&gt;&lt;span style=\"color: #4472c4;\"&gt;Cordial Saludo,&lt;/span&gt;&lt;/p&gt;&lt;p class=\"x_MsoNormal\"&gt;&lt;span style=\"color: #4472c4;\"&gt;Luis Francisco, Con gusto realizaremos la revisión a la solicitud realizada. No olvidar nuestro principal canal para registrar estas solicitudes en le la mesa de servicio (&lt;a href=\"mailto:gestion.ti@arintia.com\"&gt;gestion.ti@arintia.com&lt;/a&gt;) y que uno de nuestros agentes lo contacte para dar solución a solicitud.&lt;/span&gt;&lt;/p&gt;&lt;p class=\"x_MsoNormal\"&gt;&lt;span style=\"color: #4472c4;\"&gt; &lt;/span&gt;&lt;/p&gt;&lt;div&gt;&lt;div&gt;&lt;div&gt;&lt;div&gt;&lt;p class=\"x_MsoNormal\"&gt;&lt;span style=\"font-size: 12.0pt; color: black;\"&gt; &lt;/span&gt;&lt;/p&gt;&lt;p class=\"x_MsoNormal\"&gt;&lt;span style=\"font-size: 12.0pt; color: black;\"&gt; &lt;/span&gt;&lt;/p&gt;&lt;p class=\"x_MsoNormal\"&gt;&lt;span style=\"font-size: 12.0pt; color: black;\"&gt; &lt;/span&gt;&lt;/p&gt;&lt;/div&gt;&lt;div&gt;&lt;p class=\"x_MsoNormal\"&gt;&lt;span style=\"font-size: 12.0pt; color: black;\"&gt; &lt;/span&gt;&lt;/p&gt;&lt;/div&gt;&lt;div&gt;&lt;p class=\"x_MsoNormal\"&gt;&lt;span style=\"font-size: 12.0pt;\"&gt;Cordialmente; &lt;/span&gt;&lt;/p&gt;&lt;/div&gt;&lt;div&gt;&lt;p class=\"x_MsoNormal\"&gt;&lt;span style=\"font-size: 12.0pt; color: black;\"&gt; &lt;/span&gt;&lt;/p&gt;&lt;/div&gt;&lt;div&gt;&lt;p class=\"x_MsoNormal\"&gt;&lt;span style=\"font-size: 12.0pt; color: black;\"&gt; &lt;/span&gt;&lt;/p&gt;&lt;/div&gt;&lt;div&gt;&lt;p class=\"x_MsoNormal\"&gt;&lt;span style=\"color: #4472c4;\"&gt;&lt;a href=\"http://192.168.11.15/glpi/front/document.send.php?docid=49&amp;tickets_id=5506\" target=\"_blank\" rel=\"noopener\"&gt;&lt;img src=\"http://192.168.11.15/glpi/front/document.send.php?docid=49&amp;tickets_id=5506\" alt=\"61c31e0c-d9d62df8-5f05dbb4a16668.81509196\" width=\"\" /&gt;&lt;/a&gt;&lt;/span&gt;&lt;/p&gt;&lt;/div&gt;&lt;/div&gt;&lt;/div&gt;&lt;/div&gt;&lt;p class=\"x_MsoNormal\"&gt;&lt;span style=\"color: #4472c4;\"&gt; &lt;/span&gt;&lt;/p&gt;&lt;div&gt;&lt;div style=\"border: none; border-top: solid #E1E1E1 1.0pt; padding: 3.0pt 0cm 0cm 0cm;\"&gt;&lt;p class=\"x_MsoNormal\"&gt;&lt;strong&gt;&lt;span lang=\"ES\"&gt;De:&lt;/span&gt;&lt;/strong&gt;&lt;span lang=\"ES\"&gt; Luis Francisco Villarreal Celis &lt;&lt;a href=\"mailto:luis.villarreal@arintia.com\"&gt;luis.villarreal@arintia.com&lt;/a&gt;&gt; &lt;br /&gt;&lt;strong&gt;Enviado el:&lt;/strong&gt; miércoles, 12 de abril de 2023 9:49 a. m.&lt;br /&gt;&lt;strong&gt;Para:&lt;/strong&gt; Edgar Ariza Rodríguez &lt;&lt;a href=\"mailto:edgar.ariza@arintia.com\"&gt;edgar.ariza@arintia.com&lt;/a&gt;&gt;; Juan Carlos Culma Gonzalez &lt;&lt;a href=\"mailto:juan.culma@arintia.com\"&gt;juan.culma@arintia.com&lt;/a&gt;&gt;; Diego Andrés García Santos &lt;&lt;a href=\"mailto:diego.garcia@arintia.com\"&gt;diego.garcia@arintia.com&lt;/a&gt;&gt;&lt;br /&gt;&lt;strong&gt;CC:&lt;/strong&gt; Andres Enrique Polanco Ponton &lt;&lt;a href=\"mailto:andres.polanco@arintia.com\"&gt;andres.polanco@arintia.com&lt;/a&gt;&gt;; Jorge Enrique Osorio Medina &lt;&lt;a href=\"mailto:jorge.osorio@arintia.com\"&gt;jorge.osorio@arintia.com&lt;/a&gt;&gt;&lt;br /&gt;&lt;strong&gt;Asunto:&lt;/strong&gt; favor reactivar pagina cliente Siderurgica Lube quality test&lt;/span&gt;&lt;/p&gt;&lt;/div&gt;&lt;/div&gt;&lt;p class=\"x_MsoNormal\"&gt; &lt;/p&gt;&lt;div&gt;&lt;p class=\"x_MsoNormal\" style=\"background: white;\"&gt;&lt;span style=\"font-size: 12.0pt; color: black;\"&gt;Señor Edgar, &lt;/span&gt;&lt;/p&gt;&lt;/div&gt;&lt;div&gt;&lt;p class=\"x_MsoNormal\" style=\"background: white;\"&gt;&lt;span style=\"font-size: 12.0pt; color: black;\"&gt; &lt;/span&gt;&lt;/p&gt;&lt;/div&gt;&lt;div&gt;&lt;p class=\"x_MsoNormal\" style=\"background: white;\"&gt;&lt;span style=\"font-size: 12.0pt; color: black;\"&gt;el  cliente lubricantes GSR de una siderurgica de Boyaca, que recibe el servicio del lube quality test fue a ingresar sus muestras de aceite usado a la plataforma, no pudo accesar, le sale una ventana que no se encuentra su acceso,  para que por favor nuevamente le activen su ingreso y quedo pendiente de cualquier instruccion, favor copiar a Juan Carlos quien es el reemplazo de Reinaldo Cala.&lt;/span&gt;&lt;/p&gt;&lt;/div&gt;&lt;div&gt;&lt;p class=\"x_MsoNormal\" style=\"background: white;\"&gt;&lt;span style=\"font-size: 12.0pt; color: black;\"&gt; &lt;/span&gt;&lt;/p&gt;&lt;/div&gt;&lt;div&gt;&lt;p class=\"x_MsoNormal\" style=\"background: white;\"&gt;&lt;span style=\"font-size: 12.0pt; color: black;\"&gt;favor asignarle a Juan Carlos los accesos  teams que le muestro a continuación en estos pantallazos,  puesto que es quien reemplazó a Reinaldo Cala, &lt;/span&gt;&lt;/p&gt;&lt;/div&gt;&lt;div&gt;&lt;p class=\"x_MsoNormal\" style=\"background: white;\"&gt;&lt;span style=\"font-size: 12.0pt; color: black;\"&gt; &lt;/span&gt;&lt;/p&gt;&lt;/div&gt;&lt;div&gt;&lt;p class=\"x_MsoNormal\" style=\"background: white;\"&gt;&lt;span style=\"font-size: 12.0pt; color: black;\"&gt;&lt;a href=\"http://192.168.11.15/glpi/front/document.send.php?docid=4749&amp;tickets_id=5506\" target=\"_blank\" rel=\"noopener\"&gt;&lt;img src=\"http://192.168.11.15/glpi/front/document.send.php?docid=4749&amp;tickets_id=5506\" alt=\"3d1b5dab-d9d62df8-6439514d6c3e47.69126152\" width=\"527\" /&gt;&lt;/a&gt;&lt;/span&gt;&lt;/p&gt;&lt;/div&gt;&lt;div&gt;&lt;p class=\"x_MsoNormal\" style=\"background: white;\"&gt;&lt;span style=\"font-size: 12.0pt; color: black;\"&gt; &lt;/span&gt;&lt;/p&gt;&lt;/div&gt;&lt;div&gt;&lt;p class=\"x_MsoNormal\" style=\"background: white;\"&gt;&lt;span style=\"font-size: 12.0pt; color: black;\"&gt;&lt;a href=\"http://192.168.11.15/glpi/front/document.send.php?docid=4750&amp;tickets_id=5506\" target=\"_blank\" rel=\"noopener\"&gt;&lt;img src=\"http://192.168.11.15/glpi/front/document.send.php?docid=4750&amp;tickets_id=5506\" alt=\"3d1b5dab-d9d62df8-6439514d6cdb71.21196343\" width=\"303\" /&gt;&lt;/a&gt;&lt;/span&gt;&lt;/p&gt;&lt;/div&gt;&lt;div&gt;&lt;p class=\"x_MsoNormal\" style=\"background: white;\"&gt;&lt;span style=\"font-size: 12.0pt; color: black;\"&gt; &lt;/span&gt;&lt;/p&gt;&lt;/div&gt;&lt;div&gt;&lt;p class=\"x_MsoNormal\" style=\"background: white;\"&gt;&lt;span style=\"font-size: 12.0pt; color: black;\"&gt;&lt;a href=\"http://192.168.11.15/glpi/front/document.send.php?docid=4751&amp;tickets_id=5506\" target=\"_blank\" rel=\"noopener\"&gt;&lt;img src=\"http://192.168.11.15/glpi/front/document.send.php?docid=4751&amp;tickets_id=5506\" alt=\"3d1b5dab-d9d62df8-6439514d6d8869.72314616\" width=\"346\" /&gt;&lt;/a&gt;&lt;/span&gt;&lt;/p&gt;&lt;/div&gt;&lt;div&gt;&lt;p class=\"x_MsoNormal\" style=\"background: white;\"&gt;&lt;span style=\"font-size: 12.0pt; color: black;\"&gt; &lt;/span&gt;&lt;/p&gt;&lt;/div&gt;&lt;div&gt;&lt;p class=\"x_MsoNormal\" style=\"background: white;\"&gt;&lt;span style=\"font-size: 12.0pt; color: black;\"&gt; &lt;/span&gt;&lt;/p&gt;&lt;/div&gt;&lt;div&gt;&lt;p class=\"x_MsoNormal\" style=\"background: white;\"&gt;&lt;span style=\"font-size: 12.0pt; color: black;\"&gt;gracias quedo atento a su direccionamiento&lt;/span&gt;&lt;/p&gt;&lt;/div&gt;&lt;div&gt;&lt;p class=\"x_MsoNormal\" style=\"background: white;\"&gt;&lt;span style=\"font-size: 12.0pt; color: black;\"&gt; &lt;/span&gt;&lt;/p&gt;&lt;/div&gt;&lt;div&gt;&lt;p class=\"x_MsoNormal\" style=\"background: white;\"&gt;&lt;span style=\"font-size: 12.0pt; color: black;\"&gt;&lt;a href=\"http://192.168.11.15/glpi/front/document.send.php?docid=3180&amp;tickets_id=5506\" target=\"_blank\" rel=\"noopener\"&gt;&lt;img src=\"http://192.168.11.15/glpi/front/document.send.php?docid=3180&amp;tickets_id=5506\" alt=\"3e2289dc-d9d62df8-62b48e0e65ef34.10983679\" width=\"1920\" /&gt;&lt;/a&gt;&lt;/span&gt;&lt;/p&gt;&lt;/div&gt;&lt;/div&gt;&lt;/div&gt;',3,3,3,21,1,1,0,0,0,NULL,NULL,NULL,0,0,0,0,0,NULL,NULL,NULL,0,0,0,1,0,1,0,0,'2023-04-14 16:21:01',NULL),(5509,1,'Desviación OF 30000942','2023-04-14 17:24:01','2023-06-15 20:54:08','2023-06-15 20:54:08',NULL,'2023-06-15 20:54:08',353,6,662,2,'&lt;div class=\"elementToProof\" style=\"font-family: Calibri, Helvetica, sans-serif; font-size: 11pt; color: #000000; background-color: #ffffff;\"&gt;Buenas tardes,&lt;/div&gt;&lt;div class=\"elementToProof\" style=\"font-family: Calibri, Helvetica, sans-serif; font-size: 11pt; color: #000000; background-color: #ffffff;\"&gt; &lt;/div&gt;&lt;div class=\"elementToProof\" style=\"font-family: Calibri, Helvetica, sans-serif; font-size: 11pt; color: #000000; background-color: #ffffff;\"&gt;Por error se realizó un recibo de producción adicional al requerido en la OF 30000942 correspondiente al ítem de las cajas. Por favor su soporte para reversar dicha transacción y cerrar este orden de fabricación.&lt;/div&gt;&lt;div class=\"elementToProof\" style=\"font-family: Calibri, Helvetica, sans-serif; font-size: 11pt; color: #000000; background-color: #ffffff;\"&gt; &lt;/div&gt;&lt;div class=\"elementToProof\" style=\"font-family: Calibri, Helvetica, sans-serif; font-size: 11pt; color: #000000; background-color: #ffffff;\"&gt;&lt;p&gt;&lt;a href=\"http://192.168.11.15/glpi/front/document.send.php?docid=4758&amp;tickets_id=5509\" target=\"_blank\" rel=\"noopener\"&gt;&lt;img src=\"http://192.168.11.15/glpi/front/document.send.php?docid=4758&amp;tickets_id=5509\" alt=\"3d1b5dab-d9d62df8-64398c37540ed2.50602293\" width=\"893\" /&gt;&lt;/a&gt;&lt;/p&gt;&lt;/div&gt;&lt;div class=\"elementToProof\"&gt;&lt;div style=\"font-family: Calibri, Helvetica, sans-serif; font-size: 11pt; color: #000000;\"&gt; &lt;/div&gt;&lt;div style=\"font-family: Calibri, Helvetica, sans-serif; font-size: 11pt; color: #000000;\"&gt;Quedo atento,&lt;/div&gt;&lt;div id=\"Signature\"&gt;&lt;div&gt;&lt;div style=\"font-family: Calibri, Arial, Helvetica, sans-serif; font-size: 12pt; color: #000000;\"&gt;&lt;p&gt;&lt;a href=\"http://192.168.11.15/glpi/front/document.send.php?docid=4094&amp;tickets_id=5509\" target=\"_blank\" rel=\"noopener\"&gt;&lt;img src=\"http://192.168.11.15/glpi/front/document.send.php?docid=4094&amp;tickets_id=5509\" alt=\"3e2289dc-d9d62df8-639a15b6e870b6.33778135\" width=\"667\" /&gt;&lt;/a&gt;&lt;/p&gt;&lt;/div&gt;&lt;/div&gt;&lt;/div&gt;&lt;/div&gt;',3,3,3,167,1,1,0,24,0,NULL,'2023-04-14 18:04:01',NULL,0,0,0,0,0,NULL,NULL,NULL,3311905,2057502,2057502,1,0,0,48,0,'2023-04-14 17:24:01',NULL),(5517,1,'NOVEDAD DE SALIDA POR INVENTARIO VTA COMBOS SANITAROS INGEURBE','2023-04-14 22:36:01',NULL,NULL,NULL,'2023-04-24 10:42:57',113,2,0,2,'&lt;div class=\"WordSection1\"&gt;&lt;p class=\"MsoNormal\"&gt; &lt;/p&gt;&lt;p class=\"MsoNormal\"&gt; &lt;/p&gt;&lt;p class=\"MsoNormal\"&gt;&lt;span style=\"mso-ligatures: none; mso-fareast-language: ES-CO;\"&gt;Cordial Saludo&lt;/span&gt;&lt;/p&gt;&lt;p class=\"MsoNormal\"&gt;&lt;span style=\"mso-ligatures: none; mso-fareast-language: ES-CO;\"&gt; &lt;/span&gt;&lt;/p&gt;&lt;p class=\"MsoNormal\"&gt;&lt;span style=\"mso-ligatures: none; mso-fareast-language: ES-CO;\"&gt; &lt;/span&gt;&lt;/p&gt;&lt;p class=\"MsoNormal\"&gt;&lt;span style=\"mso-ligatures: none; mso-fareast-language: ES-CO;\"&gt;Solicitamos de indicaciones para  dar solucion a proceder con la salida de inventario de 244 combos sanitarios los culaes se ingresaron en el sistema  en despiese por solicitud del Cliente Ingeurbe pero aun esta pendiente por la salida para culminar el proceso. &lt;/span&gt;&lt;/p&gt;&lt;p class=\"MsoNormal\"&gt;&lt;span style=\"mso-ligatures: none; mso-fareast-language: ES-CO;\"&gt; &lt;/span&gt;&lt;/p&gt;&lt;p class=\"MsoNormal\"&gt;&lt;span style=\"mso-ligatures: none; mso-fareast-language: ES-CO;\"&gt;La referencia es 171210CR0016(244 UND)&lt;/span&gt;&lt;/p&gt;&lt;p class=\"MsoNormal\"&gt;&lt;span style=\"mso-ligatures: none; mso-fareast-language: ES-CO;\"&gt; &lt;/span&gt;&lt;/p&gt;&lt;p class=\"MsoNormal\"&gt;&lt;span style=\"mso-ligatures: none; mso-fareast-language: ES-CO;\"&gt; &lt;/span&gt;&lt;/p&gt;&lt;p class=\"MsoNormal\"&gt;&lt;span style=\"mso-ligatures: none; mso-fareast-language: ES-CO;\"&gt;Cordialmente&lt;/span&gt;&lt;/p&gt;&lt;p class=\"MsoNormal\"&gt;&lt;span style=\"mso-ligatures: none; mso-fareast-language: ES-CO;\"&gt; &lt;/span&gt;&lt;/p&gt;&lt;p class=\"MsoNormal\"&gt;&lt;span style=\"mso-ligatures: none; mso-fareast-language: ES-CO;\"&gt; &lt;/span&gt;&lt;/p&gt;&lt;p class=\"MsoNormal\"&gt;&lt;span style=\"mso-ligatures: none; mso-fareast-language: ES-CO;\"&gt; &lt;/span&gt;&lt;/p&gt;&lt;p class=\"MsoNormal\"&gt;&lt;span style=\"mso-ligatures: none; mso-fareast-language: ES-CO;\"&gt; &lt;/span&gt;&lt;/p&gt;&lt;p class=\"MsoNormal\"&gt;&lt;span style=\"mso-fareast-language: ES-CO;\"&gt;&lt;a href=\"http://192.168.11.15/glpi/front/document.send.php?docid=4561&amp;tickets_id=5517\" target=\"_blank\" rel=\"noopener\"&gt;&lt;img src=\"http://192.168.11.15/glpi/front/document.send.php?docid=4561&amp;tickets_id=5517\" alt=\"3d1b5dab-d9d62df8-641233f29e9a11.19001741\" width=\"4151\" /&gt;&lt;/a&gt;&lt;/span&gt;&lt;/p&gt;&lt;p class=\"MsoNormal\"&gt; &lt;/p&gt;&lt;/div&gt;',3,3,3,167,1,1,0,0,0,NULL,NULL,NULL,0,0,0,0,0,NULL,NULL,NULL,0,0,0,1,0,1,0,0,'2023-04-14 22:36:01',NULL),(5524,1,'Solicitud de teclado','2023-04-17 15:57:01','2023-05-09 15:06:14','2023-05-09 15:06:14',NULL,'2023-05-09 15:06:14',295,6,843,2,'&lt;div class=\"elementToProof\" style=\"font-family: Calibri, Arial, Helvetica, sans-serif; font-size: 12pt; color: #000000; background-color: #ffffff;\"&gt;Buen día agradezco su ayuda para gestión de teclado agradezco la atención muchas gracias.&lt;/div&gt;&lt;div class=\"elementToProof\"&gt;&lt;div style=\"font-family: Calibri, Arial, Helvetica, sans-serif; font-size: 12pt; color: #000000;\"&gt; &lt;/div&gt;&lt;div id=\"Signature\"&gt;&lt;div&gt;&lt;div style=\"font-family: Calibri, Arial, Helvetica, sans-serif; font-size: 12pt; color: #000000;\"&gt;Cordialmente,&lt;/div&gt;&lt;div style=\"font-family: Calibri, Arial, Helvetica, sans-serif; font-size: 12pt; color: #000000;\"&gt; &lt;/div&gt;&lt;div style=\"font-family: Calibri, Arial, Helvetica, sans-serif; font-size: 12pt; color: #000000;\"&gt;&lt;p&gt;&lt;a href=\"http://192.168.11.15/glpi/front/document.send.php?docid=4368&amp;tickets_id=5524\" target=\"_blank\" rel=\"noopener\"&gt;&lt;img src=\"http://192.168.11.15/glpi/front/document.send.php?docid=4368&amp;tickets_id=5524\" alt=\"3e2289dc-d9d62df8-63e2ae0678cf24.88928623\" width=\"1264\" /&gt;&lt;/a&gt;&lt;/p&gt;&lt;/div&gt;&lt;/div&gt;&lt;/div&gt;&lt;/div&gt;',3,3,3,131,1,1,0,24,0,NULL,'2023-04-17 16:37:01',NULL,0,0,0,0,0,NULL,NULL,NULL,1617185,280568,280568,1,0,0,47,0,'2023-04-17 15:57:01',NULL),(5534,1,'Solicitud funcionamiento tecla del portatil','2023-04-18 20:57:01',NULL,NULL,NULL,'2023-04-24 11:56:27',113,4,0,2,'&lt;div class=\"elementToProof\" style=\"font-family: Calibri, Arial, Helvetica, sans-serif; font-size: 12pt; color: #000000; background-color: #ffffff;\"&gt;Buen día &lt;/div&gt;&lt;div class=\"elementToProof\" style=\"font-family: Calibri, Arial, Helvetica, sans-serif; font-size: 12pt; color: #000000; background-color: #ffffff;\"&gt; &lt;/div&gt;&lt;div class=\"elementToProof\" style=\"font-family: Calibri, Arial, Helvetica, sans-serif; font-size: 12pt; color: #000000; background-color: #ffffff;\"&gt;Equipo Ti agradezco su ayuda ya que el teclado del portátil que se me asigno hay algunas teclas que no están funcionando como las letras A,M,S,L,E,F me a tocado suprimirla a la fuerza para su funcionamiento&lt;/div&gt;&lt;div class=\"elementToProof\" style=\"font-family: Calibri, Arial, Helvetica, sans-serif; font-size: 12pt; color: #000000; background-color: #ffffff;\"&gt;también la tecla de la flecha que da bajar agradezco tener presente dicha informacion muchas gracias. &lt;/div&gt;&lt;div class=\"elementToProof\"&gt;&lt;div style=\"font-family: Calibri, Arial, Helvetica, sans-serif; font-size: 12pt; color: #000000;\"&gt; &lt;/div&gt;&lt;div id=\"Signature\"&gt;&lt;div&gt;&lt;div style=\"font-family: Calibri, Arial, Helvetica, sans-serif; font-size: 12pt; color: #000000;\"&gt;Cordialmente,&lt;/div&gt;&lt;div style=\"font-family: Calibri, Arial, Helvetica, sans-serif; font-size: 12pt; color: #000000;\"&gt; &lt;/div&gt;&lt;div style=\"font-family: Calibri, Arial, Helvetica, sans-serif; font-size: 12pt; color: #000000;\"&gt;&lt;p&gt;&lt;a href=\"http://192.168.11.15/glpi/front/document.send.php?docid=4368&amp;tickets_id=5534\" target=\"_blank\" rel=\"noopener\"&gt;&lt;img src=\"http://192.168.11.15/glpi/front/document.send.php?docid=4368&amp;tickets_id=5534\" alt=\"3e2289dc-d9d62df8-63e2ae0678cf24.88928623\" width=\"1264\" /&gt;&lt;/a&gt;&lt;/p&gt;&lt;/div&gt;&lt;/div&gt;&lt;/div&gt;&lt;/div&gt;',3,3,3,128,1,1,0,0,0,NULL,NULL,'2023-04-18 21:06:51',0,0,0,0,0,NULL,NULL,NULL,0,0,0,1,0,1,0,0,'2023-04-18 20:57:01',NULL),(5539,15,'ASIGNACION USUARIO CAMARAS ZIPAQUIRA FABIO VEGA','2023-04-19 12:54:01','2023-05-10 15:50:40','2023-05-10 15:50:40',NULL,'2023-05-10 15:50:40',875,6,947,2,'&lt;div class=\"WordSection1\"&gt;&lt;p class=\"MsoNormal\"&gt;Buenos días, por medio del presente me permito solicitar usuario para acceso a cámaras bodega Zipaquirá, gracias por la atención prestada.&lt;/p&gt;&lt;p class=\"MsoNormal\"&gt; &lt;/p&gt;&lt;p class=\"MsoNormal\"&gt;&lt;span style=\"mso-fareast-language: ES-MX;\"&gt;&lt;a href=\"http://helpdesk.arintia.com.co/glpi/front/document.send.php?docid=4198&amp;tickets_id=5539\" target=\"_blank\" rel=\"noopener\"&gt;&lt;img src=\"http://helpdesk.arintia.com.co/glpi/front/document.send.php?docid=4198&amp;tickets_id=5539\" alt=\"3e2289dc-d9d62df8-63bec64fe88440.58075003\" width=\"4151\" /&gt;&lt;/a&gt;&lt;/span&gt;&lt;/p&gt;&lt;p class=\"MsoNormal\"&gt; &lt;/p&gt;&lt;p class=\"MsoNormal\"&gt; &lt;/p&gt;&lt;/div&gt;',3,3,3,118,2,1,0,0,0,NULL,NULL,NULL,0,0,0,0,0,NULL,NULL,NULL,230321,1594678,1594678,1,0,0,0,0,'2023-04-19 12:54:01',NULL),(5542,1,'SOLICITUD REPARACION VENTILADOR EQUIPO PORTATIL DIRECTOR DE OBRA','2023-04-19 15:12:01','2023-05-23 22:52:45','2023-05-23 22:52:45',NULL,'2023-05-23 22:52:45',752,6,0,2,'&lt;div dir=\"ltr\"&gt;Buenos días&lt;div&gt; &lt;/div&gt;&lt;div&gt;Me permito informarles que el equipo que tiene asignado el Ing. Luis Carlos Duran Director de Obra, hace mas o menos 8 días presentaba un ruido mientras estaba encendido, el día de ayer se apagó. por el ruido que hacía, suponemos que es el ventilador del equipo, en vista de que no volvió a encender se llevó a un tecnico aca en Aguazul, y efectivamente nos confirmó que el ventilador ya no está funcionando, y nos cotizo todo con una buena limpieza en $180.000&lt;/div&gt;&lt;div&gt;De antemano agradezco su pronta colaboración e instrucciones a seguir al respecto.&lt;/div&gt;&lt;div&gt; &lt;/div&gt;&lt;div&gt;Quedo atenta;&lt;/div&gt;&lt;div&gt; &lt;/div&gt;&lt;div&gt;&lt;br style=\"clear: both;\" /&gt;&lt;div&gt;&lt;div class=\"gmail_signature\" dir=\"ltr\" data-smartmail=\"gmail_signature\"&gt;&lt;div dir=\"ltr\"&gt;MARIA EUGENIA DE LOS RIOS &lt;div&gt;Residente Administrativa&lt;/div&gt;&lt;div&gt;Consorcio Constructor Camino Real &lt;/div&gt;&lt;div&gt;Cel. 314 367 9777&lt;/div&gt;&lt;div&gt; &lt;/div&gt;&lt;div&gt;&lt;div&gt;&lt;div dir=\"ltr\"&gt;&lt;span style=\"font-family: arial, helvetica, sans-serif;\"&gt;------------------------------------------------------------------------------------------------------------------------------------------&lt;/span&gt;&lt;/div&gt;&lt;/div&gt;&lt;div&gt;&lt;div&gt;&lt;span style=\"font-size: xx-small; font-family: arial, helvetica, sans-serif;\"&gt;&lt;strong&gt;&lt;span style=\"color: #a64d79;\"&gt;AVISO LEGAL&lt;/span&gt;:&lt;/strong&gt; &lt;span style=\"color: #0b5394;\"&gt;El contenido de este mensaje y los archivos adjuntos pueden contener información confidencial o legalmente protegida y no puede ser utilizada ni divulgada por personas diferentes a su destinatario. Si por error, recibe este mensaje, por favor avise inmediatamente a su remitente y destruya toda copia que tenga del mismo. Cualquier uso, divulgación, copia, distribución, impresión o acto derivado del conocimiento total o parcial de este mensaje sin autorización del &lt;/span&gt;&lt;/span&gt;&lt;strong style=\"color: #38761d; font-family: arial,helvetica,sans-serif; font-size: x-small;\"&gt;CONSORCIO CONSTRUCTOR CAMINO REAL&lt;/strong&gt;&lt;span style=\"font-size: xx-small; font-family: arial, helvetica, sans-serif;\"&gt; &lt;span style=\"color: #0b5394;\"&gt;puede considerarse ilegal de acuerdo con las normas vigentes. De otra parte, al destinatario se le considera custodio de la información contenida y debe velar por su confidencialidad, integridad y privacidad. Las opiniones contenidas en este mensaje electrónico no relacionadas con la actividad del consorcio, no necesariamente representan la opinión del&lt;/span&gt; &lt;span style=\"color: #38761d;\"&gt;&lt;strong&gt;CONSORCIO CONSTRUCTOR CAMINO REAL.&lt;/strong&gt;&lt;/span&gt; &lt;/span&gt;&lt;/div&gt;&lt;div&gt;&lt;span style=\"font-size: xx-small; font-family: arial, helvetica, sans-serif;\"&gt; &lt;/span&gt;&lt;/div&gt;&lt;div&gt;&lt;span style=\"font-family: arial, helvetica, sans-serif;\"&gt;&lt;strong style=\"color: #274e13;\"&gt;&lt;img src=\"https://drive.google.com/a/construccioneselco.com/uc?id=13qTXZNYXK6WgGYatVeFP54lR1UJlMOJd&amp;export=download\" alt=\"image\" /&gt;&lt;/strong&gt;&lt;span style=\"color: #274e13; font-size: large;\"&gt;&lt;strong&gt;Protejamos el medio ambiente, imprime este correo solo si lo crees absolutamente &lt;/strong&gt;&lt;/span&gt;&lt;strong&gt;&lt;span style=\"color: #274e13; font-size: large;\"&gt;necesario.&lt;/span&gt;&lt;/strong&gt;&lt;/span&gt;&lt;/div&gt;&lt;/div&gt;&lt;/div&gt;&lt;/div&gt;&lt;/div&gt;&lt;/div&gt;&lt;/div&gt;&lt;/div&gt;',3,3,3,128,1,1,0,24,0,NULL,'2023-04-19 15:42:01',NULL,0,0,0,0,0,NULL,NULL,NULL,2875661,89583,89583,1,0,0,0,0,'2023-04-19 15:12:01',NULL),(5552,1,'Kit ergonómico (Laura Duarte) ','2023-04-20 14:57:02','2023-05-05 18:46:57','2023-05-05 18:46:57',NULL,'2023-05-05 18:46:57',295,6,0,2,'&lt;div class=\"WordSection1\"&gt;&lt;p class=\"MsoNormal\"&gt;Buenas días.&lt;/p&gt;&lt;p class=\"MsoNormal\"&gt; &lt;/p&gt;&lt;p class=\"MsoNormal\"&gt;Solicito de su amable colaboración con el suministro del kit ergonómico.&lt;/p&gt;&lt;p class=\"MsoNormal\"&gt; &lt;/p&gt;&lt;p class=\"MsoNormal\"&gt; &lt;/p&gt;&lt;p class=\"MsoNormal\"&gt;&lt;strong&gt;Laura Duarte&lt;/strong&gt;&lt;/p&gt;&lt;p class=\"MsoNormal\"&gt;&lt;strong&gt;Auxiliar compras y facturación &lt;/strong&gt;&lt;/p&gt;&lt;p class=\"MsoNormal\"&gt; &lt;/p&gt;&lt;p class=\"MsoNormal\"&gt;Enviado desde &lt;a href=\"https://go.microsoft.com/fwlink/?LinkId=550986\"&gt; Correo&lt;/a&gt; para Windows&lt;/p&gt;&lt;p class=\"MsoNormal\"&gt; &lt;/p&gt;&lt;/div&gt;',3,3,3,131,2,1,17,24,0,'2023-04-24 17:51:59','2023-04-20 15:27:02',NULL,60897,0,0,0,0,NULL,NULL,NULL,60897,329098,329098,1,0,0,0,0,'2023-04-20 14:57:02',NULL),(5562,1,'SOLICITUD BLOQUEO FACTURAS A BAJO COSTO','2023-04-20 21:09:01','2023-06-15 20:49:40','2023-06-15 20:49:40',NULL,'2023-06-15 20:49:40',353,6,352,2,'&lt;div class=\"WordSection1\"&gt;&lt;p class=\"MsoNormal\"&gt;Buenas Tardes&lt;/p&gt;&lt;p class=\"MsoNormal\"&gt;Según lo conversado solicito un ajuste al sistema para que arroje algún tipo bien sea de bloqueo o alerta que no permita facturar ningún repuesto o servicio externo por debajo del costo de cada uno EJEMPLO&lt;/p&gt;&lt;p class=\"MsoNormal\"&gt; &lt;/p&gt;&lt;p class=\"MsoNormal\"&gt;FILTO DE AIRE EXTERNO tiene un precio de venta  $127.030  y  un costo de $100.000 /&lt;span style=\"background: red; mso-highlight: red;\"&gt;solo hasta $100.000&lt;/span&gt; debe dejar el sistema modificar en el momento de facturar , esto con el fin de identificar errores de precios y que no nos afecten costo real de inventario.&lt;/p&gt;&lt;p class=\"MsoNormal\"&gt; &lt;/p&gt;&lt;p class=\"MsoNormal\"&gt;Quedo atenta a comentarios&lt;/p&gt;&lt;p class=\"MsoNormal\"&gt; &lt;/p&gt;&lt;p class=\"MsoNormal\"&gt;&lt;span style=\"mso-fareast-language: ES-CO;\"&gt;&lt;a href=\"http://192.168.11.15/glpi/front/document.send.php?docid=2191&amp;tickets_id=5562\" target=\"_blank\" rel=\"noopener\"&gt;&lt;img src=\"http://192.168.11.15/glpi/front/document.send.php?docid=2191&amp;tickets_id=5562\" alt=\"5b56d996-d9d62df8-61740aa2c03e07.19117248\" width=\"1066\" /&gt;&lt;/a&gt;&lt;/span&gt;&lt;/p&gt;&lt;p class=\"MsoNormal\"&gt; &lt;/p&gt;&lt;/div&gt;',3,3,4,167,2,1,14,24,0,'2023-05-31 22:28:41','2023-04-20 21:39:01',NULL,985780,0,0,0,0,NULL,NULL,NULL,985780,381059,381059,1,0,0,41,0,'2023-04-20 21:09:01',NULL),(5565,22,'Solicitud Cotización Suite Adobe ','2023-04-20 22:21:01','2023-06-14 20:58:55','2023-05-16 13:59:39',NULL,'2023-06-14 20:58:55',692,6,563,2,'&lt;div class=\"WordSection1\"&gt;&lt;p class=\"MsoNormal\"&gt;&lt;strong&gt;Buenas tardes TI, &lt;/strong&gt;&lt;/p&gt;&lt;p class=\"MsoNormal\"&gt; &lt;/p&gt;&lt;p class=\"MsoNormal\"&gt;Requiero cotizar una licencia de la Suite de Adobe para el aprendíz de Audiovisual que tendremos en Caria Bogotá.&lt;/p&gt;&lt;p class=\"MsoNormal\"&gt; &lt;/p&gt;&lt;p class=\"MsoNormal\"&gt;Les agradezco y quedo atenta.&lt;/p&gt;&lt;p class=\"MsoNormal\"&gt;&lt;span style=\"mso-ligatures: none; mso-fareast-language: ES-CO;\"&gt; &lt;/span&gt;&lt;/p&gt;&lt;p class=\"MsoNormal\"&gt;&lt;span lang=\"ES\" style=\"mso-ligatures: none; mso-fareast-language: ES-CO;\"&gt;Saludos,&lt;/span&gt;&lt;/p&gt;&lt;p class=\"MsoNormal\"&gt;&lt;span style=\"mso-fareast-language: ES-CO;\"&gt;&lt;a href=\"http://192.168.11.15/glpi/front/document.send.php?docid=3995&amp;tickets_id=5565\" target=\"_blank\" rel=\"noopener\"&gt;&lt;img src=\"http://192.168.11.15/glpi/front/document.send.php?docid=3995&amp;tickets_id=5565\" alt=\"3e2289dc-d9d62df8-637b78370db663.96153418\" width=\"1323\" /&gt;&lt;/a&gt;&lt;/span&gt;&lt;/p&gt;&lt;p class=\"MsoNormal\"&gt; &lt;/p&gt;&lt;/div&gt;',3,3,2,179,2,1,18,24,0,'2023-05-12 16:25:40','2023-04-21 13:21:01','2023-05-16 13:59:39',468279,0,0,0,0,NULL,NULL,NULL,468279,860595,117239,1,0,0,48,0,'2023-04-20 22:21:01',NULL),(5588,1,'Layouts de Caria','2023-04-24 21:39:01','2023-06-14 20:58:55','2023-05-18 19:36:29',NULL,'2023-06-14 20:58:55',692,6,565,2,'&lt;div class=\"WordSection1\"&gt;&lt;p class=\"MsoNormal\"&gt;&lt;span style=\"font-size: 11.0pt;\"&gt;Hola Julian&lt;/span&gt;&lt;/p&gt;&lt;p class=\"MsoNormal\"&gt;&lt;span style=\"font-size: 11.0pt;\"&gt; &lt;/span&gt;&lt;/p&gt;&lt;p class=\"MsoNormal\"&gt;&lt;span style=\"font-size: 11.0pt;\"&gt;Por favor ir trabajando el siguiente Layout en la base de pruebas de Techos puede ser, este formato será cargado en la base de Caria cuando este disponible&lt;/span&gt;&lt;/p&gt;&lt;p class=\"MsoNormal\"&gt;&lt;span style=\"font-size: 11.0pt;\"&gt; &lt;/span&gt;&lt;/p&gt;&lt;p class=\"MsoNormal\"&gt;&lt;span style=\"font-size: 11.0pt;\"&gt; &lt;/span&gt;&lt;/p&gt;&lt;p class=\"MsoNormal\"&gt;&lt;span style=\"font-size: 11.0pt;\"&gt;PSI&lt;/span&gt;&lt;/p&gt;&lt;p class=\"MsoNormal\"&gt;&lt;span style=\"font-size: 11.0pt;\"&gt; &lt;/span&gt;&lt;/p&gt;&lt;div&gt;&lt;div style=\"border: none; border-top: solid #E1E1E1 1.0pt; padding: 3.0pt 0cm 0cm 0cm;\"&gt;&lt;p class=\"MsoNormal\"&gt;&lt;strong&gt;&lt;span lang=\"ES\" style=\"font-size: 11.0pt;\"&gt;De:&lt;/span&gt;&lt;/strong&gt;&lt;span lang=\"ES\" style=\"font-size: 11.0pt;\"&gt; Maxter maxter@beglubricantes.com &lt;br /&gt;&lt;strong&gt;Enviado el:&lt;/strong&gt; viernes, 21 de abril de 2023 4:33 p. m.&lt;br /&gt;&lt;strong&gt;Para:&lt;/strong&gt; Anyi Katherine Aperador Tovar anyi.aperador@arintia.com&lt;br /&gt;&lt;strong&gt;CC:&lt;/strong&gt; Rosana Tinoco servicioalclientemcp@arintia.com&lt;br /&gt;&lt;strong&gt;Asunto:&lt;/strong&gt; RE: PEDIDO AA0025-AA0030 LUBRIRETENES Y RODAMIENTOS LTDA&lt;/span&gt;&lt;/p&gt;&lt;/div&gt;&lt;/div&gt;&lt;p class=\"MsoNormal\"&gt; &lt;/p&gt;&lt;p class=\"MsoNormal\"&gt;&lt;span class=\"contentpasted1\"&gt;&lt;span style=\"font-size: 11.0pt;\"&gt;Cordial saludo,&lt;/span&gt;&lt;/span&gt;&lt;/p&gt;&lt;div&gt;&lt;div&gt;&lt;div&gt;&lt;p style=\"background: white;\"&gt;&lt;span style=\"font-size: 11.0pt;\"&gt; &lt;/span&gt;&lt;/p&gt;&lt;p class=\"contentpasted11\" style=\"background: white;\"&gt;&lt;span style=\"font-size: 11.0pt;\"&gt;Mediante la presente envío facturas teniendo en cuenta despachos del día 19 de abril.&lt;/span&gt;&lt;/p&gt;&lt;/div&gt;&lt;/div&gt;&lt;/div&gt;&lt;div&gt;&lt;div id=\"Signature\"&gt;&lt;div&gt;&lt;p class=\"contentpasted2\" style=\"background: white;\"&gt;&lt;span style=\"font-size: 11.0pt;\"&gt;REM 1016727, L21#9, FEB426576&lt;/span&gt;&lt;/p&gt;&lt;p style=\"background: white;\"&gt;&lt;span style=\"font-size: 11.0pt;\"&gt; &lt;/span&gt;&lt;/p&gt;&lt;p style=\"background: white;\"&gt;&lt;span style=\"font-size: 11.0pt;\"&gt; &lt;/span&gt;&lt;/p&gt;&lt;p style=\"background: white;\"&gt;&lt;span style=\"font-size: 11.0pt;\"&gt;Cordialmente,&lt;/span&gt;&lt;/p&gt;&lt;p style=\"background: white;\"&gt;&lt;span style=\"font-size: 11.0pt;\"&gt; &lt;/span&gt;&lt;/p&gt;&lt;/div&gt;&lt;p class=\"MsoNormal\"&gt; &lt;/p&gt;&lt;p&gt;&lt;a href=\"http://helpdesk.arintia.com.co/glpi/front/document.send.php?docid=4839&amp;tickets_id=5588\" target=\"_blank\" rel=\"noopener\"&gt;&lt;img src=\"http://helpdesk.arintia.com.co/glpi/front/document.send.php?docid=4839&amp;tickets_id=5588\" alt=\"3d1b5dab-d9d62df8-6446f6fef086c5.37209516\" width=\"1226\" /&gt;&lt;/a&gt;&lt;/p&gt;&lt;/div&gt;&lt;/div&gt;&lt;div class=\"MsoNormal\" style=\"text-align: center; margin: auto;\"&gt;&lt;hr style=\"size: 2px; width: 98%; text-align: center;\" /&gt;&lt;/div&gt;&lt;div id=\"divRplyFwdMsg\"&gt;&lt;p class=\"MsoNormal\"&gt;&lt;strong&gt;&lt;span style=\"font-size: 11.0pt;\"&gt;De:&lt;/span&gt;&lt;/strong&gt;&lt;span style=\"font-size: 11.0pt;\"&gt; Maxter &lt;&lt;a href=\"mailto:maxter@beglubricantes.com\"&gt;maxter@beglubricantes.com&lt;/a&gt;&gt;&lt;br /&gt;&lt;strong&gt;Enviado:&lt;/strong&gt; jueves, 20 de abril de 2023 14:58&lt;br /&gt;&lt;strong&gt;Para:&lt;/strong&gt; Anyi Katherine Aperador Tovar &lt;&lt;a href=\"mailto:anyi.aperador@arintia.com\"&gt;anyi.aperador@arintia.com&lt;/a&gt;&gt;&lt;br /&gt;&lt;strong&gt;Cc:&lt;/strong&gt; Rosana Tinoco &lt;&lt;a href=\"mailto:servicioalclientemcp@arintia.com\"&gt;servicioalclientemcp@arintia.com&lt;/a&gt;&gt;&lt;br /&gt;&lt;strong&gt;Asunto:&lt;/strong&gt; RE: PEDIDO AA0025-AA0030 LUBRIRETENES Y RODAMIENTOS LTDA&lt;/span&gt;&lt;/p&gt;&lt;div&gt;&lt;p class=\"MsoNormal\"&gt; &lt;/p&gt;&lt;/div&gt;&lt;/div&gt;&lt;div&gt;&lt;div&gt;&lt;p class=\"MsoNormal\" style=\"background: white;\"&gt;&lt;span style=\"font-size: 11.0pt;\"&gt;Cordial saludo,&lt;/span&gt;&lt;/p&gt;&lt;/div&gt;&lt;div&gt;&lt;div id=\"x_Signature\"&gt;&lt;div&gt;&lt;p style=\"background: white;\"&gt;&lt;span style=\"font-size: 11.0pt;\"&gt; &lt;/span&gt;&lt;/p&gt;&lt;p style=\"background: white;\"&gt;&lt;span style=\"font-size: 11.0pt;\"&gt;Mediante la presente envío facturas teniendo en cuenta despachos del día 19 de abril.&lt;/span&gt;&lt;/p&gt;&lt;p style=\"background: white;\"&gt;&lt;span style=\"font-size: 11.0pt;\"&gt; &lt;/span&gt;&lt;/p&gt;&lt;div&gt;&lt;p class=\"MsoNormal\" style=\"background: white;\"&gt;&lt;span style=\"font-size: 11.0pt;\"&gt;REM 1016733, L71#10, FEB426448&lt;br /&gt;REM 1016730, L61#11, FEB426452&lt;/span&gt;&lt;/p&gt;&lt;/div&gt;&lt;p style=\"background: white;\"&gt;&lt;span style=\"font-size: 11.0pt;\"&gt; &lt;/span&gt;&lt;/p&gt;&lt;p style=\"background: white;\"&gt;&lt;span style=\"font-size: 11.0pt;\"&gt; &lt;/span&gt;&lt;/p&gt;&lt;p style=\"background: white;\"&gt;&lt;span style=\"font-size: 11.0pt;\"&gt;Cordialmente,&lt;/span&gt;&lt;/p&gt;&lt;p style=\"background: white;\"&gt;&lt;span style=\"font-size: 11.0pt;\"&gt; &lt;/span&gt;&lt;/p&gt;&lt;/div&gt;&lt;p class=\"MsoNormal\"&gt; &lt;/p&gt;&lt;p&gt;&lt;a href=\"http://helpdesk.arintia.com.co/glpi/front/document.send.php?docid=4839&amp;tickets_id=5588\" target=\"_blank\" rel=\"noopener\"&gt;&lt;img src=\"http://helpdesk.arintia.com.co/glpi/front/document.send.php?docid=4839&amp;tickets_id=5588\" alt=\"3d1b5dab-d9d62df8-6446f6fef086c5.37209516\" width=\"1226\" /&gt;&lt;/a&gt;&lt;/p&gt;&lt;/div&gt;&lt;/div&gt;&lt;div class=\"MsoNormal\" style=\"text-align: center; margin: auto;\"&gt;&lt;hr style=\"size: 2px; width: 98%; text-align: center;\" /&gt;&lt;/div&gt;&lt;div id=\"x_divRplyFwdMsg\"&gt;&lt;p class=\"MsoNormal\"&gt;&lt;strong&gt;&lt;span style=\"font-size: 11.0pt;\"&gt;De:&lt;/span&gt;&lt;/strong&gt;&lt;span style=\"font-size: 11.0pt;\"&gt; Maxter &lt;&lt;a href=\"mailto:maxter@beglubricantes.com\"&gt;maxter@beglubricantes.com&lt;/a&gt;&gt;&lt;br /&gt;&lt;strong&gt;Enviado:&lt;/strong&gt; miércoles, 19 de abril de 2023 9:50&lt;br /&gt;&lt;strong&gt;Para:&lt;/strong&gt; Wilson Exneyder Bayona Caballero &lt;&lt;a href=\"mailto:wilson.bayona@arintia.com\"&gt;wilson.bayona@arintia.com&lt;/a&gt;&gt;&lt;br /&gt;&lt;strong&gt;Cc:&lt;/strong&gt; Luis Enrique Duran Toro &lt;&lt;a href=\"mailto:luis.duran@arintia.com\"&gt;luis.duran@arintia.com&lt;/a&gt;&gt;; Anyi Katherine Aperador Tovar &lt;&lt;a href=\"mailto:anyi.aperador@arintia.com\"&gt;anyi.aperador@arintia.com&lt;/a&gt;&gt;; Rosana Tinoco &lt;&lt;a href=\"mailto:servicioalclientemcp@arintia.com\"&gt;servicioalclientemcp@arintia.com&lt;/a&gt;&gt;&lt;br /&gt;&lt;strong&gt;Asunto:&lt;/strong&gt; RE: PEDIDO AA0025-AA0030 LUBRIRETENES Y RODAMIENTOS LTDA&lt;/span&gt;&lt;/p&gt;&lt;div&gt;&lt;p class=\"MsoNormal\"&gt; &lt;/p&gt;&lt;/div&gt;&lt;/div&gt;&lt;div&gt;&lt;div&gt;&lt;p class=\"MsoNormal\" style=\"background: white;\"&gt;&lt;span style=\"font-size: 11.0pt;\"&gt;Cordial saludo,&lt;/span&gt;&lt;/p&gt;&lt;/div&gt;&lt;div&gt;&lt;div id=\"x_x_Signature\"&gt;&lt;div&gt;&lt;p style=\"background: white;\"&gt;&lt;span style=\"font-size: 11.0pt;\"&gt; &lt;/span&gt;&lt;/p&gt;&lt;p style=\"background: white;\"&gt;&lt;span style=\"font-size: 11.0pt;\"&gt;Mediante la presente envío remisiones modificadas:&lt;/span&gt;&lt;/p&gt;&lt;p style=\"background: white;\"&gt;&lt;span style=\"font-size: 11.0pt;\"&gt; &lt;/span&gt;&lt;/p&gt;&lt;p style=\"background: white;\"&gt;&lt;span style=\"font-size: 11.0pt;\"&gt;1016733 - 250069 no hay se ingresa a backorder&lt;/span&gt;&lt;/p&gt;&lt;p style=\"background: white;\"&gt;&lt;span style=\"font-size: 11.0pt;\"&gt;1016721 - 220201 no hay se ingresa a backorder&lt;/span&gt;&lt;/p&gt;&lt;p style=\"background: white;\"&gt;&lt;span style=\"font-size: 11.0pt;\"&gt;1016720 - 250069 no hay se ingresa a backorder&lt;/span&gt;&lt;/p&gt;&lt;p style=\"background: white;\"&gt;&lt;span style=\"font-size: 11.0pt;\"&gt;1016723 - 250069 y 250096 no hay se ingresa a backordder&lt;/span&gt;&lt;/p&gt;&lt;p style=\"background: white;\"&gt;&lt;span style=\"font-size: 11.0pt;\"&gt; &lt;/span&gt;&lt;/p&gt;&lt;p style=\"background: white;\"&gt;&lt;span style=\"font-size: 11.0pt;\"&gt;Cordialmente,&lt;/span&gt;&lt;/p&gt;&lt;p style=\"background: white;\"&gt;&lt;span style=\"font-size: 11.0pt;\"&gt; &lt;/span&gt;&lt;/p&gt;&lt;/div&gt;&lt;p class=\"MsoNormal\"&gt; &lt;/p&gt;&lt;p&gt;&lt;a href=\"http://helpdesk.arintia.com.co/glpi/front/document.send.php?docid=4839&amp;tickets_id=5588\" target=\"_blank\" rel=\"noopener\"&gt;&lt;img src=\"http://helpdesk.arintia.com.co/glpi/front/document.send.php?docid=4839&amp;tickets_id=5588\" alt=\"3d1b5dab-d9d62df8-6446f6fef086c5.37209516\" width=\"1226\" /&gt;&lt;/a&gt;&lt;/p&gt;&lt;/div&gt;&lt;/div&gt;&lt;div class=\"MsoNormal\" style=\"text-align: center; margin: auto;\"&gt;&lt;hr style=\"size: 2px; width: 98%; text-align: center;\" /&gt;&lt;/div&gt;&lt;div id=\"x_x_divRplyFwdMsg\"&gt;&lt;p class=\"MsoNormal\"&gt;&lt;strong&gt;&lt;span style=\"font-size: 11.0pt;\"&gt;De:&lt;/span&gt;&lt;/strong&gt;&lt;span style=\"font-size: 11.0pt;\"&gt; Maxter &lt;&lt;a href=\"mailto:maxter@beglubricantes.com\"&gt;maxter@beglubricantes.com&lt;/a&gt;&gt;&lt;br /&gt;&lt;strong&gt;Enviado:&lt;/strong&gt; miércoles, 19 de abril de 2023 9:02&lt;br /&gt;&lt;strong&gt;Para:&lt;/strong&gt; Wilson Exneyder Bayona Caballero &lt;&lt;a href=\"mailto:wilson.bayona@arintia.com\"&gt;wilson.bayona@arintia.com&lt;/a&gt;&gt;&lt;br /&gt;&lt;strong&gt;Cc:&lt;/strong&gt; Luis Enrique Duran Toro &lt;&lt;a href=\"mailto:luis.duran@arintia.com\"&gt;luis.duran@arintia.com&lt;/a&gt;&gt;; Anyi Katherine Aperador Tovar &lt;&lt;a href=\"mailto:anyi.aperador@arintia.com\"&gt;anyi.aperador@arintia.com&lt;/a&gt;&gt;; Rosana Tinoco &lt;&lt;a href=\"mailto:servicioalclientemcp@arintia.com\"&gt;servicioalclientemcp@arintia.com&lt;/a&gt;&gt;&lt;br /&gt;&lt;strong&gt;Asunto:&lt;/strong&gt; RE: PEDIDO AA0025-AA0030 LUBRIRETENES Y RODAMIENTOS LTDA&lt;/span&gt;&lt;/p&gt;&lt;div&gt;&lt;p class=\"MsoNormal\"&gt; &lt;/p&gt;&lt;/div&gt;&lt;/div&gt;&lt;div&gt;&lt;div&gt;&lt;p class=\"MsoNormal\" style=\"background: white;\"&gt; &lt;/p&gt;&lt;/div&gt;&lt;div&gt;&lt;div&gt;&lt;p class=\"MsoNormal\"&gt; &lt;/p&gt;&lt;/div&gt;&lt;div id=\"x_x_x_Signature\"&gt;&lt;div&gt;&lt;div&gt;&lt;p style=\"background: white;\"&gt;&lt;span style=\"font-size: 11.0pt;\"&gt;Cordial saludo,&lt;/span&gt;&lt;/p&gt;&lt;p style=\"background: white;\"&gt;&lt;span style=\"font-size: 11.0pt;\"&gt; &lt;/span&gt;&lt;/p&gt;&lt;p style=\"background: white;\"&gt;&lt;span style=\"font-size: 11.0pt;\"&gt;Mediante la presente envío remisión 1016733 modificada.&lt;/span&gt;&lt;/p&gt;&lt;p style=\"background: white;\"&gt;&lt;span style=\"font-size: 11.0pt;\"&gt; &lt;/span&gt;&lt;/p&gt;&lt;p style=\"background: white;\"&gt;&lt;span style=\"font-size: 11.0pt;\"&gt;se ingresan 2 unidades del 250096 a backorder&lt;/span&gt;&lt;/p&gt;&lt;p style=\"background: white;\"&gt;&lt;span style=\"font-size: 11.0pt;\"&gt; &lt;/span&gt;&lt;/p&gt;&lt;div&gt;&lt;div&gt;&lt;table class=\"MsoNormalTable\" style=\"width: 1440px; border-collapse: collapse; border-spacing: 0px;\" border=\"0\" cellpadding=\"0\"&gt;&lt;tbody&gt;&lt;tr style=\"height: 15.0pt;\"&gt;&lt;td style=\"width: 75px; border: solid black 1.0pt; border-top: none; padding: .75pt .75pt .75pt .75pt; height: 15.0pt;\" valign=\"bottom\"&gt;&lt;p class=\"MsoNormal\" style=\"text-align: center;\"&gt;&lt;span style=\"font-size: 11.0pt; color: black;\"&gt;AA-0030&lt;/span&gt;&lt;/p&gt;&lt;/td&gt;&lt;td style=\"width: 83px; border-top: none; border-left: none; border-bottom: solid black 1.0pt; border-right: solid black 1.0pt; padding: .75pt .75pt .75pt .75pt; height: 15.0pt; white-space: nowrap!important;\" valign=\"bottom\"&gt;&lt;p class=\"MsoNormal\"&gt;&lt;span style=\"font-size: 10.0pt; color: black;\"&gt;A.APERADOR&lt;/span&gt;&lt;/p&gt;&lt;/td&gt;&lt;td style=\"width: 260px; border-top: none; border-left: none; border-bottom: solid black 1.0pt; border-right: solid black 1.0pt; padding: .75pt .75pt .75pt .75pt; height: 15.0pt; white-space: nowrap!important;\" valign=\"bottom\"&gt;&lt;p class=\"MsoNormal\"&gt;&lt;span style=\"font-size: 10.0pt; color: black;\"&gt;LUBRIRETENES Y RODAMIENTOS SAS&lt;/span&gt;&lt;/p&gt;&lt;/td&gt;&lt;td style=\"width: 119px; border-top: none; border-left: none; border-bottom: solid black 1.0pt; border-right: solid black 1.0pt; padding: .75pt .75pt .75pt .75pt; height: 15.0pt; white-space: nowrap!important;\" valign=\"bottom\"&gt;&lt;p class=\"MsoNormal\" style=\"text-align: center;\"&gt;&lt;span style=\"font-size: 11.0pt; color: black;\"&gt;800215562S1&lt;/span&gt;&lt;/p&gt;&lt;/td&gt;&lt;td style=\"width: 92px; border-top: none; border-left: none; border-bottom: solid black 1.0pt; border-right: solid black 1.0pt; padding: .75pt .75pt .75pt .75pt; height: 15.0pt; white-space: nowrap!important;\" valign=\"bottom\"&gt;&lt;p class=\"MsoNormal\" style=\"text-align: center;\"&gt;&lt;span style=\"font-size: 11.0pt; color: red;\"&gt;l71#10&lt;/span&gt;&lt;/p&gt;&lt;/td&gt;&lt;td style=\"width: 88px; border: none; border-bottom: solid black 1.0pt; padding: .75pt .75pt .75pt .75pt; height: 15.0pt; white-space: nowrap!important;\" valign=\"bottom\"&gt;&lt;p class=\"MsoNormal\" style=\"text-align: center;\"&gt;&lt;span style=\"font-size: 11.0pt; color: black;\"&gt;13/4/2023&lt;/span&gt;&lt;/p&gt;&lt;/td&gt;&lt;td style=\"width: 83px; border: solid black 1.0pt; padding: .75pt .75pt .75pt .75pt; height: 15.0pt; white-space: nowrap!important;\" valign=\"bottom\"&gt;&lt;p class=\"MsoNormal\" style=\"text-align: center;\"&gt;&lt;span style=\"font-size: 11.0pt; color: black;\"&gt;APROBADO&lt;/span&gt;&lt;/p&gt;&lt;/td&gt;&lt;td style=\"width: 67px; border: solid black 1.0pt; border-left: none; padding: .75pt .75pt .75pt .75pt; height: 15.0pt; white-space: nowrap!important;\" valign=\"bottom\"&gt;&lt;p class=\"MsoNormal\" style=\"text-align: center;\"&gt;&lt;span style=\"font-size: 11.0pt; color: black;\"&gt;250096&lt;/span&gt;&lt;/p&gt;&lt;/td&gt;&lt;td style=\"width: 241px; border: solid black 1.0pt; border-left: none; background: white; padding: .75pt .75pt .75pt .75pt; height: 15.0pt; white-space: nowrap!important;\" valign=\"bottom\"&gt;&lt;p class=\"MsoNormal\"&gt;&lt;span style=\"font-size: 11.0pt; color: black;\"&gt;MAXTER DIFERENCIALES 85W140 GL-5 CJX12QT&lt;/span&gt;&lt;/p&gt;&lt;/td&gt;&lt;td style=\"width: 39px; border: solid windowtext 1.0pt; border-left: none; background: white; padding: .75pt .75pt .75pt .75pt; height: 15.0pt; white-space: nowrap!important;\" valign=\"bottom\"&gt;&lt;p class=\"MsoNormal\" style=\"text-align: center;\"&gt;&lt;span style=\"font-size: 11.0pt; color: black;\"&gt;2&lt;/span&gt;&lt;/p&gt;&lt;/td&gt;&lt;td style=\"width: 93px; border-top: none; border-left: none; border-bottom: solid windowtext 1.0pt; border-right: solid windowtext 1.0pt; background: white; padding: .75pt .75pt .75pt .75pt; height: 15.0pt; white-space: nowrap!important;\" valign=\"bottom\"&gt;&lt;p class=\"MsoNormal\" style=\"text-align: center;\"&gt;&lt;span style=\"font-size: 11.0pt; color: black;\"&gt;$160.94 &lt;/span&gt;&lt;/p&gt;&lt;/td&gt;&lt;td style=\"width: 37px; border: solid windowtext 1.0pt; border-left: none; padding: .75pt .75pt .75pt .75pt; height: 15.0pt; white-space: nowrap!important;\" valign=\"bottom\"&gt; &lt;/td&gt;&lt;td style=\"width: 97px; border-top: none; border-left: none; border-bottom: solid windowtext 1.0pt; border-right: solid windowtext 1.0pt; background: #D9D9D9; padding: .75pt .75pt .75pt .75pt; height: 15.0pt; white-space: nowrap!important;\"&gt;&lt;p class=\"MsoNormal\" style=\"text-align: center;\"&gt;&lt;span style=\"font-size: 11.0pt; color: black;\"&gt;B.O&lt;/span&gt;&lt;/p&gt;&lt;/td&gt;&lt;td style=\"width: 75px; border: solid windowtext 1.0pt; border-left: none; background: #D9D9D9; padding: .75pt .75pt .75pt .75pt; height: 15.0pt; white-space: nowrap!important;\"&gt; &lt;/td&gt;&lt;td style=\"width: 89px; border: solid windowtext 1.0pt; border-left: none; background: #D9D9D9; padding: .75pt .75pt .75pt .75pt; height: 15.0pt; white-space: nowrap!important;\"&gt; &lt;/td&gt;&lt;/tr&gt;&lt;/tbody&gt;&lt;/table&gt;&lt;/div&gt;&lt;p class=\"MsoNormal\" style=\"background: white;\"&gt;&lt;span style=\"font-size: 11.0pt;\"&gt; &lt;/span&gt;&lt;/p&gt;&lt;/div&gt;&lt;p style=\"background: white;\"&gt;&lt;span style=\"font-size: 11.0pt;\"&gt; &lt;/span&gt;&lt;/p&gt;&lt;p style=\"background: white;\"&gt;&lt;span style=\"font-size: 11.0pt;\"&gt; &lt;/span&gt;&lt;/p&gt;&lt;p style=\"background: white;\"&gt;&lt;span style=\"font-size: 11.0pt;\"&gt;Cordialmente,&lt;/span&gt;&lt;/p&gt;&lt;p style=\"background: white;\"&gt;&lt;span style=\"font-size: 11.0pt;\"&gt; &lt;/span&gt;&lt;/p&gt;&lt;/div&gt;&lt;p class=\"MsoNormal\"&gt; &lt;/p&gt;&lt;p&gt;&lt;a href=\"http://helpdesk.arintia.com.co/glpi/front/document.send.php?docid=4839&amp;tickets_id=5588\" target=\"_blank\" rel=\"noopener\"&gt;&lt;img src=\"http://helpdesk.arintia.com.co/glpi/front/document.send.php?docid=4839&amp;tickets_id=5588\" alt=\"3d1b5dab-d9d62df8-6446f6fef086c5.37209516\" width=\"1226\" /&gt;&lt;/a&gt;&lt;/p&gt;&lt;/div&gt;&lt;/div&gt;&lt;/div&gt;&lt;div class=\"MsoNormal\" style=\"text-align: center; margin: auto;\"&gt;&lt;hr style=\"size: 2px; width: 98%; text-align: center;\" /&gt;&lt;/div&gt;&lt;div id=\"x_x_x_divRplyFwdMsg\"&gt;&lt;p class=\"MsoNormal\"&gt;&lt;strong&gt;&lt;span style=\"font-size: 11.0pt;\"&gt;De:&lt;/span&gt;&lt;/strong&gt;&lt;span style=\"font-size: 11.0pt;\"&gt; Maxter &lt;&lt;a href=\"mailto:maxter@beglubricantes.com\"&gt;maxter@beglubricantes.com&lt;/a&gt;&gt;&lt;br /&gt;&lt;strong&gt;Enviado:&lt;/strong&gt; viernes, 14 de abril de 2023 10:24&lt;br /&gt;&lt;strong&gt;Para:&lt;/strong&gt; Wilson Exneyder Bayona Caballero &lt;&lt;a href=\"mailto:wilson.bayona@arintia.com\"&gt;wilson.bayona@arintia.com&lt;/a&gt;&gt;&lt;br /&gt;&lt;strong&gt;Cc:&lt;/strong&gt; Luis Enrique Duran Toro &lt;&lt;a href=\"mailto:luis.duran@arintia.com\"&gt;luis.duran@arintia.com&lt;/a&gt;&gt;; Anyi Katherine Aperador Tovar &lt;&lt;a href=\"mailto:anyi.aperador@arintia.com\"&gt;anyi.aperador@arintia.com&lt;/a&gt;&gt;; Rosana Tinoco &lt;&lt;a href=\"mailto:servicioalclientemcp@arintia.com\"&gt;servicioalclientemcp@arintia.com&lt;/a&gt;&gt;&lt;br /&gt;&lt;strong&gt;Asunto:&lt;/strong&gt; RV: PEDIDO AA0025-AA0030 LUBRIRETENES Y RODAMIENTOS LTDA&lt;/span&gt;&lt;/p&gt;&lt;div&gt;&lt;p class=\"MsoNormal\"&gt; &lt;/p&gt;&lt;/div&gt;&lt;/div&gt;&lt;div&gt;&lt;div&gt;&lt;p class=\"MsoNormal\" style=\"background: white;\"&gt;&lt;span style=\"font-size: 11.0pt;\"&gt;Cordial saludo,&lt;/span&gt;&lt;/p&gt;&lt;/div&gt;&lt;div&gt;&lt;div id=\"x_x_x_x_Signature\"&gt;&lt;div&gt;&lt;p style=\"background: white;\"&gt;&lt;span style=\"font-size: 11.0pt;\"&gt; &lt;/span&gt;&lt;/p&gt;&lt;p class=\"xxxxcontentpasted1\" style=\"background: white;\"&gt;&lt;span style=\"font-size: 11.0pt;\"&gt;Mediante la presente envío remisión modificada 1016733, se realiza cambio de OC.&lt;/span&gt;&lt;/p&gt;&lt;p style=\"background: white;\"&gt;&lt;span style=\"font-size: 11.0pt;\"&gt; &lt;/span&gt;&lt;/p&gt;&lt;p style=\"background: white;\"&gt;&lt;span style=\"font-size: 11.0pt;\"&gt; &lt;/span&gt;&lt;/p&gt;&lt;p style=\"background: white;\"&gt;&lt;span style=\"font-size: 11.0pt;\"&gt;Cordialmente,&lt;/span&gt;&lt;/p&gt;&lt;p style=\"background: white;\"&gt;&lt;span style=\"font-size: 11.0pt;\"&gt; &lt;/span&gt;&lt;/p&gt;&lt;/div&gt;&lt;p class=\"MsoNormal\"&gt; &lt;/p&gt;&lt;p&gt;&lt;a href=\"http://helpdesk.arintia.com.co/glpi/front/document.send.php?docid=4839&amp;tickets_id=5588\" target=\"_blank\" rel=\"noopener\"&gt;&lt;img src=\"http://helpdesk.arintia.com.co/glpi/front/document.send.php?docid=4839&amp;tickets_id=5588\" alt=\"3d1b5dab-d9d62df8-6446f6fef086c5.37209516\" width=\"1226\" /&gt;&lt;/a&gt;&lt;/p&gt;&lt;/div&gt;&lt;/div&gt;&lt;div class=\"MsoNormal\" style=\"text-align: center; margin: auto;\"&gt;&lt;hr style=\"size: 2px; width: 98%; text-align: center;\" /&gt;&lt;/div&gt;&lt;div id=\"x_x_x_x_divRplyFwdMsg\"&gt;&lt;p class=\"MsoNormal\"&gt;&lt;strong&gt;&lt;span style=\"font-size: 11.0pt;\"&gt;De:&lt;/span&gt;&lt;/strong&gt;&lt;span style=\"font-size: 11.0pt;\"&gt; Maxter &lt;&lt;a href=\"mailto:maxter@beglubricantes.com\"&gt;maxter@beglubricantes.com&lt;/a&gt;&gt;&lt;br /&gt;&lt;strong&gt;Enviado:&lt;/strong&gt; jueves, 13 de abril de 2023 14:53&lt;br /&gt;&lt;strong&gt;Para:&lt;/strong&gt; Wilson Exneyder Bayona Caballero &lt;&lt;a href=\"mailto:wilson.bayona@arintia.com\"&gt;wilson.bayona@arintia.com&lt;/a&gt;&gt;&lt;br /&gt;&lt;strong&gt;Cc:&lt;/strong&gt; Luis Enrique Duran Toro &lt;&lt;a href=\"mailto:luis.duran@arintia.com\"&gt;luis.duran@arintia.com&lt;/a&gt;&gt;; Anyi Katherine Aperador Tovar &lt;&lt;a href=\"mailto:anyi.aperador@arintia.com\"&gt;anyi.aperador@arintia.com&lt;/a&gt;&gt;; Rosana Tinoco &lt;&lt;a href=\"mailto:servicioalclientemcp@arintia.com\"&gt;servicioalclientemcp@arintia.com&lt;/a&gt;&gt;&lt;br /&gt;&lt;strong&gt;Asunto:&lt;/strong&gt; RV: PEDIDO AA0025-AA0030 LUBRIRETENES Y RODAMIENTOS LTDA&lt;/span&gt;&lt;/p&gt;&lt;div&gt;&lt;p class=\"MsoNormal\"&gt; &lt;/p&gt;&lt;/div&gt;&lt;/div&gt;&lt;div&gt;&lt;div&gt;&lt;p class=\"MsoNormal\" style=\"background: white;\"&gt;&lt;span style=\"font-size: 11.0pt;\"&gt;Cordial saludo,&lt;/span&gt;&lt;/p&gt;&lt;/div&gt;&lt;div&gt;&lt;div id=\"x_x_x_x_x_Signature\"&gt;&lt;div&gt;&lt;p style=\"background: white;\"&gt;&lt;span style=\"font-size: 11.0pt;\"&gt; &lt;/span&gt;&lt;/p&gt;&lt;p style=\"background: white;\"&gt;&lt;span style=\"font-size: 11.0pt;\"&gt;Mediante la presente envío las siguientes remisiones, el cliente pasará a recoger, Anyi quedamos atentos a tus indicaciones.&lt;/span&gt;&lt;/p&gt;&lt;p style=\"background: white;\"&gt;&lt;span style=\"font-size: 11.0pt;\"&gt; &lt;/span&gt;&lt;/p&gt;&lt;div&gt;&lt;p class=\"MsoNormal\" style=\"background: white;\"&gt;&lt;span style=\"font-size: 11.0pt;\"&gt;PTA &lt;/span&gt;&lt;/p&gt;&lt;div&gt;&lt;p class=\"MsoNormal\" style=\"background: white;\"&gt;&lt;span style=\"font-size: 11.0pt;\"&gt;1016720&lt;/span&gt;&lt;/p&gt;&lt;/div&gt;&lt;div&gt;&lt;p class=\"MsoNormal\" style=\"background: white;\"&gt;&lt;span style=\"font-size: 11.0pt;\"&gt;1016721&lt;/span&gt;&lt;/p&gt;&lt;/div&gt;&lt;div&gt;&lt;p class=\"MsoNormal\" style=\"background: white;\"&gt;&lt;span style=\"font-size: 11.0pt;\"&gt;1016723&lt;/span&gt;&lt;/p&gt;&lt;/div&gt;&lt;div&gt;&lt;p class=\"MsoNormal\" style=\"background: white;\"&gt;&lt;span style=\"font-size: 11.0pt;\"&gt;1016727&lt;/span&gt;&lt;/p&gt;&lt;/div&gt;&lt;div&gt;&lt;p class=\"MsoNormal\" style=\"background: white;\"&gt;&lt;span style=\"font-size: 11.0pt;\"&gt;1016730&lt;/span&gt;&lt;/p&gt;&lt;/div&gt;&lt;p class=\"MsoNormal\" style=\"background: white;\"&gt;&lt;span style=\"font-size: 11.0pt;\"&gt;1016733&lt;/span&gt;&lt;/p&gt;&lt;/div&gt;&lt;p style=\"background: white;\"&gt;&lt;span style=\"font-size: 11.0pt;\"&gt; &lt;/span&gt;&lt;/p&gt;&lt;p style=\"background: white;\"&gt;&lt;span style=\"font-size: 11.0pt;\"&gt;Cordialmente,&lt;/span&gt;&lt;/p&gt;&lt;p style=\"background: white;\"&gt;&lt;span style=\"font-size: 11.0pt;\"&gt; &lt;/span&gt;&lt;/p&gt;&lt;/div&gt;&lt;p class=\"MsoNormal\"&gt; &lt;/p&gt;&lt;p&gt;&lt;a href=\"http://helpdesk.arintia.com.co/glpi/front/document.send.php?docid=4839&amp;tickets_id=5588\" target=\"_blank\" rel=\"noopener\"&gt;&lt;img src=\"http://helpdesk.arintia.com.co/glpi/front/document.send.php?docid=4839&amp;tickets_id=5588\" alt=\"3d1b5dab-d9d62df8-6446f6fef086c5.37209516\" width=\"1226\" /&gt;&lt;/a&gt;&lt;/p&gt;&lt;/div&gt;&lt;/div&gt;&lt;div class=\"MsoNormal\" style=\"text-align: center; margin: auto;\"&gt;&lt;hr style=\"size: 2px; width: 98%; text-align: center;\" /&gt;&lt;/div&gt;&lt;div id=\"x_x_x_x_x_divRplyFwdMsg\"&gt;&lt;p class=\"MsoNormal\"&gt;&lt;strong&gt;&lt;span style=\"font-size: 11.0pt;\"&gt;De:&lt;/span&gt;&lt;/strong&gt;&lt;span style=\"font-size: 11.0pt;\"&gt; Anyi Katherine Aperador Tovar &lt;&lt;a href=\"mailto:anyi.aperador@arintia.com\"&gt;anyi.aperador@arintia.com&lt;/a&gt;&gt;&lt;br /&gt;&lt;strong&gt;Enviado:&lt;/strong&gt; jueves, 13 de abril de 2023 10:33&lt;br /&gt;&lt;strong&gt;Para:&lt;/strong&gt; Maxter &lt;&lt;a href=\"mailto:maxter@beglubricantes.com\"&gt;maxter@beglubricantes.com&lt;/a&gt;&gt;; Claudia Milena Monroy Borja &lt;&lt;a href=\"mailto:claudia.monroy@arintia.com\"&gt;claudia.monroy@arintia.com&lt;/a&gt;&gt;; Dennis Alejandra Arboleda Restrepo &lt;&lt;a href=\"mailto:dennis.arboleda@arintia.com\"&gt;dennis.arboleda@arintia.com&lt;/a&gt;&gt;; costos &lt;&lt;a href=\"mailto:costos@beglubricantes.com\"&gt;costos@beglubricantes.com&lt;/a&gt;&gt;&lt;br /&gt;&lt;strong&gt;Asunto:&lt;/strong&gt; PEDIDO AA0025-AA0030 LUBRIRETENES Y RODAMIENTOS LTDA&lt;/span&gt;&lt;/p&gt;&lt;div&gt;&lt;p class=\"MsoNormal\"&gt; &lt;/p&gt;&lt;/div&gt;&lt;/div&gt;&lt;div&gt;&lt;div&gt;&lt;p class=\"xxxxxxmsonormal\"&gt;Buenos días,&lt;/p&gt;&lt;p class=\"xxxxxxmsonormal\"&gt; &lt;/p&gt;&lt;p class=\"xxxxxxmsonormal\"&gt;Por medio de la presente envió el consolidado de pedidos por sucursal del cliente en mención, en total son 6 solicitudes por gestionar.&lt;/p&gt;&lt;p class=\"xxxxxxmsonormal\"&gt; &lt;/p&gt;&lt;p class=\"xxxxxxmsonormal\"&gt;Por favor consolidar las remisiones del producto disponible para que ellos coordinen con sus vehículos la recolección en planta.&lt;/p&gt;&lt;p class=\"xxxxxxmsonormal\"&gt; &lt;/p&gt;&lt;p class=\"xxxxxxmsonormal\"&gt;Quedo atenta a sus comentarios, feliz día&lt;/p&gt;&lt;p class=\"xxxxxxmsonormal\"&gt; &lt;/p&gt;&lt;p class=\"xxxxxxmsonormal\"&gt; &lt;/p&gt;&lt;p class=\"xxxxxxmsonormal\"&gt; &lt;/p&gt;&lt;p class=\"xxxxxxmsonormal\"&gt;&lt;strong&gt;&lt;em&gt;&lt;span style=\"color: #002060;\"&gt;Cordialmente, &lt;/span&gt; &lt;/em&gt;&lt;/strong&gt;&lt;/p&gt;&lt;p class=\"xxxxxxmsonormal\"&gt;&lt;strong&gt;&lt;em&gt;&lt;span style=\"color: #595959;\"&gt; &lt;/span&gt;&lt;/em&gt;&lt;/strong&gt;&lt;/p&gt;&lt;p class=\"xxxxxxmsonormal\"&gt; &lt;/p&gt;&lt;p&gt;&lt;a href=\"http://helpdesk.arintia.com.co/glpi/front/document.send.php?docid=4838&amp;tickets_id=5588\" target=\"_blank\" rel=\"noopener\"&gt;&lt;img src=\"http://helpdesk.arintia.com.co/glpi/front/document.send.php?docid=4838&amp;tickets_id=5588\" alt=\"3d1b5dab-d9d62df8-6446f6feef9952.80980277\" width=\"1667\" /&gt;&lt;/a&gt;&lt;/p&gt;&lt;p class=\"xxxxxxmsonormal\"&gt; &lt;/p&gt;&lt;/div&gt;&lt;/div&gt;&lt;/div&gt;&lt;/div&gt;&lt;/div&gt;&lt;/div&gt;&lt;/div&gt;&lt;/div&gt;',3,3,3,167,2,1,23,24,0,'2023-05-15 22:30:00','2023-04-24 22:19:01','2023-05-18 19:36:29',1107970,0,0,0,0,NULL,NULL,NULL,292570,970424,315678,1,0,0,5,0,'2023-04-24 21:39:01',NULL),(5590,15,'Solicitud base  computador  Carolina Valencia','2023-04-25 14:33:02','2023-05-09 22:13:02','2023-05-09 22:13:02',NULL,'2023-05-09 22:13:02',875,6,785,2,'&lt;div class=\"WordSection1\"&gt;&lt;p class=\"MsoNormal\"&gt;&lt;span lang=\"ES-MX\"&gt;Cordial Saludo&lt;/span&gt;&lt;/p&gt;&lt;p class=\"MsoNormal\"&gt;&lt;span lang=\"ES-MX\"&gt; &lt;/span&gt;&lt;/p&gt;&lt;p class=\"MsoNormal\"&gt;&lt;span lang=\"ES-MX\"&gt;De la manera mas atenta pido la solicitud de la base del computador portátil me encuentro en la sede de Bogotá ingrese el día 18 de abril.&lt;/span&gt;&lt;/p&gt;&lt;p class=\"MsoNormal\"&gt;&lt;span lang=\"ES-MX\"&gt; &lt;/span&gt;&lt;/p&gt;&lt;p class=\"MsoNormal\"&gt;&lt;span lang=\"ES-MX\"&gt; &lt;/span&gt;&lt;/p&gt;&lt;p class=\"MsoNormal\"&gt;&lt;span lang=\"ES-MX\"&gt;Gracias y quedo atenta a sus comentarios.&lt;/span&gt;&lt;/p&gt;&lt;p class=\"MsoNormal\"&gt;&lt;span lang=\"ES-MX\"&gt; &lt;/span&gt;&lt;/p&gt;&lt;p class=\"MsoNormal\"&gt;&lt;span lang=\"ES-MX\"&gt;Diana Carolina Valencia Laverde&lt;/span&gt;&lt;/p&gt;&lt;p class=\"MsoNormal\"&gt;&lt;span lang=\"ES-MX\"&gt;Analista del servicio al cliente&lt;/span&gt;&lt;/p&gt;&lt;p class=\"MsoNormal\"&gt;&lt;span lang=\"ES-MX\"&gt; &lt;/span&gt;&lt;/p&gt;&lt;p class=\"MsoNormal\"&gt;&lt;span lang=\"ES-MX\"&gt; &lt;/span&gt;&lt;/p&gt;&lt;/div&gt;',3,3,3,131,2,1,0,24,0,NULL,'2023-04-25 15:13:02',NULL,0,0,0,0,0,NULL,NULL,NULL,1141492,95708,95708,1,0,0,38,0,'2023-04-25 14:33:02',NULL),(5596,21,'Solicitud de pantalla auxiliar.','2023-04-26 13:42:02','2023-05-08 21:20:18','2023-05-08 21:20:18',NULL,'2023-05-08 21:20:18',752,6,352,2,'&lt;div class=\"WordSection1\"&gt;&lt;p class=\"MsoNormal\"&gt;Buenos Días&lt;/p&gt;&lt;p class=\"MsoNormal\"&gt;De acuerdo a mis labores en el Área de Facturacion solicito una pantalla adicional ya que para dar agilidad al proceso es necesario de SAP VS CORREOS O OC .&lt;/p&gt;&lt;p class=\"MsoNormal\"&gt; &lt;/p&gt;&lt;p class=\"MsoNormal\"&gt;Agradezco su colaboracion.&lt;/p&gt;&lt;p class=\"MsoNormal\"&gt; &lt;/p&gt;&lt;p class=\"MsoNormal\"&gt;&lt;span style=\"mso-fareast-language: ES-CO;\"&gt;&lt;a href=\"http://192.168.11.15/glpi/front/document.send.php?docid=2191&amp;tickets_id=5596\" target=\"_blank\" rel=\"noopener\"&gt;&lt;img src=\"http://192.168.11.15/glpi/front/document.send.php?docid=2191&amp;tickets_id=5596\" alt=\"5b56d996-d9d62df8-61740aa2c03e07.19117248\" width=\"1066\" /&gt;&lt;/a&gt;&lt;/span&gt;&lt;/p&gt;&lt;p class=\"MsoNormal\"&gt; &lt;/p&gt;&lt;/div&gt;',3,3,3,131,2,1,0,24,0,NULL,'2023-04-26 14:22:02',NULL,0,0,0,0,0,NULL,NULL,NULL,3587,1060709,1060709,1,0,0,41,0,'2023-04-26 13:42:02',NULL),(5607,15,'Solicitud creación de informe','2023-04-26 22:27:01','2023-06-14 20:58:55','2023-06-02 23:32:42',NULL,'2023-06-14 20:58:55',692,6,849,2,'&lt;div class=\"WordSection1\"&gt;&lt;p class=\"MsoNormal\"&gt;&lt;span lang=\"ES-MX\"&gt;Buen día &lt;/span&gt;&lt;/p&gt;&lt;p class=\"MsoNormal\"&gt;&lt;span lang=\"ES-MX\"&gt; &lt;/span&gt;&lt;/p&gt;&lt;p class=\"MsoNormal\"&gt;&lt;span lang=\"ES-MX\"&gt;Agradezco su ayuda con la creación de un informe que permita ver la informacion relacionada en el archivo para los documentos preliminares en sap.&lt;/span&gt;&lt;/p&gt;&lt;p class=\"MsoNormal\"&gt; &lt;/p&gt;&lt;p class=\"MsoNormal\"&gt;&lt;span style=\"mso-ligatures: none; mso-fareast-language: ES-CO;\"&gt;Muchas gracias&lt;/span&gt;&lt;/p&gt;&lt;p class=\"MsoNormal\"&gt;&lt;span style=\"mso-ligatures: none; mso-fareast-language: ES-CO;\"&gt; &lt;/span&gt;&lt;/p&gt;&lt;p class=\"MsoNormal\"&gt;&lt;span style=\"mso-ligatures: none; mso-fareast-language: ES-CO;\"&gt;Slds!&lt;/span&gt;&lt;/p&gt;&lt;p class=\"MsoNormal\"&gt;&lt;span style=\"mso-ligatures: none; mso-fareast-language: ES-CO;\"&gt; &lt;/span&gt;&lt;/p&gt;&lt;p class=\"MsoNormal\"&gt;&lt;strong&gt;&lt;span style=\"mso-ligatures: none; mso-fareast-language: ES-CO;\"&gt;Cordialmente,&lt;/span&gt;&lt;/strong&gt;&lt;/p&gt;&lt;p class=\"MsoNormal\"&gt;&lt;span style=\"mso-fareast-language: ES-CO;\"&gt;&lt;a href=\"http://192.168.11.15/glpi/front/document.send.php?docid=4273&amp;tickets_id=5607\" target=\"_blank\" rel=\"noopener\"&gt;&lt;img src=\"http://192.168.11.15/glpi/front/document.send.php?docid=4273&amp;tickets_id=5607\" alt=\"3e2289dc-d9d62df8-63c9812abb7066.68848374\" width=\"522\" /&gt;&lt;/a&gt;&lt;/span&gt;&lt;/p&gt;&lt;p class=\"MsoNormal\"&gt; &lt;/p&gt;&lt;p class=\"MsoNormal\"&gt;&lt;span lang=\"ES-MX\"&gt; &lt;/span&gt;&lt;/p&gt;&lt;/div&gt;',3,3,3,160,2,1,0,24,0,NULL,'2023-04-27 13:37:01','2023-06-02 23:32:42',0,0,0,0,0,NULL,NULL,NULL,1479829,2748485,1720912,1,0,0,38,0,'2023-04-26 22:27:01',NULL),(5613,1,'PRueba 2','2023-04-28 15:16:59',NULL,NULL,NULL,'2023-04-28 15:19:11',860,2,0,2,'&lt;meta content=\"text/html; charset=utf-8\" /&gt; &lt;meta content=\"Microsoft Word 15 (filtered medium)\" /&gt;  &lt;div class=\"WordSection1\"&gt; &lt;p class=\"MsoNormal\"&gt;&nbsp;&lt;/p&gt; &lt;p class=\"MsoNormal\"&gt;&nbsp;&lt;/p&gt; &lt;p class=\"MsoNormal\"&gt;&nbsp;&lt;/p&gt; &lt;/div&gt;',3,3,3,0,1,1,0,24,0,NULL,'2023-04-28 15:56:59',NULL,0,0,0,0,0,NULL,NULL,NULL,0,0,0,1,0,1,0,0,'2023-04-28 15:16:59',NULL),(5614,1,'Prueba recepción','2023-04-28 15:16:59',NULL,NULL,NULL,'2023-04-28 15:19:11',860,2,692,2,'&lt;meta content=\"text/html; charset=iso-8859-1\" /&gt; &lt;meta content=\"Microsoft Word 15 (filtered medium)\" /&gt;  &lt;div class=\"WordSection1\"&gt; &lt;p class=\"MsoNormal\"&gt;Prueba&lt;/p&gt; &lt;p class=\"MsoNormal\"&gt;&nbsp;&lt;/p&gt; &lt;p class=\"MsoNormal\"&gt;&lt;span style=\"mso-fareast-language:ES-CO\"&gt;&lt;img width=\"854\" height=\"267\" style=\"width:8.8916in;height:2.7833in\" id=\"Imagen_x0020_1\" src=\"denied:cid:image001.jpg@01D979BA.8BED4140\" alt=\"image\" /&gt;&lt;span style=\"mso-ligatures:none\"&gt;&lt;/span&gt;&lt;/span&gt;&lt;/p&gt; &lt;p class=\"MsoNormal\"&gt;&nbsp;&lt;/p&gt; &lt;/div&gt;',3,3,3,0,1,1,0,24,0,NULL,'2023-04-28 15:56:59',NULL,0,0,0,0,0,NULL,NULL,NULL,0,0,0,1,0,1,0,0,'2023-04-28 15:16:59',NULL),(5615,1,'PRueba 3','2023-04-28 15:18:34',NULL,NULL,NULL,'2023-04-28 15:19:11',860,2,860,2,'&lt;meta content=\"text/html; charset=utf-8\" /&gt; &lt;meta content=\"Microsoft Word 15 (filtered medium)\" /&gt;  &lt;div class=\"WordSection1\"&gt; &lt;p class=\"MsoNormal\"&gt;&nbsp;&lt;/p&gt; &lt;p class=\"MsoNormal\"&gt;&nbsp;&lt;/p&gt; &lt;p class=\"MsoNormal\"&gt;&lt;span lang=\"ES-MX\" style=\"mso-ligatures:none;mso-fareast-language:ES-CO\"&gt;Agradeciendo la atención prestada&lt;/span&gt;&lt;/p&gt; &lt;p class=\"MsoNormal\"&gt;&lt;span lang=\"ES-MX\" style=\"mso-ligatures:none;mso-fareast-language:ES-CO\"&gt;&nbsp;&lt;/span&gt;&lt;/p&gt; &lt;p class=\"MsoNormal\"&gt;&lt;span lang=\"ES-MX\" style=\"mso-ligatures:none;mso-fareast-language:ES-CO\"&gt;Cordialmente &lt;/span&gt;&lt;/p&gt; &lt;p class=\"MsoNormal\"&gt;&lt;span lang=\"ES-MX\" style=\"mso-ligatures:none;mso-fareast-language:ES-CO\"&gt;&nbsp;&lt;/span&gt;&lt;/p&gt; &lt;p class=\"MsoNormal\"&gt;&lt;span lang=\"ES-MX\" style=\"mso-fareast-language:ES-CO\"&gt;&lt;img width=\"589\" height=\"184\" style=\"width:6.1319in;height:1.9166in\" id=\"Imagen_x0020_1\" src=\"denied:cid:image001.jpg@01D979BA.C85C4B30\" alt=\"image\" /&gt;&lt;span style=\"mso-ligatures:none\"&gt;&lt;/span&gt;&lt;/span&gt;&lt;/p&gt; &lt;p class=\"MsoNormal\"&gt;&nbsp;&lt;/p&gt; &lt;/div&gt;',3,3,3,0,1,1,0,24,0,NULL,'2023-04-28 15:58:34',NULL,0,0,0,0,0,NULL,NULL,NULL,0,0,0,0,0,1,0,0,'2023-04-28 15:18:34',NULL),(5617,1,'Error generación facturas de proveedor','2023-04-28 15:22:19','2023-05-15 16:51:39','2023-05-05 15:04:41',NULL,'2023-05-15 16:51:39',692,6,942,2,'&lt;div class=\"WordSection1\"&gt;&lt;p class=\"MsoNormal\"&gt; &lt;/p&gt;&lt;p class=\"MsoNormal\"&gt;No puedo generar causaciones, presenta bloqueo en permiso para (pedido entrada de mercancía)&lt;/p&gt;&lt;p class=\"MsoNormal\"&gt;&lt;span style=\"mso-fareast-language: ES-CO;\"&gt;&lt;img style=\"width: 6.125in; height: 2.8437in;\" src=\"denied:cid:image001.jpg@01D979B6.D766AF20\" alt=\"image\" width=\"588\" height=\"273\" /&gt;&lt;/span&gt;&lt;/p&gt;&lt;p class=\"MsoNormal\"&gt; &lt;/p&gt;&lt;/div&gt;',3,3,4,167,1,1,25,24,0,'2023-04-28 18:22:19','2023-04-28 16:02:19','2023-05-05 15:04:41',0,0,0,0,0,NULL,NULL,NULL,0,381560,169942,1,0,0,38,0,'2023-04-28 15:22:19',NULL),(5618,1,'RV: SOLICITUD ACCESO A GRUPO SUPPLY DE ARINTIA TRUCKS  Y SOLICITUD DE PANTALLA','2023-04-28 15:22:19',NULL,NULL,NULL,'2023-04-28 15:31:04',692,2,368,2,'&lt;meta content=\"text/html; charset=iso-8859-1\" /&gt; &lt;meta content=\"Microsoft Word 15 (filtered medium)\" /&gt;  &lt;div class=\"WordSection1\"&gt; &lt;p class=\"MsoNormal\"&gt;&nbsp;&lt;/p&gt; &lt;h2&gt;Buenas tardes Giovany &lt;/h2&gt; &lt;p class=\"MsoNormal\"&gt;&nbsp;&lt;/p&gt; &lt;h2 style=\"margin-left:36.0pt;text-indent:-18.0pt;mso-list:l0 level1 lfo2\"&gt;&lt;span style=\"font-family:Symbol\"&gt;&lt;span style=\"mso-list:Ignore\"&gt;·&lt;span style=\"font:7.0pt \"Times New Roman\"\"&gt;&nbsp;&nbsp;&nbsp;&nbsp;&nbsp; &lt;/span&gt;&lt;/span&gt;&lt;/span&gt;Agradezco realizar el ingreso de &lt;a id=\"OWAAM2BAACD3AB93B44C98A14870D421FB9B5\" href=\"mailto:yesmith.pedreros@arintia.com\"&gt; &lt;span style=\"font-family:\"Calibri Light\",sans-serif;text-decoration:none\"&gt;@Yesmith Selene Pedreros Rodriguez&lt;/span&gt;&lt;/a&gt; al grupo de &nbsp;supply &nbsp;de Arintia trucks, para la realización de sus actividades &lt;/h2&gt; &lt;h2 style=\"margin-left:36.0pt;text-indent:-18.0pt;mso-list:l0 level1 lfo2\"&gt;&lt;span style=\"font-family:Symbol\"&gt;&lt;span style=\"mso-list:Ignore\"&gt;·&lt;span style=\"font:7.0pt \"Times New Roman\"\"&gt;&nbsp;&nbsp;&nbsp;&nbsp;&nbsp; &lt;/span&gt;&lt;/span&gt;&lt;/span&gt;Solicitud de pantalla para &lt;a id=\"OWAAM1607916574844E5EA37BDB8D8341C467\" href=\"mailto:yesmith.pedreros@arintia.com\"&gt; &lt;span style=\"font-family:\"Calibri Light\",sans-serif;text-decoration:none\"&gt;@Yesmith Selene Pedreros Rodriguez&lt;/span&gt;&lt;/a&gt; en la sede de mosquera&lt;/h2&gt; &lt;p class=\"MsoNormal\"&gt;&nbsp;&lt;/p&gt; &lt;h2&gt;Agradezco tu atención &lt;/h2&gt; &lt;h2&gt;&nbsp;&lt;/h2&gt; &lt;h2&gt;Cordialmente &lt;span style=\"font-size:11.0pt;font-family:\"Calibri\",sans-serif;color:windowtext\"&gt; &lt;/span&gt;&lt;/h2&gt; &lt;p class=\"MsoNormal\"&gt;&nbsp;&lt;/p&gt; &lt;p class=\"MsoNormal\"&gt;&nbsp;&lt;/p&gt; &lt;p class=\"MsoNormal\"&gt;&lt;span style=\"mso-ligatures:none;mso-fareast-language:ES-CO\"&gt;&lt;img border=\"0\" width=\"589\" height=\"184\" style=\"width:6.1388in;height:1.9166in\" id=\"Imagen_x0020_2\" src=\"denied:cid:image001.jpg@01D97923.4EF44D70\" alt=\"image\" /&gt;&lt;/span&gt;&lt;span style=\"mso-ligatures:none;mso-fareast-language:ES-CO\"&gt;&lt;/span&gt;&lt;/p&gt; &lt;p class=\"MsoNormal\"&gt;&nbsp;&lt;/p&gt; &lt;/div&gt;',3,3,3,0,1,1,0,24,0,NULL,'2023-04-28 16:02:19',NULL,0,0,0,0,0,NULL,NULL,NULL,0,0,0,1,0,1,0,0,'2023-04-28 15:22:19',NULL),(5620,15,'CENTRO DE COSTO NO SE AMTIENE EL MISMO DE LA REMISION CUANDO PASA A FACTURA','2023-04-28 15:22:19','2023-05-15 16:51:39','2023-05-12 20:01:29',NULL,'2023-05-15 16:51:39',692,6,947,2,'&lt;div class=\"WordSection1\"&gt;&lt;p class=\"MsoNormal\"&gt;Buenas tardes, dada la necesidad de en ocasión sacar pedidos de distintas bodega, donde se requiere que la venta se cargue un centro de costo especifico ,se monta el pedido con el centro de costo que se requiere  y al realizar la entrega el centro de costo se mantiene , pero al pasar a factura el sistema lo cambia, agradezco su ayuda para que el sistema mantenga el centro de costo que se asigne en el pedido, gracias por si atención prestada.&lt;/p&gt;&lt;p class=\"MsoNormal\"&gt;&lt;img style=\"width: 13.0937in; height: 3.1875in;\" src=\"denied:cid:image001.png@01D97935.C01B9140\" alt=\"image\" width=\"1257\" height=\"306\" /&gt;&lt;img style=\"width: 13.4791in; height: 3.0in;\" src=\"denied:cid:image002.png@01D97935.52AC9550\" alt=\"image\" width=\"1294\" height=\"288\" /&gt;&lt;/p&gt;&lt;/div&gt;',3,3,4,167,2,1,23,24,0,'2023-05-05 22:30:00','2023-04-28 16:02:19','2023-05-12 20:01:29',0,0,0,0,0,NULL,NULL,NULL,0,381560,358750,1,0,0,45,0,'2023-04-28 15:22:19',NULL),(5622,1,'SOLICITUD ACCESO A GRUPO SUPPLY DE ARINTIA TRUCKS  Y SOLICITUD DE PANTALLA','2023-04-28 15:22:19',NULL,NULL,NULL,'2023-04-28 16:19:17',678,2,857,2,'&lt;div class=\"WordSection1\"&gt;&lt;h2&gt;Buenas tardes Giovany&lt;/h2&gt;&lt;p class=\"MsoNormal\"&gt; &lt;/p&gt;&lt;h2 style=\"margin-left: 36.0pt; text-indent: -18.0pt; mso-list: l0 level1 lfo1;\"&gt;&lt;span style=\"font-family: Symbol;\"&gt;&lt;span style=\"mso-list: Ignore;\"&gt;·&lt;span style=\"font: 7.0pt;\"&gt;        &lt;/span&gt;&lt;/span&gt;&lt;/span&gt;Agradezco realizar el ingreso de &lt;a href=\"mailto:yesmith.pedreros@arintia.com\"&gt; @Yesmith Selene Pedreros Rodriguez&lt;/a&gt; al grupo de  supply  de Arintia trucks, para la realización de sus actividades&lt;/h2&gt;&lt;h2 style=\"margin-left: 36.0pt; text-indent: -18.0pt; mso-list: l0 level1 lfo1;\"&gt;&lt;span style=\"font-family: Symbol;\"&gt;&lt;span style=\"mso-list: Ignore;\"&gt;·&lt;span style=\"font: 7.0pt;\"&gt;        &lt;/span&gt;&lt;/span&gt;&lt;/span&gt;Solicitud de pantalla para &lt;a href=\"mailto:yesmith.pedreros@arintia.com\"&gt; @Yesmith Selene Pedreros Rodriguez&lt;/a&gt; en la sede de mosquera&lt;/h2&gt;&lt;p class=\"MsoNormal\"&gt; &lt;/p&gt;&lt;h2&gt;Agradezco tu atención&lt;/h2&gt;&lt;h2&gt; &lt;/h2&gt;&lt;h2&gt;Cordialmente&lt;/h2&gt;&lt;p class=\"MsoNormal\"&gt; &lt;/p&gt;&lt;p class=\"MsoNormal\"&gt; &lt;/p&gt;&lt;p class=\"MsoNormal\"&gt;&lt;span style=\"mso-fareast-language: ES-CO;\"&gt;&lt;img style=\"width: 6.1354in; height: 1.9166in;\" src=\"denied:cid:image001.jpg@01D97923.4EF44D70\" alt=\"image\" width=\"589\" height=\"184\" border=\"0\" /&gt;&lt;/span&gt;&lt;/p&gt;&lt;p class=\"MsoNormal\"&gt; &lt;/p&gt;&lt;/div&gt;',3,3,3,131,2,1,23,24,0,'2023-05-05 22:30:00','2023-04-28 16:02:19',NULL,0,0,0,0,0,NULL,NULL,NULL,0,0,0,1,0,1,47,0,'2023-04-28 15:22:19',NULL),(5623,1,'SOLICITUD PAZ Y SALVO MANUEL NOHAVA','2023-04-28 15:22:53',NULL,NULL,NULL,'2023-04-28 16:20:58',678,2,329,2,'&lt;div class=\"WordSection1\"&gt;&lt;p class=\"MsoNormal\"&gt;Buen día&lt;/p&gt;&lt;p class=\"MsoNormal\"&gt; &lt;/p&gt;&lt;p class=\"MsoNormal\"&gt;Solicito de su colaboración en dar confirmación de paz y salvo de MANUEL NOHAVA CC 80809709, asesor comercial de MCP en la ciudad de Bogotá.&lt;/p&gt;&lt;p class=\"MsoNormal\"&gt; &lt;/p&gt;&lt;p class=\"MsoNormal\"&gt;&lt;span style=\"mso-fareast-language: ES-CO;\"&gt; &lt;/span&gt;&lt;/p&gt;&lt;p class=\"MsoNormal\"&gt;&lt;span style=\"mso-fareast-language: ES-CO;\"&gt; &lt;/span&gt;&lt;/p&gt;&lt;p class=\"MsoNormal\"&gt;&lt;span style=\"mso-fareast-language: ES-CO;\"&gt; &lt;/span&gt;&lt;/p&gt;&lt;p class=\"MsoNormal\"&gt;&lt;span style=\"mso-fareast-language: ES-CO;\"&gt; &lt;/span&gt;&lt;/p&gt;&lt;p class=\"MsoNormal\"&gt;&lt;span style=\"mso-fareast-language: ES-CO;\"&gt;Quedo atenta,&lt;/span&gt;&lt;/p&gt;&lt;p class=\"MsoNormal\"&gt;&lt;span style=\"mso-fareast-language: ES-CO;\"&gt; &lt;/span&gt;&lt;/p&gt;&lt;p class=\"MsoNormal\"&gt;&lt;span style=\"mso-fareast-language: ES-CO;\"&gt; &lt;/span&gt;&lt;/p&gt;&lt;p class=\"MsoNormal\"&gt;&lt;span style=\"mso-fareast-language: ES-CO;\"&gt; &lt;/span&gt;&lt;/p&gt;&lt;p class=\"MsoNormal\"&gt;&lt;span style=\"mso-fareast-language: ES-CO;\"&gt;&lt;img id=\"Imagen_x0020_1\" style=\"width: 6.1354in; height: 2.4375in;\" src=\"denied:cid:image003.png@01D9792C.721040D0\" alt=\"image\" width=\"589\" height=\"234\" /&gt;&lt;/span&gt;&lt;/p&gt;&lt;p class=\"MsoNormal\"&gt; &lt;/p&gt;&lt;/div&gt;',3,3,3,0,2,1,0,24,0,NULL,'2023-04-28 16:02:53',NULL,0,0,0,0,0,NULL,NULL,NULL,0,0,0,1,0,1,0,0,'2023-04-28 15:22:53',NULL),(5624,19,'Solicitud asignación equipo sala de ventas Sotavento Residencial','2023-04-28 15:22:19','2023-05-17 18:44:36','2023-05-17 18:44:36',NULL,'2023-05-17 18:44:36',752,6,0,2,'&lt;div dir=\"ltr\"&gt;Buenas tardes&lt;div&gt; &lt;/div&gt;&lt;div&gt;Solicito que el equipo que usaba Cristian Guerrero y aún se encuentra en sala de ventas, sea asignado a Ricardo Paz quien ocupa el cargo de auxiliar de legalización y escrituración ya que el equipo que él usa actualmente esta presentando fallas dificultando el rendimiento laboral&lt;/div&gt;&lt;div&gt; &lt;/div&gt;&lt;div&gt;Quedo atenta&lt;/div&gt;&lt;div&gt; &lt;/div&gt;&lt;div&gt;Feliz tarde&lt;/div&gt;&lt;/div&gt;',3,3,3,128,2,1,23,24,0,'2023-05-15 22:30:00','2023-04-28 16:02:19',NULL,690032,0,0,0,0,NULL,NULL,NULL,204032,252705,252705,1,7200,0,0,0,'2023-04-28 15:22:19',NULL),(5626,1,'Error generación facturas de proveedor','2023-04-28 15:22:53',NULL,NULL,NULL,'2023-04-28 16:24:33',678,2,942,2,'&lt;meta content=\"text/html; charset=iso-8859-1\" /&gt; &lt;meta content=\"Microsoft Word 15 (filtered medium)\" /&gt;  &lt;div class=\"WordSection1\"&gt; &lt;p class=\"MsoNormal\"&gt;&nbsp;&lt;/p&gt; &lt;p class=\"MsoNormal\"&gt;No puedo generar causaciones, presenta bloqueo en permiso para (pedido entrada de mercancía)&lt;/p&gt; &lt;p class=\"MsoNormal\"&gt;&lt;span style=\"mso-fareast-language:ES-CO\"&gt;&lt;img width=\"588\" height=\"273\" style=\"width:6.125in;height:2.8437in\" src=\"denied:cid:image001.jpg@01D979B6.D766AF20\" alt=\"image\" /&gt;&lt;span style=\"mso-ligatures:none\"&gt;&lt;/span&gt;&lt;/span&gt;&lt;/p&gt; &lt;p class=\"MsoNormal\"&gt;&nbsp;&lt;/p&gt; &lt;/div&gt;',3,3,3,0,1,1,0,24,0,NULL,'2023-04-28 16:02:53',NULL,0,0,0,0,0,NULL,NULL,NULL,0,0,0,1,0,1,38,0,'2023-04-28 15:22:53',NULL),(5627,1,'Solicitud ajuste de cargo','2023-04-28 15:22:19',NULL,NULL,NULL,'2023-04-28 16:17:09',678,2,884,2,'&lt;div class=\"WordSection1\"&gt;&lt;div&gt;&lt;p class=\"MsoNormal\"&gt;Buenas tardes,&lt;/p&gt;&lt;p class=\"MsoNormal\"&gt; &lt;/p&gt;&lt;p class=\"MsoNormal\"&gt;Confirmo desde el 21 de abril de 2023 Luis Felipe Siefken cambio de cargo a Coordinador de Servicio I por favor ajustar en Teams y demás bases que manejen.&lt;/p&gt;&lt;/div&gt;&lt;p class=\"MsoNormal\"&gt; &lt;/p&gt;&lt;p class=\"MsoNormal\"&gt;&lt;span style=\"mso-fareast-language: ES-CO;\"&gt;Gracias y quedo atenta.&lt;/span&gt;&lt;/p&gt;&lt;p class=\"MsoNormal\"&gt;&lt;span style=\"mso-fareast-language: ES-CO;\"&gt; &lt;/span&gt;&lt;/p&gt;&lt;p class=\"MsoNormal\"&gt;&lt;span style=\"mso-fareast-language: ES-CO;\"&gt;Cordialmente,&lt;/span&gt;&lt;/p&gt;&lt;p class=\"MsoNormal\"&gt;&lt;span style=\"mso-fareast-language: ES-CO;\"&gt; &lt;/span&gt;&lt;/p&gt;&lt;p class=\"MsoNormal\"&gt;&lt;span style=\"mso-fareast-language: ES-CO;\"&gt; &lt;/span&gt;&lt;/p&gt;&lt;p class=\"MsoNormal\"&gt;&lt;span style=\"mso-fareast-language: ES-CO;\"&gt;&lt;img style=\"width: 3.1388in; height: .9791in;\" src=\"denied:cid:image001.jpg@01D9791E.A672EE30\" alt=\"image\" width=\"301\" height=\"94\" /&gt;&lt;/span&gt;&lt;/p&gt;&lt;p class=\"MsoNormal\"&gt; &lt;/p&gt;&lt;p class=\"MsoNormal\"&gt;&lt;span style=\"font-size: 12.0pt; color: black; mso-fareast-language: ES-CO;\"&gt; &lt;/span&gt;&lt;/p&gt;&lt;/div&gt;',3,3,3,21,2,1,23,24,0,'2023-05-05 22:30:00','2023-04-28 16:02:19',NULL,0,0,0,0,0,NULL,NULL,NULL,0,0,0,1,0,1,0,0,'2023-04-28 15:22:19',NULL),(5628,1,'RV: SOLICITUD ACCESO A GRUPO SUPPLY DE ARINTIA TRUCKS  Y SOLICITUD DE PANTALLA','2023-04-28 15:22:53',NULL,NULL,NULL,'2023-04-28 15:31:42',860,2,368,2,'&lt;meta content=\"text/html; charset=iso-8859-1\" /&gt; &lt;meta content=\"Microsoft Word 15 (filtered medium)\" /&gt;  &lt;div class=\"WordSection1\"&gt; &lt;p class=\"MsoNormal\"&gt;&nbsp;&lt;/p&gt; &lt;h2&gt;Buenas tardes Giovany &lt;/h2&gt; &lt;p class=\"MsoNormal\"&gt;&nbsp;&lt;/p&gt; &lt;h2 style=\"margin-left:36.0pt;text-indent:-18.0pt;mso-list:l0 level1 lfo2\"&gt;&lt;span style=\"font-family:Symbol\"&gt;&lt;span style=\"mso-list:Ignore\"&gt;·&lt;span style=\"font:7.0pt \"Times New Roman\"\"&gt;&nbsp;&nbsp;&nbsp;&nbsp;&nbsp; &lt;/span&gt;&lt;/span&gt;&lt;/span&gt;Agradezco realizar el ingreso de &lt;a id=\"OWAAM2BAACD3AB93B44C98A14870D421FB9B5\" href=\"mailto:yesmith.pedreros@arintia.com\"&gt; &lt;span style=\"font-family:\"Calibri Light\",sans-serif;text-decoration:none\"&gt;@Yesmith Selene Pedreros Rodriguez&lt;/span&gt;&lt;/a&gt; al grupo de &nbsp;supply &nbsp;de Arintia trucks, para la realización de sus actividades &lt;/h2&gt; &lt;h2 style=\"margin-left:36.0pt;text-indent:-18.0pt;mso-list:l0 level1 lfo2\"&gt;&lt;span style=\"font-family:Symbol\"&gt;&lt;span style=\"mso-list:Ignore\"&gt;·&lt;span style=\"font:7.0pt \"Times New Roman\"\"&gt;&nbsp;&nbsp;&nbsp;&nbsp;&nbsp; &lt;/span&gt;&lt;/span&gt;&lt;/span&gt;Solicitud de pantalla para &lt;a id=\"OWAAM1607916574844E5EA37BDB8D8341C467\" href=\"mailto:yesmith.pedreros@arintia.com\"&gt; &lt;span style=\"font-family:\"Calibri Light\",sans-serif;text-decoration:none\"&gt;@Yesmith Selene Pedreros Rodriguez&lt;/span&gt;&lt;/a&gt; en la sede de mosquera&lt;/h2&gt; &lt;p class=\"MsoNormal\"&gt;&nbsp;&lt;/p&gt; &lt;h2&gt;Agradezco tu atención &lt;/h2&gt; &lt;h2&gt;&nbsp;&lt;/h2&gt; &lt;h2&gt;Cordialmente &lt;span style=\"font-size:11.0pt;font-family:\"Calibri\",sans-serif;color:windowtext\"&gt; &lt;/span&gt;&lt;/h2&gt; &lt;p class=\"MsoNormal\"&gt;&nbsp;&lt;/p&gt; &lt;p class=\"MsoNormal\"&gt;&nbsp;&lt;/p&gt; &lt;p class=\"MsoNormal\"&gt;&lt;span style=\"mso-ligatures:none;mso-fareast-language:ES-CO\"&gt;&lt;img border=\"0\" width=\"589\" height=\"184\" style=\"width:6.1388in;height:1.9166in\" id=\"Imagen_x0020_2\" src=\"denied:cid:image001.jpg@01D97923.4EF44D70\" alt=\"image\" /&gt;&lt;/span&gt;&lt;span style=\"mso-ligatures:none;mso-fareast-language:ES-CO\"&gt;&lt;/span&gt;&lt;/p&gt; &lt;p class=\"MsoNormal\"&gt;&nbsp;&lt;/p&gt; &lt;/div&gt;',3,3,3,0,1,1,0,24,0,NULL,'2023-04-28 16:02:53',NULL,0,0,0,0,0,NULL,NULL,NULL,0,0,0,1,0,1,0,0,'2023-04-28 15:22:53',NULL),(5629,1,'Ayuda con situación SAP urgente','2023-04-28 15:22:53','2023-05-15 16:51:39','2023-05-05 14:56:11',NULL,'2023-05-15 16:51:39',692,6,941,2,'&lt;div class=\"WordSection1\"&gt;&lt;p class=\"MsoNormal\"&gt;Buen día. Necesito cancelar líneas de productos en varios pedidos sap de techos , porque el cliente ya no necesita la mercancía, al acceder al pedido y cancelar la línea correspondiente , avisa en la parte inferior de la pantalla &lt;strong&gt;&lt;em&gt;&lt;u&gt;: bodega no autorizada para usuario VTA4201&lt;/u&gt;&lt;/em&gt;&lt;/strong&gt;. Así que no ha sido posible realizar este  proceso necesario en varios pedidos.&lt;/p&gt;&lt;p class=\"MsoNormal\"&gt;Al intentar borrar la línea correspondiente sale el mismo aviso. Por favor su ayuda urgente para que el área de compras no adquiera estos productos.&lt;/p&gt;&lt;p class=\"MsoNormal\"&gt; &lt;/p&gt;&lt;p class=\"MsoNormal\"&gt;Por otro lado, necesito saber el procedimiento para recuperar borradores de pedidos que no se terminaron de grabar.&lt;/p&gt;&lt;p class=\"MsoNormal\"&gt;Gracias. Quedo atento.&lt;/p&gt;&lt;p class=\"MsoNormal\"&gt; &lt;/p&gt;&lt;p class=\"MsoNormal\"&gt;&lt;span style=\"mso-ligatures: none; mso-fareast-language: ES-CO;\"&gt; &lt;/span&gt;&lt;/p&gt;&lt;p class=\"MsoNormal\"&gt;&lt;span style=\"mso-fareast-language: ES-CO;\"&gt;&lt;img id=\"Imagen_x0020_7\" style=\"width: 6.1319in; height: 2.4583in;\" src=\"denied:cid:image001.jpg@01D979A4.92869030\" alt=\"image\" width=\"589\" height=\"236\" /&gt;&lt;/span&gt;&lt;/p&gt;&lt;p class=\"MsoNormal\"&gt; &lt;/p&gt;&lt;/div&gt;',3,3,3,167,2,1,23,24,0,'2023-05-05 22:30:00','2023-04-28 16:02:53','2023-05-05 14:56:11',0,0,0,0,0,NULL,NULL,NULL,0,381526,169398,1,0,0,38,0,'2023-04-28 15:22:53',NULL),(5630,1,'CENTRO DE COSTO NO SE AMTIENE EL MISMO DE LA REMISION CUANDO PASA A FACTURA','2023-04-28 15:22:53',NULL,NULL,NULL,'2023-04-28 16:25:28',678,2,947,2,'&lt;meta content=\"text/html; charset=iso-8859-1\" /&gt; &lt;meta content=\"Microsoft Word 15 (filtered medium)\" /&gt;  &lt;div class=\"WordSection1\"&gt; &lt;p class=\"MsoNormal\"&gt;Buenas tardes, dada la necesidad de en ocasión sacar pedidos de distintas bodega, donde se requiere que la venta se cargue un centro de costo especifico ,se monta el pedido con el centro de costo que se requiere &nbsp;y al realizar la entrega  el centro de costo se mantiene , pero al pasar a factura el sistema lo cambia, agradezco su ayuda para que el sistema mantenga el centro de costo que se asigne en el pedido, gracias por si atención prestada.&lt;/p&gt; &lt;p class=\"MsoNormal\"&gt;&lt;img width=\"1257\" height=\"306\" style=\"width:13.0937in;height:3.1875in\" src=\"denied:cid:image001.png@01D97935.C01B9140\" alt=\"image\" /&gt;&lt;img width=\"1294\" height=\"288\" style=\"width:13.4791in;height:3.0in\" src=\"denied:cid:image002.png@01D97935.52AC9550\" alt=\"image\" /&gt;&lt;/p&gt; &lt;/div&gt;',3,3,3,0,1,1,0,24,0,NULL,'2023-04-28 16:02:53',NULL,0,0,0,0,0,NULL,NULL,NULL,0,0,0,1,0,1,45,0,'2023-04-28 15:22:53',NULL),(5631,1,'Error reversion precio de entrega','2023-04-28 15:22:53',NULL,NULL,NULL,'2023-04-28 16:27:16',678,2,456,2,'&lt;meta content=\"text/html; charset=iso-8859-1\" /&gt; &lt;meta content=\"Microsoft Word 15 (filtered medium)\" /&gt;  &lt;div class=\"WordSection1\"&gt; &lt;p class=\"MsoNormal\"&gt;Buen día Sr Ti&lt;br /&gt; &lt;br /&gt; Solicitamos su colaboración validando el error que se genera en el momento de realizar una reversión del precio de entrega de la siguiente referencia quedo atento a su pronta respuesta&lt;br /&gt; &lt;br /&gt; &lt;img width=\"1922\" height=\"1005\" style=\"width:20.0208in;height:10.4687in\" src=\"denied:cid:image001.png@01D9792A.4514AAF0\" alt=\"image\" /&gt;&lt;/p&gt; &lt;p class=\"MsoNormal\"&gt;&nbsp;&lt;/p&gt; &lt;p class=\"MsoNormal\"&gt;&lt;span style=\"mso-fareast-language:ES-MX\"&gt;&lt;img width=\"589\" height=\"184\" style=\"width:6.1354in;height:1.9166in\" src=\"denied:cid:image002.jpg@01D9792A.4514AAF0\" alt=\"image\" /&gt;&lt;/span&gt;&lt;/p&gt; &lt;p class=\"MsoNormal\"&gt;&nbsp;&lt;/p&gt; &lt;/div&gt;',3,3,3,0,1,1,0,24,0,NULL,'2023-04-28 16:02:53',NULL,0,0,0,0,0,NULL,NULL,NULL,0,0,0,1,0,1,0,0,'2023-04-28 15:22:53',NULL),(5632,1,'SOLICITUD ACCESO A GRUPO SUPPLY DE ARINTIA TRUCKS  Y SOLICITUD DE PANTALLA','2023-04-28 15:22:53','2023-05-17 16:17:25','2023-05-17 16:17:25',NULL,'2023-05-17 16:17:25',752,6,857,2,'&lt;div class=\"WordSection1\"&gt;&lt;h2&gt;Buenas tardes Giovany&lt;/h2&gt;&lt;p class=\"MsoNormal\"&gt; &lt;/p&gt;&lt;h2 style=\"margin-left: 36.0pt; text-indent: -18.0pt; mso-list: l0 level1 lfo1;\"&gt;&lt;span style=\"font-family: Symbol;\"&gt;&lt;span style=\"mso-list: Ignore;\"&gt;·&lt;span style=\"font: 7.0pt;\"&gt;        &lt;/span&gt;&lt;/span&gt;&lt;/span&gt;Agradezco realizar el ingreso de &lt;a href=\"mailto:yesmith.pedreros@arintia.com\"&gt; @Yesmith Selene Pedreros Rodriguez&lt;/a&gt; al grupo de  supply  de Arintia trucks, para la realización de sus actividades&lt;/h2&gt;&lt;h2 style=\"margin-left: 36.0pt; text-indent: -18.0pt; mso-list: l0 level1 lfo1;\"&gt;&lt;span style=\"font-family: Symbol;\"&gt;&lt;span style=\"mso-list: Ignore;\"&gt;·&lt;span style=\"font: 7.0pt;\"&gt;        &lt;/span&gt;&lt;/span&gt;&lt;/span&gt;Solicitud de pantalla para &lt;a href=\"mailto:yesmith.pedreros@arintia.com\"&gt; @Yesmith Selene Pedreros Rodriguez&lt;/a&gt; en la sede de mosquera&lt;/h2&gt;&lt;p class=\"MsoNormal\"&gt; &lt;/p&gt;&lt;h2&gt;Agradezco tu atención&lt;/h2&gt;&lt;h2&gt; &lt;/h2&gt;&lt;h2&gt;Cordialmente&lt;/h2&gt;&lt;p class=\"MsoNormal\"&gt; &lt;/p&gt;&lt;p class=\"MsoNormal\"&gt; &lt;/p&gt;&lt;p class=\"MsoNormal\"&gt;&lt;span style=\"mso-fareast-language: ES-CO;\"&gt;&lt;img style=\"width: 6.1354in; height: 1.9166in;\" src=\"denied:cid:image001.jpg@01D97923.4EF44D70\" alt=\"image\" width=\"589\" height=\"184\" border=\"0\" /&gt;&lt;/span&gt;&lt;/p&gt;&lt;p class=\"MsoNormal\"&gt; &lt;/p&gt;&lt;/div&gt;',3,3,3,131,2,1,23,24,0,'2023-05-15 22:30:00','2023-04-28 16:02:53',NULL,689020,0,0,0,0,NULL,NULL,NULL,203020,244852,244852,1,0,0,47,0,'2023-04-28 15:22:53',NULL),(5633,1,'Solicitud asignación equipo sala de ventas Sotavento Residencial','2023-04-28 15:22:53',NULL,NULL,NULL,'2023-04-28 16:28:03',678,2,0,2,'&lt;div dir=\"ltr\"&gt;Buenas tardes&lt;div&gt;&lt;br /&gt;&lt;/div&gt;&lt;div&gt;Solicito que el equipo que usaba Cristian Guerrero y aún se encuentra en sala de ventas, sea asignado a Ricardo Paz quien ocupa el cargo de auxiliar de legalización y escrituración ya que el equipo que él usa actualmente esta presentando fallas dificultando el rendimiento laboral&lt;/div&gt;&lt;div&gt;&lt;br /&gt;&lt;/div&gt;&lt;div&gt;Quedo atenta&lt;/div&gt;&lt;div&gt;&lt;br /&gt;&lt;/div&gt;&lt;div&gt;Feliz tarde&lt;/div&gt;&lt;/div&gt;',3,3,3,0,1,1,0,24,0,NULL,'2023-04-28 16:02:53',NULL,0,0,0,0,0,NULL,NULL,NULL,0,0,0,1,0,1,0,0,'2023-04-28 15:22:53',NULL),(5635,1,'Solicitud ajuste de cargo','2023-04-28 15:22:53','2023-05-15 16:51:39','2023-05-10 14:09:24',NULL,'2023-05-15 16:51:39',692,6,884,2,'&lt;div class=\"WordSection1\"&gt;&lt;div&gt;&lt;p class=\"MsoNormal\"&gt;Buenas tardes,&lt;/p&gt;&lt;p class=\"MsoNormal\"&gt; &lt;/p&gt;&lt;p class=\"MsoNormal\"&gt;Confirmo desde el 21 de abril de 2023 Luis Felipe Siefken cambio de cargo a Coordinador de Servicio I por favor ajustar en Teams y demás bases que manejen.&lt;/p&gt;&lt;/div&gt;&lt;p class=\"MsoNormal\"&gt; &lt;/p&gt;&lt;p class=\"MsoNormal\"&gt;&lt;span style=\"mso-fareast-language: ES-CO;\"&gt;Gracias y quedo atenta.&lt;/span&gt;&lt;/p&gt;&lt;p class=\"MsoNormal\"&gt;&lt;span style=\"mso-fareast-language: ES-CO;\"&gt; &lt;/span&gt;&lt;/p&gt;&lt;p class=\"MsoNormal\"&gt;&lt;span style=\"mso-fareast-language: ES-CO;\"&gt;Cordialmente,&lt;/span&gt;&lt;/p&gt;&lt;p class=\"MsoNormal\"&gt;&lt;span style=\"mso-fareast-language: ES-CO;\"&gt; &lt;/span&gt;&lt;/p&gt;&lt;p class=\"MsoNormal\"&gt;&lt;span style=\"mso-fareast-language: ES-CO;\"&gt; &lt;/span&gt;&lt;/p&gt;&lt;p class=\"MsoNormal\"&gt;&lt;span style=\"mso-fareast-language: ES-CO;\"&gt;&lt;img style=\"width: 3.1388in; height: .9791in;\" src=\"denied:cid:image001.jpg@01D9791E.A672EE30\" alt=\"image\" width=\"301\" height=\"94\" /&gt;&lt;/span&gt;&lt;/p&gt;&lt;p class=\"MsoNormal\"&gt; &lt;/p&gt;&lt;p class=\"MsoNormal\"&gt;&lt;span style=\"font-size: 12.0pt; color: black; mso-fareast-language: ES-CO;\"&gt; &lt;/span&gt;&lt;/p&gt;&lt;/div&gt;',3,3,3,21,2,1,23,24,0,'2023-05-11 22:30:00','2023-04-28 16:02:53','2023-05-10 14:09:24',515143,0,0,0,0,NULL,NULL,NULL,133543,247983,135648,1,0,0,5,0,'2023-04-28 15:22:53',NULL),(5637,1,'notificación de solicitud','2023-04-28 15:24:02','2023-09-06 13:51:38','2023-08-28 13:05:30',NULL,'2023-09-06 13:51:38',692,6,337,2,'&lt;div class=\"WordSection1\"&gt;&lt;p class=\"MsoNormal\"&gt;Buenos dias&lt;/p&gt;&lt;p class=\"MsoNormal\"&gt;Cordial saludo&lt;/p&gt;&lt;p class=\"MsoNormal\"&gt; &lt;/p&gt;&lt;p class=\"MsoNormal\"&gt;Para su ayuda con activar en SAP las notificaciones de solicitudes de compra y al momento que las coloquen  &lt;/p&gt;&lt;p class=\"MsoNormal\"&gt;El área de compras MCP pueda ver esta  notificación&lt;/p&gt;&lt;p class=\"MsoNormal\"&gt; &lt;/p&gt;&lt;p class=\"MsoNormal\"&gt;Para carlos Vargas y para olga jaimes&lt;/p&gt;&lt;p class=\"MsoNormal\"&gt; &lt;/p&gt;&lt;p class=\"MsoNormal\"&gt;Quedo atenta&lt;/p&gt;&lt;p class=\"MsoNormal\"&gt; &lt;/p&gt;&lt;p class=\"MsoNormal\"&gt;cordialmente&lt;/p&gt;&lt;p class=\"MsoNormal\"&gt;&lt;span style=\"font-size: 14.0pt; mso-fareast-language: ES-CO;\"&gt;&lt;a href=\"http://helpdesk.arintia.com.co/glpi/front/document.send.php?docid=2052&amp;tickets_id=5637\" target=\"_blank\" rel=\"noopener\"&gt;&lt;img src=\"http://helpdesk.arintia.com.co/glpi/front/document.send.php?docid=2052&amp;tickets_id=5637\" alt=\"5b56d996-d9d62df8-615cb120ee3605.69246358\" width=\"667\" /&gt;&lt;/a&gt;&lt;/span&gt;&lt;/p&gt;&lt;p class=\"MsoNormal\"&gt;&lt;span style=\"font-size: 14.0pt; mso-ligatures: none; mso-fareast-language: ES-CO;\"&gt; &lt;/span&gt;&lt;/p&gt;&lt;p class=\"MsoNormal\"&gt;&lt;span style=\"mso-ligatures: none; mso-fareast-language: ES-CO;\"&gt; &lt;/span&gt;&lt;/p&gt;&lt;p class=\"MsoNormal\"&gt; &lt;/p&gt;&lt;/div&gt;',3,3,3,167,2,1,0,24,0,NULL,'2023-04-28 16:04:02','2023-08-28 13:05:30',0,0,0,0,0,NULL,NULL,NULL,9677252,1635604,855236,1,0,0,48,0,'2023-04-28 15:24:02',NULL),(5645,22,'CIERRE DE PEDIOS ABIERTOS','2023-04-28 15:39:02','2023-06-22 20:58:45','2023-06-22 20:58:45',NULL,'2023-06-22 20:58:45',353,6,954,2,'&lt;div class=\"WordSection1\"&gt;&lt;p class=\"MsoNormal\"&gt;&lt;span style=\"font-size: 12.0pt;\"&gt; &lt;/span&gt;&lt;/p&gt;&lt;p class=\"MsoNormal\"&gt;&lt;span style=\"font-size: 12.0pt;\"&gt;Buen día, por favor su apoyo cerrando los pedidos seleccionados (no tienen entregas abiertas), ya que cuando intento hacerlo me muestra el mensaje de que no se puede cerrar un pedido que está en aprobación.  Quedo atenta, gracias&lt;/span&gt;&lt;/p&gt;&lt;p class=\"MsoNormal\"&gt;&lt;span style=\"font-size: 12.0pt;\"&gt; &lt;/span&gt;&lt;/p&gt;&lt;p class=\"MsoNormal\"&gt; &lt;/p&gt;&lt;p&gt;&lt;a href=\"http://helpdesk.arintia.com.co/glpi/front/document.send.php?docid=4885&amp;tickets_id=5645\" target=\"_blank\" rel=\"noopener\"&gt;&lt;img src=\"http://helpdesk.arintia.com.co/glpi/front/document.send.php?docid=4885&amp;tickets_id=5645\" alt=\"3d1b5dab-d9d62df8-644be89db65976.04096475\" width=\"1366\" /&gt;&lt;/a&gt;&lt;/p&gt;&lt;p class=\"MsoNormal\"&gt;&lt;span lang=\"es-419\" style=\"font-size: 12.0pt;\"&gt; &lt;/span&gt;&lt;/p&gt;&lt;p class=\"MsoNormal\"&gt;&lt;span lang=\"es-419\" style=\"font-size: 12.0pt;\"&gt;Cordial saludo,&lt;/span&gt;&lt;/p&gt;&lt;p class=\"MsoNormal\"&gt;&lt;span style=\"color: black; mso-fareast-language: ES-CO;\"&gt;&lt;a href=\"http://helpdesk.arintia.com.co/glpi/front/document.send.php?docid=3848&amp;tickets_id=5645\" target=\"_blank\" rel=\"noopener\"&gt;&lt;img src=\"http://helpdesk.arintia.com.co/glpi/front/document.send.php?docid=3848&amp;tickets_id=5645\" alt=\"3e2289dc-d9d62df8-63488b92ec7e95.79328990\" width=\"700\" /&gt;&lt;/a&gt;&lt;/span&gt;&lt;/p&gt;&lt;p class=\"MsoNormal\"&gt;&lt;em&gt;____________________________________________________­­­­­­________&lt;/em&gt;&lt;/p&gt;&lt;p class=\"MsoNormal\"&gt;&lt;em&gt;Mi horario de trabajo podría no ser el tuyo, por ello, si has recibido este correo y no te encuentras dentro de tu horario laboral, no te sientas obligado a contestar, podrás hacerlo el día hábil siguiente a la recepción y dentro del horario establecido.&lt;/em&gt;&lt;/p&gt;&lt;p class=\"MsoNormal\"&gt; &lt;/p&gt;&lt;/div&gt;',3,3,3,167,2,1,0,24,0,NULL,'2023-04-28 16:19:02',NULL,0,0,0,0,0,NULL,NULL,NULL,3916795,854388,854388,1,0,0,48,0,'2023-04-28 15:39:02',NULL),(5647,15,'NOVEDADES SAP','2023-04-28 16:09:01','2023-05-15 16:51:39','2023-05-05 17:14:21',NULL,'2023-05-15 16:51:39',692,6,869,2,'&lt;div class=\"WordSection1\"&gt;&lt;p class=\"MsoNormal\"&gt;&lt;span style=\"font-size: 12.0pt;\"&gt;Buenos días,&lt;/span&gt;&lt;/p&gt;&lt;p class=\"MsoNormal\"&gt;&lt;span style=\"font-size: 12.0pt;\"&gt; &lt;/span&gt;&lt;/p&gt;&lt;p class=\"MsoNormal\"&gt;&lt;span style=\"font-size: 12.0pt;\"&gt; &lt;/span&gt;&lt;/p&gt;&lt;p class=\"MsoNormal\"&gt;&lt;span style=\"font-size: 12.0pt;\"&gt;Requiero de su apoyo para que por favor me sea habilitada la opción de dar el Chek a los pedidos que aprueba cartera.&lt;/span&gt;&lt;/p&gt;&lt;p class=\"MsoNormal\"&gt;&lt;span style=\"font-size: 12.0pt;\"&gt; &lt;/span&gt;&lt;/p&gt;&lt;p class=\"MsoNormal\"&gt;&lt;span style=\"font-size: 12.0pt;\"&gt; &lt;/span&gt;&lt;/p&gt;&lt;p class=\"MsoNormal\"&gt;&lt;span style=\"font-size: 12.0pt;\"&gt;Quedo atenta a novedades.&lt;/span&gt;&lt;/p&gt;&lt;p class=\"MsoNormal\"&gt; &lt;/p&gt;&lt;div&gt;&lt;div&gt;&lt;div&gt;&lt;div&gt;&lt;div&gt;&lt;p class=\"MsoNormal\"&gt;&lt;span style=\"mso-fareast-language: ES-CO;\"&gt;&lt;a href=\"http://helpdesk.arintia.com.co/glpi/front/document.send.php?docid=4182&amp;tickets_id=5647\" target=\"_blank\" rel=\"noopener\"&gt;&lt;img src=\"http://helpdesk.arintia.com.co/glpi/front/document.send.php?docid=4182&amp;tickets_id=5647\" alt=\"3e2289dc-d9d62df8-63bdde43b923f3.67953079\" width=\"4151\" /&gt;&lt;/a&gt;&lt;/span&gt;&lt;/p&gt;&lt;/div&gt;&lt;/div&gt;&lt;/div&gt;&lt;/div&gt;&lt;/div&gt;&lt;p class=\"MsoNormal\"&gt; &lt;/p&gt;&lt;/div&gt;',3,3,3,167,2,1,23,24,0,'2023-05-05 22:30:00','2023-04-28 16:49:01','2023-05-05 17:14:21',0,0,0,0,0,NULL,NULL,NULL,0,378758,174920,1,0,0,77,0,'2023-04-28 16:09:01',NULL),(5650,1,'crear archivo en teams para toda el área comercial.','2023-04-28 18:57:02','2023-06-14 20:58:55','2023-05-15 21:32:36',NULL,'2023-06-14 20:58:55',692,6,910,2,'&lt;div class=\"elementToProof\" style=\"font-family: Calibri, Arial, Helvetica, sans-serif; font-size: 12pt; color: #000000;\"&gt;Señores Tics,  como conversamos con Edgar esta mañana en reunion con Jorge Osorio y Juan Carlos Culma,  necesitamos disponer de un archvo en teams,  donde pueda subir hojas tecnicas, hojas de seguridad, y textos tecnicos de los lubricantes y toda nuestra fuerza de ventas puedan consultar y bajar la informacion.&lt;/div&gt;&lt;div class=\"elementToProof\" style=\"font-family: Calibri, Arial, Helvetica, sans-serif; font-size: 12pt; color: #000000;\"&gt; &lt;/div&gt;&lt;div class=\"elementToProof\" style=\"font-family: Calibri, Arial, Helvetica, sans-serif; font-size: 12pt; color: #000000;\"&gt;los usuarios son todos de la empresa,  con sus correos  terminados .......@arintia.com,  no es para externos.&lt;/div&gt;&lt;div class=\"elementToProof\" style=\"font-family: Calibri, Arial, Helvetica, sans-serif; font-size: 12pt; color: #000000;\"&gt; &lt;/div&gt;&lt;div class=\"elementToProof\" style=\"font-family: Calibri, Arial, Helvetica, sans-serif; font-size: 12pt; color: #000000;\"&gt;Camilo Bolaños,  habia instalado algo parecido  y se tenia  GT- MINEROIL  lubricantes.... o en Onedrive  para mineroil,  &lt;/div&gt;&lt;div class=\"elementToProof\" style=\"font-family: Calibri, Arial, Helvetica, sans-serif; font-size: 12pt; color: #000000;\"&gt; &lt;/div&gt;&lt;div class=\"elementToProof\" style=\"font-family: Calibri, Arial, Helvetica, sans-serif; font-size: 12pt; color: #000000;\"&gt;gracias&lt;/div&gt;&lt;div class=\"elementToProof\" style=\"font-family: Calibri, Arial, Helvetica, sans-serif; font-size: 12pt; color: #000000;\"&gt; &lt;/div&gt;&lt;div class=\"elementToProof\" style=\"font-family: Calibri, Arial, Helvetica, sans-serif; font-size: 12pt; color: #000000;\"&gt;quedo atento&lt;/div&gt;&lt;div class=\"elementToProof\"&gt;&lt;div style=\"font-family: Calibri, Arial, Helvetica, sans-serif; font-size: 12pt; color: #000000;\"&gt; &lt;/div&gt;&lt;div id=\"Signature\"&gt;&lt;div&gt;&lt;p&gt;&lt;a href=\"http://helpdesk.arintia.com.co/glpi/front/document.send.php?docid=3180&amp;tickets_id=5650\" target=\"_blank\" rel=\"noopener\"&gt;&lt;img src=\"http://helpdesk.arintia.com.co/glpi/front/document.send.php?docid=3180&amp;tickets_id=5650\" alt=\"3e2289dc-d9d62df8-62b48e0e65ef34.10983679\" width=\"1920\" /&gt;&lt;/a&gt;&lt;/p&gt;&lt;/div&gt;&lt;/div&gt;&lt;/div&gt;',3,3,3,21,2,1,0,24,0,NULL,'2023-04-28 19:37:02','2023-05-15 21:32:36',0,0,0,0,0,NULL,NULL,NULL,1143335,2924778,334799,1,0,0,48,0,'2023-04-28 18:57:02',NULL),(5652,22,'Error para cargar pedido sap','2023-04-28 20:36:01','2023-05-15 16:51:39','2023-05-09 17:42:14',NULL,'2023-05-15 16:51:39',692,6,912,2,'&lt;div dir=\"ltr\"&gt;&lt;div&gt; &lt;/div&gt;&lt;div&gt;&lt;div&gt;Buenas tardes &lt;/div&gt;&lt;div dir=\"ltr\"&gt; &lt;/div&gt;&lt;div dir=\"ltr\"&gt;Estoy tratando de cargar un pedido y me sale el siguiente letrero &lt;/div&gt;&lt;div dir=\"ltr\"&gt;&lt;p&gt;&lt;a href=\"http://helpdesk.arintia.com.co/glpi/front/document.send.php?docid=4891&amp;tickets_id=5652\" target=\"_blank\" rel=\"noopener\"&gt;&lt;img src=\"http://helpdesk.arintia.com.co/glpi/front/document.send.php?docid=4891&amp;tickets_id=5652\" alt=\"3d1b5dab-d9d62df8-644c2e363f6112.20709051\" width=\"828\" /&gt;&lt;/a&gt;&lt;/p&gt;&lt;/div&gt;&lt;div id=\"ms-outlook-mobile-signature\"&gt;&lt;div&gt; Me ayudan por favor &lt;/div&gt;&lt;div dir=\"ltr\"&gt; &lt;/div&gt;Obtener &lt;a href=\"https://aka.ms/o0ukef\"&gt;Outlook para iOS&lt;/a&gt;&lt;/div&gt;&lt;/div&gt;&lt;/div&gt;',3,3,4,153,1,1,29,24,0,'2023-05-01 14:06:01','2023-04-28 21:16:01','2023-05-09 17:42:14',0,0,0,0,0,NULL,NULL,NULL,0,362738,228973,1,0,0,48,0,'2023-04-28 20:36:01',NULL),(5656,1,'Solicitud de apoyo','2023-04-29 13:36:01','2023-05-09 15:29:38','2023-05-09 15:29:38',NULL,'2023-05-09 15:29:38',353,6,756,2,'&lt;div class=\"WordSection1\"&gt;&lt;p class=\"MsoNormal\"&gt;Requiero el apoyo para revisar por que no me aparecen los pedidos en el SAP cuando ya se los han aprobado al Comercial.&lt;/p&gt;&lt;p class=\"MsoNormal\"&gt; &lt;/p&gt;&lt;p class=\"MsoNormal\"&gt;No se, si el problema sea mío o del comercial realizando la gestión.&lt;/p&gt;&lt;p class=\"MsoNormal\"&gt; &lt;/p&gt;&lt;p class=\"MsoNormal\"&gt;&lt;span style=\"mso-fareast-language: ES-CO;\"&gt;&lt;a href=\"http://192.168.11.15/glpi/front/document.send.php?docid=4717&amp;tickets_id=5656\" target=\"_blank\" rel=\"noopener\"&gt;&lt;img src=\"http://192.168.11.15/glpi/front/document.send.php?docid=4717&amp;tickets_id=5656\" alt=\"3d1b5dab-d9d62df8-6435b6a9b56403.38122664\" width=\"1323\" /&gt;&lt;/a&gt;&lt;/span&gt;&lt;/p&gt;&lt;p class=\"MsoNormal\"&gt; &lt;/p&gt;&lt;/div&gt;',3,3,4,167,1,1,29,24,0,'2023-05-01 16:00:00','2023-05-01 13:40:00',NULL,0,0,0,0,0,NULL,NULL,NULL,0,214178,214178,1,0,0,48,0,'2023-04-29 13:36:01',NULL),(5657,1,'SOLICITUD COPIA DE SEGURIDAD','2023-04-29 16:42:01','2023-05-08 14:03:28','2023-05-08 14:03:28',NULL,'2023-05-08 14:03:28',295,6,632,2,'&lt;div class=\"WordSection1\"&gt;&lt;p class=\"MsoNormal\"&gt;Buen día nos pueden por favor hacer una copia de seguridad de todo Ecology con el fin de poder realizar el proceso de certificados de ingresos y retenciones sin afectar los archivos actuales, ya que el año anterior se generó un daño en la información, se solicita una base prueba para trabajar sobre esa.&lt;/p&gt;&lt;p class=\"MsoNormal\"&gt;Muchas gracias quedamos atentas&lt;/p&gt;&lt;p class=\"MsoNormal\"&gt; &lt;/p&gt;&lt;p class=\"MsoNormal\"&gt;&lt;span style=\"mso-fareast-language: ES-CO;\"&gt;&lt;a href=\"http://192.168.11.15/glpi/front/document.send.php?docid=3944&amp;tickets_id=5657\" target=\"_blank\" rel=\"noopener\"&gt;&lt;img src=\"http://192.168.11.15/glpi/front/document.send.php?docid=3944&amp;tickets_id=5657\" alt=\"3e2289dc-d9d62df8-63641c9a08c4c6.91256681\" width=\"1334\" /&gt;&lt;/a&gt;&lt;/span&gt;&lt;/p&gt;&lt;p class=\"MsoNormal\"&gt; &lt;/p&gt;&lt;/div&gt;',3,3,3,149,2,1,23,24,0,'2023-05-12 22:30:00','2023-05-01 13:40:00',NULL,509565,0,0,0,0,NULL,NULL,NULL,127965,46843,46843,1,0,0,37,0,'2023-04-29 16:42:01',NULL),(5659,1,'Error documentos soporte compras del exterior','2023-05-02 01:39:01','2023-05-05 19:55:30','2023-05-05 19:55:30',NULL,'2023-05-05 19:55:30',353,6,456,2,'&lt;div class=\"WordSection1\"&gt;&lt;p class=\"MsoNormal\"&gt;Buen día Equipo TI&lt;br /&gt;&lt;br /&gt;Solicitamos su colaboración haciendo una validación con los documentos soportes, ya que para las compras del exterior debemos generar un documento soporte como respaldo del mismo, pero no permite trasmitir genera el siguiente error, quedo atento y agradezco una pronta gestión&lt;/p&gt;&lt;p class=\"MsoNormal\"&gt; &lt;/p&gt;&lt;p class=\"MsoNormal\"&gt; &lt;/p&gt;&lt;p&gt;&lt;a href=\"http://192.168.11.15/glpi/front/document.send.php?docid=4893&amp;tickets_id=5659\" target=\"_blank\" rel=\"noopener\"&gt;&lt;img src=\"http://192.168.11.15/glpi/front/document.send.php?docid=4893&amp;tickets_id=5659\" alt=\"3d1b5dab-d9d62df8-645069bb12c653.51999817\" width=\"1346\" /&gt;&lt;/a&gt;&lt;/p&gt;&lt;p class=\"MsoNormal\"&gt; &lt;/p&gt;&lt;p class=\"MsoNormal\"&gt;&lt;span style=\"mso-fareast-language: ES-MX;\"&gt;&lt;a href=\"http://192.168.11.15/glpi/front/document.send.php?docid=3577&amp;tickets_id=5659\" target=\"_blank\" rel=\"noopener\"&gt;&lt;img src=\"http://192.168.11.15/glpi/front/document.send.php?docid=3577&amp;tickets_id=5659\" alt=\"3e2289dc-d9d62df8-6310af2de0ce94.38886037\" width=\"1334\" /&gt;&lt;/a&gt;&lt;/span&gt;&lt;/p&gt;&lt;p class=\"MsoNormal\"&gt; &lt;/p&gt;&lt;/div&gt;',3,3,4,167,1,1,29,24,0,'2023-05-02 16:00:00','2023-05-02 13:40:00',NULL,0,0,0,0,0,NULL,NULL,NULL,0,127530,127530,1,0,0,47,0,'2023-05-02 01:39:01',NULL),(5663,15,'Página Web techos','2023-05-02 14:18:01','2023-05-15 16:51:39','2023-05-05 19:40:28',NULL,'2023-05-15 16:51:39',692,6,713,2,'&lt;div class=\"WordSection1\"&gt;&lt;p class=\"MsoNormal\"&gt;Hola Edgar buen día,&lt;/p&gt;&lt;p class=\"MsoNormal\"&gt; &lt;/p&gt;&lt;p class=\"MsoNormal\"&gt;El código de barras de las tarjetas de presentación ya está direccionado a la pagina de Distrivalles que ya fue acondicionada con los logos de Techos, mientras se ajusta la de Techos. Pero nuestra firma de correo tiene la dirección de la página de Techos y no está direccionando a la de Distrivalles, me ayudas por favor?&lt;/p&gt;&lt;p class=\"MsoNormal\"&gt; &lt;/p&gt;&lt;p class=\"MsoNormal\"&gt;&lt;span style=\"mso-ligatures: none;\"&gt;&lt;a href=\"http://192.168.11.15/glpi/front/document.send.php?docid=4898&amp;tickets_id=5663\" target=\"_blank\" rel=\"noopener\"&gt;&lt;img src=\"http://192.168.11.15/glpi/front/document.send.php?docid=4898&amp;tickets_id=5663\" alt=\"3d1b5dab-d9d62df8-64511ba0394196.39841315\" width=\"1237\" /&gt;&lt;/a&gt;&lt;/span&gt;&lt;/p&gt;&lt;p class=\"MsoNormal\"&gt; &lt;/p&gt;&lt;p class=\"MsoNormal\"&gt;Gracias,&lt;/p&gt;&lt;p class=\"MsoNormal\"&gt; &lt;/p&gt;&lt;p class=\"MsoNormal\"&gt;&lt;span style=\"mso-ligatures: none; mso-fareast-language: ES-CO;\"&gt;&lt;a href=\"http://192.168.11.15/glpi/front/document.send.php?docid=4899&amp;tickets_id=5663\" target=\"_blank\" rel=\"noopener\"&gt;&lt;img src=\"http://192.168.11.15/glpi/front/document.send.php?docid=4899&amp;tickets_id=5663\" alt=\"3d1b5dab-d9d62df8-64511ba03de686.83569862\" width=\"7255\" /&gt;&lt;/a&gt;&lt;/span&gt;&lt;/p&gt;&lt;p class=\"MsoNormal\"&gt; &lt;/p&gt;&lt;/div&gt;',3,3,4,18,1,1,29,24,0,'2023-05-02 17:18:01','2023-05-02 14:58:01','2023-05-05 19:40:28',0,0,0,0,0,NULL,NULL,NULL,0,317018,121947,1,0,0,38,0,'2023-05-02 14:18:01',NULL),(5665,15,'SOPORTE NOTA CREDITO','2023-05-02 14:27:01','2023-05-15 16:51:39','2023-05-05 17:06:53',NULL,'2023-05-15 16:51:39',692,6,847,2,'&lt;div class=\"WordSection1\"&gt;&lt;p class=\"MsoNormal\"&gt;Buen día&lt;/p&gt;&lt;p class=\"MsoNormal\"&gt; &lt;/p&gt;&lt;p class=\"MsoNormal\"&gt;Por favor su ayuda para montar NC ya que no me deja y me esta generando el siguiente error cuando le doy agregar y nuevo para cerrar el borrador&lt;/p&gt;&lt;p class=\"MsoNormal\"&gt; &lt;/p&gt;&lt;p class=\"MsoNormal\"&gt; &lt;/p&gt;&lt;p&gt;&lt;a href=\"http://192.168.11.15/glpi/front/document.send.php?docid=4903&amp;tickets_id=5665\" target=\"_blank\" rel=\"noopener\"&gt;&lt;img src=\"http://192.168.11.15/glpi/front/document.send.php?docid=4903&amp;tickets_id=5665\" alt=\"3d1b5dab-d9d62df8-64511dba02d654.12951275\" width=\"1366\" /&gt;&lt;/a&gt;&lt;/p&gt;&lt;p class=\"MsoNormal\"&gt; &lt;/p&gt;&lt;p class=\"MsoNormal\"&gt;Hace una semana estoy intentado montarla y no me a permitido, pensé que era error del momento pero he intentado ya varias veces y no me deja realizar el borrador.&lt;/p&gt;&lt;p class=\"MsoNormal\"&gt; &lt;/p&gt;&lt;p class=\"MsoNormal\"&gt;Quedo atenta de sus comentarios,&lt;/p&gt;&lt;p class=\"MsoNormal\"&gt; &lt;/p&gt;&lt;p class=\"MsoNormal\"&gt;Gracias,&lt;/p&gt;&lt;p class=\"MsoNormal\"&gt;&lt;span style=\"mso-ligatures: none; mso-fareast-language: ES-CO;\"&gt; &lt;/span&gt;&lt;/p&gt;&lt;p class=\"MsoNormal\"&gt;&lt;span style=\"mso-fareast-language: ES-CO;\"&gt;&lt;a href=\"http://192.168.11.15/glpi/front/document.send.php?docid=4902&amp;tickets_id=5665\" target=\"_blank\" rel=\"noopener\"&gt;&lt;img src=\"http://192.168.11.15/glpi/front/document.send.php?docid=4902&amp;tickets_id=5665\" alt=\"3d1b5dab-d9d62df8-64511dba021425.17257928\" width=\"591\" /&gt;&lt;/a&gt;&lt;/span&gt;&lt;/p&gt;&lt;p class=\"MsoNormal\"&gt; &lt;/p&gt;&lt;/div&gt;',3,3,4,167,1,1,29,24,0,'2023-05-02 17:27:01','2023-05-02 15:07:01','2023-05-05 17:06:53',0,0,0,0,0,NULL,NULL,NULL,0,316478,112192,1,0,0,46,0,'2023-05-02 14:27:01',NULL),(5667,1,'RE: Ayuda urgente con desbloqueo de pagina licitación','2023-05-02 15:09:01',NULL,NULL,NULL,'2023-05-02 15:38:22',752,2,856,2,'&lt;div class=\"WordSection1\"&gt;&lt;p class=\"MsoNormal\"&gt;Edgar, buen día&lt;/p&gt;&lt;p class=\"MsoNormal\"&gt; &lt;/p&gt;&lt;p class=\"MsoNormal\"&gt;Por favor su ayuda , necesitamos gestionar dicha licitación de manera rápida&lt;/p&gt;&lt;p class=\"MsoNormal\"&gt; &lt;/p&gt;&lt;p class=\"MsoNormal\"&gt;Saludos.&lt;/p&gt;&lt;p class=\"MsoNormal\"&gt; &lt;/p&gt;&lt;div&gt;&lt;p class=\"MsoNormal\"&gt;&lt;span style=\"mso-fareast-language: ES-MX;\"&gt; &lt;/span&gt;&lt;/p&gt;&lt;p class=\"MsoNormal\"&gt;&lt;span style=\"mso-ligatures: none; mso-fareast-language: ES-MX;\"&gt;&lt;a href=\"http://192.168.11.15/glpi/front/document.send.php?docid=4904&amp;tickets_id=5667\" target=\"_blank\" rel=\"noopener\"&gt;&lt;img src=\"http://192.168.11.15/glpi/front/document.send.php?docid=4904&amp;tickets_id=5667\" alt=\"3d1b5dab-d9d62df8-645127940ed167.41956596\" width=\"7255\" /&gt;&lt;/a&gt;&lt;/span&gt;&lt;/p&gt;&lt;/div&gt;&lt;p class=\"MsoNormal\"&gt; &lt;/p&gt;&lt;div&gt;&lt;div style=\"border: none; border-top: solid #E1E1E1 1.0pt; padding: 3.0pt 0cm 0cm 0cm;\"&gt;&lt;p class=\"MsoNormal\"&gt;&lt;strong&gt;&lt;span lang=\"ES\" style=\"mso-ligatures: none; mso-fareast-language: ES-MX;\"&gt;De:&lt;/span&gt;&lt;/strong&gt;&lt;span lang=\"ES\" style=\"mso-ligatures: none; mso-fareast-language: ES-MX;\"&gt; Juan Enrique Martín Torres &lt;juan.martin@techossas.com&gt; &lt;br /&gt;&lt;strong&gt;Enviado el:&lt;/strong&gt; lunes, 1 de mayo de 2023 02:39 p. m.&lt;br /&gt;&lt;strong&gt;Para:&lt;/strong&gt; Gestión de las TICS &lt;gestion.ti@arintia.com&gt;&lt;br /&gt;&lt;strong&gt;CC:&lt;/strong&gt; Gustavo Adolfo Escobar Betancourt &lt;gustavo.escobar@techossas.com&gt;&lt;br /&gt;&lt;strong&gt;Asunto:&lt;/strong&gt; Ayuda urgente con desbloqueo de pagina licitación&lt;/span&gt;&lt;/p&gt;&lt;/div&gt;&lt;/div&gt;&lt;p class=\"MsoNormal\"&gt; &lt;/p&gt;&lt;p class=\"MsoNormal\"&gt;&lt;span lang=\"ES-CO\"&gt;Buena tarde. Lla universidad católica a través del constructor Prabyc nos invita a participar en un proceso de proveeduría de materiales, pero el link correspondiente esta bloqueado por Arintia. Agradezco su pronta ayuda pues los tiempos de entrega de la oferta ya están corriendo. Copio y pego el párrafo correspondiente del correo, donde está el link en referencia. . &lt;/span&gt;&lt;/p&gt;&lt;p class=\"MsoNormal\"&gt;&lt;span lang=\"ES-CO\"&gt; &lt;/span&gt;&lt;/p&gt;&lt;p class=\"MsoNormal\"&gt;&lt;span lang=\"ES-CO\" style=\"mso-ligatures: none;\"&gt;Prabyc Ingenieros S.A.S., como Administrador Delegado del Proyecto Edificio Multipropósito Sede 1 Universidad Católica de Colombia invita a proponer el SUMINISTRO DE APARATOS SANITARIOS Y GRIFERIAS PARA EL  EDIFICIO MULTIPROPÓSITO SEDE 1 UNIVERSIDAD CATÓLICA DE COLOMBIA, los términos y condiciones de la invitación se encuentran en el siguiente link: &lt;a href=\"https://www.dropbox.com/sh/xpvf4w0u0rhx9p2/AAC0eS7LmWLAbr-VqY24m7Vqa?dl=0\"&gt; https://www.dropbox.com/sh/xpvf4w0u0rhx9p2/AAC0eS7LmWLAbr-VqY24m7Vqa?dl=0&lt;/a&gt; &lt;/span&gt;&lt;/p&gt;&lt;p class=\"MsoNormal\"&gt;&lt;span lang=\"ES-CO\"&gt; &lt;/span&gt;&lt;/p&gt;&lt;p class=\"MsoNormal\"&gt;&lt;span lang=\"ES-CO\"&gt; &lt;/span&gt;&lt;/p&gt;&lt;p class=\"MsoNormal\"&gt;&lt;span lang=\"ES-CO\"&gt; &lt;/span&gt;&lt;/p&gt;&lt;p class=\"MsoNormal\"&gt;&lt;span lang=\"ES-CO\" style=\"mso-ligatures: none; mso-fareast-language: ES-CO;\"&gt; &lt;/span&gt;&lt;/p&gt;&lt;p class=\"MsoNormal\"&gt;&lt;span lang=\"ES-CO\" style=\"mso-ligatures: none; mso-fareast-language: ES-CO;\"&gt;&lt;a href=\"http://192.168.11.15/glpi/front/document.send.php?docid=4186&amp;tickets_id=5667\" target=\"_blank\" rel=\"noopener\"&gt;&lt;img src=\"http://192.168.11.15/glpi/front/document.send.php?docid=4186&amp;tickets_id=5667\" alt=\"3e2289dc-d9d62df8-63bdde43bce2f7.27366721\" width=\"4151\" /&gt;&lt;/a&gt;&lt;/span&gt;&lt;/p&gt;&lt;p class=\"MsoNormal\"&gt;&lt;span lang=\"ES-CO\"&gt; &lt;/span&gt;&lt;/p&gt;&lt;/div&gt;',3,3,4,87,1,1,29,24,0,'2023-05-02 18:09:01','2023-05-02 15:49:01',NULL,0,0,0,0,0,NULL,NULL,NULL,0,0,0,1,0,1,38,0,'2023-05-02 15:09:01',NULL),(5669,1,'SOLICITUD EXTRENCION TELEFONICA SEDE ITAGUI','2023-05-02 15:33:01','2023-05-05 16:46:16','2023-05-05 16:46:16',NULL,'2023-05-05 16:46:16',295,6,862,2,'&lt;div class=\"WordSection1\"&gt;&lt;p class=\"MsoNormal\"&gt;Buen día&lt;/p&gt;&lt;p class=\"MsoNormal\"&gt; &lt;/p&gt;&lt;p class=\"MsoNormal\"&gt;Solicito por favor realizar instalación de extensión telefónica en puesto de trabajo sede itagui.&lt;/p&gt;&lt;p class=\"MsoNormal\"&gt; &lt;/p&gt;&lt;p class=\"MsoNormal\"&gt; &lt;/p&gt;&lt;p class=\"MsoNormal\"&gt;Cordialmente&lt;span style=\"mso-ligatures: none; mso-fareast-language: ES-CO;\"&gt;, &lt;/span&gt;&lt;/p&gt;&lt;p class=\"MsoNormal\"&gt;&lt;span style=\"mso-ligatures: none; mso-fareast-language: ES-CO;\"&gt; &lt;/span&gt;&lt;/p&gt;&lt;p class=\"MsoNormal\"&gt;&lt;span style=\"mso-fareast-language: ES-CO;\"&gt;&lt;a href=\"http://192.168.11.15/glpi/front/document.send.php?docid=2377&amp;tickets_id=5669\" target=\"_blank\" rel=\"noopener\"&gt;&lt;img src=\"http://192.168.11.15/glpi/front/document.send.php?docid=2377&amp;tickets_id=5669\" alt=\"5b56d996-d9d62df8-61bcbd471fd7a6.84877556\" width=\"1072\" /&gt;&lt;/a&gt;&lt;/span&gt;&lt;/p&gt;&lt;p class=\"MsoNormal\"&gt; &lt;/p&gt;&lt;/div&gt;',3,3,3,25,2,1,23,24,0,'2023-05-12 22:30:00','2023-05-02 16:13:01',NULL,241991,0,0,0,0,NULL,NULL,NULL,85391,21604,21604,1,0,0,78,0,'2023-05-02 15:33:01',NULL),(5672,1,'Creación usuario invitado carpeta Lube Quality Test - Consorcio Express','2023-05-02 17:21:01','2023-05-15 16:51:39','2023-05-05 19:36:29',NULL,'2023-05-15 16:51:39',692,6,760,2,'&lt;div class=\"WordSection1\"&gt;&lt;p class=\"MsoNormal\"&gt;Buena tarde.&lt;/p&gt;&lt;p class=\"MsoNormal\"&gt; &lt;/p&gt;&lt;p class=\"MsoNormal\"&gt;Requiero de su amable gestión con lo descrito en el asunto.&lt;/p&gt;&lt;p class=\"MsoNormal\"&gt; &lt;/p&gt;&lt;p class=\"MsoNormal\"&gt;Datos:&lt;/p&gt;&lt;p class=\"MsoNormal\"&gt;Nombre: Willian Andres Quevedo&lt;/p&gt;&lt;p class=\"MsoNormal\"&gt;Cargo: Analista de Mantenimiento&lt;/p&gt;&lt;p class=\"MsoNormal\"&gt;Correo: &lt;a href=\"mailto:willian.quevedo@consorcioexpress.co\"&gt; willian.quevedo@consorcioexpress.co&lt;/a&gt;&lt;/p&gt;&lt;p class=\"MsoNormal\"&gt;Empresa: Consorcio Express&lt;/p&gt;&lt;p class=\"MsoNormal\"&gt; &lt;/p&gt;&lt;p class=\"MsoNormal\"&gt;Muchas gracias.&lt;/p&gt;&lt;p class=\"MsoNormal\"&gt;Quedo atento.&lt;/p&gt;&lt;p class=\"MsoNormal\"&gt; &lt;/p&gt;&lt;p class=\"MsoNormal\"&gt;Cordial saludo.&lt;/p&gt;&lt;p class=\"MsoNormal\"&gt; &lt;/p&gt;&lt;p class=\"MsoNormal\"&gt;&lt;span style=\"mso-fareast-language: ES-CO;\"&gt;&lt;a href=\"http://192.168.11.15/glpi/front/document.send.php?docid=4748&amp;tickets_id=5672\" target=\"_blank\" rel=\"noopener\"&gt;&lt;img src=\"http://192.168.11.15/glpi/front/document.send.php?docid=4748&amp;tickets_id=5672\" alt=\"3d1b5dab-d9d62df8-6439514d6b0b65.87362474\" width=\"3334\" /&gt;&lt;/a&gt;&lt;/span&gt;&lt;/p&gt;&lt;p class=\"MsoNormal\"&gt; &lt;/p&gt;&lt;/div&gt;',3,3,3,21,2,1,23,24,0,'2023-05-09 22:30:00','2023-05-02 18:01:01','2023-05-05 19:36:29',0,0,0,0,0,NULL,NULL,NULL,0,306038,110728,1,0,0,71,0,'2023-05-02 17:21:01',NULL),(5674,1,'Restablecimiento contraseña gestionambiental@ecologycolombia.com','2023-05-02 17:33:01','2023-05-15 16:51:39','2023-05-10 14:02:49',NULL,'2023-05-15 16:51:39',692,6,0,2,'&lt;div dir=\"ltr\"&gt;Buenas Tardes&lt;div&gt; &lt;/div&gt;&lt;div&gt;Por medio de la presente solicitamos el restablecimiento de la contraseña del correo &lt;a href=\"mailto:gestionabiental@ecologycolombia.com\"&gt;gestionabiental@ecologycolombia.com&lt;/a&gt;.&lt;/div&gt;&lt;div&gt; &lt;/div&gt;&lt;div&gt;Atentamente,  &lt;/div&gt;&lt;div&gt;&lt;div&gt; &lt;/div&gt;&lt;br /&gt;&lt;div class=\"gmail_signature\" dir=\"ltr\" data-smartmail=\"gmail_signature\"&gt;&lt;div dir=\"ltr\"&gt;&lt;div style=\"color: #222222;\"&gt;&lt;span style=\"color: #000000; font-family: arial, sans-serif;\"&gt;Harumi Matsuyama &lt;/span&gt;&lt;/div&gt;&lt;div style=\"color: #222222;\"&gt;&lt;span style=\"color: #000000; font-family: arial, sans-serif;\"&gt;Directora de proyectos &lt;/span&gt;&lt;/div&gt;&lt;span style=\"color: #888888;\"&gt;&lt;span style=\"color: #000000; font-family: arial,sans-serif;\"&gt;Uribe Torres Consultores SAS&lt;/span&gt; &lt;/span&gt;&lt;/div&gt;&lt;/div&gt;&lt;/div&gt;&lt;/div&gt;',3,3,3,1,2,1,0,24,0,NULL,'2023-05-02 18:13:01','2023-05-10 14:02:49',0,0,0,0,0,NULL,NULL,NULL,674515,446203,4073,1,0,0,0,0,'2023-05-02 17:33:01',NULL),(5675,15,'SOLICITUD DE HABILITAR USUARIO ESNEDER LESMES - TRASLADO DE DTV-4201 A VTD-4201','2023-05-02 17:36:01','2023-05-15 16:51:39','2023-05-05 15:59:38',NULL,'2023-05-15 16:51:39',692,6,933,2,'&lt;div class=\"WordSection1\"&gt;&lt;p class=\"MsoNormal\"&gt; &lt;/p&gt;&lt;p class=\"MsoNormal\"&gt; &lt;/p&gt;&lt;p class=\"MsoNormal\"&gt;&lt;span style=\"mso-fareast-language: ES-CO;\"&gt;Cordial Saludo&lt;/span&gt;&lt;/p&gt;&lt;p class=\"MsoNormal\"&gt;&lt;span style=\"mso-fareast-language: ES-CO;\"&gt; &lt;/span&gt;&lt;/p&gt;&lt;p class=\"MsoNormal\"&gt;&lt;span style=\"mso-fareast-language: ES-CO;\"&gt; &lt;/span&gt;&lt;/p&gt;&lt;p class=\"MsoNormal\"&gt;&lt;span style=\"mso-fareast-language: ES-CO;\"&gt;Se solicita que el usuario ESNEIDER LESMES le permitan realizar un traslado de la bodega DTV-4201 A VTD-4201 para hacer una entrega al cliente  CONSORCIO BACATA ya que el pedido de venta esta en venta directa y no es posible modicarse y la bodega cuenta con el material ya que lo recibieron por equivocacion.&lt;/span&gt;&lt;/p&gt;&lt;p class=\"MsoNormal\"&gt;&lt;span style=\"mso-fareast-language: ES-CO;\"&gt; &lt;/span&gt;&lt;/p&gt;&lt;p class=\"MsoNormal\"&gt;&lt;span style=\"mso-fareast-language: ES-CO;\"&gt; &lt;/span&gt;&lt;/p&gt;&lt;p class=\"MsoNormal\"&gt;&lt;span style=\"mso-fareast-language: ES-CO;\"&gt; &lt;/span&gt;&lt;/p&gt;&lt;p class=\"MsoNormal\"&gt;&lt;span style=\"mso-fareast-language: ES-CO;\"&gt;Cordialmente&lt;/span&gt;&lt;/p&gt;&lt;p class=\"MsoNormal\"&gt;&lt;span style=\"mso-fareast-language: ES-CO;\"&gt; &lt;/span&gt;&lt;/p&gt;&lt;p class=\"MsoNormal\"&gt;&lt;span style=\"mso-fareast-language: ES-CO;\"&gt; &lt;/span&gt;&lt;/p&gt;&lt;p class=\"MsoNormal\"&gt;&lt;span style=\"mso-fareast-language: ES-CO;\"&gt; &lt;/span&gt;&lt;/p&gt;&lt;p class=\"MsoNormal\"&gt;&lt;span style=\"mso-fareast-language: ES-CO;\"&gt; &lt;/span&gt;&lt;/p&gt;&lt;p class=\"MsoNormal\"&gt;&lt;span style=\"mso-fareast-language: ES-CO;\"&gt;&lt;a href=\"http://192.168.11.15/glpi/front/document.send.php?docid=4561&amp;tickets_id=5675\" target=\"_blank\" rel=\"noopener\"&gt;&lt;img src=\"http://192.168.11.15/glpi/front/document.send.php?docid=4561&amp;tickets_id=5675\" alt=\"3d1b5dab-d9d62df8-641233f29e9a11.19001741\" width=\"4151\" /&gt;&lt;/a&gt;&lt;/span&gt;&lt;/p&gt;&lt;p class=\"MsoNormal\"&gt; &lt;/p&gt;&lt;/div&gt;',3,3,3,167,2,1,23,24,0,'2023-05-09 22:30:00','2023-05-02 18:16:01','2023-05-05 15:59:38',0,0,0,0,0,NULL,NULL,NULL,0,305138,96817,1,0,0,38,0,'2023-05-02 17:36:01',NULL),(5677,1,'CONFIDENCIAL: PAZ Y SALVO EDGAR ZULUGA','2023-05-02 18:24:02','2023-05-30 13:32:48','2023-05-30 13:32:48',NULL,'2023-05-30 13:32:48',752,6,329,2,'&lt;div class=\"WordSection1\"&gt;&lt;p class=\"MsoNormal\"&gt;Hola buen día &lt;br /&gt;&lt;br /&gt;Me ayudan porfis con la confirmación del paz y salvo de EDGAR ZULUARGA, CC 71687724 ASESOR COMERCIAL MCP MEDELLIN. Por favor de manera CONFIDENCIAL!&lt;/p&gt;&lt;p class=\"MsoNormal\"&gt; &lt;/p&gt;&lt;p class=\"MsoNormal\"&gt;&lt;span style=\"mso-fareast-language: ES-CO;\"&gt; &lt;/span&gt;&lt;/p&gt;&lt;p class=\"MsoNormal\"&gt;&lt;span style=\"mso-fareast-language: ES-CO;\"&gt; &lt;/span&gt;&lt;/p&gt;&lt;p class=\"MsoNormal\"&gt;&lt;span style=\"mso-fareast-language: ES-CO;\"&gt; &lt;/span&gt;&lt;/p&gt;&lt;p class=\"MsoNormal\"&gt;&lt;span style=\"mso-fareast-language: ES-CO;\"&gt; &lt;/span&gt;&lt;/p&gt;&lt;p class=\"MsoNormal\"&gt;&lt;span style=\"mso-fareast-language: ES-CO;\"&gt;Quedo atenta,&lt;/span&gt;&lt;/p&gt;&lt;p class=\"MsoNormal\"&gt;&lt;span style=\"mso-fareast-language: ES-CO;\"&gt; &lt;/span&gt;&lt;/p&gt;&lt;p class=\"MsoNormal\"&gt;&lt;span style=\"mso-fareast-language: ES-CO;\"&gt; &lt;/span&gt;&lt;/p&gt;&lt;p class=\"MsoNormal\"&gt;&lt;span style=\"mso-fareast-language: ES-CO;\"&gt; &lt;/span&gt;&lt;/p&gt;&lt;p class=\"MsoNormal\"&gt;&lt;span style=\"mso-fareast-language: ES-CO;\"&gt;&lt;a href=\"http://192.168.11.15/glpi/front/document.send.php?docid=3998&amp;tickets_id=5677\" target=\"_blank\" rel=\"noopener\"&gt;&lt;img src=\"http://192.168.11.15/glpi/front/document.send.php?docid=3998&amp;tickets_id=5677\" alt=\"3e2289dc-d9d62df8-637bacf1bc8fd7.87587337\" width=\"589\" /&gt;&lt;/a&gt;&lt;/span&gt;&lt;/p&gt;&lt;p class=\"MsoNormal\"&gt; &lt;/p&gt;&lt;/div&gt;',3,3,3,128,2,1,23,24,0,'2023-05-31 22:30:00','2023-05-02 19:04:02',NULL,1899595,0,0,0,0,NULL,NULL,NULL,545995,120531,120531,1,0,0,5,0,'2023-05-02 18:24:02',NULL),(5678,15,'Ayuda con CRM cambio de precios','2023-05-02 18:48:02','2023-05-15 16:51:39','2023-05-05 20:01:31',NULL,'2023-05-15 16:51:39',692,6,941,2,'&lt;div class=\"WordSection1\"&gt;&lt;p class=\"MsoNormal\"&gt;Buena tarde. Por favor su apoyo para cambiar el valor de los pedido 6455 de Tenco y 5715  de actual constructora pues lo he intentado varias veces pero no ha sido posible. Lo anterior por cambio de precios. Quedo atento.&lt;/p&gt;&lt;p class=\"MsoNormal\"&gt; &lt;/p&gt;&lt;p class=\"MsoNormal\"&gt;&lt;span style=\"mso-ligatures: none; mso-fareast-language: ES-CO;\"&gt; &lt;/span&gt;&lt;/p&gt;&lt;p class=\"MsoNormal\"&gt;&lt;span style=\"mso-fareast-language: ES-CO;\"&gt;&lt;a href=\"http://192.168.11.15/glpi/front/document.send.php?docid=4186&amp;tickets_id=5678\" target=\"_blank\" rel=\"noopener\"&gt;&lt;img src=\"http://192.168.11.15/glpi/front/document.send.php?docid=4186&amp;tickets_id=5678\" alt=\"3e2289dc-d9d62df8-63bdde43bce2f7.27366721\" width=\"4151\" /&gt;&lt;/a&gt;&lt;/span&gt;&lt;/p&gt;&lt;p class=\"MsoNormal\"&gt; &lt;/p&gt;&lt;/div&gt;',3,3,4,163,1,1,29,24,20,'2023-05-02 21:48:02','2023-05-02 19:28:02','2023-05-05 20:01:31',0,0,0,0,0,NULL,NULL,NULL,0,300817,107009,1,0,0,38,0,'2023-05-02 18:48:02',NULL),(5682,1,'PAZ Y SALVO DE LUIS GERARDO JIMENEZ','2023-05-02 22:25:34',NULL,NULL,NULL,'2023-05-02 23:19:14',752,2,329,2,'&lt;div class=\"WordSection1\"&gt;&lt;p class=\"MsoNormal\"&gt;Buen día&lt;/p&gt;&lt;p class=\"MsoNormal\"&gt; &lt;/p&gt;&lt;p class=\"MsoNormal\"&gt;Solicito de su colaboración en la confirmación del paz y salvo de LUIS GERARDO JIMENEZ cc 79802647, Director de Logistica.&lt;/p&gt;&lt;p class=\"MsoNormal\"&gt; &lt;/p&gt;&lt;p class=\"MsoNormal\"&gt;&lt;span style=\"mso-fareast-language: ES-CO;\"&gt; &lt;/span&gt;&lt;/p&gt;&lt;p class=\"MsoNormal\"&gt;&lt;span style=\"mso-fareast-language: ES-CO;\"&gt; &lt;/span&gt;&lt;/p&gt;&lt;p class=\"MsoNormal\"&gt;&lt;span style=\"mso-fareast-language: ES-CO;\"&gt; &lt;/span&gt;&lt;/p&gt;&lt;p class=\"MsoNormal\"&gt;&lt;span style=\"mso-fareast-language: ES-CO;\"&gt; &lt;/span&gt;&lt;/p&gt;&lt;p class=\"MsoNormal\"&gt;&lt;span style=\"mso-fareast-language: ES-CO;\"&gt;Quedo atenta,&lt;/span&gt;&lt;/p&gt;&lt;p class=\"MsoNormal\"&gt;&lt;span style=\"mso-fareast-language: ES-CO;\"&gt; &lt;/span&gt;&lt;/p&gt;&lt;p class=\"MsoNormal\"&gt;&lt;span style=\"mso-fareast-language: ES-CO;\"&gt; &lt;/span&gt;&lt;/p&gt;&lt;p class=\"MsoNormal\"&gt;&lt;span style=\"mso-fareast-language: ES-CO;\"&gt; &lt;/span&gt;&lt;/p&gt;&lt;p class=\"MsoNormal\"&gt;&lt;span style=\"mso-fareast-language: ES-CO;\"&gt;&lt;img id=\"Imagen_x0020_1\" style=\"width: 6.1354in; height: 2.4375in;\" src=\"denied:cid:image001.png@01D97D1A.E52FD840\" alt=\"image\" width=\"589\" height=\"234\" /&gt;&lt;/span&gt;&lt;/p&gt;&lt;p class=\"MsoNormal\"&gt; &lt;/p&gt;&lt;/div&gt;',3,3,3,128,2,1,23,24,0,'2023-05-09 22:30:00','2023-05-03 13:35:34',NULL,0,0,0,0,0,NULL,NULL,NULL,0,0,0,1,0,1,5,0,'2023-05-02 22:25:34',NULL),(5683,1,'Pruebas','2023-05-02 22:25:34',NULL,NULL,NULL,'2023-05-02 22:26:56',860,2,991,2,'&lt;meta content=\"text/html; charset=iso-8859-1\" /&gt;  &lt;div style=\"font-family: Calibri, Arial, Helvetica, sans-serif; font-size: 12pt; color: rgb(0, 0, 0);\" class=\"elementToProof\"&gt; &lt;br /&gt; &lt;/div&gt;',3,3,3,0,1,1,0,24,0,NULL,'2023-05-03 13:35:34',NULL,0,0,0,0,0,NULL,NULL,NULL,0,0,0,1,0,1,0,0,'2023-05-02 22:25:34',NULL),(5684,1,'PAZ Y SALVOS DE MARGARITA UMAÑA','2023-05-02 22:25:34',NULL,NULL,NULL,'2023-05-02 22:29:46',752,2,329,2,'&lt;meta content=\"text/html; charset=iso-8859-1\" /&gt; &lt;meta content=\"Microsoft Word 15 (filtered medium)\" /&gt;  &lt;div class=\"WordSection1\"&gt; &lt;p class=\"MsoNormal\"&gt;Buen día &lt;/p&gt; &lt;p class=\"MsoNormal\"&gt;&nbsp;&lt;/p&gt; &lt;p class=\"MsoNormal\"&gt;Solicito de su colaboración en la confirmación del paz y salvo de MARGARITA UMAÑA cc &lt;span style=\"font-size:9.0pt;font-family:Montserrat;color:black;background:#F1F1F1\"&gt; 51827805&lt;/span&gt;, Asesora comercial Bogota.&lt;span style=\"font-size:7.5pt;font-family:\"Arial\",sans-serif;color:black;mso-fareast-language:ES-CO\"&gt;&lt;/span&gt;&lt;/p&gt; &lt;p class=\"MsoNormal\"&gt;&lt;span style=\"mso-fareast-language:ES-CO\"&gt;&nbsp;&lt;/span&gt;&lt;/p&gt; &lt;p class=\"MsoNormal\"&gt;&lt;span style=\"mso-fareast-language:ES-CO\"&gt;&nbsp;&lt;/span&gt;&lt;/p&gt; &lt;p class=\"MsoNormal\"&gt;&lt;span style=\"mso-fareast-language:ES-CO\"&gt;&nbsp;&lt;/span&gt;&lt;/p&gt; &lt;p class=\"MsoNormal\"&gt;&lt;span style=\"mso-fareast-language:ES-CO\"&gt;&nbsp;&lt;/span&gt;&lt;/p&gt; &lt;p class=\"MsoNormal\"&gt;&lt;span style=\"mso-fareast-language:ES-CO\"&gt;Quedo atenta,&lt;/span&gt;&lt;/p&gt; &lt;p class=\"MsoNormal\"&gt;&lt;span style=\"mso-fareast-language:ES-CO\"&gt;&nbsp;&lt;/span&gt;&lt;/p&gt; &lt;p class=\"MsoNormal\"&gt;&lt;span style=\"mso-fareast-language:ES-CO\"&gt;&nbsp;&lt;/span&gt;&lt;/p&gt; &lt;p class=\"MsoNormal\"&gt;&lt;span style=\"mso-fareast-language:ES-CO\"&gt;&nbsp;&lt;/span&gt;&lt;/p&gt; &lt;p class=\"MsoNormal\"&gt;&lt;span style=\"mso-fareast-language:ES-CO\"&gt;&lt;img width=\"589\" height=\"234\" style=\"width:6.1354in;height:2.4375in\" src=\"denied:cid:image001.png@01D97D1B.1BEE95B0\" alt=\"image\" /&gt;&lt;/span&gt;&lt;/p&gt; &lt;p class=\"MsoNormal\"&gt;&nbsp;&lt;/p&gt; &lt;/div&gt;',3,3,3,0,1,1,0,24,0,NULL,'2023-05-03 13:35:34',NULL,0,0,0,0,0,NULL,NULL,NULL,0,0,0,1,0,1,5,0,'2023-05-02 22:25:34',NULL),(5685,1,'PAZ Y SALVO DE VICTOR CAMACHO','2023-05-02 22:27:01',NULL,NULL,NULL,'2023-05-02 22:29:31',752,2,329,2,'&lt;meta content=&quot;text/html; charset=iso-8859-1&quot; /&gt; &lt;meta content=&quot;Microsoft Word 15 (filtered medium)&quot; /&gt;  &lt;div class=&quot;WordSection1&quot;&gt; &lt;p class=&quot;MsoNormal&quot;&gt;Buen d&iacute;a &lt;/p&gt; &lt;p class=&quot;MsoNormal&quot;&gt;&nbsp;&lt;/p&gt; &lt;p class=&quot;MsoNormal&quot;&gt;Solicito de su colaboraci&oacute;n en la confirmaci&oacute;n del paz y salvo de VICTOR CAMACHO cc &lt;span style=&quot;font-size:9.0pt;font-family:Montserrat;color:black;background:white&quot;&gt; 79321795&lt;/span&gt;, Asesora comercial Bogota.&lt;span style=&quot;font-size:7.5pt;font-family:&quot;Arial&quot;,sans-serif;color:black;mso-fareast-language:ES-CO&quot;&gt;&lt;/span&gt;&lt;/p&gt; &lt;p class=&quot;MsoNormal&quot;&gt;&nbsp;&lt;/p&gt; &lt;p class=&quot;MsoNormal&quot;&gt;&nbsp;&lt;/p&gt; &lt;p class=&quot;MsoNormal&quot;&gt;&lt;span style=&quot;mso-fareast-language:ES-CO&quot;&gt;&nbsp;&lt;/span&gt;&lt;/p&gt; &lt;p class=&quot;MsoNormal&quot;&gt;&lt;span style=&quot;mso-fareast-language:ES-CO&quot;&gt;&nbsp;&lt;/span&gt;&lt;/p&gt; &lt;p class=&quot;MsoNormal&quot;&gt;&lt;span style=&quot;mso-fareast-language:ES-CO&quot;&gt;&nbsp;&lt;/span&gt;&lt;/p&gt; &lt;p class=&quot;MsoNormal&quot;&gt;&lt;span style=&quot;mso-fareast-language:ES-CO&quot;&gt;&nbsp;&lt;/span&gt;&lt;/p&gt; &lt;p class=&quot;MsoNormal&quot;&gt;&lt;span style=&quot;mso-fareast-language:ES-CO&quot;&gt;Quedo atenta,&lt;/span&gt;&lt;/p&gt; &lt;p class=&quot;MsoNormal&quot;&gt;&lt;span style=&quot;mso-fareast-language:ES-CO&quot;&gt;&nbsp;&lt;/span&gt;&lt;/p&gt; &lt;p class=&quot;MsoNormal&quot;&gt;&lt;span style=&quot;mso-fareast-language:ES-CO&quot;&gt;&nbsp;&lt;/span&gt;&lt;/p&gt; &lt;p class=&quot;MsoNormal&quot;&gt;&lt;span style=&quot;mso-fareast-language:ES-CO&quot;&gt;&nbsp;&lt;/span&gt;&lt;/p&gt; &lt;p class=&quot;MsoNormal&quot;&gt;&lt;span style=&quot;mso-fareast-language:ES-CO&quot;&gt;&lt;a href=&quot;/glpi/front/document.send.php?docid=3998&amp;tickets_id=5685&quot; target=&quot;_blank&quot; &gt;&lt;img alt=&quot;3e2289dc-d9d62df8-637bacf1bc8fd7.87587337&quot; width=&quot;589&quot; src=&quot;/glpi/front/document.send.php?docid=3998&amp;tickets_id=5685&quot; /&gt;&lt;/a&gt;&lt;/span&gt;&lt;/p&gt; &lt;p class=&quot;MsoNormal&quot;&gt;&nbsp;&lt;/p&gt; &lt;/div&gt;',3,3,3,0,1,1,0,24,0,NULL,'2023-05-03 13:37:01',NULL,0,0,0,0,0,NULL,NULL,NULL,0,0,0,1,0,1,5,0,'2023-05-02 22:27:01',NULL),(5686,20,'Prueba 2','2023-05-02 22:28:00',NULL,NULL,NULL,'2023-05-02 22:31:20',860,2,991,2,'&lt;meta content=\"text/html; charset=iso-8859-1\" /&gt;  &lt;div style=\"font-family: Calibri, Arial, Helvetica, sans-serif; font-size: 12pt; color: rgb(0, 0, 0);\" class=\"elementToProof\"&gt; &lt;br /&gt; &lt;/div&gt;',3,3,3,0,1,1,0,24,0,NULL,'2023-05-03 13:38:00',NULL,0,0,0,0,0,NULL,NULL,NULL,0,0,0,1,0,1,0,0,'2023-05-02 22:28:00',NULL),(5687,1,'PAZ Y SALVO DE ANGELA GOMEZ','2023-05-02 22:33:01',NULL,NULL,NULL,'2023-05-02 23:17:15',752,2,329,2,'&lt;meta content=&quot;text/html; charset=iso-8859-1&quot; /&gt; &lt;meta content=&quot;Microsoft Word 15 (filtered medium)&quot; /&gt;  &lt;div class=&quot;WordSection1&quot;&gt; &lt;p class=&quot;MsoNormal&quot;&gt;Buen d&iacute;a a todos&lt;/p&gt; &lt;p class=&quot;MsoNormal&quot;&gt;&nbsp;&lt;/p&gt; &lt;p class=&quot;MsoNormal&quot;&gt;Solicito de su colaboraci&oacute;n en el envio y confirmaci&oacute;n de paz y salvo de ANGELA BEATRIZ GOMEZ SOTO cc 63320864, GERENTE GENERAL TECHOS. &lt;/p&gt; &lt;p class=&quot;MsoNormal&quot;&gt;&nbsp;&lt;/p&gt; &lt;p class=&quot;MsoNormal&quot;&gt;&lt;span style=&quot;mso-fareast-language:ES-CO&quot;&gt;&nbsp;&lt;/span&gt;&lt;/p&gt; &lt;p class=&quot;MsoNormal&quot;&gt;&lt;span style=&quot;mso-fareast-language:ES-CO&quot;&gt;&nbsp;&lt;/span&gt;&lt;/p&gt; &lt;p class=&quot;MsoNormal&quot;&gt;&lt;span style=&quot;mso-fareast-language:ES-CO&quot;&gt;&nbsp;&lt;/span&gt;&lt;/p&gt; &lt;p class=&quot;MsoNormal&quot;&gt;&lt;span style=&quot;mso-fareast-language:ES-CO&quot;&gt;&nbsp;&lt;/span&gt;&lt;/p&gt; &lt;p class=&quot;MsoNormal&quot;&gt;&lt;span style=&quot;mso-fareast-language:ES-CO&quot;&gt;Quedo atenta,&lt;/span&gt;&lt;/p&gt; &lt;p class=&quot;MsoNormal&quot;&gt;&lt;span style=&quot;mso-fareast-language:ES-CO&quot;&gt;&nbsp;&lt;/span&gt;&lt;/p&gt; &lt;p class=&quot;MsoNormal&quot;&gt;&lt;span style=&quot;mso-fareast-language:ES-CO&quot;&gt;&nbsp;&lt;/span&gt;&lt;/p&gt; &lt;p class=&quot;MsoNormal&quot;&gt;&lt;span style=&quot;mso-fareast-language:ES-CO&quot;&gt;&nbsp;&lt;/span&gt;&lt;/p&gt; &lt;p class=&quot;MsoNormal&quot;&gt;&lt;span style=&quot;mso-fareast-language:ES-CO&quot;&gt;&lt;a href=&quot;/glpi/front/document.send.php?docid=3998&amp;tickets_id=5687&quot; target=&quot;_blank&quot; &gt;&lt;img alt=&quot;3e2289dc-d9d62df8-637bacf1bc8fd7.87587337&quot; width=&quot;589&quot; src=&quot;/glpi/front/document.send.php?docid=3998&amp;tickets_id=5687&quot; /&gt;&lt;/a&gt;&lt;/span&gt;&lt;/p&gt; &lt;p class=&quot;MsoNormal&quot;&gt;&nbsp;&lt;/p&gt; &lt;/div&gt;',3,3,3,0,1,1,0,24,0,NULL,'2023-05-03 13:40:00',NULL,0,0,0,0,0,NULL,NULL,NULL,0,0,0,1,0,1,5,0,'2023-05-02 22:33:01',NULL),(5688,1,'PAZ Y SALVO NORELY SALGUERO','2023-05-02 22:33:01',NULL,NULL,NULL,'2023-05-02 23:16:53',752,2,329,2,'&lt;meta content=&quot;text/html; charset=iso-8859-1&quot; /&gt; &lt;meta content=&quot;Microsoft Word 15 (filtered medium)&quot; /&gt;  &lt;div class=&quot;WordSection1&quot;&gt; &lt;p class=&quot;MsoNormal&quot;&gt;Buen d&iacute;a a todos&lt;/p&gt; &lt;p class=&quot;MsoNormal&quot;&gt;&nbsp;&lt;/p&gt; &lt;p class=&quot;MsoNormal&quot;&gt;Solicito de su colaboraci&oacute;n en el env&iacute;o y confirmaci&oacute;n de paz y salvo de NORELY YADIT SALGUERO FERLA cc 1022402153, ANALISTA DE PRODUCTIVIDAD, Mosquera. &lt;/p&gt; &lt;p class=&quot;MsoNormal&quot;&gt;&nbsp;&lt;/p&gt; &lt;p class=&quot;MsoNormal&quot;&gt;&lt;span style=&quot;mso-fareast-language:ES-CO&quot;&gt;&nbsp;&lt;/span&gt;&lt;/p&gt; &lt;p class=&quot;MsoNormal&quot;&gt;&lt;span style=&quot;mso-fareast-language:ES-CO&quot;&gt;&nbsp;&lt;/span&gt;&lt;/p&gt; &lt;p class=&quot;MsoNormal&quot;&gt;&lt;span style=&quot;mso-fareast-language:ES-CO&quot;&gt;&nbsp;&lt;/span&gt;&lt;/p&gt; &lt;p class=&quot;MsoNormal&quot;&gt;&lt;span style=&quot;mso-fareast-language:ES-CO&quot;&gt;&nbsp;&lt;/span&gt;&lt;/p&gt; &lt;p class=&quot;MsoNormal&quot;&gt;&lt;span style=&quot;mso-fareast-language:ES-CO&quot;&gt;Quedo atenta,&lt;/span&gt;&lt;/p&gt; &lt;p class=&quot;MsoNormal&quot;&gt;&lt;span style=&quot;mso-fareast-language:ES-CO&quot;&gt;&nbsp;&lt;/span&gt;&lt;/p&gt; &lt;p class=&quot;MsoNormal&quot;&gt;&lt;span style=&quot;mso-fareast-language:ES-CO&quot;&gt;&nbsp;&lt;/span&gt;&lt;/p&gt; &lt;p class=&quot;MsoNormal&quot;&gt;&lt;span style=&quot;mso-fareast-language:ES-CO&quot;&gt;&nbsp;&lt;/span&gt;&lt;/p&gt; &lt;p class=&quot;MsoNormal&quot;&gt;&lt;span style=&quot;mso-fareast-language:ES-CO&quot;&gt;&lt;a href=&quot;/glpi/front/document.send.php?docid=3998&amp;tickets_id=5688&quot; target=&quot;_blank&quot; &gt;&lt;img alt=&quot;3e2289dc-d9d62df8-637bacf1bc8fd7.87587337&quot; width=&quot;589&quot; src=&quot;/glpi/front/document.send.php?docid=3998&amp;tickets_id=5688&quot; /&gt;&lt;/a&gt;&lt;/span&gt;&lt;/p&gt; &lt;p class=&quot;MsoNormal&quot;&gt;&nbsp;&lt;/p&gt; &lt;/div&gt;',3,3,3,0,1,1,0,24,0,NULL,'2023-05-03 13:40:00',NULL,0,0,0,0,0,NULL,NULL,NULL,0,0,0,1,0,1,5,0,'2023-05-02 22:33:01',NULL),(5689,21,'PZ Y SALVO REINALDO CALA','2023-05-02 22:36:01',NULL,NULL,NULL,'2023-05-02 23:16:18',752,2,329,2,'&lt;meta content=&quot;text/html; charset=iso-8859-1&quot; /&gt; &lt;meta content=&quot;Microsoft Word 15 (filtered medium)&quot; /&gt;  &lt;div class=&quot;WordSection1&quot;&gt; &lt;p class=&quot;MsoNormal&quot;&gt;&nbsp;&lt;/p&gt; &lt;p class=&quot;MsoNormal&quot;&gt;Buen d&iacute;a a todos&lt;/p&gt; &lt;p class=&quot;MsoNormal&quot;&gt;&nbsp;&lt;/p&gt; &lt;p class=&quot;MsoNormal&quot;&gt;Solicito de su colaboraci&oacute;n en el env&iacute;o y confirmaci&oacute;n de paz y salvo de REINALDO CALA RUIZ cc 1095941438, INGENIERO SOPORTE TECNICO II, Bucaramanga. &lt;/p&gt; &lt;p class=&quot;MsoNormal&quot;&gt;&nbsp;&lt;/p&gt; &lt;p class=&quot;MsoNormal&quot;&gt;&lt;span style=&quot;mso-fareast-language:ES-CO&quot;&gt;&nbsp;&lt;/span&gt;&lt;/p&gt; &lt;p class=&quot;MsoNormal&quot;&gt;&lt;span style=&quot;mso-fareast-language:ES-CO&quot;&gt;&nbsp;&lt;/span&gt;&lt;/p&gt; &lt;p class=&quot;MsoNormal&quot;&gt;&lt;span style=&quot;mso-fareast-language:ES-CO&quot;&gt;&nbsp;&lt;/span&gt;&lt;/p&gt; &lt;p class=&quot;MsoNormal&quot;&gt;&lt;span style=&quot;mso-fareast-language:ES-CO&quot;&gt;&nbsp;&lt;/span&gt;&lt;/p&gt; &lt;p class=&quot;MsoNormal&quot;&gt;&lt;span style=&quot;mso-fareast-language:ES-CO&quot;&gt;Quedo atenta,&lt;/span&gt;&lt;/p&gt; &lt;p class=&quot;MsoNormal&quot;&gt;&lt;span style=&quot;mso-fareast-language:ES-CO&quot;&gt;&nbsp;&lt;/span&gt;&lt;/p&gt; &lt;p class=&quot;MsoNormal&quot;&gt;&lt;span style=&quot;mso-fareast-language:ES-CO&quot;&gt;&nbsp;&lt;/span&gt;&lt;/p&gt; &lt;p class=&quot;MsoNormal&quot;&gt;&lt;span style=&quot;mso-fareast-language:ES-CO&quot;&gt;&nbsp;&lt;/span&gt;&lt;/p&gt; &lt;p class=&quot;MsoNormal&quot;&gt;&lt;span style=&quot;mso-fareast-language:ES-CO&quot;&gt;&lt;a href=&quot;/glpi/front/document.send.php?docid=4912&amp;tickets_id=5689&quot; target=&quot;_blank&quot; &gt;&lt;img alt=&quot;3d1b5dab-d9d62df8-645190575e53d1.13796832&quot; width=&quot;589&quot; src=&quot;/glpi/front/document.send.php?docid=4912&amp;tickets_id=5689&quot; /&gt;&lt;/a&gt;&lt;/span&gt;&lt;/p&gt; &lt;p class=&quot;MsoNormal&quot;&gt;&nbsp;&lt;/p&gt; &lt;/div&gt;',3,3,3,0,1,1,0,24,0,NULL,'2023-05-03 13:40:00',NULL,0,0,0,0,0,NULL,NULL,NULL,0,0,0,1,0,1,5,0,'2023-05-02 22:36:01',NULL),(5690,21,'PAZ Y SALVOS DE LEONARDO SANCHEZ','2023-05-02 22:39:01',NULL,NULL,NULL,'2023-05-02 23:15:31',752,2,329,2,'&lt;meta content=&quot;text/html; charset=iso-8859-1&quot; /&gt; &lt;meta content=&quot;Microsoft Word 15 (filtered medium)&quot; /&gt;  &lt;div class=&quot;WordSection1&quot;&gt; &lt;p class=&quot;MsoNormal&quot;&gt;Buen d&iacute;a a todos&lt;/p&gt; &lt;p class=&quot;MsoNormal&quot;&gt;&nbsp;&lt;/p&gt; &lt;p class=&quot;MsoNormal&quot;&gt;Solicito de su colaboraci&oacute;n en el env&iacute;o y confirmaci&oacute;n de paz y salvo de LEONARDO SANCHEZ SANCHEZ &nbsp;cc 1091076913, AUXILIAR DE PLANTA, Bucaramanga&lt;/p&gt; &lt;p class=&quot;MsoNormal&quot;&gt;&nbsp;&lt;/p&gt; &lt;p class=&quot;MsoNormal&quot;&gt;&lt;span style=&quot;mso-fareast-language:ES-CO&quot;&gt;&nbsp;&lt;/span&gt;&lt;/p&gt; &lt;p class=&quot;MsoNormal&quot;&gt;&lt;span style=&quot;mso-fareast-language:ES-CO&quot;&gt;&nbsp;&lt;/span&gt;&lt;/p&gt; &lt;p class=&quot;MsoNormal&quot;&gt;&lt;span style=&quot;mso-fareast-language:ES-CO&quot;&gt;&nbsp;&lt;/span&gt;&lt;/p&gt; &lt;p class=&quot;MsoNormal&quot;&gt;&lt;span style=&quot;mso-fareast-language:ES-CO&quot;&gt;&nbsp;&lt;/span&gt;&lt;/p&gt; &lt;p class=&quot;MsoNormal&quot;&gt;&lt;span style=&quot;mso-fareast-language:ES-CO&quot;&gt;Quedo atenta,&lt;/span&gt;&lt;/p&gt; &lt;p class=&quot;MsoNormal&quot;&gt;&lt;span style=&quot;mso-fareast-language:ES-CO&quot;&gt;&nbsp;&lt;/span&gt;&lt;/p&gt; &lt;p class=&quot;MsoNormal&quot;&gt;&lt;span style=&quot;mso-fareast-language:ES-CO&quot;&gt;&nbsp;&lt;/span&gt;&lt;/p&gt; &lt;p class=&quot;MsoNormal&quot;&gt;&lt;span style=&quot;mso-fareast-language:ES-CO&quot;&gt;&nbsp;&lt;/span&gt;&lt;/p&gt; &lt;p class=&quot;MsoNormal&quot;&gt;&lt;span style=&quot;mso-fareast-language:ES-CO&quot;&gt;&lt;a href=&quot;/glpi/front/document.send.php?docid=4912&amp;tickets_id=5690&quot; target=&quot;_blank&quot; &gt;&lt;img alt=&quot;3d1b5dab-d9d62df8-645190575e53d1.13796832&quot; width=&quot;589&quot; src=&quot;/glpi/front/document.send.php?docid=4912&amp;tickets_id=5690&quot; /&gt;&lt;/a&gt;&lt;/span&gt;&lt;/p&gt; &lt;p class=&quot;MsoNormal&quot;&gt;&nbsp;&lt;/p&gt; &lt;/div&gt;',3,3,3,0,1,1,0,24,0,NULL,'2023-05-03 13:40:00',NULL,0,0,0,0,0,NULL,NULL,NULL,0,0,0,1,0,1,5,0,'2023-05-02 22:39:01',NULL),(5691,21,'PAZ Y SALVO DE MAYKOL PITTA','2023-05-02 22:42:01',NULL,NULL,NULL,'2023-05-02 23:15:18',752,2,329,2,'&lt;meta content=&quot;text/html; charset=iso-8859-1&quot; /&gt; &lt;meta content=&quot;Microsoft Word 15 (filtered medium)&quot; /&gt;  &lt;div class=&quot;WordSection1&quot;&gt; &lt;p class=&quot;MsoNormal&quot;&gt;Buen d&iacute;a a todos&lt;/p&gt; &lt;p class=&quot;MsoNormal&quot;&gt;&nbsp;&lt;/p&gt; &lt;p class=&quot;MsoNormal&quot;&gt;Solicito de su colaboraci&oacute;n en el env&iacute;o y confirmaci&oacute;n de paz y salvo de MAYKOL FABIAN PITA CASTRO cc 1005106094, AUXILIAR DE PLANTA, Bucaramanga&lt;/p&gt; &lt;p class=&quot;MsoNormal&quot;&gt;&nbsp;&lt;/p&gt; &lt;p class=&quot;MsoNormal&quot;&gt;&nbsp;&lt;/p&gt; &lt;p class=&quot;MsoNormal&quot;&gt;&lt;span style=&quot;mso-fareast-language:ES-CO&quot;&gt;&nbsp;&lt;/span&gt;&lt;/p&gt; &lt;p class=&quot;MsoNormal&quot;&gt;&lt;span style=&quot;mso-fareast-language:ES-CO&quot;&gt;&nbsp;&lt;/span&gt;&lt;/p&gt; &lt;p class=&quot;MsoNormal&quot;&gt;&lt;span style=&quot;mso-fareast-language:ES-CO&quot;&gt;&nbsp;&lt;/span&gt;&lt;/p&gt; &lt;p class=&quot;MsoNormal&quot;&gt;&lt;span style=&quot;mso-fareast-language:ES-CO&quot;&gt;&nbsp;&lt;/span&gt;&lt;/p&gt; &lt;p class=&quot;MsoNormal&quot;&gt;&lt;span style=&quot;mso-fareast-language:ES-CO&quot;&gt;Quedo atenta,&lt;/span&gt;&lt;/p&gt; &lt;p class=&quot;MsoNormal&quot;&gt;&lt;span style=&quot;mso-fareast-language:ES-CO&quot;&gt;&nbsp;&lt;/span&gt;&lt;/p&gt; &lt;p class=&quot;MsoNormal&quot;&gt;&lt;span style=&quot;mso-fareast-language:ES-CO&quot;&gt;&nbsp;&lt;/span&gt;&lt;/p&gt; &lt;p class=&quot;MsoNormal&quot;&gt;&lt;span style=&quot;mso-fareast-language:ES-CO&quot;&gt;&nbsp;&lt;/span&gt;&lt;/p&gt; &lt;p class=&quot;MsoNormal&quot;&gt;&lt;span style=&quot;mso-fareast-language:ES-CO&quot;&gt;&lt;a href=&quot;/glpi/front/document.send.php?docid=4912&amp;tickets_id=5691&quot; target=&quot;_blank&quot; &gt;&lt;img alt=&quot;3d1b5dab-d9d62df8-645190575e53d1.13796832&quot; width=&quot;589&quot; src=&quot;/glpi/front/document.send.php?docid=4912&amp;tickets_id=5691&quot; /&gt;&lt;/a&gt;&lt;/span&gt;&lt;/p&gt; &lt;p class=&quot;MsoNormal&quot;&gt;&nbsp;&lt;/p&gt; &lt;/div&gt;',3,3,3,0,1,1,0,24,0,NULL,'2023-05-03 13:40:00',NULL,0,0,0,0,0,NULL,NULL,NULL,0,0,0,1,0,1,5,0,'2023-05-02 22:42:01',NULL),(5692,21,'PAZ Y SALVO DE JJULIAN MATEO JIMENEZ','2023-05-02 22:48:01',NULL,NULL,NULL,'2023-05-02 23:15:04',752,2,329,2,'&lt;meta content=&quot;text/html; charset=iso-8859-1&quot; /&gt; &lt;meta content=&quot;Microsoft Word 15 (filtered medium)&quot; /&gt;  &lt;div class=&quot;WordSection1&quot;&gt; &lt;p class=&quot;MsoNormal&quot;&gt;Buen d&iacute;a a todos&lt;/p&gt; &lt;p class=&quot;MsoNormal&quot;&gt;&nbsp;&lt;/p&gt; &lt;p class=&quot;MsoNormal&quot;&gt;Solicito de su colaboraci&oacute;n en el env&iacute;o y confirmaci&oacute;n de paz y salvo de JULIAN MATEO JIMENEZ ACOSTA cc 1014302397, ANALISTA SAP B1, Bogota&lt;/p&gt; &lt;p class=&quot;MsoNormal&quot;&gt;&nbsp;&lt;/p&gt; &lt;p class=&quot;MsoNormal&quot;&gt;&nbsp;&lt;/p&gt; &lt;p class=&quot;MsoNormal&quot;&gt;&lt;span style=&quot;mso-fareast-language:ES-CO&quot;&gt;&nbsp;&lt;/span&gt;&lt;/p&gt; &lt;p class=&quot;MsoNormal&quot;&gt;&lt;span style=&quot;mso-fareast-language:ES-CO&quot;&gt;&nbsp;&lt;/span&gt;&lt;/p&gt; &lt;p class=&quot;MsoNormal&quot;&gt;&lt;span style=&quot;mso-fareast-language:ES-CO&quot;&gt;&nbsp;&lt;/span&gt;&lt;/p&gt; &lt;p class=&quot;MsoNormal&quot;&gt;&lt;span style=&quot;mso-fareast-language:ES-CO&quot;&gt;&nbsp;&lt;/span&gt;&lt;/p&gt; &lt;p class=&quot;MsoNormal&quot;&gt;&lt;span style=&quot;mso-fareast-language:ES-CO&quot;&gt;Quedo atenta,&lt;/span&gt;&lt;/p&gt; &lt;p class=&quot;MsoNormal&quot;&gt;&lt;span style=&quot;mso-fareast-language:ES-CO&quot;&gt;&nbsp;&lt;/span&gt;&lt;/p&gt; &lt;p class=&quot;MsoNormal&quot;&gt;&lt;span style=&quot;mso-fareast-language:ES-CO&quot;&gt;&nbsp;&lt;/span&gt;&lt;/p&gt; &lt;p class=&quot;MsoNormal&quot;&gt;&lt;span style=&quot;mso-fareast-language:ES-CO&quot;&gt;&nbsp;&lt;/span&gt;&lt;/p&gt; &lt;p class=&quot;MsoNormal&quot;&gt;&lt;span style=&quot;mso-fareast-language:ES-CO&quot;&gt;&lt;a href=&quot;/glpi/front/document.send.php?docid=4912&amp;tickets_id=5692&quot; target=&quot;_blank&quot; &gt;&lt;img alt=&quot;3d1b5dab-d9d62df8-645190575e53d1.13796832&quot; width=&quot;589&quot; src=&quot;/glpi/front/document.send.php?docid=4912&amp;tickets_id=5692&quot; /&gt;&lt;/a&gt;&lt;/span&gt;&lt;/p&gt; &lt;p class=&quot;MsoNormal&quot;&gt;&nbsp;&lt;/p&gt; &lt;/div&gt;',3,3,3,0,1,1,0,24,0,NULL,'2023-05-03 13:40:00',NULL,0,0,0,0,0,NULL,NULL,NULL,0,0,0,1,0,1,5,0,'2023-05-02 22:48:01',NULL),(5693,21,'PAZ Y SALVO DE BRAYAN SAMIR CELIS ARCINIEGAS','2023-05-02 22:48:01',NULL,NULL,NULL,'2023-05-02 23:14:52',752,2,329,2,'&lt;meta content=&quot;text/html; charset=iso-8859-1&quot; /&gt; &lt;meta content=&quot;Microsoft Word 15 (filtered medium)&quot; /&gt;  &lt;div class=&quot;WordSection1&quot;&gt; &lt;p class=&quot;MsoNormal&quot;&gt;Buen d&iacute;a a todos&lt;/p&gt; &lt;p class=&quot;MsoNormal&quot;&gt;&nbsp;&lt;/p&gt; &lt;p class=&quot;MsoNormal&quot;&gt;Solicito de su colaboraci&oacute;n en el env&iacute;o y confirmaci&oacute;n de paz y salvo de BRAYAN SAMIR CELIS ARCINIEGAS cc 1102373503, AUXILIAR DE BODEGA Bucaramanga&lt;/p&gt; &lt;p class=&quot;MsoNormal&quot;&gt;&nbsp;&lt;/p&gt; &lt;p class=&quot;MsoNormal&quot;&gt;&nbsp;&lt;/p&gt; &lt;p class=&quot;MsoNormal&quot;&gt;&lt;span style=&quot;mso-fareast-language:ES-CO&quot;&gt;&nbsp;&lt;/span&gt;&lt;/p&gt; &lt;p class=&quot;MsoNormal&quot;&gt;&lt;span style=&quot;mso-fareast-language:ES-CO&quot;&gt;&nbsp;&lt;/span&gt;&lt;/p&gt; &lt;p class=&quot;MsoNormal&quot;&gt;&lt;span style=&quot;mso-fareast-language:ES-CO&quot;&gt;&nbsp;&lt;/span&gt;&lt;/p&gt; &lt;p class=&quot;MsoNormal&quot;&gt;&lt;span style=&quot;mso-fareast-language:ES-CO&quot;&gt;&nbsp;&lt;/span&gt;&lt;/p&gt; &lt;p class=&quot;MsoNormal&quot;&gt;&lt;span style=&quot;mso-fareast-language:ES-CO&quot;&gt;Quedo atenta,&lt;/span&gt;&lt;/p&gt; &lt;p class=&quot;MsoNormal&quot;&gt;&lt;span style=&quot;mso-fareast-language:ES-CO&quot;&gt;&nbsp;&lt;/span&gt;&lt;/p&gt; &lt;p class=&quot;MsoNormal&quot;&gt;&lt;span style=&quot;mso-fareast-language:ES-CO&quot;&gt;&nbsp;&lt;/span&gt;&lt;/p&gt; &lt;p class=&quot;MsoNormal&quot;&gt;&lt;span style=&quot;mso-fareast-language:ES-CO&quot;&gt;&nbsp;&lt;/span&gt;&lt;/p&gt; &lt;p class=&quot;MsoNormal&quot;&gt;&lt;span style=&quot;mso-fareast-language:ES-CO&quot;&gt;&lt;a href=&quot;/glpi/front/document.send.php?docid=4912&amp;tickets_id=5693&quot; target=&quot;_blank&quot; &gt;&lt;img alt=&quot;3d1b5dab-d9d62df8-645190575e53d1.13796832&quot; width=&quot;589&quot; src=&quot;/glpi/front/document.send.php?docid=4912&amp;tickets_id=5693&quot; /&gt;&lt;/a&gt;&lt;/span&gt;&lt;/p&gt; &lt;p class=&quot;MsoNormal&quot;&gt;&nbsp;&lt;/p&gt; &lt;/div&gt;',3,3,3,0,1,1,0,24,0,NULL,'2023-05-03 13:40:00',NULL,0,0,0,0,0,NULL,NULL,NULL,0,0,0,1,0,1,5,0,'2023-05-02 22:48:01',NULL),(5694,21,'PAZ Y SALVO JAVIER ANDRES RESTREPO HURTADO','2023-05-02 22:51:01',NULL,NULL,NULL,'2023-05-02 23:14:40',752,2,329,2,'&lt;meta content=&quot;text/html; charset=iso-8859-1&quot; /&gt; &lt;meta content=&quot;Microsoft Word 15 (filtered medium)&quot; /&gt;  &lt;div class=&quot;WordSection1&quot;&gt; &lt;p class=&quot;MsoNormal&quot;&gt;&nbsp;&lt;/p&gt; &lt;p class=&quot;MsoNormal&quot;&gt;Buen d&iacute;a a todos&lt;/p&gt; &lt;p class=&quot;MsoNormal&quot;&gt;&nbsp;&lt;/p&gt; &lt;p class=&quot;MsoNormal&quot;&gt;Solicito de su colaboraci&oacute;n en el env&iacute;o y confirmaci&oacute;n de paz y salvo de JAVIER ANDRES RESTREPO HURTADO cc 79684755, COORDINADOR DE COMPRAS Y LICITACIONES, BOGOTA&lt;/p&gt; &lt;p class=&quot;MsoNormal&quot;&gt;&nbsp;&lt;/p&gt; &lt;p class=&quot;MsoNormal&quot;&gt;&lt;span style=&quot;mso-fareast-language:ES-CO&quot;&gt;&nbsp;&lt;/span&gt;&lt;/p&gt; &lt;p class=&quot;MsoNormal&quot;&gt;&lt;span style=&quot;mso-fareast-language:ES-CO&quot;&gt;&nbsp;&lt;/span&gt;&lt;/p&gt; &lt;p class=&quot;MsoNormal&quot;&gt;&lt;span style=&quot;mso-fareast-language:ES-CO&quot;&gt;&nbsp;&lt;/span&gt;&lt;/p&gt; &lt;p class=&quot;MsoNormal&quot;&gt;&lt;span style=&quot;mso-fareast-language:ES-CO&quot;&gt;&nbsp;&lt;/span&gt;&lt;/p&gt; &lt;p class=&quot;MsoNormal&quot;&gt;&lt;span style=&quot;mso-fareast-language:ES-CO&quot;&gt;Quedo atenta,&lt;/span&gt;&lt;/p&gt; &lt;p class=&quot;MsoNormal&quot;&gt;&lt;span style=&quot;mso-fareast-language:ES-CO&quot;&gt;&nbsp;&lt;/span&gt;&lt;/p&gt; &lt;p class=&quot;MsoNormal&quot;&gt;&lt;span style=&quot;mso-fareast-language:ES-CO&quot;&gt;&nbsp;&lt;/span&gt;&lt;/p&gt; &lt;p class=&quot;MsoNormal&quot;&gt;&lt;span style=&quot;mso-fareast-language:ES-CO&quot;&gt;&nbsp;&lt;/span&gt;&lt;/p&gt; &lt;p class=&quot;MsoNormal&quot;&gt;&lt;span style=&quot;mso-fareast-language:ES-CO&quot;&gt;&lt;a href=&quot;/glpi/front/document.send.php?docid=4912&amp;tickets_id=5694&quot; target=&quot;_blank&quot; &gt;&lt;img alt=&quot;3d1b5dab-d9d62df8-645190575e53d1.13796832&quot; width=&quot;589&quot; src=&quot;/glpi/front/document.send.php?docid=4912&amp;tickets_id=5694&quot; /&gt;&lt;/a&gt;&lt;/span&gt;&lt;/p&gt; &lt;p class=&quot;MsoNormal&quot;&gt;&nbsp;&lt;/p&gt; &lt;/div&gt;',3,3,3,0,1,1,0,24,0,NULL,'2023-05-03 13:40:00',NULL,0,0,0,0,0,NULL,NULL,NULL,0,0,0,1,0,1,5,0,'2023-05-02 22:51:01',NULL),(5695,21,'PAZ Y SALVO DE JULIAN CAMILO BERMUDEZ SIERRA','2023-05-02 22:51:01',NULL,NULL,NULL,'2023-05-02 23:14:26',752,2,329,2,'&lt;meta content=&quot;text/html; charset=iso-8859-1&quot; /&gt; &lt;meta content=&quot;Microsoft Word 15 (filtered medium)&quot; /&gt;  &lt;div class=&quot;WordSection1&quot;&gt; &lt;p class=&quot;MsoNormal&quot;&gt;&nbsp;&lt;/p&gt; &lt;p class=&quot;MsoNormal&quot;&gt;&nbsp;&lt;/p&gt; &lt;p class=&quot;MsoNormal&quot;&gt;Buen d&iacute;a a todos&lt;/p&gt; &lt;p class=&quot;MsoNormal&quot;&gt;&nbsp;&lt;/p&gt; &lt;p class=&quot;MsoNormal&quot;&gt;Solicito de su colaboraci&oacute;n en el env&iacute;o y confirmaci&oacute;n de paz y salvo de JULIAN CAMILO BERMUDEZ SIERRA cc 1000351238, PRACTICANTE , Mosquera &lt;/p&gt; &lt;p class=&quot;MsoNormal&quot;&gt;&lt;span style=&quot;mso-fareast-language:ES-CO&quot;&gt;&nbsp;&lt;/span&gt;&lt;/p&gt; &lt;p class=&quot;MsoNormal&quot;&gt;&lt;span style=&quot;mso-fareast-language:ES-CO&quot;&gt;&nbsp;&lt;/span&gt;&lt;/p&gt; &lt;p class=&quot;MsoNormal&quot;&gt;&lt;span style=&quot;mso-fareast-language:ES-CO&quot;&gt;&nbsp;&lt;/span&gt;&lt;/p&gt; &lt;p class=&quot;MsoNormal&quot;&gt;&lt;span style=&quot;mso-fareast-language:ES-CO&quot;&gt;&nbsp;&lt;/span&gt;&lt;/p&gt; &lt;p class=&quot;MsoNormal&quot;&gt;&lt;span style=&quot;mso-fareast-language:ES-CO&quot;&gt;Quedo atenta,&lt;/span&gt;&lt;/p&gt; &lt;p class=&quot;MsoNormal&quot;&gt;&lt;span style=&quot;mso-fareast-language:ES-CO&quot;&gt;&nbsp;&lt;/span&gt;&lt;/p&gt; &lt;p class=&quot;MsoNormal&quot;&gt;&lt;span style=&quot;mso-fareast-language:ES-CO&quot;&gt;&nbsp;&lt;/span&gt;&lt;/p&gt; &lt;p class=&quot;MsoNormal&quot;&gt;&lt;span style=&quot;mso-fareast-language:ES-CO&quot;&gt;&nbsp;&lt;/span&gt;&lt;/p&gt; &lt;p class=&quot;MsoNormal&quot;&gt;&lt;span style=&quot;mso-fareast-language:ES-CO&quot;&gt;&lt;a href=&quot;/glpi/front/document.send.php?docid=4912&amp;tickets_id=5695&quot; target=&quot;_blank&quot; &gt;&lt;img alt=&quot;3d1b5dab-d9d62df8-645190575e53d1.13796832&quot; width=&quot;589&quot; src=&quot;/glpi/front/document.send.php?docid=4912&amp;tickets_id=5695&quot; /&gt;&lt;/a&gt;&lt;/span&gt;&lt;/p&gt; &lt;p class=&quot;MsoNormal&quot;&gt;&nbsp;&lt;/p&gt; &lt;/div&gt;',3,3,3,0,1,1,0,24,0,NULL,'2023-05-03 13:40:00',NULL,0,0,0,0,0,NULL,NULL,NULL,0,0,0,1,0,1,5,0,'2023-05-02 22:51:01',NULL),(5696,21,'ASIGNACIÓN URGENTE LINEA DE EX COLABORADOR EDGAR ZULUAGA A JOSE RUEDA EN BUCARAMANGA','2023-05-04 12:09:01','2023-05-05 19:57:11','2023-05-05 19:57:11',NULL,'2023-05-05 19:57:11',678,6,467,2,'&lt;div&gt;Buenos días&lt;/div&gt;&lt;div&gt; &lt;/div&gt;&lt;div&gt;Agradezco me puedan colaborar enviando la sim card física  por correo a Bucaramanga al señor José Rueda de la línea que tenía Edgar Zuluaga ya que esta sim tiene los contactos de la cartera de clientes que va a tomar para gestión 318 5171548 .&lt;/div&gt;&lt;div&gt; &lt;/div&gt;&lt;div&gt;Quedo atenta, muchas gracias &lt;/div&gt;&lt;div class=\"elementToProof\"&gt;&lt;div&gt; &lt;/div&gt;&lt;div&gt;&lt;div&gt;&lt;div class=\"WordSection1\" style=\"page: WordSection1;\"&gt;&lt;p class=\"MsoAutoSig\" style=\"margin: 0cm; font-size: 11pt; font-family: Calibri, sans-serif;\"&gt;&lt;span style=\"color: #002060;\"&gt;&lt;a href=\"http://helpdesk.arintia.com.co/glpi/front/document.send.php?docid=4918&amp;tickets_id=5696\" target=\"_blank\" rel=\"noopener\"&gt;&lt;img src=\"http://helpdesk.arintia.com.co/glpi/front/document.send.php?docid=4918&amp;tickets_id=5696\" alt=\"3d1b5dab-d9d62df8-6453a145574074.77701113\" width=\"667\" /&gt;&lt;/a&gt;&lt;/span&gt;&lt;/p&gt;&lt;p class=\"MsoNormal\" style=\"margin: 0cm; font-size: 11pt; font-family: Calibri, sans-serif;\"&gt; &lt;/p&gt;&lt;/div&gt;&lt;/div&gt;&lt;/div&gt;&lt;/div&gt;',3,3,3,6,2,1,23,24,0,'2023-05-12 22:30:00','2023-05-04 13:40:00',NULL,111420,0,0,0,0,NULL,NULL,NULL,59220,11,11,1,0,0,84,0,'2023-05-04 12:09:01',NULL),(5700,15,'NOVEDAD NOTA CREDITYO # 5 ZIPAQUIRA','2023-05-04 12:09:01','2023-05-15 16:51:39','2023-05-05 19:35:09',NULL,'2023-05-15 16:51:39',692,6,947,2,'&lt;div class=\"WordSection1\"&gt;&lt;p class=\"MsoNormal\"&gt;Buenos días, por favor me ayudan con la nota crédito que raciono ya que cartera me indica que tiene una novedad y no se como se soluciona, gracias.&lt;/p&gt;&lt;p class=\"MsoNormal\"&gt; &lt;/p&gt;&lt;p&gt;&lt;a href=\"http://helpdesk.arintia.com.co/glpi/front/document.send.php?docid=4920&amp;tickets_id=5700\" target=\"_blank\" rel=\"noopener\"&gt;&lt;img src=\"http://helpdesk.arintia.com.co/glpi/front/document.send.php?docid=4920&amp;tickets_id=5700\" alt=\"3d1b5dab-d9d62df8-6453a1a3cab206.29885753\" width=\"1366\" /&gt;&lt;/a&gt;&lt;/p&gt;&lt;/div&gt;',3,3,4,167,1,1,29,24,20,'2023-05-04 16:00:00','2023-05-04 13:40:00','2023-05-05 19:35:09',0,0,0,0,0,NULL,NULL,NULL,0,253299,57909,1,0,0,45,0,'2023-05-04 12:09:01',NULL),(5701,15,'MODIFICACION DE DOCUMENTOS EN SAP PDF','2023-05-04 12:09:01','2023-05-15 16:51:39','2023-05-09 17:37:43',NULL,'2023-05-15 16:51:39',692,6,627,2,'&lt;div class=\"WordSection1\"&gt;&lt;p class=\"MsoNormal\"&gt;Buena tarde&lt;/p&gt;&lt;p class=\"MsoNormal\"&gt; &lt;/p&gt;&lt;p class=\"MsoNormal\"&gt;Adjunto imagen donde se evidencia que aun siguen los datos de la bodega anterior Alqueria La Fragua, por favor modificarla ya que esto esta generando inconvenientes en las entregas de los proveedores.&lt;/p&gt;&lt;p class=\"MsoNormal\"&gt; &lt;/p&gt;&lt;p class=\"MsoNormal\"&gt;Quedo atenta a comentarios&lt;/p&gt;&lt;p class=\"MsoNormal\"&gt; &lt;/p&gt;&lt;p class=\"MsoNormal\"&gt;Cordialmente&lt;/p&gt;&lt;p class=\"MsoNormal\"&gt; &lt;/p&gt;&lt;p class=\"MsoNormal\"&gt; &lt;/p&gt;&lt;p class=\"MsoNormal\"&gt;&lt;![if !vml]&gt;&lt;span style=\"mso-ignore: vglayout; position: absolute; z-index: 251659264; margin-left: 220px; margin-top: 14px; width: 304px; height: 171px;\"&gt;&lt;a href=\"http://helpdesk.arintia.com.co/glpi/front/document.send.php?docid=4922&amp;tickets_id=5701\" target=\"_blank\" rel=\"noopener\"&gt;&lt;img src=\"http://helpdesk.arintia.com.co/glpi/front/document.send.php?docid=4922&amp;tickets_id=5701\" alt=\"3d1b5dab-d9d62df8-6453a1b0173a02.44198009\" width=\"304\" /&gt;&lt;/a&gt;&lt;/span&gt;&lt;/p&gt;&lt;p&gt;&lt;a href=\"http://helpdesk.arintia.com.co/glpi/front/document.send.php?docid=4923&amp;tickets_id=5701\" target=\"_blank\" rel=\"noopener\"&gt;&lt;img src=\"http://helpdesk.arintia.com.co/glpi/front/document.send.php?docid=4923&amp;tickets_id=5701\" alt=\"3d1b5dab-d9d62df8-6453a1b017d5b0.34687256\" width=\"723\" /&gt;&lt;/a&gt;&lt;/p&gt;&lt;p class=\"MsoNormal\"&gt; &lt;/p&gt;&lt;p class=\"MsoNormal\"&gt;&lt;span style=\"mso-fareast-language: ES-CO;\"&gt;&lt;a href=\"http://helpdesk.arintia.com.co/glpi/front/document.send.php?docid=4921&amp;tickets_id=5701\" target=\"_blank\" rel=\"noopener\"&gt;&lt;img src=\"http://helpdesk.arintia.com.co/glpi/front/document.send.php?docid=4921&amp;tickets_id=5701\" alt=\"3d1b5dab-d9d62df8-6453a1b016aa29.57628299\" width=\"4151\" /&gt;&lt;/a&gt;&lt;/span&gt;&lt;/p&gt;&lt;p class=\"MsoNormal\"&gt; &lt;/p&gt;&lt;/div&gt;',3,3,3,167,2,1,23,24,0,'2023-05-15 22:30:00','2023-05-04 13:40:00','2023-05-09 17:37:43',347931,0,0,0,0,NULL,NULL,NULL,70731,182568,48532,1,0,0,38,0,'2023-05-04 12:09:01',NULL),(5703,15,'Estación de Trabajo Diseñador Gráfico','2023-05-04 12:18:01','2023-05-12 15:07:53','2023-05-12 15:07:53',NULL,'2023-05-12 15:07:53',875,6,763,2,'&lt;div class=\"WordSection1\"&gt;&lt;p class=\"MsoNormal\"&gt;Buenas tardes, de acuerdo con las actividades a desempeñar por el Diseñador Gráfico es necesario tener un monitor externo para su función.&lt;/p&gt;&lt;p class=\"MsoNormal\"&gt; &lt;/p&gt;&lt;p class=\"MsoNormal\"&gt;Igualmente y de acuerdo al equipo recibido notamos que no puede llegar a cumplir con la exigencia de los programas que se van a manejar,  por favor validar condiciones de Hardware del equipo entregado, estas especificaciones se solicitaron a Anderson Suarez analista de tecnología.&lt;/p&gt;&lt;p class=\"MsoNormal\"&gt; &lt;/p&gt;&lt;p class=\"MsoNormal\"&gt;Quedo atenta a sus comentarios.&lt;/p&gt;&lt;p class=\"MsoNormal\"&gt; &lt;/p&gt;&lt;p class=\"MsoNormal\"&gt;Feliz Tarde,&lt;/p&gt;&lt;p class=\"MsoNormal\"&gt; &lt;/p&gt;&lt;p class=\"MsoNormal\"&gt;&lt;span style=\"mso-fareast-language: ES-CO;\"&gt;&lt;a href=\"http://helpdesk.arintia.com.co/glpi/front/document.send.php?docid=4924&amp;tickets_id=5703\" target=\"_blank\" rel=\"noopener\"&gt;&lt;img src=\"http://helpdesk.arintia.com.co/glpi/front/document.send.php?docid=4924&amp;tickets_id=5703\" alt=\"3d1b5dab-d9d62df8-6453a1bfa10ac9.86313781\" width=\"7255\" /&gt;&lt;/a&gt;&lt;/span&gt;&lt;/p&gt;&lt;p class=\"MsoNormal\"&gt; &lt;/p&gt;&lt;/div&gt;',3,3,3,131,2,1,23,24,0,'2023-05-15 22:30:00','2023-05-04 13:40:00',NULL,246059,0,0,0,0,NULL,NULL,NULL,89459,123414,123414,1,0,0,38,0,'2023-05-04 12:18:01',NULL),(5705,21,'ERROR contabilización DMS','2023-05-04 13:09:01','2023-05-05 22:57:07','2023-05-05 22:57:07',NULL,'2023-05-05 22:57:07',353,6,853,2,'&lt;div class=\"WordSection1\"&gt;&lt;p class=\"MsoNormal\"&gt;Buen Dia Equipo TI&lt;/p&gt;&lt;p class=\"MsoNormal\"&gt; &lt;/p&gt;&lt;p class=\"MsoNormal\"&gt;La OT 2833-01 por desensamble le incluyeron 2 servicios externos los cuales al momento de hacer la facturación interna no me está generando ningún costo Y REPRESENTA UNA SALIDA DE DINERO&lt;/p&gt;&lt;p class=\"MsoNormal\"&gt;Que es el servicio que me prestaron.&lt;/p&gt;&lt;p class=\"MsoNormal\"&gt; &lt;/p&gt;&lt;p class=\"MsoNormal\"&gt;Me ayudan a revisar que paso aquí&lt;/p&gt;&lt;p class=\"MsoNormal\"&gt;Mi conclusión es a las OT POR DESENSAMBLE no se le deben adicionar servicios externos.&lt;/p&gt;&lt;p class=\"MsoNormal\"&gt; &lt;/p&gt;&lt;p class=\"MsoNormal\"&gt;Atento a su confirmacion&lt;/p&gt;&lt;p class=\"MsoNormal\"&gt; &lt;/p&gt;&lt;p class=\"MsoNormal\"&gt;Gracias&lt;/p&gt;&lt;p class=\"MsoNormal\"&gt; &lt;/p&gt;&lt;p class=\"MsoNormal\"&gt; &lt;/p&gt;&lt;p&gt;&lt;a href=\"http://helpdesk.arintia.com.co/glpi/front/document.send.php?docid=4927&amp;tickets_id=5705\" target=\"_blank\" rel=\"noopener\"&gt;&lt;img src=\"http://helpdesk.arintia.com.co/glpi/front/document.send.php?docid=4927&amp;tickets_id=5705\" alt=\"3d1b5dab-d9d62df8-6453ae72ce5e16.26767462\" width=\"1340\" /&gt;&lt;/a&gt;&lt;/p&gt;&lt;p&gt;&lt;a href=\"http://helpdesk.arintia.com.co/glpi/front/document.send.php?docid=4928&amp;tickets_id=5705\" target=\"_blank\" rel=\"noopener\"&gt;&lt;img src=\"http://helpdesk.arintia.com.co/glpi/front/document.send.php?docid=4928&amp;tickets_id=5705\" alt=\"3d1b5dab-d9d62df8-6453ae72cefdd3.32414724\" width=\"1309\" /&gt;&lt;/a&gt;&lt;/p&gt;&lt;/div&gt;',3,3,4,162,1,1,29,24,20,'2023-05-04 16:09:01','2023-05-04 13:49:01',NULL,0,0,0,0,0,NULL,NULL,NULL,0,67859,67859,1,0,0,47,0,'2023-05-04 13:09:01',NULL),(5706,21,'Solicitud de disponibilidad de Equipo en MCP del 15 al 29 de Mayo 2023','2023-05-04 13:24:01','2023-05-05 14:45:23','2023-05-05 14:45:23',NULL,'2023-05-05 14:45:23',295,6,894,2,'&lt;div class=\"elementToProof\" style=\"font-family: Calibri, Arial, Helvetica, sans-serif; font-size: 12pt; color: #000000;\"&gt;Buen día, &lt;/div&gt;&lt;div class=\"elementToProof\" style=\"font-family: Calibri, Arial, Helvetica, sans-serif; font-size: 12pt; color: #000000;\"&gt; &lt;/div&gt;&lt;div class=\"elementToProof\" style=\"font-family: Calibri, Arial, Helvetica, sans-serif; font-size: 12pt; color: #000000;\"&gt;De la manera más atenta solicito de su amable colaboración con la disposición de un equipo portátil  en las instalaciones de MCP, que me permita continuar con mis labores  accediendo a mi usuario asignado en Caria , con disponibilidad de conexión a internet dentro de la planta y en el  alojamiento (wifi), por el periodo de tiempo mencionado en el asunto.   Lo anterior, ya que en las instalaciones de Caria el equipo es tipo escritorio y se requiere tener el mismo acceso y disponibilidad para las tareas asignadas. &lt;/div&gt;&lt;div class=\"elementToProof\" style=\"font-family: Calibri, Arial, Helvetica, sans-serif; font-size: 12pt; color: #000000;\"&gt; &lt;/div&gt;&lt;div class=\"elementToProof\" style=\"font-family: Calibri, Arial, Helvetica, sans-serif; font-size: 12pt; color: #000000;\"&gt;Muchas gracias por su ayuda y quedo atenta a cualquier requerimiento y/o inquietud, así como confirmación de disponibilidad. &lt;/div&gt;&lt;div class=\"elementToProof\"&gt;&lt;div style=\"font-family: Calibri, Arial, Helvetica, sans-serif; font-size: 12pt; color: #000000;\"&gt; &lt;/div&gt;&lt;div id=\"Signature\"&gt;&lt;div&gt;&lt;div style=\"font-family: Calibri, Arial, Helvetica, sans-serif; font-size: 12pt; color: #000000;\"&gt;&lt;p&gt;&lt;a href=\"http://helpdesk.arintia.com.co/glpi/front/document.send.php?docid=4929&amp;tickets_id=5706\" target=\"_blank\" rel=\"noopener\"&gt;&lt;img src=\"http://helpdesk.arintia.com.co/glpi/front/document.send.php?docid=4929&amp;tickets_id=5706\" alt=\"3d1b5dab-d9d62df8-6453b1f6248fb4.22632456\" width=\"325\" /&gt;&lt;/a&gt;&lt;/p&gt;&lt;/div&gt;&lt;/div&gt;&lt;/div&gt;&lt;/div&gt;',3,3,3,128,2,1,23,24,0,'2023-05-11 22:30:00','2023-05-04 14:04:01',NULL,0,0,0,0,0,NULL,NULL,NULL,0,39082,39082,1,0,0,71,0,'2023-05-04 13:24:01',NULL),(5707,22,'SOLICITUD DE USUARIO PARA CREACIÓN DE REFERENCIAS ','2023-05-04 13:57:01','2023-05-15 16:51:39','2023-05-05 19:37:38',NULL,'2023-05-15 16:51:39',692,6,0,2,'&lt;div dir=\"ltr\"&gt;&lt;div&gt; &lt;/div&gt;&lt;div&gt;&lt;div dir=\"ltr\"&gt;Buen día, en la presente solicito habilitación de mi usuario para crear referencias en el sistema SAP. &lt;/div&gt;&lt;div dir=\"ltr\"&gt; &lt;/div&gt;&lt;div dir=\"ltr\"&gt;Muchas gracias.&lt;/div&gt;&lt;/div&gt;&lt;/div&gt;',3,3,3,167,2,1,0,24,0,NULL,'2023-05-04 14:37:01','2023-05-05 19:37:38',0,0,0,0,0,NULL,NULL,NULL,0,960878,106837,1,0,0,0,0,'2023-05-04 13:57:01',NULL),(5709,15,'RE: SOLICITUD DE USUARIO PARA CREACIÓN DE REFERENCIAS ','2023-05-04 14:24:01','2023-05-15 16:51:39','2023-05-05 14:42:09',NULL,'2023-05-15 16:51:39',692,6,982,2,'&lt;div class=\"WordSection1\"&gt;&lt;p class=\"MsoNormal\"&gt;&lt;span style=\"mso-fareast-language: EN-US;\"&gt; &lt;/span&gt;&lt;/p&gt;&lt;p class=\"MsoNormal\"&gt;&lt;span style=\"mso-fareast-language: EN-US;\"&gt; &lt;/span&gt;&lt;/p&gt;&lt;p class=\"MsoNormal\"&gt;&lt;span style=\"mso-fareast-language: EN-US;\"&gt;Buenos días:&lt;/span&gt;&lt;/p&gt;&lt;p class=\"MsoNormal\"&gt;&lt;span style=\"mso-fareast-language: EN-US;\"&gt; &lt;/span&gt;&lt;/p&gt;&lt;p class=\"MsoNormal\"&gt;&lt;span style=\"mso-fareast-language: EN-US;\"&gt;Agradezco habilitar el usuario de David Ballen para la creación de referencias.&lt;/span&gt;&lt;/p&gt;&lt;p class=\"MsoNormal\"&gt;&lt;span style=\"mso-fareast-language: EN-US;\"&gt; &lt;/span&gt;&lt;/p&gt;&lt;p class=\"MsoNormal\"&gt;&lt;span style=\"mso-fareast-language: EN-US;\"&gt;Cordialmente,&lt;/span&gt;&lt;/p&gt;&lt;p class=\"MsoNormal\"&gt;&lt;span style=\"mso-fareast-language: EN-US;\"&gt; &lt;/span&gt;&lt;/p&gt;&lt;div&gt;&lt;p class=\"MsoNormal\"&gt; &lt;/p&gt;&lt;p&gt;&lt;a href=\"http://192.168.11.15/glpi/front/document.send.php?docid=4932&amp;tickets_id=5709\" target=\"_blank\" rel=\"noopener\"&gt;&lt;img src=\"http://192.168.11.15/glpi/front/document.send.php?docid=4932&amp;tickets_id=5709\" alt=\"3d1b5dab-d9d62df8-6453c013ac2461.61232449\" width=\"4151\" /&gt;&lt;/a&gt;&lt;/p&gt;&lt;/div&gt;&lt;p class=\"MsoNormal\"&gt;&lt;span style=\"mso-fareast-language: EN-US;\"&gt; &lt;/span&gt;&lt;/p&gt;&lt;div&gt;&lt;div style=\"border: none; border-top: solid #E1E1E1 1.0pt; padding: 3.0pt 0cm 0cm 0cm;\"&gt;&lt;p class=\"MsoNormal\"&gt;&lt;strong&gt;&lt;span lang=\"ES\"&gt;De:&lt;/span&gt;&lt;/strong&gt;&lt;span lang=\"ES\"&gt; David Jhonathan Ballen Sanchez &lt;david.ballen@arintia.com&gt; &lt;br /&gt;&lt;strong&gt;Enviado el:&lt;/strong&gt; jueves, 4 de mayo de 2023 08:56 a. m.&lt;br /&gt;&lt;strong&gt;Para:&lt;/strong&gt; Gestión de las TICS &lt;gestion.ti@arintia.com&gt;; Laura Consuelo Rojas Ayala &lt;laura.rojas@techossas.com&gt;&lt;br /&gt;&lt;strong&gt;Asunto:&lt;/strong&gt; SOLICITUD DE USUARIO PARA CREACIÓN DE REFERENCIAS &lt;/span&gt;&lt;/p&gt;&lt;/div&gt;&lt;/div&gt;&lt;p class=\"MsoNormal\"&gt; &lt;/p&gt;&lt;div&gt;&lt;div&gt;&lt;div&gt;&lt;p class=\"MsoNormal\"&gt;Buen día, en la presente solicito habilitación de mi usuario para crear referencias en el sistema SAP. &lt;/p&gt;&lt;/div&gt;&lt;div&gt;&lt;p class=\"MsoNormal\"&gt; &lt;/p&gt;&lt;/div&gt;&lt;div&gt;&lt;p class=\"MsoNormal\"&gt;Muchas gracias.&lt;/p&gt;&lt;/div&gt;&lt;/div&gt;&lt;/div&gt;&lt;/div&gt;',3,3,3,167,2,1,23,24,0,'2023-05-11 22:30:00','2023-05-04 15:04:01','2023-05-05 14:42:09',0,0,0,0,0,NULL,NULL,NULL,0,248258,35288,1,0,0,46,0,'2023-05-04 14:24:01',NULL),(5712,15,'DIFERENCIA EN INFORME DE RECAUDO','2023-05-04 16:51:01','2023-06-21 22:56:21','2023-06-21 22:56:21',NULL,'2023-06-21 22:56:21',353,6,862,2,'&lt;div class=\"WordSection1\"&gt;&lt;p class=\"MsoNormal\"&gt;Buen día&lt;/p&gt;&lt;p class=\"MsoNormal\"&gt; &lt;/p&gt;&lt;p class=\"MsoNormal\"&gt;Se requiere adicionar las reconciliaciones financieras de facturas con pagos a cuenta.&lt;/p&gt;&lt;p class=\"MsoNormal\"&gt; &lt;/p&gt;&lt;p class=\"MsoNormal\"&gt; &lt;/p&gt;&lt;p class=\"MsoNormal\"&gt;Cordialmente&lt;span style=\"mso-ligatures: none; mso-fareast-language: ES-CO;\"&gt;, &lt;/span&gt;&lt;/p&gt;&lt;p class=\"MsoNormal\"&gt;&lt;span style=\"mso-ligatures: none; mso-fareast-language: ES-CO;\"&gt; &lt;/span&gt;&lt;/p&gt;&lt;p class=\"MsoNormal\"&gt;&lt;span style=\"mso-fareast-language: ES-CO;\"&gt;&lt;a href=\"http://helpdesk.arintia.com.co/glpi/front/document.send.php?docid=4937&amp;tickets_id=5712\" target=\"_blank\" rel=\"noopener\"&gt;&lt;img src=\"http://helpdesk.arintia.com.co/glpi/front/document.send.php?docid=4937&amp;tickets_id=5712\" alt=\"3d1b5dab-d9d62df8-6453e27aaa3533.08353793\" width=\"1072\" /&gt;&lt;/a&gt;&lt;/span&gt;&lt;/p&gt;&lt;p class=\"MsoNormal\"&gt; &lt;/p&gt;&lt;/div&gt;',3,3,3,167,2,1,0,24,0,NULL,'2023-05-04 17:31:01',NULL,0,0,0,0,0,NULL,NULL,NULL,0,4169120,4169120,1,0,0,78,0,'2023-05-04 16:51:01',NULL),(5714,15,'LICENCIAS DE SAP PARA ACUERDO MARCO','2023-05-04 19:36:01','2023-05-15 16:51:39','2023-05-09 15:12:06',NULL,'2023-05-15 16:51:39',692,6,869,2,'&lt;div class=\"WordSection1\"&gt;&lt;p class=\"MsoNormal\"&gt;&lt;span style=\"font-size: 12.0pt;\"&gt;Buenos días,&lt;/span&gt;&lt;/p&gt;&lt;p class=\"MsoNormal\"&gt;&lt;span style=\"font-size: 12.0pt;\"&gt; &lt;/span&gt;&lt;/p&gt;&lt;p class=\"MsoNormal\"&gt;&lt;span style=\"font-size: 12.0pt;\"&gt;Requiero de su ayuda por favor, para que las licencias que tenemos de AMF, que están a nombre de Javier Andres Restrepo y Josue Androney González. No se vayan a bloquear, debido a que las necesitamos en el proceso.&lt;/span&gt;&lt;/p&gt;&lt;p class=\"MsoNormal\"&gt;&lt;span style=\"font-size: 12.0pt;\"&gt; &lt;/span&gt;&lt;/p&gt;&lt;p class=\"MsoNormal\"&gt;&lt;span style=\"font-size: 12.0pt;\"&gt;Es posible asignar una de las licencias a Laura Carolina Duarte que es nuestra auxiliar de compras y facturación en AMF, ella debe tener perfil para hacer compras, pedidos y facturar.&lt;/span&gt;&lt;/p&gt;&lt;p class=\"MsoNormal\"&gt;&lt;span style=\"font-size: 12.0pt;\"&gt; &lt;/span&gt;&lt;/p&gt;&lt;p class=\"MsoNormal\"&gt;&lt;span style=\"font-size: 12.0pt;\"&gt; &lt;/span&gt;&lt;/p&gt;&lt;p class=\"MsoNormal\"&gt;&lt;span style=\"font-size: 12.0pt;\"&gt;Quedo atenta a novedades, &lt;/span&gt;&lt;/p&gt;&lt;p class=\"MsoNormal\"&gt;&lt;span style=\"font-size: 12.0pt;\"&gt; &lt;/span&gt;&lt;/p&gt;&lt;p class=\"MsoNormal\"&gt;&lt;span style=\"font-size: 12.0pt;\"&gt; &lt;/span&gt;&lt;/p&gt;&lt;p class=\"MsoNormal\"&gt;&lt;span style=\"font-size: 12.0pt;\"&gt;Cordialmente,&lt;/span&gt;&lt;/p&gt;&lt;p class=\"MsoNormal\"&gt; &lt;/p&gt;&lt;p class=\"MsoNormal\"&gt; &lt;/p&gt;&lt;div&gt;&lt;div&gt;&lt;div&gt;&lt;div&gt;&lt;div&gt;&lt;p class=\"MsoNormal\"&gt;&lt;span style=\"mso-ligatures: none; mso-fareast-language: ES-CO;\"&gt;&lt;a href=\"http://helpdesk.arintia.com.co/glpi/front/document.send.php?docid=4939&amp;tickets_id=5714\" target=\"_blank\" rel=\"noopener\"&gt;&lt;img src=\"http://helpdesk.arintia.com.co/glpi/front/document.send.php?docid=4939&amp;tickets_id=5714\" alt=\"3d1b5dab-d9d62df8-64540927aa7720.92483484\" width=\"4151\" /&gt;&lt;/a&gt;&lt;/span&gt;&lt;/p&gt;&lt;/div&gt;&lt;/div&gt;&lt;/div&gt;&lt;/div&gt;&lt;/div&gt;&lt;p class=\"MsoNormal\"&gt; &lt;/p&gt;&lt;/div&gt;',3,3,3,167,2,1,23,24,0,'2023-05-11 22:30:00','2023-05-04 20:16:01','2023-05-09 15:12:06',0,0,0,0,0,NULL,NULL,NULL,0,229538,86765,1,0,0,77,0,'2023-05-04 19:36:01',NULL),(5716,21,'Error en DMS','2023-05-04 20:54:01','2023-05-08 16:47:20','2023-05-08 16:47:20',NULL,'2023-05-08 16:47:20',353,6,853,2,'&lt;div class=\"WordSection1\"&gt;&lt;p class=\"MsoNormal\"&gt;Equipo de TI&lt;/p&gt;&lt;p class=\"MsoNormal\"&gt; &lt;/p&gt;&lt;p class=\"MsoNormal\"&gt;Se siguen presentando muchos inconvenientes en la generación de asientos por parte del ERP DMS, no está generando los asientos&lt;/p&gt;&lt;p class=\"MsoNormal\"&gt;Esto hace que el balance de SAP no muestre al realidad del negocio y muchos indicadores se distorsionan.&lt;/p&gt;&lt;p class=\"MsoNormal\"&gt;Midiendo los tiempos de registro en una factura contabilidad debe hacer 2 asientos para mitigar este error; pero se vuelve dispendioso en el proceso.&lt;/p&gt;&lt;p class=\"MsoNormal\"&gt; &lt;/p&gt;&lt;p class=\"MsoNormal\"&gt;Agradezco por favor solucionar este tema&lt;/p&gt;&lt;p class=\"MsoNormal\"&gt; &lt;/p&gt;&lt;p&gt;&lt;a href=\"http://192.168.11.15/glpi/front/document.send.php?docid=4956&amp;tickets_id=5716\" target=\"_blank\" rel=\"noopener\"&gt;&lt;img src=\"http://192.168.11.15/glpi/front/document.send.php?docid=4956&amp;tickets_id=5716\" alt=\"3d1b5dab-d9d62df8-64541b6f098216.32760803\" width=\"1900\" /&gt;&lt;/a&gt;&lt;/p&gt;&lt;p class=\"MsoNormal\"&gt; &lt;/p&gt;&lt;p class=\"MsoNormal\"&gt; &lt;/p&gt;&lt;p class=\"MsoNormal\"&gt; &lt;/p&gt;&lt;p&gt;&lt;a href=\"http://192.168.11.15/glpi/front/document.send.php?docid=4955&amp;tickets_id=5716\" target=\"_blank\" rel=\"noopener\"&gt;&lt;img src=\"http://192.168.11.15/glpi/front/document.send.php?docid=4955&amp;tickets_id=5716\" alt=\"3d1b5dab-d9d62df8-64541b6f08dea5.65552922\" width=\"1919\" /&gt;&lt;/a&gt;&lt;/p&gt;&lt;p class=\"MsoNormal\"&gt; &lt;/p&gt;&lt;p&gt;&lt;a href=\"http://192.168.11.15/glpi/front/document.send.php?docid=4954&amp;tickets_id=5716\" target=\"_blank\" rel=\"noopener\"&gt;&lt;img src=\"http://192.168.11.15/glpi/front/document.send.php?docid=4954&amp;tickets_id=5716\" alt=\"3d1b5dab-d9d62df8-64541b6f082a24.47809155\" width=\"1922\" /&gt;&lt;/a&gt;&lt;/p&gt;&lt;p class=\"MsoNormal\"&gt; &lt;/p&gt;&lt;p class=\"MsoNormal\"&gt; &lt;/p&gt;&lt;p&gt;&lt;a href=\"http://192.168.11.15/glpi/front/document.send.php?docid=4953&amp;tickets_id=5716\" target=\"_blank\" rel=\"noopener\"&gt;&lt;img src=\"http://192.168.11.15/glpi/front/document.send.php?docid=4953&amp;tickets_id=5716\" alt=\"3d1b5dab-d9d62df8-64541b6f0774e5.66727058\" width=\"1894\" /&gt;&lt;/a&gt;&lt;/p&gt;&lt;/div&gt;',3,3,4,162,1,1,29,24,20,'2023-05-05 18:11:21','2023-05-04 21:34:01',NULL,13640,0,0,0,0,NULL,NULL,NULL,13640,39959,39959,1,0,0,47,0,'2023-05-04 20:54:01',NULL),(5717,21,'SEDE BARRANQUILLA -- OT SIN TRASLADO DE STOCK','2023-05-04 21:12:01','2023-05-05 22:22:34','2023-05-05 22:22:34',NULL,'2023-05-05 22:22:34',353,6,828,2,'&lt;p&gt;&lt;a href=\"http://192.168.11.15/glpi/front/document.send.php?docid=4958&amp;tickets_id=5717\" target=\"_blank\" rel=\"noopener\"&gt;&lt;img src=\"http://192.168.11.15/glpi/front/document.send.php?docid=4958&amp;tickets_id=5717\" alt=\"3d1b5dab-d9d62df8-64541fa6d9d4a5.92722830\" width=\"20\" /&gt;&lt;/a&gt;&lt;/p&gt;&lt;div class=\"WordSection1\"&gt;&lt;p class=\"MsoNormal\"&gt;&lt;span style=\"font-size: 13.0pt;\"&gt;Buen día, Jose Alexander&lt;/span&gt;&lt;/p&gt;&lt;p class=\"MsoNormal\"&gt;&lt;span style=\"font-size: 13.0pt;\"&gt; &lt;/span&gt;&lt;/p&gt;&lt;p class=\"MsoNormal\"&gt;&lt;span style=\"font-size: 13.0pt;\"&gt;Según conversación por teams agradezco tu ayuda con validar la siguiente OT debido a que no me descargo las unidades de la bodega de Barranquilla.&lt;/span&gt;&lt;/p&gt;&lt;p class=\"MsoNormal\"&gt;&lt;span style=\"font-size: 13.0pt;\"&gt; &lt;/span&gt;&lt;/p&gt;&lt;p class=\"MsoNormal\"&gt;&lt;span style=\"font-size: 13.0pt;\"&gt;&lt;a href=\"http://192.168.11.15/glpi/front/document.send.php?docid=4960&amp;tickets_id=5717\" target=\"_blank\" rel=\"noopener\"&gt;&lt;img src=\"http://192.168.11.15/glpi/front/document.send.php?docid=4960&amp;tickets_id=5717\" alt=\"3d1b5dab-d9d62df8-64541fa6db6a94.81518192\" width=\"766\" /&gt;&lt;/a&gt;&lt;/span&gt;&lt;/p&gt;&lt;p class=\"MsoNormal\"&gt;&lt;span style=\"font-size: 13.0pt;\"&gt; &lt;/span&gt;&lt;/p&gt;&lt;p class=\"MsoNormal\"&gt;&lt;span lang=\"ES\" style=\"font-size: 13.0pt;\"&gt;Quedo atenta a sus comentarios y/o recomendaciones.&lt;/span&gt;&lt;/p&gt;&lt;p class=\"MsoNormal\"&gt;&lt;span lang=\"ES\" style=\"font-size: 13.0pt;\"&gt; &lt;/span&gt;&lt;/p&gt;&lt;p class=\"MsoNormal\"&gt;&lt;span lang=\"ES\" style=\"font-size: 13.0pt;\"&gt;Cordialmente,&lt;/span&gt;&lt;/p&gt;&lt;p class=\"MsoNormal\"&gt;&lt;span lang=\"ES\" style=\"font-size: 11.0pt;\"&gt; &lt;/span&gt;&lt;/p&gt;&lt;p class=\"MsoNormal\"&gt;&lt;span style=\"font-size: 11.0pt;\"&gt;&lt;a href=\"http://192.168.11.15/glpi/front/document.send.php?docid=4959&amp;tickets_id=5717\" target=\"_blank\" rel=\"noopener\"&gt;&lt;img src=\"http://192.168.11.15/glpi/front/document.send.php?docid=4959&amp;tickets_id=5717\" alt=\"3d1b5dab-d9d62df8-64541fa6da7740.29028456\" width=\"800\" /&gt;&lt;/a&gt;&lt;/span&gt;&lt;/p&gt;&lt;p class=\"MsoNormal\"&gt; &lt;/p&gt;&lt;/div&gt;',3,3,4,162,1,1,29,24,20,'2023-05-05 14:42:01','2023-05-04 21:52:01',NULL,0,0,0,0,0,NULL,NULL,NULL,0,38433,38433,1,0,0,5,0,'2023-05-04 21:12:01',NULL),(5718,21,'RE: INSTALACION PREVALIDADOR DIAN','2023-05-04 22:48:02','2023-05-12 20:53:24','2023-05-12 20:53:24',NULL,'2023-05-12 20:53:24',752,6,835,2,'&lt;div class=\"elementToProof\" style=\"font-family: Calibri, Arial, Helvetica, sans-serif; font-size: 12pt; color: #000000;\"&gt; &lt;/div&gt;&lt;div class=\"elementToProof\"&gt;&lt;div class=\"elementToProof\" style=\"font-family: Calibri, Arial, Helvetica, sans-serif; font-size: 12pt; color: #000000;\"&gt;Buenos dias.&lt;/div&gt;&lt;div class=\"elementToProof\" style=\"font-family: Calibri, Arial, Helvetica, sans-serif; font-size: 12pt; color: #000000;\"&gt; &lt;/div&gt;&lt;div&gt;&lt;div class=\"WordSection1\" style=\"page: WordSection1;\"&gt;&lt;p class=\"MsoAutoSig elementToProof\" style=\"margin: 0cm; font-size: 11pt; font-family: Calibri, sans-serif;\"&gt;Por favor me ayudan con este asunto por favor. &lt;/p&gt;&lt;p class=\"MsoAutoSig elementToProof\" style=\"margin: 0cm; font-size: 11pt; font-family: Calibri, sans-serif;\"&gt;cordial saludo&lt;/p&gt;&lt;/div&gt;&lt;/div&gt;&lt;div id=\"Signature\"&gt; &lt;/div&gt;&lt;/div&gt;&lt;div id=\"appendonsend\"&gt; &lt;/div&gt;&lt;hr style=\"display: inline-block; width: 98%;\" tabindex=\"-1\" /&gt;&lt;div id=\"divRplyFwdMsg\" dir=\"ltr\"&gt;&lt;span style=\"font-size: 11pt; color: #000000; font-family: Calibri, sans-serif;\"&gt;&lt;strong&gt;De:&lt;/strong&gt; Sandra Londoño&lt;br /&gt;&lt;strong&gt;Enviado:&lt;/strong&gt; miércoles, 3 de mayo de 2023 15:24&lt;br /&gt;&lt;strong&gt;Para:&lt;/strong&gt; Catherine Hernández Bedoya catherine.hernandez@arintia.com; Giovanny Alexander Morales Rodriguez giovanny.morales@arintia.com; Luz Enerieth Romero Castellanos gestionhumana2@ecologycolombia.com; Monica Yiceth Cardenas Bejarano monica.cardenas@ecologycolombia.com; Liz Carolina Vergara Diaz liz.vergara@ecologycolombia.com; Carolina Hernandez Sanchez carolina.hernandez@ecologycolombia.com; Nelly Tatyana Cobos Mejia nelly.cobos@ecologycolombia.com; Sandra Londoño sandra.londono@ecologycolombia.com&lt;br /&gt;&lt;strong&gt;Asunto:&lt;/strong&gt; INSTALACION PREVALIDADOR DIAN&lt;/span&gt;&lt;div&gt; &lt;/div&gt;&lt;/div&gt;&lt;div dir=\"ltr\"&gt;&lt;div class=\"x_elementToProof\" style=\"font-family: Calibri,Arial,Helvetica,sans-serif; font-size: 12pt; color: #000000;\"&gt; &lt;/div&gt;&lt;div class=\"x_elementToProof\"&gt;&lt;div class=\"x_elementToProof\" style=\"font-family: Calibri,Arial,Helvetica,sans-serif; font-size: 12pt; color: #000000;\"&gt;Buenas tardes&lt;/div&gt;&lt;div class=\"x_elementToProof\" style=\"font-family: Calibri,Arial,Helvetica,sans-serif; font-size: 12pt; color: #000000;\"&gt;Para el montaje de medios Magneticos necesitamos colocar en los cp de &lt;a id=\"OWAAM639217\" class=\"x_tWKOu x_mention x_ms-bgc-nlr x_ms-fcl-b\" href=\"mailto:gestionhumana2@ecologycolombia.com\" data-loopstyle=\"link\"&gt; @Luz Enerieth Romero Castellanos&lt;/a&gt;, &lt;a id=\"OWAAM267731\" class=\"x_tWKOu x_mention x_ms-bgc-nlr x_ms-fcl-b\" href=\"mailto:monica.cardenas@ecologycolombia.com\" data-loopstyle=\"link\"&gt; @Monica Yiceth Cardenas Bejarano&lt;/a&gt;, &lt;a id=\"OWAAM184837\" class=\"x_tWKOu x_mention x_ms-bgc-nlr x_ms-fcl-b\" href=\"mailto:liz.vergara@ecologycolombia.com\" data-loopstyle=\"link\"&gt; @Liz Carolina Vergara Diaz&lt;/a&gt;, &lt;a id=\"OWAAM15349\" class=\"x_tWKOu x_mention x_ms-bgc-nlr x_ms-fcl-b\" href=\"mailto:carolina.hernandez@ecologycolombia.com\" data-loopstyle=\"link\"&gt; @Carolina Hernandez Sanchez&lt;/a&gt; ,&lt;a id=\"OWAAM860849\" class=\"x_tWKOu x_mention x_ms-bgc-nlr x_ms-fcl-b\" href=\"mailto:nelly.cobos@ecologycolombia.com\" data-loopstyle=\"link\"&gt;@Nelly Tatyana Cobos Mejia&lt;/a&gt;  Y &lt;a id=\"OWAAM133451\" class=\"x_tWKOu x_mention x_ms-bgc-nlr x_ms-fcl-b\" href=\"mailto:sandra.londono@ecologycolombia.com\"&gt; @Sandra Londoño&lt;/a&gt;,  el prevalidador de la DIAN .&lt;/div&gt;&lt;div class=\"x_elementToProof\" style=\"font-family: Calibri,Arial,Helvetica,sans-serif; font-size: 12pt; color: #000000;\"&gt; &lt;/div&gt;&lt;div class=\"x_elementToProof\" style=\"font-family: Calibri,Arial,Helvetica,sans-serif; font-size: 12pt; color: #000000;\"&gt;Adjunto el archivo para la instalaciòn.&lt;/div&gt;&lt;div class=\"x_elementToProof\" style=\"font-family: Calibri,Arial,Helvetica,sans-serif; font-size: 12pt; color: #000000;\"&gt; &lt;/div&gt;&lt;div class=\"x_elementToProof\" style=\"font-family: Calibri,Arial,Helvetica,sans-serif; font-size: 12pt; color: #000000;\"&gt;Quedamos atentos al proceos&lt;/div&gt;&lt;div id=\"x_Signature\"&gt;&lt;div&gt;&lt;div class=\"x_WordSection1\"&gt;&lt;p class=\"x_MsoAutoSig\" style=\"margin: 0cm; font-size: 11pt; font-family: Calibri,sans-serif;\"&gt; &lt;/p&gt;&lt;p&gt;&lt;a href=\"http://192.168.11.15/glpi/front/document.send.php?docid=4962&amp;tickets_id=5718\" target=\"_blank\" rel=\"noopener\"&gt;&lt;img src=\"http://192.168.11.15/glpi/front/document.send.php?docid=4962&amp;tickets_id=5718\" alt=\"3d1b5dab-d9d62df8-6454369172ded8.84215461\" width=\"600\" /&gt;&lt;/a&gt;&lt;/p&gt;&lt;p class=\"x_MsoAutoSig\" style=\"margin: 0cm; font-size: 11pt; font-family: Calibri,sans-serif;\"&gt; &lt;/p&gt;&lt;/div&gt;&lt;/div&gt;&lt;/div&gt;&lt;/div&gt;&lt;/div&gt;',3,3,3,179,2,1,23,24,0,'2023-05-18 22:30:00','2023-05-05 13:40:00',NULL,604151,0,0,0,0,NULL,NULL,NULL,170351,29053,29053,1,0,0,66,0,'2023-05-04 22:48:02',NULL),(5719,17,'falla de conexion plotter','2023-05-04 23:03:02','2023-05-05 15:17:58','2023-05-05 15:17:58',NULL,'2023-05-05 15:17:58',752,6,1009,2,'&lt;div class=\"elementToProof\" style=\"font-family: Calibri, Arial, Helvetica, sans-serif; font-size: 12pt; color: #000000;\"&gt;Buenas tardes.&lt;/div&gt;&lt;div class=\"elementToProof\" style=\"font-family: Calibri, Arial, Helvetica, sans-serif; font-size: 12pt; color: #000000;\"&gt; &lt;/div&gt;&lt;div class=\"elementToProof\" style=\"font-family: Calibri, Arial, Helvetica, sans-serif; font-size: 12pt; color: #000000;\"&gt;Cordialmente solicito su ayuda revisando la conexion del plotter con la red de la empresa ya que no esta dejando imprimir por falla de comunicacion en la red.&lt;/div&gt;&lt;div class=\"elementToProof\" style=\"font-family: Calibri, Arial, Helvetica, sans-serif; font-size: 12pt; color: #000000;\"&gt; &lt;/div&gt;&lt;div class=\"elementToProof\" style=\"font-family: Calibri, Arial, Helvetica, sans-serif; font-size: 12pt; color: #000000;\"&gt;cordialmente. &lt;/div&gt;&lt;div class=\"elementToProof\"&gt;&lt;div style=\"font-family: Calibri, Arial, Helvetica, sans-serif; font-size: 12pt; color: #000000;\"&gt; &lt;/div&gt;&lt;div id=\"Signature\"&gt;&lt;div&gt;&lt;div&gt; &lt;/div&gt;&lt;div style=\"font-family: Calibri, Arial, Helvetica, sans-serif; font-size: 12pt; color: #000000;\"&gt;&lt;p&gt;&lt;a href=\"http://201.184.64.10/glpi/front/document.send.php?docid=4963&amp;tickets_id=5719\" target=\"_blank\" rel=\"noopener\"&gt;&lt;img src=\"http://201.184.64.10/glpi/front/document.send.php?docid=4963&amp;tickets_id=5719\" alt=\"3d1b5dab-d9d62df8-645439aeb57dd1.58399695\" width=\"1334\" /&gt;&lt;/a&gt;&lt;/p&gt;&lt;/div&gt;&lt;/div&gt;&lt;/div&gt;&lt;/div&gt;',3,3,3,130,1,1,31,24,22,'2023-05-05 18:00:00','2023-05-05 13:40:00',NULL,0,0,0,0,0,NULL,NULL,NULL,0,8278,8278,1,0,0,101,0,'2023-05-04 23:03:02',NULL),(5720,21,'PAZ Y SALVOS JAZMIN VARGAS','2023-05-05 13:09:01',NULL,NULL,NULL,'2023-05-05 15:00:07',752,2,329,2,'&lt;div class=\"WordSection1\"&gt;&lt;p class=\"MsoNormal\"&gt;Buen día a todos&lt;/p&gt;&lt;p class=\"MsoNormal\"&gt; &lt;/p&gt;&lt;p class=\"MsoNormal\"&gt;&lt;span style=\"mso-fareast-language: ES-CO;\"&gt;Podrian ayudarme co la confirmacion de paz y salvo de JAZMIN VARGAS, COORDINADORA DE GESTION HUMANA CC &lt;/span&gt;&lt;span style=\"color: #444444; background: white;\"&gt;1015395412.&lt;/span&gt;&lt;/p&gt;&lt;p class=\"MsoNormal\"&gt;&lt;span style=\"mso-fareast-language: ES-CO;\"&gt; &lt;/span&gt;&lt;/p&gt;&lt;p class=\"MsoNormal\"&gt;&lt;span style=\"mso-fareast-language: ES-CO;\"&gt; &lt;/span&gt;&lt;/p&gt;&lt;p class=\"MsoNormal\"&gt;&lt;span style=\"mso-fareast-language: ES-CO;\"&gt;Quedo atenta,&lt;/span&gt;&lt;/p&gt;&lt;p class=\"MsoNormal\"&gt;&lt;span style=\"mso-fareast-language: ES-CO;\"&gt; &lt;/span&gt;&lt;/p&gt;&lt;p class=\"MsoNormal\"&gt;&lt;span style=\"mso-fareast-language: ES-CO;\"&gt; &lt;/span&gt;&lt;/p&gt;&lt;p class=\"MsoNormal\"&gt;&lt;span style=\"mso-fareast-language: ES-CO;\"&gt; &lt;/span&gt;&lt;/p&gt;&lt;p class=\"MsoNormal\"&gt;&lt;span style=\"mso-fareast-language: ES-CO;\"&gt;&lt;a href=\"http://192.168.11.15/glpi/front/document.send.php?docid=4912&amp;tickets_id=5720\" target=\"_blank\" rel=\"noopener\"&gt;&lt;img src=\"http://192.168.11.15/glpi/front/document.send.php?docid=4912&amp;tickets_id=5720\" alt=\"3d1b5dab-d9d62df8-645190575e53d1.13796832\" width=\"589\" /&gt;&lt;/a&gt;&lt;/span&gt;&lt;/p&gt;&lt;p class=\"MsoNormal\"&gt; &lt;/p&gt;&lt;/div&gt;',3,3,3,128,2,1,23,24,0,'2023-05-12 22:30:00','2023-05-05 13:49:01',NULL,0,0,0,0,0,NULL,NULL,NULL,0,0,0,1,0,1,5,0,'2023-05-05 13:09:01',NULL),(5721,20,'CAMBIO DE CLAVE','2023-05-05 13:18:01','2023-05-15 16:51:39','2023-05-05 13:54:05',NULL,'2023-05-15 16:51:39',692,6,795,2,'&lt;div class=\"elementToProof\" style=\"font-family: Calibri, Arial, Helvetica, sans-serif; font-size: 12pt; color: #000000;\"&gt;Buenos días Caterine, espero se encuentre muy bien.&lt;/div&gt;&lt;div class=\"elementToProof\" style=\"font-family: Calibri, Arial, Helvetica, sans-serif; font-size: 12pt; color: #000000;\"&gt; &lt;/div&gt;&lt;div class=\"elementToProof\" style=\"font-family: Calibri, Arial, Helvetica, sans-serif; font-size: 12pt; color: #000000;\"&gt;Requiero de su colaboración en hacer cambio de clave de los siguientes usuarios:&lt;/div&gt;&lt;div class=\"elementToProof\" style=\"font-family: Calibri, Arial, Helvetica, sans-serif; font-size: 12pt; color: #000000;\"&gt; &lt;/div&gt;&lt;div class=\"elementToProof\" style=\"font-family: Calibri, Arial, Helvetica, sans-serif; font-size: 12pt; color: #000000;\"&gt;&lt;ul data-editing-info=\"{\"&gt;&lt;li style=\"list-style-type: disc;\"&gt;ventas@beglubricantes.com&lt;/li&gt;&lt;li style=\"list-style-type: disc;\"&gt;mayoristas@beglubricantes.com  &lt;/li&gt;&lt;/ul&gt;&lt;/div&gt;&lt;div class=\"elementToProof\"&gt;&lt;div style=\"font-family: Calibri, Arial, Helvetica, sans-serif; font-size: 12pt; color: #000000;\"&gt;Pues el día de hoy no pude ingresar a ningún usuario.&lt;/div&gt;&lt;div style=\"font-family: Calibri, Arial, Helvetica, sans-serif; font-size: 12pt; color: #000000;\"&gt; &lt;/div&gt;&lt;div style=\"font-family: Calibri, Arial, Helvetica, sans-serif; font-size: 12pt; color: #000000;\"&gt;Muchas gracias.&lt;/div&gt;&lt;div style=\"font-family: Calibri, Arial, Helvetica, sans-serif; font-size: 12pt; color: #000000;\"&gt; &lt;/div&gt;&lt;div style=\"font-family: Calibri, Arial, Helvetica, sans-serif; font-size: 12pt; color: #000000;\"&gt;cordialmente.&lt;/div&gt;&lt;div id=\"Signature\"&gt;&lt;div&gt;&lt;div style=\"font-family: Calibri, Arial, Helvetica, sans-serif; font-size: 12pt; color: #000000; background-color: #ffffff;\"&gt; &lt;/div&gt;&lt;div style=\"font-family: Calibri, Arial, Helvetica, sans-serif; font-size: 12pt; color: #000000;\"&gt;&lt;strong&gt;JOSE FREY RINCON &lt;/strong&gt;&lt;/div&gt;&lt;div style=\"font-family: Calibri, Arial, Helvetica, sans-serif; font-size: 12pt; color: #000000;\"&gt;Gerente de Distribuidores&lt;/div&gt;&lt;div style=\"font-family: Calibri, Arial, Helvetica, sans-serif; font-size: 12pt; color: #000000;\"&gt;CARIA GROUP CO  LUBRICANTES BEG&lt;/div&gt;&lt;div style=\"font-family: Calibri, Arial, Helvetica, sans-serif; font-size: 12pt; color: #000000;\"&gt;Celular 3102177483&lt;/div&gt;&lt;div style=\"font-family: Calibri, Arial, Helvetica, sans-serif; font-size: 12pt; color: #000000;\"&gt; &lt;/div&gt;&lt;div style=\"font-family: Calibri, Arial, Helvetica, sans-serif; font-size: 12pt; color: #000000;\"&gt; &lt;/div&gt;&lt;/div&gt;&lt;/div&gt;&lt;/div&gt;',3,3,3,1,2,1,23,24,0,'2023-05-12 22:30:00','2023-05-05 13:58:01','2023-05-05 13:54:05',0,0,0,0,0,NULL,NULL,NULL,0,218018,2164,1,0,0,71,0,'2023-05-05 13:18:01',NULL),(5722,21,'AJUSTES WEB PRONTOWASH','2023-05-05 14:27:01','2023-05-15 16:51:39','2023-05-10 12:51:25',NULL,'2023-05-15 16:51:39',692,6,133,2,'&lt;div class=\"WordSection1\"&gt;&lt;p class=\"MsoNormal\"&gt;Buenas tardes,&lt;/p&gt;&lt;p class=\"MsoNormal\"&gt; &lt;/p&gt;&lt;p class=\"MsoNormal\"&gt;Adjunto la ppt con los ajustes y todas las piezas que requieren reemplazar en JPG  y archivos editables.&lt;/p&gt;&lt;p class=\"MsoNormal\"&gt;Quedo atenta a su respuesta y programación de este proyecto.&lt;/p&gt;&lt;p class=\"MsoNormal\"&gt; &lt;/p&gt;&lt;p class=\"MsoNormal\"&gt; &lt;/p&gt;&lt;p class=\"MsoNormal\"&gt;&lt;span style=\"font-size: 12.0pt; color: black;\"&gt;&lt;a href=\"https://ecologycol-my.sharepoint.com/:i:/g/personal/valentina_lara_ecologycolombia_com/EWKONO9X3mpHlZUgyU-JfpIBSq_ZJg_nOG6PG2Sb2UI_Nw\"&gt;&lt;span class=\"MsoSmartlink\"&gt;&lt;span style=\"mso-ligatures: none;\"&gt;&lt;img id=\"_x0000_i1033\" style=\"width: .1666in; height: .1666in;\" src=\"https://res-h3.public.cdn.office.net/assets/mail/file-icon/png/photo_16x16.png\" alt=\"image\" width=\"16\" height=\"16\" border=\"0\" /&gt;&lt;/span&gt;&lt;/span&gt;&lt;span class=\"MsoSmartlink\"&gt;TRABAJA 2.jpg&lt;/span&gt;&lt;/a&gt;&lt;/span&gt;&lt;/p&gt;&lt;p class=\"MsoNormal\"&gt;&lt;span style=\"font-size: 12.0pt; color: black;\"&gt;&lt;a href=\"https://ecologycol-my.sharepoint.com/:i:/g/personal/valentina_lara_ecologycolombia_com/EeXZ72MEeS5PhaPdRwXyWrQB8lKVqNzKYXSDpxAMIFF7Dw\"&gt;&lt;span class=\"MsoSmartlink\"&gt;&lt;span style=\"mso-ligatures: none;\"&gt;&lt;img id=\"_x0000_i1032\" style=\"width: .1666in; height: .1666in;\" src=\"https://res-h3.public.cdn.office.net/assets/mail/file-icon/png/photo_16x16.png\" alt=\"image\" width=\"16\" height=\"16\" border=\"0\" /&gt;&lt;/span&gt;&lt;/span&gt;&lt;span class=\"MsoSmartlink\"&gt;FRANQUICIAS.jpg&lt;/span&gt;&lt;/a&gt;&lt;/span&gt;&lt;/p&gt;&lt;p class=\"MsoNormal\"&gt;&lt;span style=\"font-size: 12.0pt; color: black;\"&gt;&lt;a href=\"https://ecologycol-my.sharepoint.com/:i:/g/personal/valentina_lara_ecologycolombia_com/EZlGIX-xCKdIsfkjifVvi9QByJQWPuGSal2UjqO28HZVrQ\"&gt;&lt;span class=\"MsoSmartlink\"&gt;&lt;span style=\"mso-ligatures: none;\"&gt;&lt;img id=\"_x0000_i1031\" style=\"width: .1666in; height: .1666in;\" src=\"https://res-h3.public.cdn.office.net/assets/mail/file-icon/png/photo_16x16.png\" alt=\"image\" width=\"16\" height=\"16\" border=\"0\" /&gt;&lt;/span&gt;&lt;/span&gt;&lt;span class=\"MsoSmartlink\"&gt;INSTITUCIONAL.jpg&lt;/span&gt;&lt;/a&gt;&lt;/span&gt;&lt;/p&gt;&lt;p class=\"MsoNormal\"&gt;&lt;span style=\"font-size: 12.0pt; color: black;\"&gt;&lt;a href=\"https://ecologycol-my.sharepoint.com/:i:/g/personal/valentina_lara_ecologycolombia_com/EWKOKh4TODJNihRUKUG_DWMB-saXKcKCdYvcamXH5WD2yA\"&gt;&lt;span class=\"MsoSmartlink\"&gt;&lt;span style=\"mso-ligatures: none;\"&gt;&lt;img id=\"_x0000_i1030\" style=\"width: .1666in; height: .1666in;\" src=\"https://res-h3.public.cdn.office.net/assets/mail/file-icon/png/photo_16x16.png\" alt=\"image\" width=\"16\" height=\"16\" border=\"0\" /&gt;&lt;/span&gt;&lt;/span&gt;&lt;span class=\"MsoSmartlink\"&gt;NUESTROS SERVICIOS.jpg&lt;/span&gt;&lt;/a&gt;&lt;/span&gt;&lt;/p&gt;&lt;p class=\"MsoNormal\"&gt;&lt;span style=\"font-size: 12.0pt; color: black;\"&gt;&lt;a href=\"https://ecologycol-my.sharepoint.com/:i:/g/personal/valentina_lara_ecologycolombia_com/EcbByNdLB39CigICNJ_IV9oBgBnlIj815ifb0ybdvUtuDA\"&gt;&lt;span class=\"MsoSmartlink\"&gt;&lt;span style=\"mso-ligatures: none;\"&gt;&lt;img id=\"_x0000_i1029\" style=\"width: .1666in; height: .1666in;\" src=\"https://res-h3.public.cdn.office.net/assets/mail/file-icon/png/photo_16x16.png\" alt=\"image\" width=\"16\" height=\"16\" border=\"0\" /&gt;&lt;/span&gt;&lt;/span&gt;&lt;span class=\"MsoSmartlink\"&gt;TRABAJA.jpg&lt;/span&gt;&lt;/a&gt;&lt;/span&gt;&lt;/p&gt;&lt;p class=\"MsoNormal\"&gt;&lt;span style=\"font-size: 12.0pt; color: black;\"&gt;&lt;a href=\"https://ecologycol-my.sharepoint.com/:i:/g/personal/valentina_lara_ecologycolombia_com/ETLla7jH9u9PoLBA3pbnIZwBl-fWZwf6sZld6UqfbUJYLg\"&gt;&lt;span class=\"MsoSmartlink\"&gt;&lt;span style=\"mso-ligatures: none;\"&gt;&lt;img id=\"_x0000_i1028\" style=\"width: .1666in; height: .1666in;\" src=\"https://res-h3.public.cdn.office.net/assets/mail/file-icon/png/photo_16x16.png\" alt=\"image\" width=\"16\" height=\"16\" border=\"0\" /&gt;&lt;/span&gt;&lt;/span&gt;&lt;span class=\"MsoSmartlink\"&gt;HOME 1.jpg&lt;/span&gt;&lt;/a&gt;&lt;/span&gt;&lt;/p&gt;&lt;p class=\"MsoNormal\"&gt;&lt;span style=\"font-size: 12.0pt; color: black;\"&gt;&lt;a href=\"https://ecologycol-my.sharepoint.com/:i:/g/personal/valentina_lara_ecologycolombia_com/EXG6Z7Yc57NEiUSgnfEhqQUBUrsb1F9iHNV7WMZMqYOymQ\"&gt;&lt;span class=\"MsoSmartlink\"&gt;&lt;span style=\"mso-ligatures: none;\"&gt;&lt;img id=\"_x0000_i1027\" style=\"width: .1666in; height: .1666in;\" src=\"https://res-h3.public.cdn.office.net/assets/mail/file-icon/png/photo_16x16.png\" alt=\"image\" width=\"16\" height=\"16\" border=\"0\" /&gt;&lt;/span&gt;&lt;/span&gt;&lt;span class=\"MsoSmartlink\"&gt;HOME 2.jpg&lt;/span&gt;&lt;/a&gt;&lt;/span&gt;&lt;/p&gt;&lt;p class=\"MsoNormal\"&gt;&lt;span style=\"font-size: 12.0pt; color: black;\"&gt;&lt;a href=\"https://ecologycol-my.sharepoint.com/:u:/g/personal/valentina_lara_ecologycolombia_com/EWABvC2F505Ptsz5dZnbgP0B08XkB2X6z4LNwqt3-LWUcw\"&gt;&lt;span class=\"MsoSmartlink\"&gt;&lt;span style=\"mso-ligatures: none;\"&gt;&lt;img id=\"_x0000_i1026\" style=\"width: .1666in; height: .1666in;\" src=\"https://res-h3.public.cdn.office.net/assets/mail/file-icon/png/vector_16x16.png\" alt=\"image\" width=\"16\" height=\"16\" border=\"0\" /&gt;&lt;/span&gt;&lt;/span&gt;&lt;span class=\"MsoSmartlink\"&gt;BANNERS_PAGINA_WEB_PW.ai&lt;/span&gt;&lt;/a&gt;&lt;/span&gt;&lt;/p&gt;&lt;p class=\"MsoNormal\"&gt; &lt;/p&gt;&lt;p class=\"MsoNormal\"&gt;&lt;span style=\"mso-ligatures: none; mso-fareast-language: ES-CO;\"&gt;Cordialmente, &lt;/span&gt;&lt;/p&gt;&lt;p class=\"MsoNormal\"&gt;&lt;span style=\"mso-ligatures: none; mso-fareast-language: ES-CO;\"&gt; &lt;/span&gt;&lt;/p&gt;&lt;p class=\"MsoNormal\"&gt;&lt;span style=\"mso-ligatures: none; mso-fareast-language: ES-CO;\"&gt; &lt;/span&gt;&lt;/p&gt;&lt;p class=\"MsoNormal\"&gt;&lt;span style=\"font-size: 12.0pt; color: black; mso-ligatures: none; mso-fareast-language: ES-CO;\"&gt;&lt;a href=\"http://192.168.11.15/glpi/front/document.send.php?docid=4964&amp;tickets_id=5722\" target=\"_blank\" rel=\"noopener\"&gt;&lt;img src=\"http://192.168.11.15/glpi/front/document.send.php?docid=4964&amp;tickets_id=5722\" alt=\"3d1b5dab-d9d62df8-6455124169f995.19776100\" width=\"1280\" /&gt;&lt;/a&gt;&lt;/span&gt;&lt;/p&gt;&lt;p class=\"MsoNormal\"&gt; &lt;/p&gt;&lt;/div&gt;&lt;p&gt;Archivo adjunto demasiado grande: ajustes-pagina-web-prontowash.pptm (9.62 MB)&lt;/p&gt;',3,3,3,18,2,1,23,24,0,'2023-05-15 22:30:00','2023-05-05 15:07:01','2023-05-10 12:51:25',88102,0,0,0,0,NULL,NULL,NULL,34200,179678,63179,1,0,0,90,0,'2023-05-05 14:27:01',NULL),(5723,21,'Hbailitacion YOUTUBE','2023-05-05 15:21:01','2023-05-11 14:06:48','2023-05-11 14:06:48',NULL,'2023-05-11 14:06:48',368,6,853,2,'&lt;div class=\"WordSection1\"&gt;&lt;p class=\"MsoNormal\"&gt;Buen día Equipo TI&lt;/p&gt;&lt;p class=\"MsoNormal\"&gt; &lt;/p&gt;&lt;p class=\"MsoNormal\"&gt;Por medio de la presente solicito la habilitación de esta aplicación la cual influye mucho en m¿el día a día del área financiera&lt;/p&gt;&lt;p class=\"MsoNormal\"&gt; &lt;/p&gt;&lt;p class=\"MsoNormal\"&gt;Para investigar y obtener material de estudio o algún soporte; es una herramienta importante para la oficina&lt;/p&gt;&lt;p class=\"MsoNormal\"&gt; &lt;/p&gt;&lt;p class=\"MsoNormal\"&gt;AGRADEZCO por favor la habilitación&lt;/p&gt;&lt;p class=\"MsoNormal\"&gt; &lt;/p&gt;&lt;p class=\"MsoNormal\"&gt;Gracias&lt;/p&gt;&lt;p class=\"MsoNormal\"&gt; &lt;/p&gt;&lt;/div&gt;',3,3,3,87,2,1,23,24,0,'2023-05-12 22:30:00','2023-05-05 16:01:01',NULL,0,0,0,0,0,NULL,NULL,NULL,0,132347,132347,1,0,0,47,0,'2023-05-05 15:21:01',NULL),(5724,21,'BACKUP DE LA CAMARA 13 DE LA SEDE MEDELLIN DEL 03 DE ABRIL','2023-05-05 15:24:01','2023-05-05 16:12:32','2023-05-05 16:12:32',NULL,'2023-05-05 16:12:32',295,6,536,2,'&lt;div class=\"WordSection1\"&gt;&lt;p class=\"MsoNormal\"&gt;Buenos días, para solicitar un backup de la cámara # 13 de la sede de medellin itagui, de las horas 7 a 12 am del día 03 d e abril 2023.&lt;/p&gt;&lt;p class=\"MsoNormal\"&gt; &lt;/p&gt;&lt;p class=\"MsoNormal\"&gt; &lt;/p&gt;&lt;p class=\"MsoNormal\"&gt;Quedoi atenta&lt;/p&gt;&lt;p class=\"MsoNormal\"&gt; &lt;/p&gt;&lt;p class=\"MsoNormal\"&gt;&lt;span style=\"mso-fareast-language: ES-CO;\"&gt;&lt;a href=\"http://192.168.11.15/glpi/front/document.send.php?docid=4976&amp;tickets_id=5724\" target=\"_blank\" rel=\"noopener\"&gt;&lt;img src=\"http://192.168.11.15/glpi/front/document.send.php?docid=4976&amp;tickets_id=5724\" alt=\"3d1b5dab-d9d62df8-64551f9798e352.50307666\" width=\"640\" /&gt;&lt;/a&gt;&lt;/span&gt;&lt;/p&gt;&lt;p class=\"MsoNormal\"&gt; &lt;/p&gt;&lt;/div&gt;',3,3,3,118,2,1,23,24,0,'2023-05-12 22:30:00','2023-05-05 16:04:01',NULL,0,0,0,0,0,NULL,NULL,NULL,0,2911,2911,1,0,0,47,0,'2023-05-05 15:24:01',NULL),(5725,21,'AYUDA CREACION DE SUMINISTRO','2023-05-05 15:27:01','2023-05-05 21:14:37','2023-05-05 21:14:37',NULL,'2023-05-05 21:14:37',353,6,898,2,'&lt;div class=\"WordSection1\"&gt;&lt;p class=\"MsoNormal\"&gt;Buenos dias&lt;/p&gt;&lt;p class=\"MsoNormal\"&gt;¿Alexander estoy creando esta referencia como suministro que solo sea de compra y me sale este mensaje no me deja crear, en que estoy cometiendo el error?&lt;/p&gt;&lt;p class=\"MsoNormal\"&gt;Agradezco como siempre su ayuda&lt;/p&gt;&lt;p class=\"MsoNormal\"&gt; &lt;/p&gt;&lt;p class=\"MsoNormal\"&gt; &lt;/p&gt;&lt;p class=\"MsoNormal\"&gt; &lt;/p&gt;&lt;p class=\"MsoNormal\"&gt; &lt;/p&gt;&lt;p&gt;&lt;a href=\"http://192.168.11.15/glpi/front/document.send.php?docid=4977&amp;tickets_id=5725\" target=\"_blank\" rel=\"noopener\"&gt;&lt;img src=\"http://192.168.11.15/glpi/front/document.send.php?docid=4977&amp;tickets_id=5725\" alt=\"3d1b5dab-d9d62df8-6455204bb13ee9.44593903\" width=\"1366\" /&gt;&lt;/a&gt;&lt;/p&gt;&lt;p class=\"MsoNormal\"&gt;&lt;span style=\"mso-ligatures: none; mso-fareast-language: ES-CO;\"&gt; &lt;/span&gt;&lt;/p&gt;&lt;p class=\"MsoNormal\"&gt;&lt;span style=\"mso-ligatures: none; mso-fareast-language: ES-CO;\"&gt; &lt;/span&gt;&lt;/p&gt;&lt;p class=\"MsoNormal\"&gt;&lt;span style=\"mso-ligatures: none; mso-fareast-language: ES-CO;\"&gt; &lt;/span&gt;&lt;/p&gt;&lt;p class=\"MsoNormal\"&gt;&lt;span style=\"mso-fareast-language: ES-CO;\"&gt;&lt;a href=\"http://192.168.11.15/glpi/front/document.send.php?docid=4978&amp;tickets_id=5725\" target=\"_blank\" rel=\"noopener\"&gt;&lt;img src=\"http://192.168.11.15/glpi/front/document.send.php?docid=4978&amp;tickets_id=5725\" alt=\"3d1b5dab-d9d62df8-6455204bb26655.88662503\" width=\"1280\" /&gt;&lt;/a&gt;&lt;/span&gt;&lt;/p&gt;&lt;p class=\"MsoNormal\"&gt; &lt;/p&gt;&lt;/div&gt;',3,3,4,167,1,1,29,24,20,'2023-05-05 18:27:01','2023-05-05 16:07:01',NULL,0,0,0,0,0,NULL,NULL,NULL,0,20856,20856,1,0,0,41,0,'2023-05-05 15:27:01',NULL),(5726,15,'Factura configurar cuenta','2023-05-05 15:33:01','2023-05-15 16:51:39','2023-05-09 21:20:03',NULL,'2023-05-15 16:51:39',692,6,942,2,'&lt;div class=\"WordSection1\"&gt;&lt;p class=\"MsoNormal\"&gt;Buenos días, por favor revisar este tema con la factura ENV1513433, falta cuenta por configurar, muchas gracias.&lt;/p&gt;&lt;p class=\"MsoNormal\"&gt; &lt;/p&gt;&lt;p class=\"MsoNormal\"&gt;Cordial saludo.&lt;/p&gt;&lt;p class=\"MsoNormal\"&gt; &lt;/p&gt;&lt;p class=\"MsoNormal\"&gt;&lt;span style=\"mso-fareast-language: ES-CO;\"&gt;&lt;a href=\"http://192.168.11.15/glpi/front/document.send.php?docid=4979&amp;tickets_id=5726\" target=\"_blank\" rel=\"noopener\"&gt;&lt;img src=\"http://192.168.11.15/glpi/front/document.send.php?docid=4979&amp;tickets_id=5726\" alt=\"3d1b5dab-d9d62df8-645521b40ec1e4.04027169\" width=\"7254\" /&gt;&lt;/a&gt;&lt;/span&gt;&lt;/p&gt;&lt;p class=\"MsoNormal\"&gt; &lt;/p&gt;&lt;/div&gt;',3,3,4,167,1,1,29,24,20,'2023-05-05 18:33:01','2023-05-05 16:13:01','2023-05-09 21:20:03',0,0,0,0,0,NULL,NULL,NULL,0,209918,89222,1,0,0,38,0,'2023-05-05 15:33:01',NULL),(5727,15,'Problemas en la creación de notas crédito.','2023-05-05 16:36:01','2023-05-15 16:51:39','2023-05-05 17:47:29',NULL,'2023-05-15 16:51:39',692,6,989,2,'&lt;div class=\"WordSection1\"&gt;&lt;p class=\"MsoNormal\"&gt;Buen dia.&lt;/p&gt;&lt;p class=\"MsoNormal\"&gt; &lt;/p&gt;&lt;p class=\"MsoNormal\"&gt;El presente correo es para informar sobre los inconvenientes que he tenido para la creación de notas de crédito, los cuales ya fueron atendidos por la señorita &lt;a id=\"OWAAM0585F08C6E204F4997B24D52E17A1C58\" href=\"mailto:lady.rojas@arintia.com\"&gt; @Viviana Rojas Gonzalez&lt;/a&gt;.&lt;/p&gt;&lt;p class=\"MsoNormal\"&gt; &lt;/p&gt;&lt;p class=\"MsoNormal\"&gt;Quedo atento a comentarios.&lt;/p&gt;&lt;p class=\"MsoNormal\"&gt; &lt;/p&gt;&lt;p class=\"MsoNormal\"&gt;Sls.&lt;/p&gt;&lt;/div&gt;',3,3,3,167,2,1,23,24,0,'2023-05-12 22:30:00','2023-05-05 17:16:01','2023-05-05 17:47:29',0,0,0,0,0,NULL,NULL,NULL,0,206138,4288,1,0,0,38,0,'2023-05-05 16:36:01',NULL),(5728,20,'Gestión de Ti','2023-05-05 17:21:02','2023-05-15 16:51:39','2023-05-05 19:27:29',NULL,'2023-05-15 16:51:39',692,6,716,2,'&lt;div class=\"elementToProof\" style=\"font-family: Calibri, Arial, Helvetica, sans-serif; font-size: 12pt; color: #000000;\"&gt;&lt;span style=\"font-family: Calibri, sans-serif; font-size: 11pt; color: #242424;\"&gt;Cordial saludo,&lt;/span&gt;&lt;/div&gt;&lt;div class=\"elementToProof\"&gt;&lt;div id=\"Signature\"&gt;&lt;div style=\"font-size: 15px; margin: 0px; text-align: start; color: #242424; background-color: #ffffff;\"&gt;&lt;p style=\"font-size: 11pt; font-family: Calibri, sans-serif; margin: 0px; background-color: white;\"&gt; &lt;/p&gt;&lt;p style=\"font-size: 11pt; font-family: Calibri, sans-serif; margin: 0px; background-color: white;\"&gt;Mediante la presente se agradece gestión atendida, por configuración de correo, (correo no deseado de Claudia Monrroy).&lt;/p&gt;&lt;p style=\"font-size: 11pt; font-family: Calibri, sans-serif; margin: 0px; background-color: white;\"&gt; &lt;/p&gt;&lt;p style=\"font-size: 11pt; font-family: Calibri, sans-serif; margin: 0px; background-color: white;\"&gt; &lt;/p&gt;&lt;p style=\"font-size: 11pt; font-family: Calibri, sans-serif; margin: 0px; background-color: white;\"&gt;Cordialmente,&lt;/p&gt;&lt;p style=\"font-size: 11pt; font-family: Calibri, sans-serif; margin: 0px; background-color: white;\"&gt; &lt;/p&gt;&lt;p class=\"ContentPasted0\" style=\"font-size: 11pt; font-family: Calibri, sans-serif; margin: 0px; background-color: white;\"&gt; &lt;/p&gt;&lt;/div&gt;&lt;p&gt;&lt;a href=\"http://192.168.11.15/glpi/front/document.send.php?docid=4982&amp;tickets_id=5728\" target=\"_blank\" rel=\"noopener\"&gt;&lt;img src=\"http://192.168.11.15/glpi/front/document.send.php?docid=4982&amp;tickets_id=5728\" alt=\"3d1b5dab-d9d62df8-64553b03eb3504.90972980\" width=\"1226\" /&gt;&lt;/a&gt;&lt;/p&gt;&lt;div style=\"font-size: 15px; margin: 0px; text-align: start; color: #242424; background-color: #ffffff;\"&gt;&lt;p style=\"font-size: 11pt; font-family: Calibri, sans-serif; margin: 0px; background-color: white;\"&gt; &lt;/p&gt;&lt;/div&gt;&lt;/div&gt;&lt;/div&gt;',3,3,3,1,2,1,23,24,0,'2023-05-12 22:30:00','2023-05-05 18:01:02','2023-05-05 19:27:29',0,0,0,0,0,NULL,NULL,NULL,0,203437,7587,1,0,0,48,0,'2023-05-05 17:21:02',NULL),(5729,15,'DIRECCIONAMIENTO DE CORREO ELECTRÓNICO','2023-05-05 17:27:02','2023-05-15 16:51:39','2023-05-05 19:42:15',NULL,'2023-05-15 16:51:39',692,6,869,2,'&lt;div class=\"WordSection1\"&gt;&lt;p class=\"MsoNormal\"&gt;&lt;span style=\"font-size: 12.0pt;\"&gt;Buenos días, &lt;/span&gt;&lt;/p&gt;&lt;p class=\"MsoNormal\"&gt;&lt;span style=\"font-size: 12.0pt;\"&gt; &lt;/span&gt;&lt;/p&gt;&lt;p class=\"MsoNormal\"&gt;&lt;span style=\"font-size: 12.0pt;\"&gt; &lt;/span&gt;&lt;/p&gt;&lt;p class=\"MsoNormal\"&gt;&lt;span style=\"font-size: 12.0pt;\"&gt;Requiero de su ayuda, para que por favor los correos que lleguen al buzón de Josue Androney Gonzalez se direccionen al correo de Laura Carolina Durarte.&lt;/span&gt;&lt;/p&gt;&lt;p class=\"MsoNormal\"&gt;&lt;span style=\"font-size: 12.0pt;\"&gt; &lt;/span&gt;&lt;/p&gt;&lt;p class=\"MsoNormal\"&gt;&lt;span style=\"font-size: 12.0pt;\"&gt; &lt;/span&gt;&lt;/p&gt;&lt;p class=\"MsoNormal\"&gt;&lt;span style=\"font-size: 12.0pt;\"&gt;Quedo muy atenta a su respuesta.&lt;/span&gt;&lt;/p&gt;&lt;p class=\"MsoNormal\"&gt;&lt;span style=\"font-size: 12.0pt;\"&gt; &lt;/span&gt;&lt;/p&gt;&lt;p class=\"MsoNormal\"&gt;&lt;span style=\"font-size: 12.0pt;\"&gt; &lt;/span&gt;&lt;/p&gt;&lt;p class=\"MsoNormal\"&gt;&lt;span style=\"font-size: 12.0pt;\"&gt;Cordialmente, &lt;/span&gt;&lt;/p&gt;&lt;p class=\"MsoNormal\"&gt; &lt;/p&gt;&lt;div&gt;&lt;div&gt;&lt;div&gt;&lt;div&gt;&lt;div&gt;&lt;p class=\"MsoNormal\"&gt;&lt;span style=\"mso-fareast-language: ES-CO;\"&gt;&lt;a href=\"http://192.168.11.15/glpi/front/document.send.php?docid=4939&amp;tickets_id=5729\" target=\"_blank\" rel=\"noopener\"&gt;&lt;img src=\"http://192.168.11.15/glpi/front/document.send.php?docid=4939&amp;tickets_id=5729\" alt=\"3d1b5dab-d9d62df8-64540927aa7720.92483484\" width=\"4151\" /&gt;&lt;/a&gt;&lt;/span&gt;&lt;/p&gt;&lt;/div&gt;&lt;/div&gt;&lt;/div&gt;&lt;/div&gt;&lt;/div&gt;&lt;p class=\"MsoNormal\"&gt; &lt;/p&gt;&lt;/div&gt;',3,3,3,1,2,1,23,24,0,'2023-05-12 22:30:00','2023-05-05 18:07:02','2023-05-05 19:42:15',0,0,0,0,0,NULL,NULL,NULL,0,203077,8113,1,0,0,77,0,'2023-05-05 17:27:02',NULL),(5730,1,'Habilitar Usuarios Mesa de Ayuda','2023-05-05 19:15:01','2023-05-15 16:51:39','2023-05-10 12:35:20',NULL,'2023-05-15 16:51:39',692,6,353,2,'&lt;div class=\"WordSection1\"&gt;&lt;p class=\"MsoNormal\"&gt;Cordial Saludo&lt;/p&gt;&lt;p class=\"MsoNormal\"&gt; &lt;/p&gt;&lt;p class=\"MsoNormal\"&gt;Catherine Hernandez&lt;/p&gt;&lt;p class=\"MsoNormal\"&gt; &lt;/p&gt;&lt;p class=\"MsoNormal\"&gt;Solicito de su colaboración si es posible en la mesa de ayuda poder asignar casos a mi compañera Viviana Rojas, ya que me llegan solicitudes que atiende viviana y las puedo redireccionar&lt;/p&gt;&lt;p class=\"MsoNormal\"&gt; &lt;/p&gt;&lt;p&gt;&lt;a href=\"http://192.168.11.15/glpi/front/document.send.php?docid=4984&amp;tickets_id=5730\" target=\"_blank\" rel=\"noopener\"&gt;&lt;img src=\"http://192.168.11.15/glpi/front/document.send.php?docid=4984&amp;tickets_id=5730\" alt=\"3d1b5dab-d9d62df8-645555e091bd43.94335204\" width=\"304\" /&gt;&lt;/a&gt;&lt;/p&gt;&lt;p class=\"MsoNormal\"&gt; &lt;/p&gt;&lt;p class=\"MsoNormal\"&gt;Cordialmente.&lt;/p&gt;&lt;p class=\"MsoNormal\"&gt; &lt;/p&gt;&lt;p class=\"MsoNormal\"&gt;&lt;span style=\"mso-fareast-language: ES;\"&gt;&lt;a href=\"http://192.168.11.15/glpi/front/document.send.php?docid=2421&amp;tickets_id=5730\" target=\"_blank\" rel=\"noopener\"&gt;&lt;img src=\"http://192.168.11.15/glpi/front/document.send.php?docid=2421&amp;tickets_id=5730\" alt=\"5b56d996-d9d62df8-61d5c482a7d3c8.72483837\" width=\"1334\" /&gt;&lt;/a&gt;&lt;/span&gt;&lt;/p&gt;&lt;p class=\"MsoNormal\"&gt; &lt;/p&gt;&lt;/div&gt;',3,3,3,95,2,1,23,24,0,'2023-05-15 22:30:00','2023-05-05 19:55:01','2023-05-10 12:35:20',86818,0,0,0,0,NULL,NULL,NULL,34200,162398,45899,1,0,0,5,0,'2023-05-05 19:15:01',NULL),(5731,1,'RV: Actualización Propuesta de Servicios Profesionales Impuestos','2023-05-05 20:03:02','2023-05-12 13:16:33','2023-05-12 13:16:33',NULL,'2023-05-12 13:16:33',875,6,771,2,'&lt;div class=\"WordSection1\"&gt;&lt;p class=\"MsoNormal\"&gt;&lt;span style=\"mso-fareast-language: EN-US;\"&gt;Buena tarde Señores TI&lt;/span&gt;&lt;/p&gt;&lt;p class=\"MsoNormal\"&gt;&lt;span style=\"mso-fareast-language: EN-US;\"&gt; &lt;/span&gt;&lt;/p&gt;&lt;p class=\"MsoNormal\"&gt;&lt;span style=\"mso-fareast-language: EN-US;\"&gt;Agradezco su colaboración con la asignación de 1 Equipo y correo electrónico y licencia financiera para acceder a las Empresas CARIA y ARINTIA GROUP SAS, es una persona que va a ocupar el cargo de Impuestos de manera Externa, por lo tal sugiero que el correo asignado sea &lt;a href=\"mailto:impuestos@arintia.com\"&gt; impuestos@arintia.com&lt;/a&gt;&lt;/span&gt;&lt;/p&gt;&lt;p class=\"MsoNormal\"&gt;&lt;span style=\"mso-fareast-language: EN-US;\"&gt; &lt;/span&gt;&lt;/p&gt;&lt;p class=\"MsoNormal\"&gt;&lt;span style=\"mso-fareast-language: EN-US;\"&gt;Saludos.&lt;/span&gt;&lt;/p&gt;&lt;p class=\"MsoNormal\"&gt;&lt;span style=\"mso-fareast-language: EN-US;\"&gt; &lt;/span&gt;&lt;/p&gt;&lt;p class=\"MsoNormal\"&gt; &lt;/p&gt;&lt;p class=\"MsoNormal\"&gt; &lt;/p&gt;&lt;p&gt;&lt;a href=\"http://192.168.11.15/glpi/front/document.send.php?docid=4600&amp;tickets_id=5731\" target=\"_blank\" rel=\"noopener\"&gt;&lt;img src=\"http://192.168.11.15/glpi/front/document.send.php?docid=4600&amp;tickets_id=5731\" alt=\"3d1b5dab-d9d62df8-641b5e47765742.14377995\" width=\"1299\" /&gt;&lt;/a&gt;&lt;/p&gt;&lt;p class=\"MsoNormal\"&gt; &lt;/p&gt;&lt;p class=\"MsoNormal\"&gt;&lt;span style=\"mso-fareast-language: EN-US;\"&gt; &lt;/span&gt;&lt;/p&gt;&lt;p class=\"MsoNormal\"&gt;&lt;span style=\"mso-fareast-language: EN-US;\"&gt; &lt;/span&gt;&lt;/p&gt;&lt;p class=\"MsoNormal\"&gt;&lt;span style=\"mso-fareast-language: EN-US;\"&gt; &lt;/span&gt;&lt;/p&gt;&lt;div&gt;&lt;div style=\"border: none; border-top: solid #E1E1E1 1.0pt; padding: 3.0pt 0cm 0cm 0cm;\"&gt;&lt;p class=\"MsoNormal\"&gt;&lt;strong&gt;&lt;span lang=\"ES\"&gt;De:&lt;/span&gt;&lt;/strong&gt;&lt;span lang=\"ES\"&gt; Lady Yazmin Quintero Calderon &lt;br /&gt;&lt;strong&gt;Enviado el:&lt;/strong&gt; viernes, 5 de mayo de 2023 2:47 p. m.&lt;br /&gt;&lt;strong&gt;Para:&lt;/strong&gt; María Juliana Valdivieso Villamizar &lt;maria.valdivieso@arintia.com&gt;&lt;br /&gt;&lt;strong&gt;CC:&lt;/strong&gt; Sergio Padilla Ochoa &lt;sergio.padilla@arintia.com&gt;; Emilia Gonzalez Blanco &lt;emilia.gonzalez@arintia.com&gt;&lt;br /&gt;&lt;strong&gt;Asunto:&lt;/strong&gt; RV: Actualización Propuesta de Servicios Profesionales Impuestos&lt;/span&gt;&lt;/p&gt;&lt;/div&gt;&lt;/div&gt;&lt;p class=\"MsoNormal\"&gt; &lt;/p&gt;&lt;p class=\"MsoNormal\"&gt;&lt;span style=\"mso-fareast-language: EN-US;\"&gt;Buena tarde Maria Juliana&lt;/span&gt;&lt;/p&gt;&lt;p class=\"MsoNormal\"&gt;&lt;span style=\"mso-fareast-language: EN-US;\"&gt; &lt;/span&gt;&lt;/p&gt;&lt;p class=\"MsoNormal\"&gt;&lt;span style=\"mso-fareast-language: EN-US;\"&gt;Solicito tu colaboración con la elaboración de un contrato de prestación de servicio para firmar con MONICA GALVIS persona que entrara a ser los impuestos para las empresas CARIA y ARINTIA GROUP&lt;/span&gt;&lt;/p&gt;&lt;p class=\"MsoNormal\"&gt;&lt;span style=\"mso-fareast-language: EN-US;\"&gt;La idea es que empiece a partir de 8 de Mayo de 2023, &lt;/span&gt;&lt;/p&gt;&lt;p class=\"MsoNormal\"&gt;&lt;span style=\"mso-fareast-language: EN-US;\"&gt; &lt;/span&gt;&lt;/p&gt;&lt;p class=\"MsoNormal\"&gt;&lt;span style=\"mso-fareast-language: EN-US;\"&gt;Adjunto&lt;/span&gt;&lt;/p&gt;&lt;p class=\"MsoNormal\"&gt;&lt;span style=\"mso-fareast-language: EN-US;\"&gt;Oferta valor honorarios mensual 4 SMLMV $ 4.640.000&lt;/span&gt;&lt;/p&gt;&lt;p class=\"MsoNormal\"&gt;&lt;span style=\"mso-fareast-language: EN-US;\"&gt;Hoja de vida, cedula, certificado Antecedentes.&lt;/span&gt;&lt;/p&gt;&lt;p class=\"MsoNormal\"&gt;&lt;span style=\"mso-fareast-language: EN-US;\"&gt; &lt;/span&gt;&lt;/p&gt;&lt;p class=\"MsoNormal\"&gt;&lt;span style=\"mso-fareast-language: EN-US;\"&gt;LAS FUNCIONES A DESARROLLAR&lt;/span&gt;&lt;/p&gt;&lt;p class=\"MsoNormal\"&gt;Cargo de profesional de impuestos contratación externa:&lt;/p&gt;&lt;p class=\"MsoNormal\"&gt; &lt;/p&gt;&lt;ol style=\"margin-top: 0cm;\" start=\"1\" type=\"1\"&gt;&lt;li class=\"MsoListParagraph\" style=\"margin-left: 0cm; mso-list: l1 level1 lfo3;\"&gt;REVISION DE DOCUMENTOS EMITIDOS Y RECIBIDOS EN EL PORTAL DE LA DIAN VS EL SISTEMA CONTABLE (INFORME SAP)&lt;/li&gt;&lt;li class=\"MsoListParagraph\" style=\"margin-left: 0cm; mso-list: l1 level1 lfo3;\"&gt;VALIDACION DE INFORME DE IMPUESTOS-TARIFAS Y BASES EN SAP (informe esencial para generar los impuestos de la compañía), con validación de los soportes en el repositorio contable&lt;/li&gt;&lt;li class=\"MsoListParagraph\" style=\"margin-left: 0cm; mso-list: l1 level1 lfo3;\"&gt;REVISION DEL REPOSITORIO EN CUANTO A SOPORTES CONTABLES (FACTURAS DE COMPRA Y NOTAS CREDITO)&lt;/li&gt;&lt;li class=\"MsoListParagraph\" style=\"margin-left: 0cm; mso-list: l1 level1 lfo3;\"&gt;GESTION, CONTROL Y REVISION DE LOS CERTIFICADOS DE RETENCIONES APLICADAS POR LOS CLIENTES (trabajo conjunto con el dpto. de cartera)&lt;/li&gt;&lt;li class=\"MsoListParagraph\" style=\"margin-left: 0cm; mso-list: l1 level1 lfo3;\"&gt;CUADRO CONTROL DE LAS OBLIGACIONES TRIBUTARIAS&lt;/li&gt;&lt;li class=\"MsoListParagraph\" style=\"margin-left: 0cm; mso-list: l1 level1 lfo3;\"&gt;LOS HALLAZGOS PRESENTADOS DEBEN SER REVISADOS CON CONTADOR PUBLICO Y REVISORIA FISCAL GENERANDO PLANES DE MEJORA&lt;/li&gt;&lt;li class=\"MsoListParagraph\" style=\"margin-left: 0cm; mso-list: l1 level1 lfo3;\"&gt;A LA CUENTA DE COBRO PRESENTAR INFORME DE GESTION&lt;/li&gt;&lt;/ol&gt;&lt;p class=\"MsoNormal\"&gt;Adicionar es importante dejar en el contrato que se le va a entrar herramientas como computador, asignación de correo electrónico, y Licencia para ingresar a las EMPRESAS CARIA Y ARINTIA GROUP, y mas adelante recibirá un acta por parte de TI al momento de la Entrega.&lt;/p&gt;&lt;p class=\"MsoNormal\"&gt; &lt;/p&gt;&lt;p class=\"MsoNormal\"&gt;Agradezco tu gestión&lt;/p&gt;&lt;p class=\"MsoNormal\"&gt; &lt;/p&gt;&lt;p class=\"MsoNormal\"&gt; &lt;/p&gt;&lt;p class=\"MsoNormal\"&gt; &lt;/p&gt;&lt;p&gt;&lt;a href=\"http://192.168.11.15/glpi/front/document.send.php?docid=4600&amp;tickets_id=5731\" target=\"_blank\" rel=\"noopener\"&gt;&lt;img src=\"http://192.168.11.15/glpi/front/document.send.php?docid=4600&amp;tickets_id=5731\" alt=\"3d1b5dab-d9d62df8-641b5e47765742.14377995\" width=\"1299\" /&gt;&lt;/a&gt;&lt;/p&gt;&lt;p class=\"MsoNormal\"&gt; &lt;/p&gt;&lt;p class=\"MsoNormal\"&gt; &lt;/p&gt;&lt;p class=\"MsoNormal\"&gt; &lt;/p&gt;&lt;p class=\"MsoNormal\"&gt;&lt;span style=\"mso-fareast-language: EN-US;\"&gt; &lt;/span&gt;&lt;/p&gt;&lt;p class=\"MsoNormal\"&gt;&lt;span style=\"mso-fareast-language: EN-US;\"&gt; &lt;/span&gt;&lt;/p&gt;&lt;p class=\"MsoNormal\"&gt;&lt;span style=\"mso-fareast-language: EN-US;\"&gt; &lt;/span&gt;&lt;/p&gt;&lt;div style=\"border: none; border-top: solid #E1E1E1 1.0pt; padding: 3.0pt 0cm 0cm 0cm;\"&gt;&lt;p class=\"MsoNormal\"&gt;&lt;strong&gt;&lt;span lang=\"ES\"&gt;De:&lt;/span&gt;&lt;/strong&gt;&lt;span lang=\"ES\"&gt; MONICA YADIRA GALVIS VARGAS &lt;&lt;a href=\"mailto:mgalvis207@unab.edu.co\"&gt;mgalvis207@unab.edu.co&lt;/a&gt;&gt; &lt;br /&gt;&lt;strong&gt;Enviado el:&lt;/strong&gt; viernes, 5 de mayo de 2023 2:34 p. m.&lt;br /&gt;&lt;strong&gt;Para:&lt;/strong&gt; Lady Yazmin Quintero Calderon &lt;&lt;a href=\"mailto:lady.quintero@arintia.com\"&gt;lady.quintero@arintia.com&lt;/a&gt;&gt;&lt;br /&gt;&lt;strong&gt;Asunto:&lt;/strong&gt; Re: Actualización Propuesta de Servicios Profesionales Impuestos&lt;/span&gt;&lt;/p&gt;&lt;/div&gt;&lt;p class=\"MsoNormal\"&gt; &lt;/p&gt;&lt;div&gt;&lt;p class=\"MsoNormal\"&gt;Buenas tardes Lady,&lt;/p&gt;&lt;div&gt;&lt;p class=\"MsoNormal\"&gt; &lt;/p&gt;&lt;/div&gt;&lt;div&gt;&lt;p class=\"MsoNormal\"&gt;Envio información solicitada para el contrato de prestación de servicios.&lt;/p&gt;&lt;/div&gt;&lt;div&gt;&lt;p class=\"MsoNormal\"&gt; &lt;/p&gt;&lt;/div&gt;&lt;div&gt;&lt;p class=\"MsoNormal\"&gt;Cordialmente,&lt;/p&gt;&lt;/div&gt;&lt;div&gt;&lt;p class=\"MsoNormal\"&gt; &lt;/p&gt;&lt;div&gt;&lt;div&gt;&lt;div&gt;&lt;div&gt;&lt;div&gt;&lt;div&gt;&lt;div&gt;&lt;div&gt;&lt;div&gt;&lt;div&gt;&lt;div&gt;&lt;div&gt;&lt;div&gt;&lt;p class=\"MsoNormal\"&gt;&lt;strong&gt;&lt;span style=\"color: #222222;\"&gt;MÓNICA YADIRA GALVIS VARGAS&lt;/span&gt;&lt;/strong&gt;&lt;/p&gt;&lt;/div&gt;&lt;/div&gt;&lt;div&gt;&lt;p class=\"MsoNormal\"&gt;&lt;strong&gt;&lt;span style=\"color: black;\"&gt;Contadora Pùblica&lt;/span&gt;&lt;/strong&gt;&lt;/p&gt;&lt;/div&gt;&lt;div&gt;&lt;p class=\"MsoNormal\"&gt;&lt;strong&gt;&lt;span style=\"color: black;\"&gt;Especialista en Planeaciòn Tributaria&lt;/span&gt;&lt;/strong&gt;&lt;/p&gt;&lt;/div&gt;&lt;div&gt;&lt;p class=\"MsoNormal\"&gt;&lt;strong&gt;&lt;em&gt;&lt;u&gt;&lt;a href=\"mailto:ca.aduarte@santander.gov.co\" target=\"_blank\" rel=\"noopener\"&gt;&lt;span style=\"color: #1155cc;\"&gt;mgalvis207@unab.edu.co&lt;/span&gt;&lt;/a&gt;&lt;/u&gt;&lt;/em&gt;&lt;/strong&gt;&lt;/p&gt;&lt;/div&gt;&lt;div&gt;&lt;p class=\"MsoNormal\"&gt;&lt;span style=\"font-size: 11.5pt;\"&gt;Bucaramanga - Santander&lt;/span&gt;&lt;/p&gt;&lt;/div&gt;&lt;div&gt;&lt;p class=\"MsoNormal\"&gt;&lt;span style=\"color: #222222;\"&gt; &lt;/span&gt;&lt;/p&gt;&lt;/div&gt;&lt;/div&gt;&lt;/div&gt;&lt;/div&gt;&lt;/div&gt;&lt;/div&gt;&lt;/div&gt;&lt;/div&gt;&lt;/div&gt;&lt;/div&gt;&lt;/div&gt;&lt;/div&gt;&lt;p class=\"MsoNormal\"&gt; &lt;/p&gt;&lt;/div&gt;&lt;/div&gt;&lt;p class=\"MsoNormal\"&gt; &lt;/p&gt;&lt;div&gt;&lt;div&gt;&lt;p class=\"MsoNormal\"&gt;El jue, 4 may 2023 a las 10:58, Lady Yazmin Quintero Calderon (&lt;&lt;a href=\"mailto:lady.quintero@arintia.com\" target=\"_blank\" rel=\"noopener\"&gt;lady.quintero@arintia.com&lt;/a&gt;&gt;) escribió:&lt;/p&gt;&lt;/div&gt;&lt;blockquote style=\"border: none; border-left: solid #CCCCCC 1.0pt; padding: 0cm 0cm 0cm 6.0pt; margin: 5.0pt 0cm 5.0pt 4.8pt;\"&gt;&lt;div&gt;&lt;div&gt;&lt;div&gt;&lt;p class=\"MsoNormal\" style=\"mso-margin-top-alt: auto; mso-margin-bottom-alt: auto;\"&gt;Buenos días Monica&lt;/p&gt;&lt;p class=\"MsoNormal\" style=\"mso-margin-top-alt: auto; mso-margin-bottom-alt: auto;\"&gt; &lt;/p&gt;&lt;p class=\"MsoNormal\" style=\"mso-margin-top-alt: auto; mso-margin-bottom-alt: auto;\"&gt;Muchas gracias por tu cotización, nos interesa poder trabajar con usted por tal motivo ACEPTAMOS tu propuesta.&lt;/p&gt;&lt;p class=\"MsoNormal\" style=\"mso-margin-top-alt: auto; mso-margin-bottom-alt: auto;\"&gt; &lt;/p&gt;&lt;p class=\"MsoNormal\" style=\"mso-margin-top-alt: auto; mso-margin-bottom-alt: auto;\"&gt;Saludos&lt;/p&gt;&lt;p class=\"MsoNormal\" style=\"mso-margin-top-alt: auto; mso-margin-bottom-alt: auto;\"&gt; &lt;/p&gt;&lt;p class=\"MsoNormal\" style=\"mso-margin-top-alt: auto; mso-margin-bottom-alt: auto;\"&gt; &lt;/p&gt;&lt;p class=\"MsoNormal\" style=\"mso-margin-top-alt: auto; mso-margin-bottom-alt: auto;\"&gt; &lt;/p&gt;&lt;p&gt;&lt;a href=\"http://192.168.11.15/glpi/front/document.send.php?docid=4600&amp;tickets_id=5731\" target=\"_blank\" rel=\"noopener\"&gt;&lt;img src=\"http://192.168.11.15/glpi/front/document.send.php?docid=4600&amp;tickets_id=5731\" alt=\"3d1b5dab-d9d62df8-641b5e47765742.14377995\" width=\"1299\" /&gt;&lt;/a&gt;&lt;/p&gt;&lt;p class=\"MsoNormal\" style=\"mso-margin-top-alt: auto; mso-margin-bottom-alt: auto;\"&gt; &lt;/p&gt;&lt;p class=\"MsoNormal\" style=\"mso-margin-top-alt: auto; mso-margin-bottom-alt: auto;\"&gt; &lt;/p&gt;&lt;p class=\"MsoNormal\" style=\"mso-margin-top-alt: auto; mso-margin-bottom-alt: auto;\"&gt; &lt;/p&gt;&lt;div style=\"border: none; border-top: solid #E1E1E1 1.0pt; padding: 3.0pt 0cm 0cm 0cm;\"&gt;&lt;p class=\"MsoNormal\" style=\"mso-margin-top-alt: auto; mso-margin-bottom-alt: auto;\"&gt;&lt;strong&gt;&lt;span lang=\"ES\"&gt;De:&lt;/span&gt;&lt;/strong&gt;&lt;span lang=\"ES\"&gt; MONICA YADIRA GALVIS VARGAS &lt;&lt;a href=\"mailto:mgalvis207@unab.edu.co\" target=\"_blank\" rel=\"noopener\"&gt;mgalvis207@unab.edu.co&lt;/a&gt;&gt; &lt;br /&gt;&lt;strong&gt;Enviado el:&lt;/strong&gt; jueves, 4 de mayo de 2023 9:32 a. m.&lt;br /&gt;&lt;strong&gt;Para:&lt;/strong&gt; Lady Yazmin Quintero Calderon &lt;&lt;a href=\"mailto:lady.quintero@arintia.com\" target=\"_blank\" rel=\"noopener\"&gt;lady.quintero@arintia.com&lt;/a&gt;&gt;&lt;br /&gt;&lt;strong&gt;Asunto:&lt;/strong&gt; Fwd: Actualización Propuesta de Servicios Profesionales Impuestos&lt;/span&gt;&lt;/p&gt;&lt;/div&gt;&lt;p class=\"MsoNormal\" style=\"mso-margin-top-alt: auto; mso-margin-bottom-alt: auto;\"&gt; &lt;/p&gt;&lt;div&gt;&lt;p class=\"MsoNormal\" style=\"mso-margin-top-alt: auto; mso-margin-bottom-alt: auto;\"&gt;Cordial saludo,&lt;/p&gt;&lt;div&gt;&lt;p class=\"MsoNormal\" style=\"mso-margin-top-alt: auto; mso-margin-bottom-alt: auto;\"&gt; &lt;/p&gt;&lt;/div&gt;&lt;div&gt;&lt;p class=\"MsoNormal\" style=\"mso-margin-top-alt: auto; mso-margin-bottom-alt: auto;\"&gt;Me permito dar alcance a la propuesta enviada sobre el tema relacionado en el numeral 3 de los objetivos específicos del texto:&lt;/p&gt;&lt;/div&gt;&lt;div&gt;&lt;p class=\"MsoNormal\" style=\"mso-margin-top-alt: auto; mso-margin-bottom-alt: auto;\"&gt; &lt;/p&gt;&lt;/div&gt;&lt;div&gt;&lt;p class=\"MsoNormal\" style=\"mso-margin-top-alt: auto; mso-margin-bottom-alt: auto;\"&gt;&lt;strong&gt;&lt;em&gt;&lt;u&gt;\"3. Presentar medios magnéticos de la compañía que tengan vencimiento.\"&lt;/u&gt;&lt;/em&gt;&lt;/strong&gt;&lt;/p&gt;&lt;/div&gt;&lt;div&gt;&lt;p class=\"MsoNormal\" style=\"mso-margin-top-alt: auto; mso-margin-bottom-alt: auto;\"&gt; &lt;/p&gt;&lt;/div&gt;&lt;div&gt;&lt;p class=\"MsoNormal\" style=\"mso-margin-top-alt: auto; mso-margin-bottom-alt: auto;\"&gt;En el cual se incluyen los medios magnéticos Municipales y Nacionales de las empresas.&lt;/p&gt;&lt;/div&gt;&lt;div&gt;&lt;p class=\"MsoNormal\" style=\"mso-margin-top-alt: auto; mso-margin-bottom-alt: auto;\"&gt; &lt;/p&gt;&lt;/div&gt;&lt;div&gt;&lt;p class=\"MsoNormal\" style=\"mso-margin-top-alt: auto; mso-margin-bottom-alt: auto;\"&gt;Quedo atento a sus dudas y comentarios&lt;/p&gt;&lt;/div&gt;&lt;div&gt;&lt;p class=\"MsoNormal\" style=\"mso-margin-top-alt: auto; mso-margin-bottom-alt: auto;\"&gt; &lt;/p&gt;&lt;/div&gt;&lt;div&gt;&lt;p class=\"MsoNormal\" style=\"mso-margin-top-alt: auto; mso-margin-bottom-alt: auto;\"&gt;Cordialmente,&lt;/p&gt;&lt;/div&gt;&lt;div&gt;&lt;p class=\"MsoNormal\" style=\"mso-margin-top-alt: auto; mso-margin-bottom-alt: auto;\"&gt; &lt;/p&gt;&lt;div&gt;&lt;div&gt;&lt;div&gt;&lt;div&gt;&lt;div&gt;&lt;div&gt;&lt;div&gt;&lt;div&gt;&lt;div&gt;&lt;div&gt;&lt;div&gt;&lt;div&gt;&lt;div&gt;&lt;p class=\"MsoNormal\" style=\"mso-margin-top-alt: auto; mso-margin-bottom-alt: auto;\"&gt;&lt;strong&gt;&lt;span style=\"color: #222222;\"&gt;MÓNICA YADIRA GALVIS VARGAS&lt;/span&gt;&lt;/strong&gt;&lt;/p&gt;&lt;/div&gt;&lt;/div&gt;&lt;div&gt;&lt;p class=\"MsoNormal\" style=\"mso-margin-top-alt: auto; mso-margin-bottom-alt: auto;\"&gt;&lt;strong&gt;Contadora Pública&lt;/strong&gt;&lt;/p&gt;&lt;/div&gt;&lt;div&gt;&lt;p class=\"MsoNormal\" style=\"mso-margin-top-alt: auto; mso-margin-bottom-alt: auto;\"&gt;&lt;strong&gt;Especialista en Planeación Tributaria&lt;/strong&gt;&lt;/p&gt;&lt;/div&gt;&lt;div&gt;&lt;p class=\"MsoNormal\" style=\"mso-margin-top-alt: auto; mso-margin-bottom-alt: auto;\"&gt;&lt;strong&gt;&lt;em&gt;&lt;u&gt;&lt;span style=\"color: #0c64c0;\"&gt;&lt;a href=\"mailto:ca.aduarte@santander.gov.co\" target=\"_blank\" rel=\"noopener\"&gt;mgalvis207@unab.edu.co&lt;/a&gt;&lt;/span&gt;&lt;/u&gt;&lt;/em&gt;&lt;/strong&gt;&lt;/p&gt;&lt;/div&gt;&lt;div&gt;&lt;p class=\"MsoNormal\" style=\"mso-margin-top-alt: auto; mso-margin-bottom-alt: auto;\"&gt;&lt;span style=\"font-size: 11.5pt;\"&gt;Bucaramanga - Santander&lt;/span&gt;&lt;/p&gt;&lt;/div&gt;&lt;div&gt;&lt;p class=\"MsoNormal\" style=\"mso-margin-top-alt: auto; mso-margin-bottom-alt: auto;\"&gt;&lt;span style=\"color: #222222;\"&gt; &lt;/span&gt;&lt;/p&gt;&lt;/div&gt;&lt;/div&gt;&lt;/div&gt;&lt;/div&gt;&lt;/div&gt;&lt;/div&gt;&lt;/div&gt;&lt;/div&gt;&lt;/div&gt;&lt;/div&gt;&lt;/div&gt;&lt;/div&gt;&lt;p class=\"MsoNormal\" style=\"mso-margin-top-alt: auto; margin-bottom: 12.0pt;\"&gt; &lt;/p&gt;&lt;div&gt;&lt;div&gt;&lt;p class=\"MsoNormal\" style=\"mso-margin-top-alt: auto; mso-margin-bottom-alt: auto;\"&gt;---------- Forwarded message ---------&lt;br /&gt;De: &lt;strong&gt;MONICA YADIRA GALVIS VARGAS&lt;/strong&gt; &lt;&lt;a href=\"mailto:mgalvis207@unab.edu.co\" target=\"_blank\" rel=\"noopener\"&gt;mgalvis207@unab.edu.co&lt;/a&gt;&gt;&lt;br /&gt;Date: lun, 17 abr 2023 a las 11:58&lt;br /&gt;Subject: Actualización Propuesta de Servicios Profesionales Impuestos&lt;br /&gt;To: &lt;&lt;a href=\"mailto:lady.quintero@arintia.com\" target=\"_blank\" rel=\"noopener\"&gt;lady.quintero@arintia.com&lt;/a&gt;&gt;&lt;/p&gt;&lt;/div&gt;&lt;p class=\"MsoNormal\" style=\"mso-margin-top-alt: auto; margin-bottom: 12.0pt;\"&gt; &lt;/p&gt;&lt;div&gt;&lt;div&gt;&lt;p class=\"MsoNormal\" style=\"mso-margin-top-alt: auto; mso-margin-bottom-alt: auto;\"&gt;Cordial saludo,&lt;/p&gt;&lt;/div&gt;&lt;div&gt;&lt;p class=\"MsoNormal\" style=\"mso-margin-top-alt: auto; mso-margin-bottom-alt: auto;\"&gt; &lt;/p&gt;&lt;/div&gt;&lt;div&gt;&lt;p class=\"MsoNormal\" style=\"mso-margin-top-alt: auto; mso-margin-bottom-alt: auto;\"&gt;Atentamente, me permito enviar propuesta de servicios de Profesionales para la presentación de impuestos de las empresas.&lt;/p&gt;&lt;/div&gt;&lt;div&gt;&lt;p class=\"MsoNormal\" style=\"mso-margin-top-alt: auto; mso-margin-bottom-alt: auto;\"&gt; &lt;/p&gt;&lt;/div&gt;&lt;div&gt;&lt;p class=\"MsoNormal\" style=\"mso-margin-top-alt: auto; mso-margin-bottom-alt: auto;\"&gt;Quedo atenta a sus comentarios.&lt;/p&gt;&lt;/div&gt;&lt;div&gt;&lt;p class=\"MsoNormal\" style=\"mso-margin-top-alt: auto; mso-margin-bottom-alt: auto;\"&gt; &lt;/p&gt;&lt;/div&gt;&lt;div&gt;&lt;p class=\"MsoNormal\" style=\"mso-margin-top-alt: auto; mso-margin-bottom-alt: auto;\"&gt;Cordialmente,&lt;/p&gt;&lt;/div&gt;&lt;div&gt;&lt;p class=\"MsoNormal\" style=\"mso-margin-top-alt: auto; mso-margin-bottom-alt: auto;\"&gt; &lt;/p&gt;&lt;/div&gt;&lt;div&gt;&lt;div&gt;&lt;div&gt;&lt;div&gt;&lt;div&gt;&lt;div&gt;&lt;div&gt;&lt;div&gt;&lt;div&gt;&lt;div&gt;&lt;div&gt;&lt;div&gt;&lt;div&gt;&lt;p class=\"MsoNormal\" style=\"mso-margin-top-alt: auto; mso-margin-bottom-alt: auto;\"&gt;&lt;strong&gt;&lt;span style=\"color: #222222;\"&gt;MÓNICA YADIRA GALVIS VARGAS&lt;/span&gt;&lt;/strong&gt;&lt;/p&gt;&lt;/div&gt;&lt;/div&gt;&lt;div&gt;&lt;p class=\"MsoNormal\" style=\"mso-margin-top-alt: auto; mso-margin-bottom-alt: auto;\"&gt;&lt;strong&gt;&lt;span style=\"color: black;\"&gt;Contadora Pública &lt;/span&gt;&lt;/strong&gt;&lt;/p&gt;&lt;/div&gt;&lt;div&gt;&lt;p class=\"MsoNormal\" style=\"mso-margin-top-alt: auto; mso-margin-bottom-alt: auto;\"&gt;&lt;strong&gt;&lt;span style=\"color: black;\"&gt;Especialista en Planeación Tributaria&lt;/span&gt;&lt;/strong&gt;&lt;/p&gt;&lt;/div&gt;&lt;div&gt;&lt;p class=\"MsoNormal\" style=\"mso-margin-top-alt: auto; mso-margin-bottom-alt: auto;\"&gt;&lt;strong&gt;&lt;em&gt;&lt;u&gt;&lt;a href=\"mailto:ca.aduarte@santander.gov.co\" target=\"_blank\" rel=\"noopener\"&gt;&lt;span style=\"color: #1155cc;\"&gt;mgalvis207@unab.edu.co&lt;/span&gt;&lt;/a&gt;&lt;/u&gt;&lt;/em&gt;&lt;/strong&gt;&lt;/p&gt;&lt;/div&gt;&lt;div&gt;&lt;p class=\"MsoNormal\" style=\"mso-margin-top-alt: auto; mso-margin-bottom-alt: auto;\"&gt;&lt;span style=\"font-size: 11.5pt;\"&gt;Celular: 3142603411 &lt;/span&gt;&lt;/p&gt;&lt;/div&gt;&lt;div&gt;&lt;p class=\"MsoNormal\" style=\"mso-margin-top-alt: auto; mso-margin-bottom-alt: auto;\"&gt;&lt;span style=\"font-size: 11.5pt;\"&gt;Carrera 43 No 34-28&lt;/span&gt;&lt;span style=\"font-size: 11.5pt; color: #201f1e;\"&gt;&lt;br /&gt;&lt;/span&gt;&lt;span style=\"font-size: 11.5pt;\"&gt;Bucaramanga - Santander&lt;/span&gt;&lt;/p&gt;&lt;/div&gt;&lt;div&gt;&lt;p class=\"MsoNormal\" style=\"mso-margin-top-alt: auto; mso-margin-bottom-alt: auto;\"&gt;&lt;span style=\"font-size: 12.0pt; color: black;\"&gt; &lt;/span&gt;&lt;/p&gt;&lt;/div&gt;&lt;div&gt;&lt;p class=\"MsoNormal\" style=\"mso-margin-top-alt: auto; mso-margin-bottom-alt: auto;\"&gt;&lt;span style=\"color: #222222;\"&gt; &lt;/span&gt;&lt;/p&gt;&lt;/div&gt;&lt;/div&gt;&lt;/div&gt;&lt;/div&gt;&lt;/div&gt;&lt;/div&gt;&lt;/div&gt;&lt;/div&gt;&lt;/div&gt;&lt;/div&gt;&lt;/div&gt;&lt;/div&gt;&lt;/div&gt;&lt;/div&gt;&lt;/div&gt;&lt;/div&gt;&lt;/div&gt;&lt;/div&gt;&lt;/div&gt;&lt;/blockquote&gt;&lt;/div&gt;&lt;/div&gt;',3,3,3,128,2,1,23,24,0,'2023-05-16 22:30:00','2023-05-05 20:43:02',NULL,318501,0,0,0,0,NULL,NULL,NULL,109701,36910,36910,1,27000,0,47,0,'2023-05-05 20:03:02',NULL),